This is the mail archive of the
gcc-testresults@gcc.gnu.org
mailing list for the GCC project.
Results for 6.1.1 20160715 [gcc-6-branch revision 238363] (GCC) testsuite on i386-pc-solaris2.12
- From: Rainer Orth <ro at CeBiTec dot Uni-Bielefeld dot DE>
- To: gcc-testresults at gcc dot gnu dot org
- Date: Sat, 16 Jul 2016 01:10:22 +0200 (CEST)
- Subject: Results for 6.1.1 20160715 [gcc-6-branch revision 238363] (GCC) testsuite on i386-pc-solaris2.12
- Authentication-results: sourceware.org; auth=none
LAST_UPDATED: Fri Jul 15 11:18:21 2016 (revision 238363)
=== acats tests ===
=== acats Summary ===
# of expected passes 2320
# of unexpected failures 0
Native configuration is i386-pc-solaris2.12
=== g++ tests ===
Running target unix
=== g++ Summary for unix ===
# of expected passes 96595
# of expected failures 320
# of unsupported tests 3410
Running target unix/-m64
=== g++ Summary for unix/-m64 ===
# of expected passes 97937
# of expected failures 320
# of unsupported tests 3662
=== g++ Summary ===
# of expected passes 194532
# of expected failures 640
# of unsupported tests 7072
/var/gcc/regression/gcc-6-branch/12-gcc-gas/build/gcc/testsuite/g++/../../xg++ version 6.1.1 20160715 [gcc-6-branch revision 238363] (GCC)
=== gcc tests ===
Running target unix
FAIL: gcc.c-torture/compile/pr54559.c -O2 (test for excess errors)
FAIL: gcc.c-torture/compile/pr54713-1.c -O0 (test for excess errors)
FAIL: gcc.c-torture/compile/pr54713-1.c -O1 (test for excess errors)
FAIL: gcc.c-torture/compile/pr54713-2.c -O2 -flto (test for excess errors)
FAIL: gcc.c-torture/compile/pr54713-3.c -O0 (test for excess errors)
FAIL: gcc.c-torture/compile/pr54713-3.c -O1 (test for excess errors)
FAIL: gcc.c-torture/compile/pr54713-3.c -O2 (test for excess errors)
FAIL: gcc.c-torture/compile/pr55955.c -O2 -flto -flto-partition=none (test for excess errors)
WARNING: program timed out.
WARNING: program timed out.
WARNING: program timed out.
WARNING: program timed out.
WARNING: program timed out.
WARNING: program timed out.
WARNING: program timed out.
WARNING: program timed out.
=== gcc Summary for unix ===
# of expected passes 107616
# of unexpected failures 8
# of expected failures 321
# of unsupported tests 1533
Running target unix/-m64
=== gcc Summary for unix/-m64 ===
# of expected passes 108617
# of expected failures 317
# of unsupported tests 1671
=== gcc Summary ===
# of expected passes 216233
# of unexpected failures 8
# of expected failures 638
# of unsupported tests 3204
/var/gcc/regression/gcc-6-branch/12-gcc-gas/build/gcc/xgcc version 6.1.1 20160715 [gcc-6-branch revision 238363] (GCC)
=== gfortran tests ===
Running target unix
FAIL: gfortran.dg/coarray/event_1.f90 -fcoarray=lib -O2 -lcaf_single -latomic execution test
FAIL: gfortran.dg/coarray/event_2.f90 -fcoarray=lib -O2 -lcaf_single -latomic execution test
FAIL: gfortran.dg/bind_c_coms.f90 -O0 (test for excess errors)
WARNING: gfortran.dg/bind_c_coms.f90 -O0 compilation failed to produce executable
WARNING: program timed out.
=== gfortran Summary for unix ===
# of expected passes 42252
# of unexpected failures 3
# of expected failures 78
# of unsupported tests 174
Running target unix/-m64
FAIL: gfortran.dg/coarray/event_1.f90 -fcoarray=lib -O2 -lcaf_single -latomic execution test
=== gfortran Summary for unix/-m64 ===
# of expected passes 42472
# of unexpected failures 1
# of expected failures 78
# of unsupported tests 71
=== gfortran Summary ===
# of expected passes 84724
# of unexpected failures 4
# of expected failures 156
# of unsupported tests 245
/var/gcc/regression/gcc-6-branch/12-gcc-gas/build/gcc/testsuite/gfortran/../../gfortran version 6.1.1 20160715 [gcc-6-branch revision 238363] (GCC)
=== gnat tests ===
Running target unix
=== gnat Summary for unix ===
# of expected passes 2504
# of expected failures 22
# of unsupported tests 5
Running target unix/-m64
=== gnat Summary for unix/-m64 ===
# of expected passes 2504
# of expected failures 22
# of unsupported tests 5
=== gnat Summary ===
# of expected passes 5008
# of expected failures 44
# of unsupported tests 10
/var/gcc/regression/gcc-6-branch/12-gcc-gas/build/gcc/gnatmake version 6.1.1 20160715 [gcc-6-branch revision 238363]
=== go tests ===
Running target unix
=== go Summary for unix ===
# of expected passes 7366
# of expected failures 1
# of untested testcases 10
# of unsupported tests 2
Running target unix/-m64
=== go Summary for unix/-m64 ===
# of expected passes 7247
# of expected failures 1
# of untested testcases 10
# of unsupported tests 1
=== go Summary ===
# of expected passes 14613
# of expected failures 2
# of untested testcases 20
# of unsupported tests 3
=== obj-c++ tests ===
Running target unix
=== obj-c++ Summary for unix ===
# of expected passes 1454
# of expected failures 2
# of unsupported tests 77
Running target unix/-m64
=== obj-c++ Summary for unix/-m64 ===
# of expected passes 1446
# of expected failures 10
# of unsupported tests 77
=== obj-c++ Summary ===
# of expected passes 2900
# of expected failures 12
# of unsupported tests 154
/var/gcc/regression/gcc-6-branch/12-gcc-gas/build/gcc/testsuite/obj-c++/../../xg++ version 6.1.1 20160715 [gcc-6-branch revision 238363] (GCC)
=== objc tests ===
Running target unix
=== objc Summary for unix ===
# of expected passes 2783
# of expected failures 6
# of unsupported tests 68
Running target unix/-m64
=== objc Summary for unix/-m64 ===
# of expected passes 2783
# of expected failures 6
# of unsupported tests 68
=== objc Summary ===
# of expected passes 5566
# of expected failures 12
# of unsupported tests 136
/var/gcc/regression/gcc-6-branch/12-gcc-gas/build/gcc/xgcc version 6.1.1 20160715 [gcc-6-branch revision 238363] (GCC)
=== boehm-gc tests ===
Running target unix
=== boehm-gc Summary for unix ===
# of expected passes 12
# of unsupported tests 1
Running target unix/-m64
=== boehm-gc Summary for unix/-m64 ===
# of expected passes 12
# of unsupported tests 1
=== boehm-gc Summary ===
# of expected passes 24
# of unsupported tests 2
=== libatomic tests ===
Running target unix
=== libatomic Summary for unix ===
# of expected passes 44
# of unsupported tests 5
Running target unix/-m64
=== libatomic Summary for unix/-m64 ===
# of expected passes 54
=== libatomic Summary ===
# of expected passes 98
# of unsupported tests 5
=== libffi tests ===
Running target unix
=== libffi Summary for unix ===
# of expected passes 2799
Running target unix/-m64
WARNING: program timed out.
FAIL: libffi.complex/return_complex1_longdouble.c -W -Wall -Wno-psabi -O2 (test for excess errors)
WARNING: libffi.complex/return_complex1_longdouble.c -W -Wall -Wno-psabi -O2 compilation failed to produce executable
WARNING: program timed out.
FAIL: libffi.complex/return_complex1_longdouble.c -W -Wall -Wno-psabi -O3 (test for excess errors)
WARNING: libffi.complex/return_complex1_longdouble.c -W -Wall -Wno-psabi -O3 compilation failed to produce executable
=== libffi Summary for unix/-m64 ===
# of expected passes 2210
# of unexpected failures 2
=== libffi Summary ===
# of expected passes 5009
# of unexpected failures 2
=== libgo tests ===
Running target unix
FAIL: go/build
=== libgo Summary for unix ===
# of expected passes 133
# of unexpected failures 1
Running target unix/-m64
FAIL: go/build
=== libgo Summary for unix/-m64 ===
# of expected passes 133
# of unexpected failures 1
=== libgo Summary ===
# of expected passes 266
# of unexpected failures 2
/var/gcc/regression/gcc-6-branch/12-gcc-gas/build/./gcc/gccgo version 6.1.1 20160715 [gcc-6-branch revision 238363] (GCC)
=== libgomp tests ===
Running target unix
WARNING: program timed out.
FAIL: libgomp.graphite/force-parallel-1.c (test for excess errors)
WARNING: libgomp.graphite/force-parallel-1.c compilation failed to produce executable
FAIL: libgomp.graphite/force-parallel-1.c scan-tree-dump-times optimized "loopfn" 8
WARNING: program timed out.
FAIL: libgomp.graphite/force-parallel-2.c (test for excess errors)
WARNING: libgomp.graphite/force-parallel-2.c compilation failed to produce executable
FAIL: libgomp.graphite/force-parallel-2.c scan-tree-dump-times optimized "loopfn" 4
=== libgomp Summary for unix ===
# of expected passes 5128
# of unexpected failures 4
# of unsupported tests 274
Running target unix/-m64
=== libgomp Summary for unix/-m64 ===
# of expected passes 5134
# of unsupported tests 274
=== libgomp Summary ===
# of expected passes 10262
# of unexpected failures 4
# of unsupported tests 548
=== libitm tests ===
Running target unix
=== libitm Summary for unix ===
# of expected passes 42
# of expected failures 3
# of unsupported tests 1
Running target unix/-m64
=== libitm Summary for unix/-m64 ===
# of expected passes 42
# of expected failures 3
# of unsupported tests 1
=== libitm Summary ===
# of expected passes 84
# of expected failures 6
# of unsupported tests 2
=== libjava tests ===
Running target unix
WARNING: program timed out.
FAIL: err1 -O3 compilation from source
=== libjava Summary for unix ===
# of expected passes 2579
# of unexpected failures 1
# of expected failures 4
# of untested testcases 2
Running target unix/-m64
=== libjava Summary for unix/-m64 ===
# of expected passes 2582
# of expected failures 4
=== libjava Summary ===
# of expected passes 5161
# of unexpected failures 1
# of expected failures 8
# of untested testcases 2
=== libstdc++ tests ===
Running target unix
FAIL: experimental/filesystem/operations/copy.cc execution test
FAIL: experimental/filesystem/operations/copy_file.cc execution test
=== libstdc++ Summary for unix ===
# of expected passes 9886
# of unexpected failures 2
# of expected failures 68
# of unsupported tests 685
Running target unix/-m64
FAIL: experimental/filesystem/operations/copy.cc execution test
FAIL: experimental/filesystem/operations/copy_file.cc execution test
=== libstdc++ Summary for unix/-m64 ===
# of expected passes 9886
# of unexpected failures 2
# of expected failures 68
# of unsupported tests 685
=== libstdc++ Summary ===
# of expected passes 19772
# of unexpected failures 4
# of expected failures 136
# of unsupported tests 1370
Compiler version: 6.1.1 20160715 [gcc-6-branch revision 238363] (GCC)
Platform: i386-pc-solaris2.12
configure flags: --prefix=/vol/gcc --target=i386-pc-solaris2.12 --enable-objc-gc --with-as=/vol/gcc/bin/gas-2.26.1 --with-gnu-as --with-gmp-include=/vol/gcc/include --with-gmp-lib=/vol/gcc/lib --with-mpfr-include=/vol/gcc/include --with-mpfr-lib=/vol/gcc/lib --with-mpc-include=/vol/gcc/include --with-mpc-lib=/vol/gcc/lib --enable-languages=all,ada,obj-c++,go --with-isl-include=/vol/gcc/include --with-isl-lib=/vol/gcc/lib
BOOT_CFLAGS=-g -O2