This is the mail archive of the
gcc-testresults@gcc.gnu.org
mailing list for the GCC project.
Results for 7.0.0 20160701 (experimental) [trunk revision 237903] (GCC) testsuite on x86_64-pc-solaris2.11
- From: Rainer Orth <ro at CeBiTec dot Uni-Bielefeld dot DE>
- To: gcc-testresults at gcc dot gnu dot org
- Date: Sat, 2 Jul 2016 18:34:35 +0200 (CEST)
- Subject: Results for 7.0.0 20160701 (experimental) [trunk revision 237903] (GCC) testsuite on x86_64-pc-solaris2.11
- Authentication-results: sourceware.org; auth=none
LAST_UPDATED: Fri Jul 1 09:13:15 2016 (revision 237903)
Native configuration is x86_64-pc-solaris2.11
=== boehm-gc tests ===
Running target unix/-m32
=== boehm-gc Summary for unix/-m32 ===
# of expected passes 12
# of unsupported tests 1
Running target unix
=== boehm-gc Summary for unix ===
# of expected passes 12
# of unsupported tests 1
=== boehm-gc Summary ===
# of expected passes 24
# of unsupported tests 2
=== libatomic tests ===
Running target unix/-m32
=== libatomic Summary for unix/-m32 ===
# of expected passes 44
# of unsupported tests 5
Running target unix
=== libatomic Summary for unix ===
# of expected passes 54
=== libatomic Summary ===
# of expected passes 98
# of unsupported tests 5
=== libffi tests ===
Running target unix/-m32
=== libffi Summary for unix/-m32 ===
# of expected passes 2799
Running target unix
=== libffi Summary for unix ===
# of expected passes 2214
=== libffi Summary ===
# of expected passes 5013
=== libgo tests ===
Running target unix
FAIL: go/build
=== libgo Summary for unix ===
# of expected passes 133
# of unexpected failures 1
Running target unix/-m32
FAIL: go/build
=== libgo Summary for unix/-m32 ===
# of expected passes 133
# of unexpected failures 1
=== libgo Summary ===
# of expected passes 266
# of unexpected failures 2
/var/gcc/regression/trunk/11-gcc-64/build/./gcc/gccgo version 7.0.0 20160701 (experimental) [trunk revision 237903] (GCC)
=== libgomp tests ===
Running target unix/-m32
FAIL: libgomp.fortran/simd3.f90 -O3 -fomit-frame-pointer -funroll-loops -fpeel-loops -ftracer -finline-functions execution test
FAIL: libgomp.fortran/simd3.f90 -O3 -g execution test
FAIL: libgomp.fortran/simd4.f90 -O3 -fomit-frame-pointer -funroll-loops -fpeel-loops -ftracer -finline-functions execution test
FAIL: libgomp.fortran/simd4.f90 -O3 -g execution test
=== libgomp Summary for unix/-m32 ===
# of expected passes 4914
# of unexpected failures 4
# of unsupported tests 370
Running target unix
FAIL: libgomp.fortran/simd3.f90 -O3 -fomit-frame-pointer -funroll-loops -fpeel-loops -ftracer -finline-functions execution test
FAIL: libgomp.fortran/simd3.f90 -O3 -g execution test
FAIL: libgomp.fortran/simd4.f90 -O3 -fomit-frame-pointer -funroll-loops -fpeel-loops -ftracer -finline-functions execution test
FAIL: libgomp.fortran/simd4.f90 -O3 -g execution test
=== libgomp Summary for unix ===
# of expected passes 4914
# of unexpected failures 4
# of unsupported tests 370
=== libgomp Summary ===
# of expected passes 9828
# of unexpected failures 8
# of unsupported tests 740
=== libitm tests ===
Running target unix/-m32
=== libitm Summary for unix/-m32 ===
# of expected passes 42
# of expected failures 3
# of unsupported tests 1
Running target unix
=== libitm Summary for unix ===
# of expected passes 42
# of expected failures 3
# of unsupported tests 1
=== libitm Summary ===
# of expected passes 84
# of expected failures 6
# of unsupported tests 2
=== libjava tests ===
Running target unix/-m32
=== libjava Summary for unix/-m32 ===
# of expected passes 2606
# of expected failures 4
Running target unix
=== libjava Summary for unix ===
# of expected passes 2606
# of expected failures 4
=== libjava Summary ===
# of expected passes 5212
# of expected failures 8
=== libstdc++ tests ===
Running target unix
=== libstdc++ Summary for unix ===
# of expected passes 9911
# of expected failures 67
# of unsupported tests 687
Running target unix/-m32
=== libstdc++ Summary for unix/-m32 ===
# of expected passes 9919
# of expected failures 67
# of unsupported tests 683
=== libstdc++ Summary ===
# of expected passes 19830
# of expected failures 134
# of unsupported tests 1370
=== acats tests ===
=== acats Summary ===
# of expected passes 2320
# of unexpected failures 0
=== g++ tests ===
Running target unix
FAIL: g++.dg/cilk-plus/AN/array_test_ND_tplt.cc -O3 -fcilkplus (test for excess errors)
WARNING: g++.dg/cilk-plus/AN/array_test_ND_tplt.cc -O3 -fcilkplus compilation failed to produce executable
FAIL: g++.dg/cilk-plus/AN/array_test_ND_tplt.cc -O3 -ftree-vectorize -fcilkplus -g (test for excess errors)
WARNING: g++.dg/cilk-plus/AN/array_test_ND_tplt.cc -O3 -ftree-vectorize -fcilkplus -g compilation failed to produce executable
FAIL: g++.dg/cilk-plus/AN/array_test_ND_tplt.cc -g -O3 -fcilkplus (test for excess errors)
WARNING: g++.dg/cilk-plus/AN/array_test_ND_tplt.cc -g -O3 -fcilkplus compilation failed to produce executable
WARNING: program timed out.
WARNING: program timed out.
WARNING: program timed out.
=== g++ Summary for unix ===
# of expected passes 99280
# of unexpected failures 3
# of expected failures 319
# of unsupported tests 3848
Running target unix/-m32
FAIL: g++.dg/cilk-plus/AN/array_test_ND_tplt.cc -O3 -fcilkplus (test for excess errors)
WARNING: g++.dg/cilk-plus/AN/array_test_ND_tplt.cc -O3 -fcilkplus compilation failed to produce executable
FAIL: g++.dg/cilk-plus/AN/array_test_ND_tplt.cc -O3 -ftree-vectorize -fcilkplus -g (test for excess errors)
WARNING: g++.dg/cilk-plus/AN/array_test_ND_tplt.cc -O3 -ftree-vectorize -fcilkplus -g compilation failed to produce executable
FAIL: g++.dg/cilk-plus/AN/array_test_ND_tplt.cc -g -O3 -fcilkplus (test for excess errors)
WARNING: g++.dg/cilk-plus/AN/array_test_ND_tplt.cc -g -O3 -fcilkplus compilation failed to produce executable
WARNING: program timed out.
WARNING: program timed out.
WARNING: program timed out.
FAIL: g++.dg/opt/pr59470.C -std=gnu++11 (test for excess errors)
WARNING: g++.dg/opt/pr59470.C -std=gnu++11 compilation failed to produce executable
FAIL: g++.dg/opt/pr59470.C -std=gnu++14 (test for excess errors)
WARNING: g++.dg/opt/pr59470.C -std=gnu++14 compilation failed to produce executable
FAIL: g++.dg/opt/pr59470.C -std=gnu++98 (test for excess errors)
WARNING: g++.dg/opt/pr59470.C -std=gnu++98 compilation failed to produce executable
=== g++ Summary for unix/-m32 ===
# of expected passes 97913
# of unexpected failures 6
# of expected failures 319
# of unsupported tests 3604
=== g++ Summary ===
# of expected passes 197193
# of unexpected failures 9
# of expected failures 638
# of unsupported tests 7452
/var/gcc/regression/trunk/11-gcc-64/build/gcc/testsuite/g++/../../xg++ version 7.0.0 20160701 (experimental) [trunk revision 237903] (GCC)
=== gcc tests ===
Running target unix
FAIL: gcc.c-torture/execute/alias-3.c -O0 execution test
FAIL: gcc.c-torture/execute/alias-3.c -O1 execution test
FAIL: gcc.c-torture/execute/alias-3.c -O2 execution test
FAIL: gcc.c-torture/execute/alias-3.c -O2 -flto execution test
FAIL: gcc.c-torture/execute/alias-3.c -O2 -flto -flto-partition=none execution test
FAIL: gcc.c-torture/execute/alias-3.c -O3 -g execution test
FAIL: gcc.c-torture/execute/alias-3.c -Os execution test
FAIL: gcc.dg/attr-weakref-1.c (test for excess errors)
WARNING: gcc.dg/attr-weakref-1.c compilation failed to produce executable
FAIL: gcc.dg/visibility-22.c execution test
FAIL: gcc.dg/tree-ssa/slsr-8.c scan-tree-dump-times optimized " w?\\\\* " 7
FAIL: gcc.target/i386/avx512f-vprord-1.c scan-assembler-times vprord[ \\\\t]+[^{\\n]*%zmm[0-9]+(?:\\n|[ \\\\t]+#) 1
FAIL: gcc.target/i386/avx512f-vprord-1.c scan-assembler-times vprord[ \\\\t]+[^{\\n]*%zmm[0-9]+{%k[1-7]}(?:\\n|[ \\\\t]+#) 1
FAIL: gcc.target/i386/avx512f-vprord-1.c scan-assembler-times vprord[ \\\\t]+[^{\\n]*%zmm[0-9]+{%k[1-7]}{z}(?:\\n|[ \\\\t]+#) 1
=== gcc Summary for unix ===
# of expected passes 108321
# of unexpected failures 13
# of expected failures 320
# of unsupported tests 2839
Running target unix/-m32
FAIL: gcc.c-torture/execute/alias-3.c -O0 execution test
FAIL: gcc.c-torture/execute/alias-3.c -O1 execution test
FAIL: gcc.c-torture/execute/alias-3.c -O2 execution test
FAIL: gcc.c-torture/execute/alias-3.c -O2 -flto execution test
FAIL: gcc.c-torture/execute/alias-3.c -O2 -flto -flto-partition=none execution test
FAIL: gcc.c-torture/execute/alias-3.c -O3 -g execution test
FAIL: gcc.c-torture/execute/alias-3.c -Os execution test
FAIL: gcc.dg/attr-weakref-1.c (test for excess errors)
WARNING: gcc.dg/attr-weakref-1.c compilation failed to produce executable
FAIL: gcc.dg/visibility-22.c execution test
FAIL: gcc.dg/simulate-thread/atomic-load-longlong.c -O0 -g thread simulation test
FAIL: gcc.dg/tree-ssa/scev-5.c scan-tree-dump-times optimized "&a" 1
FAIL: gcc.dg/tree-ssa/slsr-8.c scan-tree-dump-times optimized " w?\\\\* " 7
FAIL: gcc.target/i386/avx512f-vprord-1.c scan-assembler-times vprord[ \\\\t]+[^{\\n]*%zmm[0-9]+(?:\\n|[ \\\\t]+#) 1
FAIL: gcc.target/i386/avx512f-vprord-1.c scan-assembler-times vprord[ \\\\t]+[^{\\n]*%zmm[0-9]+{%k[1-7]}(?:\\n|[ \\\\t]+#) 1
FAIL: gcc.target/i386/avx512f-vprord-1.c scan-assembler-times vprord[ \\\\t]+[^{\\n]*%zmm[0-9]+{%k[1-7]}{z}(?:\\n|[ \\\\t]+#) 1
=== gcc Summary for unix/-m32 ===
# of expected passes 107024
# of unexpected failures 15
# of expected failures 324
# of unsupported tests 2770
=== gcc Summary ===
# of expected passes 215345
# of unexpected failures 28
# of expected failures 644
# of unsupported tests 5609
/var/gcc/regression/trunk/11-gcc-64/build/gcc/xgcc version 7.0.0 20160701 (experimental) [trunk revision 237903] (GCC)
=== gfortran tests ===
Running target unix
FAIL: gfortran.dg/coarray/event_1.f90 -fcoarray=lib -O2 -lcaf_single -latomic execution test
FAIL: gfortran.dg/graphite/pr68279.f90 -O (internal compiler error)
FAIL: gfortran.dg/graphite/pr68279.f90 -O (test for excess errors)
=== gfortran Summary for unix ===
# of expected passes 42513
# of unexpected failures 3
# of expected failures 78
# of unsupported tests 72
Running target unix/-m32
FAIL: gfortran.dg/coarray/event_1.f90 -fcoarray=lib -O2 -lcaf_single -latomic execution test
FAIL: gfortran.dg/coarray/event_2.f90 -fcoarray=lib -O2 -lcaf_single -latomic execution test
=== gfortran Summary for unix/-m32 ===
# of expected passes 42296
# of unexpected failures 2
# of expected failures 78
# of unsupported tests 175
=== gfortran Summary ===
# of expected passes 84809
# of unexpected failures 5
# of expected failures 156
# of unsupported tests 247
/var/gcc/regression/trunk/11-gcc-64/build/gcc/testsuite/gfortran/../../gfortran version 7.0.0 20160701 (experimental) [trunk revision 237903] (GCC)
=== gnat tests ===
Running target unix/-m32
FAIL: gnat.dg/vect3.adb scan-tree-dump-times vect "vectorized 1 loops" 15
FAIL: gnat.dg/vect6.adb scan-tree-dump-times vect "vectorized 1 loops" 15
=== gnat Summary for unix/-m32 ===
# of expected passes 2508
# of unexpected failures 2
# of expected failures 22
# of unsupported tests 5
Running target unix
FAIL: gnat.dg/vect3.adb scan-tree-dump-times vect "vectorized 1 loops" 15
FAIL: gnat.dg/vect6.adb scan-tree-dump-times vect "vectorized 1 loops" 15
=== gnat Summary for unix ===
# of expected passes 2508
# of unexpected failures 2
# of expected failures 22
# of unsupported tests 5
=== gnat Summary ===
# of expected passes 5016
# of unexpected failures 4
# of expected failures 44
# of unsupported tests 10
/var/gcc/regression/trunk/11-gcc-64/build/gcc/gnatmake version 7.0.0 20160701 (experimental) [trunk revision 237903]
=== go tests ===
Running target unix
=== go Summary for unix ===
# of expected passes 7247
# of expected failures 1
# of untested testcases 10
# of unsupported tests 1
Running target unix/-m32
=== go Summary for unix/-m32 ===
# of expected passes 7366
# of expected failures 1
# of untested testcases 10
# of unsupported tests 2
=== go Summary ===
# of expected passes 14613
# of expected failures 2
# of untested testcases 20
# of unsupported tests 3
=== obj-c++ tests ===
Running target unix/-m32
=== obj-c++ Summary for unix/-m32 ===
# of expected passes 1454
# of expected failures 2
# of unsupported tests 77
Running target unix
=== obj-c++ Summary for unix ===
# of expected passes 1446
# of expected failures 10
# of unsupported tests 77
=== obj-c++ Summary ===
# of expected passes 2900
# of expected failures 12
# of unsupported tests 154
/var/gcc/regression/trunk/11-gcc-64/build/gcc/testsuite/obj-c++/../../xg++ version 7.0.0 20160701 (experimental) [trunk revision 237903] (GCC)
=== objc tests ===
Running target unix
=== objc Summary for unix ===
# of expected passes 2783
# of expected failures 6
# of unsupported tests 68
Running target unix/-m32
=== objc Summary for unix/-m32 ===
# of expected passes 2783
# of expected failures 6
# of unsupported tests 68
=== objc Summary ===
# of expected passes 5566
# of expected failures 12
# of unsupported tests 136
/var/gcc/regression/trunk/11-gcc-64/build/gcc/xgcc version 7.0.0 20160701 (experimental) [trunk revision 237903] (GCC)
Compiler version: 7.0.0 20160701 (experimental) [trunk revision 237903] (GCC)
Platform: x86_64-pc-solaris2.11
configure flags: --prefix=/vol/gcc --target=amd64-pc-solaris2.11 --enable-objc-gc --enable-libmudflap --with-as=/usr/ccs/bin/as --without-gnu-as --with-gmp-include=/vol/gcc/include --with-gmp-lib=/vol/gcc/lib/amd64 --with-mpfr-include=/vol/gcc/include --with-mpfr-lib=/vol/gcc/lib/amd64 --with-mpc-include=/vol/gcc/include --with-mpc-lib=/vol/gcc/lib/amd64 --enable-languages=all,ada,obj-c++,go --with-isl-include=/vol/gcc/include --with-isl-lib=/vol/gcc/lib/amd64 --build=amd64-pc-solaris2.11 --host=amd64-pc-solaris2.11
BOOT_CFLAGS=-g -O2