This is the mail archive of the gcc-testresults@gcc.gnu.org mailing list for the GCC project.


Index Nav: [Date Index] [Subject Index] [Author Index] [Thread Index]
Message Nav: [Date Prev] [Date Next] [Thread Prev] [Thread Next]
Other format: [Raw text]

Results for 7.0.0 20160627 (experimental) (GCC) testsuite on aarch64-unknown-linux-gnu


Native configuration is aarch64-unknown-linux-gnu

		=== libatomic tests ===


Running target unix

		=== libatomic Summary ===

# of expected passes		54
		=== libgomp tests ===


Running target unix

		=== libgomp Summary ===

# of expected passes		4876
# of unsupported tests		368
		=== libitm tests ===


Running target unix

		=== libitm Summary ===

# of expected passes		42
# of expected failures		3
# of unsupported tests		1
		=== libstdc++ tests ===


Running target unix

		=== libstdc++ Summary ===

# of expected passes		10346
# of expected failures		66
# of unsupported tests		572
		=== gcc tests ===


Running target unix
FAIL: gcc.dg/atomic/c11-atomic-exec-5.c   -O2 -flto -fno-use-linker-plugin -flto-partition=none  execution test
WARNING: program timed out.
FAIL: c-c++-common/torture/builtin-arith-overflow-p-19.c   -O0  (internal compiler error)
FAIL: c-c++-common/torture/builtin-arith-overflow-p-19.c   -O0  (test for excess errors)
UNRESOLVED: c-c++-common/torture/builtin-arith-overflow-p-19.c   -O0  compilation failed to produce executable
FAIL: c-c++-common/torture/builtin-arith-overflow-p-19.c   -O2  (internal compiler error)
FAIL: c-c++-common/torture/builtin-arith-overflow-p-19.c   -O2  (test for excess errors)
UNRESOLVED: c-c++-common/torture/builtin-arith-overflow-p-19.c   -O2  compilation failed to produce executable
FAIL: c-c++-common/torture/builtin-arith-overflow-p-19.c   -O2 -flto -fno-use-linker-plugin -flto-partition=none  (internal compiler error)
FAIL: c-c++-common/torture/builtin-arith-overflow-p-19.c   -O2 -flto -fno-use-linker-plugin -flto-partition=none  (test for excess errors)
UNRESOLVED: c-c++-common/torture/builtin-arith-overflow-p-19.c   -O2 -flto -fno-use-linker-plugin -flto-partition=none  compilation failed to produce executable
FAIL: c-c++-common/torture/builtin-arith-overflow-p-19.c   -O2 -flto -fuse-linker-plugin -fno-fat-lto-objects  (internal compiler error)
FAIL: c-c++-common/torture/builtin-arith-overflow-p-19.c   -O2 -flto -fuse-linker-plugin -fno-fat-lto-objects  (test for excess errors)
UNRESOLVED: c-c++-common/torture/builtin-arith-overflow-p-19.c   -O2 -flto -fuse-linker-plugin -fno-fat-lto-objects  compilation failed to produce executable
FAIL: gcc.dg/tree-ssa/scev-4.c scan-tree-dump-times optimized "&a" 1
FAIL: gcc.dg/tree-ssa/slsr-8.c scan-tree-dump-times optimized " w?\\\\* " 7
FAIL: gcc.dg/vect/pr56541.c -flto -ffat-lto-objects  scan-tree-dump-times vect "vectorized 1 loops" 1
FAIL: gcc.dg/vect/pr56541.c scan-tree-dump-times vect "vectorized 1 loops" 1
XPASS: gcc.dg/vect/vect-24.c -flto -ffat-lto-objects  scan-tree-dump-times vect "vectorized 3 loops" 1
XPASS: gcc.dg/vect/vect-24.c scan-tree-dump-times vect "vectorized 3 loops" 1
FAIL: gcc.target/aarch64/vect-abs-compile.c scan-assembler abs\\\\tv[0-9]+.16b
FAIL: gcc.target/aarch64/vect-abs-compile.c scan-assembler abs\\\\tv[0-9]+.8h

		=== gcc Summary ===

# of expected passes		99827
# of unexpected failures	15
# of unexpected successes	2
# of expected failures		273
# of unresolved testcases	4
# of unsupported tests		1752
/home/jenkins/workspace/BuildThunderX_native_gcc_upstream/objdir/gcc/xgcc  version 7.0.0 20160627 (experimental) (GCC) 

		=== gfortran tests ===


Running target unix
FAIL: gfortran.dg/ieee/ieee_6.f90   -O0  execution test
FAIL: gfortran.dg/ieee/ieee_6.f90   -O1  execution test
FAIL: gfortran.dg/ieee/ieee_6.f90   -O2  execution test
FAIL: gfortran.dg/ieee/ieee_6.f90   -O3 -fomit-frame-pointer -funroll-loops -fpeel-loops -ftracer -finline-functions  execution test
FAIL: gfortran.dg/ieee/ieee_6.f90   -O3 -g  execution test
FAIL: gfortran.dg/ieee/ieee_6.f90   -Os  execution test

		=== gfortran Summary ===

# of expected passes		41781
# of unexpected failures	6
# of expected failures		69
# of unsupported tests		66
/home/jenkins/workspace/BuildThunderX_native_gcc_upstream/objdir/gcc/testsuite/gfortran/../../gfortran  version 7.0.0 20160627 (experimental) (GCC) 

		=== g++ tests ===


Running target unix
XPASS: g++.dg/tls/thread_local-order2.C  -std=c++11 execution test
XPASS: g++.dg/tls/thread_local-order2.C  -std=c++14 execution test
FAIL: c-c++-common/torture/builtin-arith-overflow-p-19.c   -O0  (internal compiler error)
FAIL: c-c++-common/torture/builtin-arith-overflow-p-19.c   -O0  (test for excess errors)
UNRESOLVED: c-c++-common/torture/builtin-arith-overflow-p-19.c   -O0  compilation failed to produce executable
FAIL: c-c++-common/torture/builtin-arith-overflow-p-19.c   -O2  (internal compiler error)
FAIL: c-c++-common/torture/builtin-arith-overflow-p-19.c   -O2  (test for excess errors)
UNRESOLVED: c-c++-common/torture/builtin-arith-overflow-p-19.c   -O2  compilation failed to produce executable
FAIL: c-c++-common/torture/builtin-arith-overflow-p-19.c   -O2 -flto -fno-use-linker-plugin -flto-partition=none  (internal compiler error)
FAIL: c-c++-common/torture/builtin-arith-overflow-p-19.c   -O2 -flto -fno-use-linker-plugin -flto-partition=none  (test for excess errors)
UNRESOLVED: c-c++-common/torture/builtin-arith-overflow-p-19.c   -O2 -flto -fno-use-linker-plugin -flto-partition=none  compilation failed to produce executable
FAIL: c-c++-common/torture/builtin-arith-overflow-p-19.c   -O2 -flto -fuse-linker-plugin -fno-fat-lto-objects  (internal compiler error)
FAIL: c-c++-common/torture/builtin-arith-overflow-p-19.c   -O2 -flto -fuse-linker-plugin -fno-fat-lto-objects  (test for excess errors)
UNRESOLVED: c-c++-common/torture/builtin-arith-overflow-p-19.c   -O2 -flto -fuse-linker-plugin -fno-fat-lto-objects  compilation failed to produce executable

		=== g++ Summary ===

# of expected passes		95069
# of unexpected failures	8
# of unexpected successes	2
# of expected failures		305
# of unresolved testcases	4
# of unsupported tests		3883
/home/jenkins/workspace/BuildThunderX_native_gcc_upstream/objdir/gcc/testsuite/g++/../../xg++  version 7.0.0 20160627 (experimental) (GCC) 


Compiler version: 7.0.0 20160627 (experimental) (GCC) 
Platform: aarch64-unknown-linux-gnu
configure flags: --disable-libsanitizer --prefix=/home/jenkins/workspace/BuildThunderX_native_gcc_upstream/objdir/../tools --with-cpu=thunderx+lse --enable-languages=c,c++,fortran --disable-werror --with-sysroot=/ --enable-plugins


Index Nav: [Date Index] [Subject Index] [Author Index] [Thread Index]
Message Nav: [Date Prev] [Date Next] [Thread Prev] [Thread Next]