This is the mail archive of the gcc-testresults@gcc.gnu.org mailing list for the GCC project.


Index Nav: [Date Index] [Subject Index] [Author Index] [Thread Index]
Message Nav: [Date Prev] [Date Next] [Thread Prev] [Thread Next]
Other format: [Raw text]

Results for 7.0.0 20160624 (experimental) [trunk revision 237753] (GCC) testsuite on m68k-unknown-linux-gnu


LAST_UPDATED: Fri Jun 24 01:01:02 UTC 2016 (revision 237753)

Target is m68k-unknown-linux-gnu
Host   is x86_64-suse-linux-gnu

		=== g++ tests ===


Running target aranym
FAIL: g++.dg/cdce3.C  -std=gnu++98  scan-tree-dump cdce "cdce3.C:106: note: function call is shrink-wrapped into error conditions."
FAIL: g++.dg/cdce3.C  -std=gnu++11  scan-tree-dump cdce "cdce3.C:106: note: function call is shrink-wrapped into error conditions."
FAIL: g++.dg/cdce3.C  -std=gnu++14  scan-tree-dump cdce "cdce3.C:106: note: function call is shrink-wrapped into error conditions."
FAIL: c-c++-common/gomp/atomic-10.c  -std=gnu++98  scan-tree-dump-times ompexp "__atomic_fetch_add" 4
FAIL: c-c++-common/gomp/atomic-10.c  -std=gnu++11  scan-tree-dump-times ompexp "__atomic_fetch_add" 4
FAIL: c-c++-common/gomp/atomic-10.c  -std=gnu++14  scan-tree-dump-times ompexp "__atomic_fetch_add" 4
FAIL: c-c++-common/gomp/atomic-3.c  -std=gnu++98  scan-tree-dump-times ompexp "xyzzy, 4" 1
FAIL: c-c++-common/gomp/atomic-3.c  -std=gnu++11  scan-tree-dump-times ompexp "xyzzy, 4" 1
FAIL: c-c++-common/gomp/atomic-3.c  -std=gnu++14  scan-tree-dump-times ompexp "xyzzy, 4" 1
FAIL: c-c++-common/gomp/atomic-9.c  -std=gnu++98  scan-tree-dump-times ompexp "__atomic_fetch_add" 1
FAIL: c-c++-common/gomp/atomic-9.c  -std=gnu++11  scan-tree-dump-times ompexp "__atomic_fetch_add" 1
FAIL: c-c++-common/gomp/atomic-9.c  -std=gnu++14  scan-tree-dump-times ompexp "__atomic_fetch_add" 1
XPASS: g++.dg/tls/thread_local-order2.C  -std=c++11 execution test
XPASS: g++.dg/tls/thread_local-order2.C  -std=c++14 execution test

		=== g++ Summary ===

# of expected passes		93688
# of unexpected failures	12
# of unexpected successes	2
# of expected failures		299
# of unsupported tests		3908
/daten/aranym/gcc/gcc-20160624/Build/gcc/xg++  version 7.0.0 20160624 (experimental) [trunk revision 237753] (GCC) 

Host   is x86_64-suse-linux-gnu

		=== gcc tests ===


Running target aranym
FAIL: gcc.dg/atomic/c11-atomic-exec-2.c   -O1  execution test
FAIL: gcc.dg/atomic/c11-atomic-exec-5.c   -O0  execution test
FAIL: gcc.dg/atomic/c11-atomic-exec-5.c   -O1  execution test
FAIL: gcc.dg/atomic/c11-atomic-exec-5.c   -O2  execution test
FAIL: gcc.dg/atomic/c11-atomic-exec-5.c   -O3 -fomit-frame-pointer -funroll-loops -fpeel-loops -ftracer -finline-functions  execution test
FAIL: gcc.dg/atomic/c11-atomic-exec-5.c   -O3 -g  execution test
FAIL: gcc.dg/atomic/c11-atomic-exec-5.c   -Os  execution test
FAIL: gcc.dg/atomic/c11-atomic-exec-5.c   -O2 -flto -fno-use-linker-plugin -flto-partition=none  execution test
FAIL: gcc.dg/atomic/c11-atomic-exec-5.c   -O2 -flto -fuse-linker-plugin -fno-fat-lto-objects  execution test
FAIL: gcc.dg/binop-xor1.c scan-tree-dump-times optimized "\\\\^" 1
FAIL: gcc.dg/ifcvt-4.c scan-rtl-dump ce1 "2 true changes made"
FAIL: gcc.dg/loop-9.c scan-rtl-dump loop2_invariant "Decided"
FAIL: gcc.dg/loop-9.c scan-rtl-dump loop2_invariant "without introducing a new temporary register"
FAIL: gcc.dg/optimize-bswapsi-4.c scan-tree-dump bswap "32 bit bswap implementation found at"
FAIL: gcc.dg/pr46309.c scan-tree-dump-times reassoc1 "Optimizing range tests a_[0-9]*.D. -.1, 1. and -.3, 3.[\\n\\r]* into" 1
FAIL: gcc.dg/pr46309.c scan-tree-dump-times reassoc1 "Optimizing range tests a_[0-9]*.D. -.1, 1. and -.2, 2.[\\n\\r]* into" 1
FAIL: gcc.dg/pr46309.c scan-tree-dump-times reassoc1 "Optimizing range tests a_[0-9]*.D. -.0, 31. and -.64, 95.[\\n\\r]* into" 2
FAIL: gcc.dg/pr46647.c scan-tree-dump-not optimized "memset"
UNRESOLVED: gcc.dg/superblock.c scan-rtl-dump-times sched2 "ADVANCING TO" 2
FAIL: c-c++-common/gomp/atomic-10.c scan-tree-dump-times ompexp "__atomic_fetch_add" 4
FAIL: c-c++-common/gomp/atomic-3.c scan-tree-dump-times ompexp "xyzzy, 4" 1
FAIL: c-c++-common/gomp/atomic-9.c scan-tree-dump-times ompexp "__atomic_fetch_add" 1
XPASS: gcc.dg/guality/example.c   -O0  execution test
XPASS: gcc.dg/guality/example.c   -O1  execution test
XPASS: gcc.dg/guality/example.c   -O2  execution test
XPASS: gcc.dg/guality/example.c   -O2 -flto -fno-use-linker-plugin -flto-partition=none  execution test
XPASS: gcc.dg/guality/guality.c   -O0  execution test
XPASS: gcc.dg/guality/guality.c   -O1  execution test
XPASS: gcc.dg/guality/guality.c   -O2  execution test
XPASS: gcc.dg/guality/guality.c   -O3 -g  execution test
XPASS: gcc.dg/guality/guality.c   -Os  execution test
XPASS: gcc.dg/guality/guality.c   -O2 -flto -fno-use-linker-plugin -flto-partition=none  execution test
XPASS: gcc.dg/guality/guality.c   -O2 -flto -fuse-linker-plugin -fno-fat-lto-objects  execution test
XPASS: gcc.dg/guality/inline-params.c   -O2  execution test
XPASS: gcc.dg/guality/inline-params.c   -O3 -g  execution test
XPASS: gcc.dg/guality/inline-params.c   -Os  execution test
XPASS: gcc.dg/guality/inline-params.c   -O2 -flto -fno-use-linker-plugin -flto-partition=none  execution test
FAIL: gcc.dg/guality/pr41616-1.c   -O2 -flto -fuse-linker-plugin -fno-fat-lto-objects  execution test
FAIL: gcc.dg/ipa/propalign-1.c scan-tree-dump-not optimized "fail_the_test"
FAIL: gcc.dg/ipa/propalign-2.c scan-tree-dump-not optimized "fail_the_test"
FAIL: gcc.dg/lto/20090210 c_lto_20090210_0.o-c_lto_20090210_1.o link, -O0 -flto -flto-partition=none -fuse-linker-plugin
UNRESOLVED: gcc.dg/lto/20090210 c_lto_20090210_0.o-c_lto_20090210_1.o execute -O0 -flto -flto-partition=none -fuse-linker-plugin
FAIL: gcc.dg/lto/20090210 c_lto_20090210_0.o-c_lto_20090210_1.o link, -O2 -flto -flto-partition=none -fuse-linker-plugin -fno-fat-lto-objects 
UNRESOLVED: gcc.dg/lto/20090210 c_lto_20090210_0.o-c_lto_20090210_1.o execute -O2 -flto -flto-partition=none -fuse-linker-plugin -fno-fat-lto-objects 
FAIL: gcc.dg/tree-prof/stringop-2.c scan-tree-dump optimized "MEM\\\\[\\\\(void .\\\\)&a\\\\] = 168430090"
FAIL: gcc.dg/tree-ssa/pr71347.c scan-tree-dump-not optimized ".* = MEM.*;"
FAIL: gcc.dg/tree-ssa/scev-3.c scan-tree-dump-times optimized "&a" 1
FAIL: gcc.dg/tree-ssa/scev-4.c scan-tree-dump-times optimized "&a" 1
FAIL: gcc.dg/tree-ssa/scev-5.c scan-tree-dump-times optimized "&a" 1
FAIL: gcc.dg/tree-ssa/slsr-8.c scan-tree-dump-times optimized " w?\\\\* " 7
FAIL: gcc.dg/tree-ssa/ssa-dom-thread-4.c scan-tree-dump-times dom2 "Threaded" 3
FAIL: gcc.dg/tree-ssa/vrp47.c scan-tree-dump-times vrp1 "[xy][^ ]* !=" 0
FAIL: gcc.dg/tree-ssa/vrp47.c scan-tree-dump-times vrp1 "x[^ ]* [|] y" 1
FAIL: gcc.target/m68k/20100512-1.c scan-assembler-times __stack_chk_guard 4
FAIL: gcc.target/m68k/stack-limit-1.c (internal compiler error)
FAIL: gcc.target/m68k/stack-limit-1.c  (test for warnings, line 1)
FAIL: gcc.target/m68k/stack-limit-1.c (test for excess errors)
FAIL: gcc.target/m68k/tls-gd-xgot.c scan-assembler #foo@TLSGD,%[ad][0-7]
FAIL: gcc.target/m68k/tls-ie-xgot.c scan-assembler #foo@TLSIE,%[ad][0-7]
FAIL: gcc.target/m68k/tls-ld-xgot-xtls.c scan-assembler #foo@TLSLDM,%[ad][0-7]
FAIL: gcc.target/m68k/tls-ld-xgot.c scan-assembler #foo@TLSLDM,%[ad][0-7]
FAIL: gcc.target/m68k/tls-ld-xgot.c scan-assembler lea \\\\(foo@TLSLDO,%a0\\\\)
FAIL: gcc.target/m68k/tls-ld.c scan-assembler lea \\\\(foo@TLSLDO,%a0\\\\)
FAIL: gcc.target/m68k/tls-le.c scan-assembler lea \\\\(foo@TLSLE,%a0\\\\)

		=== gcc Summary ===

# of expected passes		86741
# of unexpected failures	46
# of unexpected successes	15
# of expected failures		142
# of unresolved testcases	3
# of unsupported tests		1789
/daten/aranym/gcc/gcc-20160624/Build/gcc/xgcc  version 7.0.0 20160624 (experimental) [trunk revision 237753] (GCC) 

Host   is x86_64-suse-linux-gnu

		=== gfortran tests ===


Running target aranym
FAIL: gfortran.dg/bessel_6.f90   -O0  execution test
FAIL: gfortran.dg/bessel_6.f90   -O1  execution test
FAIL: gfortran.dg/bessel_6.f90   -O2  execution test
FAIL: gfortran.dg/bessel_6.f90   -O3 -fomit-frame-pointer -funroll-loops -fpeel-loops -ftracer -finline-functions  execution test
FAIL: gfortran.dg/bessel_6.f90   -O3 -g  execution test
FAIL: gfortran.dg/bessel_6.f90   -Os  execution test
FAIL: gfortran.dg/common_14.f90   -O   (test for warnings, line 16)
FAIL: gfortran.dg/common_14.f90   -O   (test for warnings, line 22)
FAIL: gfortran.dg/common_14.f90   -O  (test for excess errors)
FAIL: gfortran.dg/common_16.f90   -O   (test for warnings, line 10)
FAIL: gfortran.dg/common_16.f90   -O  (test for excess errors)
FAIL: gfortran.dg/common_5.f   -O   (test for warnings, line 7)
FAIL: gfortran.dg/common_align_2.f90   -O0   (test for warnings, line 23)
FAIL: gfortran.dg/common_align_2.f90   -O0  execution test
FAIL: gfortran.dg/common_align_2.f90   -O1   (test for warnings, line 23)
FAIL: gfortran.dg/common_align_2.f90   -O1  execution test
FAIL: gfortran.dg/common_align_2.f90   -O2   (test for warnings, line 23)
FAIL: gfortran.dg/common_align_2.f90   -O2  execution test
FAIL: gfortran.dg/common_align_2.f90   -O3 -fomit-frame-pointer -funroll-loops -fpeel-loops -ftracer -finline-functions   (test for warnings, line 23)
FAIL: gfortran.dg/common_align_2.f90   -O3 -fomit-frame-pointer -funroll-loops -fpeel-loops -ftracer -finline-functions  execution test
FAIL: gfortran.dg/common_align_2.f90   -O3 -g   (test for warnings, line 23)
FAIL: gfortran.dg/common_align_2.f90   -O3 -g  execution test
FAIL: gfortran.dg/common_align_2.f90   -Os   (test for warnings, line 23)
FAIL: gfortran.dg/common_align_2.f90   -Os  execution test
FAIL: gfortran.dg/erf_3.F90   -O0  execution test
FAIL: gfortran.dg/erf_3.F90   -O1  execution test
FAIL: gfortran.dg/erf_3.F90   -O2  execution test
FAIL: gfortran.dg/erf_3.F90   -O3 -fomit-frame-pointer -funroll-loops -fpeel-loops -ftracer -finline-functions  execution test
FAIL: gfortran.dg/erf_3.F90   -O3 -g  execution test
FAIL: gfortran.dg/erf_3.F90   -Os  execution test
FAIL: gfortran.dg/integer_exponentiation_3.F90   -O2  execution test
FAIL: gfortran.dg/integer_exponentiation_3.F90   -O3 -fomit-frame-pointer -funroll-loops -fpeel-loops -ftracer -finline-functions  execution test
FAIL: gfortran.dg/integer_exponentiation_3.F90   -O3 -g  execution test
FAIL: gfortran.dg/ieee/ieee_2.f90   -O1  execution test
FAIL: gfortran.dg/ieee/ieee_2.f90   -O2  execution test
FAIL: gfortran.dg/ieee/ieee_2.f90   -O3 -fomit-frame-pointer -funroll-loops -fpeel-loops -ftracer -finline-functions  execution test
FAIL: gfortran.dg/ieee/ieee_2.f90   -O3 -g  execution test
FAIL: gfortran.dg/ieee/ieee_2.f90   -Os  execution test
FAIL: gfortran.dg/ieee/large_2.f90   -O1  execution test
FAIL: gfortran.dg/ieee/large_2.f90   -O2  execution test
FAIL: gfortran.dg/ieee/large_2.f90   -O3 -fomit-frame-pointer -funroll-loops -fpeel-loops -ftracer -finline-functions  execution test
FAIL: gfortran.dg/ieee/large_2.f90   -O3 -g  execution test
FAIL: gfortran.dg/ieee/large_2.f90   -Os  execution test
FAIL: gfortran.dg/ieee/rounding_1.f90   -O1  execution test
FAIL: gfortran.dg/ieee/rounding_1.f90   -O2  execution test
FAIL: gfortran.dg/ieee/rounding_1.f90   -O3 -fomit-frame-pointer -funroll-loops -fpeel-loops -ftracer -finline-functions  execution test
FAIL: gfortran.dg/ieee/rounding_1.f90   -O3 -g  execution test
FAIL: gfortran.dg/ieee/rounding_1.f90   -Os  execution test

		=== gfortran Summary ===

# of expected passes		41549
# of unexpected failures	48
# of expected failures		78
# of unsupported tests		215
/daten/aranym/gcc/gcc-20160624/Build/gcc/gfortran  version 7.0.0 20160624 (experimental) [trunk revision 237753] (GCC) 

Host   is x86_64-suse-linux-gnu

		=== objc tests ===


Running target aranym

		=== objc Summary ===

# of expected passes		2789
# of unsupported tests		68
/daten/aranym/gcc/gcc-20160624/Build/gcc/xgcc  version 7.0.0 20160624 (experimental) [trunk revision 237753] (GCC) 

Host   is m68k-unknown-linux-gnu

		=== boehm-gc tests ===


Running target aranym
FAIL: boehm-gc.c/gctest.c -O2 execution test
FAIL: boehm-gc.c/leak_test.c -O2 execution test
FAIL: boehm-gc.c/middle.c -O2 execution test
FAIL: boehm-gc.c/thread_leak_test.c -O2 execution test
FAIL: boehm-gc.lib/staticrootstest.c -O2 execution test

		=== boehm-gc Summary ===

# of expected passes		7
# of unexpected failures	5
# of unsupported tests		1
Host   is m68k-unknown-linux-gnu

		=== libatomic tests ===


Running target aranym

		=== libatomic Summary ===

# of expected passes		44
# of unsupported tests		5
Host   is m68k-unknown-linux-gnu

		=== libffi tests ===


Running target aranym

		=== libffi Summary ===

# of expected passes		1914
# of unsupported tests		30
Host   is m68k-unknown-linux-gnu

		=== libgomp tests ===


Running target aranym
FAIL: libgomp.fortran/nestedfn5.f90   -O3 -g  (internal compiler error)
FAIL: libgomp.fortran/nestedfn5.f90   -O3 -g  (test for excess errors)
UNRESOLVED: libgomp.fortran/nestedfn5.f90   -O3 -g  compilation failed to produce executable
WARNING: program timed out.
FAIL: libgomp.fortran/strassen.f90   -O  execution test
FAIL: libgomp.oacc-c/../libgomp.oacc-c-c++-common/atomic_update-1.c -DACC_DEVICE_TYPE_host=1 -DACC_MEM_SHARED=1  -O2  execution test
FAIL: libgomp.oacc-c++/../libgomp.oacc-c-c++-common/atomic_update-1.c -DACC_DEVICE_TYPE_host=1 -DACC_MEM_SHARED=1  -O2  execution test

		=== libgomp Summary ===

# of expected passes		4851
# of unexpected failures	5
# of unresolved testcases	1
# of unsupported tests		434
Host   is m68k-unknown-linux-gnu

		=== libjava tests ===


Running target aranym
FAIL: TestMultiple output - source compiled test
FAIL: TestParent output - source compiled test

		=== libjava Summary ===

# of expected passes		2435
# of unexpected failures	2
# of expected failures		4
# of untested testcases		4
Host   is m68k-unknown-linux-gnu

		=== libstdc++ tests ===


Running target aranym

		=== libstdc++ Summary ===

# of expected passes		10802
# of expected failures		66
# of unsupported tests		277

Compiler version: 7.0.0 20160624 (experimental) [trunk revision 237753] (GCC) 
Platform: m68k-unknown-linux-gnu
configure flags: --prefix=/daten/cross/m68k-linux --build=x86_64-suse-linux --enable-shared --with-system-zlib CFLAGS='-O2 -g' CXXFLAGS='-O2 -g' --target=m68k-linux --with-sysroot --disable-multilib --enable-clocale=gnu


Index Nav: [Date Index] [Subject Index] [Author Index] [Thread Index]
Message Nav: [Date Prev] [Date Next] [Thread Prev] [Thread Next]