This is the mail archive of the gcc-testresults@gcc.gnu.org mailing list for the GCC project.


Index Nav: [Date Index] [Subject Index] [Author Index] [Thread Index]
Message Nav: [Date Prev] [Date Next] [Thread Prev] [Thread Next]
Other format: [Raw text]

Results for 6.1.1 20160620 (Debian 6.1.1-7) testsuite on i686-pc-gnu


LAST_UPDATED: Mon Jun 20 11:16:32 UTC 2016 (revision 237590)

Target: i686-gnu
gcc version 6.1.1 20160620 (Debian 6.1.1-7) 

Native configuration is i686-pc-gnu

		=== g++ tests ===


Running target unix
FAIL: g++.dg/cdce3.C  -std=gnu++98 execution test
FAIL: g++.dg/cdce3.C  -std=gnu++11 execution test
FAIL: g++.dg/cdce3.C  -std=gnu++14 execution test
FAIL: g++.dg/eh/sighandle.C  -std=gnu++98 execution test
FAIL: g++.dg/eh/sighandle.C  -std=gnu++11 execution test
FAIL: g++.dg/eh/sighandle.C  -std=gnu++14 execution test
FAIL: g++.dg/ext/cleanup-10.C  -std=gnu++98 execution test
FAIL: g++.dg/ext/cleanup-10.C  -std=gnu++11 execution test
FAIL: g++.dg/ext/cleanup-10.C  -std=gnu++14 execution test
FAIL: g++.dg/ext/cleanup-11.C  -std=gnu++98 execution test
FAIL: g++.dg/ext/cleanup-11.C  -std=gnu++11 execution test
FAIL: g++.dg/ext/cleanup-11.C  -std=gnu++14 execution test
FAIL: g++.dg/ext/cleanup-8.C  -std=gnu++98 execution test
FAIL: g++.dg/ext/cleanup-8.C  -std=gnu++11 execution test
FAIL: g++.dg/ext/cleanup-8.C  -std=gnu++14 execution test
FAIL: g++.dg/ext/cleanup-9.C  -std=gnu++98 execution test
FAIL: g++.dg/ext/cleanup-9.C  -std=gnu++11 execution test
FAIL: g++.dg/ext/cleanup-9.C  -std=gnu++14 execution test
FAIL: g++.dg/ext/sync-4.C  -std=gnu++98 execution test
FAIL: g++.dg/ext/sync-4.C  -std=gnu++11 execution test
FAIL: g++.dg/ext/sync-4.C  -std=gnu++14 execution test
FAIL: g++.dg/guality/pr55665.C   -O2  line 23 p == 40
FAIL: g++.dg/guality/pr55665.C   -O3 -g  line 23 p == 40
XPASS: g++.dg/tls/thread_local-order2.C  -std=c++11 execution test
XPASS: g++.dg/tls/thread_local-order2.C  -std=c++14 execution test
FAIL: g++.dg/tls/thread_local3.C  -std=gnu++11 execution test
FAIL: g++.dg/tls/thread_local3.C  -std=gnu++14 execution test
FAIL: g++.dg/tls/thread_local3g.C  -std=gnu++11 execution test
FAIL: g++.dg/tls/thread_local3g.C  -std=gnu++14 execution test
FAIL: g++.dg/tls/thread_local4.C  -std=gnu++11 execution test
FAIL: g++.dg/tls/thread_local4.C  -std=gnu++14 execution test
FAIL: g++.dg/tls/thread_local4g.C  -std=gnu++11 execution test
FAIL: g++.dg/tls/thread_local4g.C  -std=gnu++14 execution test
FAIL: g++.dg/tls/thread_local5.C  -std=gnu++11 execution test
FAIL: g++.dg/tls/thread_local5.C  -std=gnu++14 execution test
FAIL: g++.dg/tls/thread_local5g.C  -std=gnu++11 execution test
FAIL: g++.dg/tls/thread_local5g.C  -std=gnu++14 execution test

		=== g++ Summary for unix ===

# of expected passes		95163
# of unexpected failures	35
# of unexpected successes	2
# of expected failures		309
# of unsupported tests		3294

Running target unix/-fstack-protector
FAIL: g++.dg/cdce3.C  -std=gnu++98 execution test
FAIL: g++.dg/cdce3.C  -std=gnu++11 execution test
FAIL: g++.dg/cdce3.C  -std=gnu++14 execution test
FAIL: g++.dg/eh/sighandle.C  -std=gnu++98 execution test
FAIL: g++.dg/eh/sighandle.C  -std=gnu++11 execution test
FAIL: g++.dg/eh/sighandle.C  -std=gnu++14 execution test
FAIL: g++.dg/ext/cleanup-10.C  -std=gnu++98 execution test
FAIL: g++.dg/ext/cleanup-10.C  -std=gnu++11 execution test
FAIL: g++.dg/ext/cleanup-10.C  -std=gnu++14 execution test
FAIL: g++.dg/ext/cleanup-11.C  -std=gnu++98 execution test
FAIL: g++.dg/ext/cleanup-11.C  -std=gnu++11 execution test
FAIL: g++.dg/ext/cleanup-11.C  -std=gnu++14 execution test
FAIL: g++.dg/ext/cleanup-8.C  -std=gnu++98 execution test
FAIL: g++.dg/ext/cleanup-8.C  -std=gnu++11 execution test
FAIL: g++.dg/ext/cleanup-8.C  -std=gnu++14 execution test
FAIL: g++.dg/ext/cleanup-9.C  -std=gnu++98 execution test
FAIL: g++.dg/ext/cleanup-9.C  -std=gnu++11 execution test
FAIL: g++.dg/ext/cleanup-9.C  -std=gnu++14 execution test
FAIL: g++.dg/ext/sync-4.C  -std=gnu++98 execution test
FAIL: g++.dg/ext/sync-4.C  -std=gnu++11 execution test
FAIL: g++.dg/ext/sync-4.C  -std=gnu++14 execution test
FAIL: g++.dg/guality/pr55665.C   -O2  line 23 p == 40
FAIL: g++.dg/guality/pr55665.C   -O3 -g  line 23 p == 40
XPASS: g++.dg/tls/thread_local-order2.C  -std=c++11 execution test
XPASS: g++.dg/tls/thread_local-order2.C  -std=c++14 execution test
FAIL: g++.dg/tls/thread_local3.C  -std=gnu++11 execution test
FAIL: g++.dg/tls/thread_local3.C  -std=gnu++14 execution test
FAIL: g++.dg/tls/thread_local3g.C  -std=gnu++11 execution test
FAIL: g++.dg/tls/thread_local3g.C  -std=gnu++14 execution test
FAIL: g++.dg/tls/thread_local4.C  -std=gnu++11 execution test
FAIL: g++.dg/tls/thread_local4.C  -std=gnu++14 execution test
FAIL: g++.dg/tls/thread_local4g.C  -std=gnu++11 execution test
FAIL: g++.dg/tls/thread_local4g.C  -std=gnu++14 execution test
FAIL: g++.dg/tls/thread_local5.C  -std=gnu++11 execution test
FAIL: g++.dg/tls/thread_local5.C  -std=gnu++14 execution test
FAIL: g++.dg/tls/thread_local5g.C  -std=gnu++11 execution test
FAIL: g++.dg/tls/thread_local5g.C  -std=gnu++14 execution test

		=== g++ Summary for unix/-fstack-protector ===

# of expected passes		95163
# of unexpected failures	35
# of unexpected successes	2
# of expected failures		309
# of unsupported tests		3294

		=== g++ Summary ===

# of expected passes		190326
# of unexpected failures	70
# of unexpected successes	4
# of expected failures		618
# of unsupported tests		6588
/build/gcc-6-F0V_2M/gcc-6-6.1.1/build/gcc/xg++  version 6.1.1 20160620 (Debian 6.1.1-7) 

		=== gcc tests ===


Running target unix
FAIL: gcc.dg/20021014-1.c execution test
FAIL: gcc.dg/aru-2.c execution test
FAIL: gcc.dg/cleanup-10.c execution test
FAIL: gcc.dg/cleanup-11.c execution test
FAIL: gcc.dg/cleanup-8.c execution test
FAIL: gcc.dg/cleanup-9.c execution test
FAIL: gcc.dg/ifcvt-4.c scan-rtl-dump ce1 "2 true changes made"
FAIL: gcc.dg/nest.c execution test
FAIL: gcc.dg/nested-func-4.c execution test
FAIL: gcc.dg/pr32450.c execution test
FAIL: gcc.dg/pr43643.c execution test
XPASS: gcc.dg/guality/example.c   -O0  execution test
XPASS: gcc.dg/guality/example.c   -O1  execution test
XPASS: gcc.dg/guality/guality.c   -O0  execution test
XPASS: gcc.dg/guality/guality.c   -O1  execution test
XPASS: gcc.dg/guality/guality.c   -O2  execution test
XPASS: gcc.dg/guality/guality.c   -O3 -g  execution test
XPASS: gcc.dg/guality/guality.c   -Os  execution test
XPASS: gcc.dg/guality/guality.c   -O2 -flto -fno-use-linker-plugin -flto-partition=none  execution test
XPASS: gcc.dg/guality/guality.c   -O2 -flto -fuse-linker-plugin -fno-fat-lto-objects  execution test
XPASS: gcc.dg/guality/inline-params.c   -O2  execution test
XPASS: gcc.dg/guality/inline-params.c   -O3 -g  execution test
XPASS: gcc.dg/guality/inline-params.c   -Os  execution test
XPASS: gcc.dg/guality/inline-params.c   -O2 -flto -fno-use-linker-plugin -flto-partition=none  execution test
XPASS: gcc.dg/guality/pr41353-1.c   -O0  line 28 j == 28 + 37
XPASS: gcc.dg/guality/pr41353-1.c   -O1  line 28 j == 28 + 37
XPASS: gcc.dg/guality/pr41353-1.c   -O2  line 28 j == 28 + 37
XPASS: gcc.dg/guality/pr41353-1.c   -O3 -g  line 28 j == 28 + 37
XPASS: gcc.dg/guality/pr41353-1.c   -Os  line 28 j == 28 + 37
XPASS: gcc.dg/guality/pr41353-1.c   -O2 -flto -fno-use-linker-plugin -flto-partition=none  line 28 j == 28 + 37
XPASS: gcc.dg/guality/pr41353-1.c   -O2 -flto -fuse-linker-plugin -fno-fat-lto-objects  line 28 j == 28 + 37
FAIL: gcc.dg/guality/pr41447-1.c   -O2  execution test
FAIL: gcc.dg/guality/pr41447-1.c   -O3 -g  execution test
FAIL: gcc.dg/guality/pr41447-1.c   -O2 -flto -fno-use-linker-plugin -flto-partition=none  execution test
FAIL: gcc.dg/guality/pr41616-1.c   -O2 -flto -fuse-linker-plugin -fno-fat-lto-objects  execution test
FAIL: gcc.dg/guality/pr45882.c   -O2 -flto -fuse-linker-plugin -fno-fat-lto-objects  line 16 d == 112
FAIL: gcc.dg/guality/pr45882.c   -O2 -flto -fuse-linker-plugin -fno-fat-lto-objects  line 16 e == 142
FAIL: gcc.dg/guality/pr54519-1.c   -O2 -flto -fno-use-linker-plugin -flto-partition=none  line 20 y == 25
FAIL: gcc.dg/guality/pr54519-1.c   -O2 -flto -fno-use-linker-plugin -flto-partition=none  line 20 z == 6
FAIL: gcc.dg/guality/pr54519-1.c   -O2 -flto -fno-use-linker-plugin -flto-partition=none  line 23 y == 117
FAIL: gcc.dg/guality/pr54519-1.c   -O2 -flto -fno-use-linker-plugin -flto-partition=none  line 23 z == 8
FAIL: gcc.dg/guality/pr54519-2.c   -O2 -flto -fno-use-linker-plugin -flto-partition=none  line 17 y == 25
FAIL: gcc.dg/guality/pr54519-2.c   -O2 -flto -fuse-linker-plugin -fno-fat-lto-objects  line 17 y == 25
FAIL: gcc.dg/guality/pr54519-3.c   -O2 -flto -fno-use-linker-plugin -flto-partition=none  line 20 y == 25
FAIL: gcc.dg/guality/pr54519-3.c   -O2 -flto -fno-use-linker-plugin -flto-partition=none  line 20 z == 6
FAIL: gcc.dg/guality/pr54519-3.c   -O2 -flto -fno-use-linker-plugin -flto-partition=none  line 23 y == 117
FAIL: gcc.dg/guality/pr54519-3.c   -O2 -flto -fno-use-linker-plugin -flto-partition=none  line 23 z == 8
FAIL: gcc.dg/guality/pr54519-3.c   -O2 -flto -fuse-linker-plugin -fno-fat-lto-objects  line 20 y == 25
FAIL: gcc.dg/guality/pr54519-3.c   -O2 -flto -fuse-linker-plugin -fno-fat-lto-objects  line 20 z == 6
FAIL: gcc.dg/guality/pr54519-3.c   -O2 -flto -fuse-linker-plugin -fno-fat-lto-objects  line 23 y == 117
FAIL: gcc.dg/guality/pr54519-3.c   -O2 -flto -fuse-linker-plugin -fno-fat-lto-objects  line 23 z == 8
FAIL: gcc.dg/guality/pr54519-4.c   -O2 -flto -fno-use-linker-plugin -flto-partition=none  line 17 y == 25
FAIL: gcc.dg/guality/pr54519-4.c   -O2 -flto -fuse-linker-plugin -fno-fat-lto-objects  line 17 y == 25
FAIL: gcc.dg/guality/pr54519-5.c   -O2 -flto -fno-use-linker-plugin -flto-partition=none  line 17 y == 25
FAIL: gcc.dg/guality/pr54519-5.c   -O2 -flto -fuse-linker-plugin -fno-fat-lto-objects  line 17 y == 25
FAIL: gcc.dg/guality/pr68860-1.c   -O2 -flto -fno-use-linker-plugin -flto-partition=none  line 14 arg1 == 1
FAIL: gcc.dg/guality/pr68860-1.c   -O2 -flto -fno-use-linker-plugin -flto-partition=none  line 14 arg2 == 2
FAIL: gcc.dg/guality/pr68860-1.c   -O2 -flto -fno-use-linker-plugin -flto-partition=none  line 14 arg3 == 3
FAIL: gcc.dg/guality/pr68860-1.c   -O2 -flto -fno-use-linker-plugin -flto-partition=none  line 14 arg4 == 4
FAIL: gcc.dg/guality/pr68860-1.c   -O2 -flto -fno-use-linker-plugin -flto-partition=none  line 14 arg5 == 5
FAIL: gcc.dg/guality/pr68860-1.c   -O2 -flto -fno-use-linker-plugin -flto-partition=none  line 14 arg6 == 6
FAIL: gcc.dg/guality/pr68860-1.c   -O2 -flto -fno-use-linker-plugin -flto-partition=none  line 16 arg1 == 1
FAIL: gcc.dg/guality/pr68860-1.c   -O2 -flto -fno-use-linker-plugin -flto-partition=none  line 16 arg2 == 2
FAIL: gcc.dg/guality/pr68860-1.c   -O2 -flto -fno-use-linker-plugin -flto-partition=none  line 16 arg3 == 3
FAIL: gcc.dg/guality/pr68860-1.c   -O2 -flto -fno-use-linker-plugin -flto-partition=none  line 16 arg4 == 4
FAIL: gcc.dg/guality/pr68860-1.c   -O2 -flto -fno-use-linker-plugin -flto-partition=none  line 16 arg5 == 5
FAIL: gcc.dg/guality/pr68860-1.c   -O2 -flto -fno-use-linker-plugin -flto-partition=none  line 16 arg6 == 6
FAIL: gcc.dg/guality/pr68860-1.c   -O2 -flto -fuse-linker-plugin -fno-fat-lto-objects  line 14 arg1 == 1
FAIL: gcc.dg/guality/pr68860-1.c   -O2 -flto -fuse-linker-plugin -fno-fat-lto-objects  line 14 arg2 == 2
FAIL: gcc.dg/guality/pr68860-1.c   -O2 -flto -fuse-linker-plugin -fno-fat-lto-objects  line 14 arg3 == 3
FAIL: gcc.dg/guality/pr68860-1.c   -O2 -flto -fuse-linker-plugin -fno-fat-lto-objects  line 14 arg4 == 4
FAIL: gcc.dg/guality/pr68860-1.c   -O2 -flto -fuse-linker-plugin -fno-fat-lto-objects  line 14 arg5 == 5
FAIL: gcc.dg/guality/pr68860-1.c   -O2 -flto -fuse-linker-plugin -fno-fat-lto-objects  line 14 arg6 == 6
FAIL: gcc.dg/guality/pr68860-1.c   -O2 -flto -fuse-linker-plugin -fno-fat-lto-objects  line 16 arg1 == 1
FAIL: gcc.dg/guality/pr68860-1.c   -O2 -flto -fuse-linker-plugin -fno-fat-lto-objects  line 16 arg2 == 2
FAIL: gcc.dg/guality/pr68860-1.c   -O2 -flto -fuse-linker-plugin -fno-fat-lto-objects  line 16 arg3 == 3
FAIL: gcc.dg/guality/pr68860-1.c   -O2 -flto -fuse-linker-plugin -fno-fat-lto-objects  line 16 arg4 == 4
FAIL: gcc.dg/guality/pr68860-1.c   -O2 -flto -fuse-linker-plugin -fno-fat-lto-objects  line 16 arg5 == 5
FAIL: gcc.dg/guality/pr68860-1.c   -O2 -flto -fuse-linker-plugin -fno-fat-lto-objects  line 16 arg6 == 6
FAIL: gcc.dg/guality/pr69947.c   -O2 -flto -fno-use-linker-plugin -flto-partition=none  line 14 c[2] == 'o'
FAIL: gcc.dg/guality/pr69947.c   -O2 -flto -fuse-linker-plugin -fno-fat-lto-objects  line 14 c[2] == 'o'
FAIL: gcc.dg/guality/vla-1.c   -O1  line 17 sizeof (a) == 6
FAIL: gcc.dg/guality/vla-1.c   -O2  line 17 sizeof (a) == 6
FAIL: gcc.dg/guality/vla-1.c   -O3 -g  line 17 sizeof (a) == 6
FAIL: gcc.dg/guality/vla-1.c   -Os  line 17 sizeof (a) == 6
FAIL: gcc.dg/guality/vla-1.c   -O2 -flto -fno-use-linker-plugin -flto-partition=none  line 17 sizeof (a) == 6
FAIL: gcc.dg/guality/vla-1.c   -O2 -flto -fuse-linker-plugin -fno-fat-lto-objects  line 17 sizeof (a) == 6
FAIL: largefile.c  -O0 -g -I. -Dwith_PCH (internal compiler error)
FAIL: largefile.c  -O0 -g -I. -Dwith_PCH (test for excess errors)
FAIL: gcc.dg/pch/largefile.c  -O0 -g assembly comparison
FAIL: largefile.c   -O0  -I. -Dwith_PCH (internal compiler error)
FAIL: largefile.c   -O0  -I. -Dwith_PCH (test for excess errors)
FAIL: gcc.dg/pch/largefile.c   -O0  assembly comparison
FAIL: largefile.c   -O1  -I. -Dwith_PCH (internal compiler error)
FAIL: largefile.c   -O1  -I. -Dwith_PCH (test for excess errors)
FAIL: gcc.dg/pch/largefile.c   -O1  assembly comparison
FAIL: largefile.c   -O2  -I. -Dwith_PCH (internal compiler error)
FAIL: largefile.c   -O2  -I. -Dwith_PCH (test for excess errors)
FAIL: gcc.dg/pch/largefile.c   -O2  assembly comparison
FAIL: largefile.c   -O3 -g  -I. -Dwith_PCH (internal compiler error)
FAIL: largefile.c   -O3 -g  -I. -Dwith_PCH (test for excess errors)
FAIL: gcc.dg/pch/largefile.c   -O3 -g  assembly comparison
FAIL: largefile.c   -Os  -I. -Dwith_PCH (internal compiler error)
FAIL: largefile.c   -Os  -I. -Dwith_PCH (test for excess errors)
FAIL: gcc.dg/pch/largefile.c   -Os  assembly comparison
FAIL: gcc.dg/vect/pr62171.c scan-tree-dump-times vect "vectorized 1 loops" 1
FAIL: gcc.dg/vect/pr62171.c -flto -ffat-lto-objects  scan-tree-dump-times vect "vectorized 1 loops" 1
FAIL: gcc.target/i386/mcount_pic.c execution test
FAIL: gcc.target/i386/pr65105-2.c scan-assembler por

		=== gcc Summary for unix ===

# of expected passes		109036
# of unexpected failures	89
# of unexpected successes	20
# of expected failures		316
# of unsupported tests		1529

Running target unix/-fstack-protector
FAIL: gcc.dg/20021014-1.c execution test
FAIL: gcc.dg/aru-2.c execution test
FAIL: gcc.dg/cleanup-10.c execution test
FAIL: gcc.dg/cleanup-11.c execution test
FAIL: gcc.dg/cleanup-8.c execution test
FAIL: gcc.dg/cleanup-9.c execution test
FAIL: gcc.dg/ifcvt-4.c scan-rtl-dump ce1 "2 true changes made"
FAIL: gcc.dg/nest.c execution test
FAIL: gcc.dg/nested-func-4.c execution test
FAIL: gcc.dg/pr32450.c execution test
FAIL: gcc.dg/pr43643.c execution test
FAIL: gcc.dg/stack-usage-1.c scan-file foo\\t(256|264)\\tstatic
FAIL: gcc.dg/superblock.c scan-rtl-dump-times sched2 "ADVANCING TO" 2
XPASS: gcc.dg/guality/example.c   -O0  execution test
XPASS: gcc.dg/guality/example.c   -O1  execution test
XPASS: gcc.dg/guality/guality.c   -O0  execution test
XPASS: gcc.dg/guality/guality.c   -O1  execution test
XPASS: gcc.dg/guality/guality.c   -O2  execution test
XPASS: gcc.dg/guality/guality.c   -O3 -g  execution test
XPASS: gcc.dg/guality/guality.c   -Os  execution test
XPASS: gcc.dg/guality/guality.c   -O2 -flto -fno-use-linker-plugin -flto-partition=none  execution test
XPASS: gcc.dg/guality/guality.c   -O2 -flto -fuse-linker-plugin -fno-fat-lto-objects  execution test
XPASS: gcc.dg/guality/inline-params.c   -O2  execution test
XPASS: gcc.dg/guality/inline-params.c   -O3 -g  execution test
XPASS: gcc.dg/guality/inline-params.c   -Os  execution test
XPASS: gcc.dg/guality/inline-params.c   -O2 -flto -fno-use-linker-plugin -flto-partition=none  execution test
FAIL: gcc.dg/guality/pr36728-2.c   -O3 -g  line 16 arg1 == 1
FAIL: gcc.dg/guality/pr36728-2.c   -O3 -g  line 16 arg2 == 2
FAIL: gcc.dg/guality/pr36728-2.c   -O3 -g  line 16 arg3 == 3
FAIL: gcc.dg/guality/pr36728-2.c   -O3 -g  line 16 arg4 == 4
FAIL: gcc.dg/guality/pr36728-2.c   -O3 -g  line 16 arg5 == 5
FAIL: gcc.dg/guality/pr36728-2.c   -O3 -g  line 16 arg6 == 6
FAIL: gcc.dg/guality/pr36728-2.c   -O3 -g  line 16 arg7 == 30
FAIL: gcc.dg/guality/pr36728-2.c   -O3 -g  line 18 arg1 == 1
FAIL: gcc.dg/guality/pr36728-2.c   -O3 -g  line 18 arg2 == 2
FAIL: gcc.dg/guality/pr36728-2.c   -O3 -g  line 18 arg3 == 3
FAIL: gcc.dg/guality/pr36728-2.c   -O3 -g  line 18 arg4 == 4
FAIL: gcc.dg/guality/pr36728-2.c   -O3 -g  line 18 arg5 == 5
FAIL: gcc.dg/guality/pr36728-2.c   -O3 -g  line 18 arg6 == 6
FAIL: gcc.dg/guality/pr36728-2.c   -O3 -g  line 18 arg7 == 30
XPASS: gcc.dg/guality/pr41353-1.c   -O0  line 28 j == 28 + 37
XPASS: gcc.dg/guality/pr41353-1.c   -O1  line 28 j == 28 + 37
XPASS: gcc.dg/guality/pr41353-1.c   -O2  line 28 j == 28 + 37
XPASS: gcc.dg/guality/pr41353-1.c   -O3 -g  line 28 j == 28 + 37
XPASS: gcc.dg/guality/pr41353-1.c   -Os  line 28 j == 28 + 37
XPASS: gcc.dg/guality/pr41353-1.c   -O2 -flto -fno-use-linker-plugin -flto-partition=none  line 28 j == 28 + 37
XPASS: gcc.dg/guality/pr41353-1.c   -O2 -flto -fuse-linker-plugin -fno-fat-lto-objects  line 28 j == 28 + 37
FAIL: gcc.dg/guality/pr41447-1.c   -O2  execution test
FAIL: gcc.dg/guality/pr41447-1.c   -O3 -g  execution test
FAIL: gcc.dg/guality/pr41447-1.c   -O2 -flto -fno-use-linker-plugin -flto-partition=none  execution test
FAIL: gcc.dg/guality/pr41616-1.c   -O2 -flto -fuse-linker-plugin -fno-fat-lto-objects  execution test
FAIL: gcc.dg/guality/pr45882.c   -O2 -flto -fuse-linker-plugin -fno-fat-lto-objects  line 16 d == 112
FAIL: gcc.dg/guality/pr45882.c   -O2 -flto -fuse-linker-plugin -fno-fat-lto-objects  line 16 e == 142
FAIL: gcc.dg/guality/pr54519-1.c   -O2 -flto -fno-use-linker-plugin -flto-partition=none  line 20 y == 25
FAIL: gcc.dg/guality/pr54519-1.c   -O2 -flto -fno-use-linker-plugin -flto-partition=none  line 20 z == 6
FAIL: gcc.dg/guality/pr54519-1.c   -O2 -flto -fno-use-linker-plugin -flto-partition=none  line 23 y == 117
FAIL: gcc.dg/guality/pr54519-1.c   -O2 -flto -fno-use-linker-plugin -flto-partition=none  line 23 z == 8
FAIL: gcc.dg/guality/pr54519-2.c   -O2 -flto -fno-use-linker-plugin -flto-partition=none  line 17 y == 25
FAIL: gcc.dg/guality/pr54519-2.c   -O2 -flto -fuse-linker-plugin -fno-fat-lto-objects  line 17 y == 25
FAIL: gcc.dg/guality/pr54519-3.c   -O2 -flto -fno-use-linker-plugin -flto-partition=none  line 20 y == 25
FAIL: gcc.dg/guality/pr54519-3.c   -O2 -flto -fno-use-linker-plugin -flto-partition=none  line 20 z == 6
FAIL: gcc.dg/guality/pr54519-3.c   -O2 -flto -fno-use-linker-plugin -flto-partition=none  line 23 y == 117
FAIL: gcc.dg/guality/pr54519-3.c   -O2 -flto -fno-use-linker-plugin -flto-partition=none  line 23 z == 8
FAIL: gcc.dg/guality/pr54519-3.c   -O2 -flto -fuse-linker-plugin -fno-fat-lto-objects  line 20 y == 25
FAIL: gcc.dg/guality/pr54519-3.c   -O2 -flto -fuse-linker-plugin -fno-fat-lto-objects  line 20 z == 6
FAIL: gcc.dg/guality/pr54519-3.c   -O2 -flto -fuse-linker-plugin -fno-fat-lto-objects  line 23 y == 117
FAIL: gcc.dg/guality/pr54519-3.c   -O2 -flto -fuse-linker-plugin -fno-fat-lto-objects  line 23 z == 8
FAIL: gcc.dg/guality/pr54519-4.c   -O2 -flto -fno-use-linker-plugin -flto-partition=none  line 17 y == 25
FAIL: gcc.dg/guality/pr54519-4.c   -O2 -flto -fuse-linker-plugin -fno-fat-lto-objects  line 17 y == 25
FAIL: gcc.dg/guality/pr54519-5.c   -O2 -flto -fno-use-linker-plugin -flto-partition=none  line 17 y == 25
FAIL: gcc.dg/guality/pr54519-5.c   -O2 -flto -fuse-linker-plugin -fno-fat-lto-objects  line 17 y == 25
FAIL: gcc.dg/guality/pr68860-1.c   -O2 -flto -fno-use-linker-plugin -flto-partition=none  line 14 arg1 == 1
FAIL: gcc.dg/guality/pr68860-1.c   -O2 -flto -fno-use-linker-plugin -flto-partition=none  line 14 arg2 == 2
FAIL: gcc.dg/guality/pr68860-1.c   -O2 -flto -fno-use-linker-plugin -flto-partition=none  line 14 arg3 == 3
FAIL: gcc.dg/guality/pr68860-1.c   -O2 -flto -fno-use-linker-plugin -flto-partition=none  line 14 arg4 == 4
FAIL: gcc.dg/guality/pr68860-1.c   -O2 -flto -fno-use-linker-plugin -flto-partition=none  line 14 arg5 == 5
FAIL: gcc.dg/guality/pr68860-1.c   -O2 -flto -fno-use-linker-plugin -flto-partition=none  line 14 arg6 == 6
FAIL: gcc.dg/guality/pr68860-1.c   -O2 -flto -fno-use-linker-plugin -flto-partition=none  line 16 arg1 == 1
FAIL: gcc.dg/guality/pr68860-1.c   -O2 -flto -fno-use-linker-plugin -flto-partition=none  line 16 arg2 == 2
FAIL: gcc.dg/guality/pr68860-1.c   -O2 -flto -fno-use-linker-plugin -flto-partition=none  line 16 arg3 == 3
FAIL: gcc.dg/guality/pr68860-1.c   -O2 -flto -fno-use-linker-plugin -flto-partition=none  line 16 arg4 == 4
FAIL: gcc.dg/guality/pr68860-1.c   -O2 -flto -fno-use-linker-plugin -flto-partition=none  line 16 arg5 == 5
FAIL: gcc.dg/guality/pr68860-1.c   -O2 -flto -fno-use-linker-plugin -flto-partition=none  line 16 arg6 == 6
FAIL: gcc.dg/guality/pr68860-1.c   -O2 -flto -fuse-linker-plugin -fno-fat-lto-objects  line 14 arg1 == 1
FAIL: gcc.dg/guality/pr68860-1.c   -O2 -flto -fuse-linker-plugin -fno-fat-lto-objects  line 14 arg2 == 2
FAIL: gcc.dg/guality/pr68860-1.c   -O2 -flto -fuse-linker-plugin -fno-fat-lto-objects  line 14 arg3 == 3
FAIL: gcc.dg/guality/pr68860-1.c   -O2 -flto -fuse-linker-plugin -fno-fat-lto-objects  line 14 arg4 == 4
FAIL: gcc.dg/guality/pr68860-1.c   -O2 -flto -fuse-linker-plugin -fno-fat-lto-objects  line 14 arg5 == 5
FAIL: gcc.dg/guality/pr68860-1.c   -O2 -flto -fuse-linker-plugin -fno-fat-lto-objects  line 14 arg6 == 6
FAIL: gcc.dg/guality/pr68860-1.c   -O2 -flto -fuse-linker-plugin -fno-fat-lto-objects  line 16 arg1 == 1
FAIL: gcc.dg/guality/pr68860-1.c   -O2 -flto -fuse-linker-plugin -fno-fat-lto-objects  line 16 arg2 == 2
FAIL: gcc.dg/guality/pr68860-1.c   -O2 -flto -fuse-linker-plugin -fno-fat-lto-objects  line 16 arg3 == 3
FAIL: gcc.dg/guality/pr68860-1.c   -O2 -flto -fuse-linker-plugin -fno-fat-lto-objects  line 16 arg4 == 4
FAIL: gcc.dg/guality/pr68860-1.c   -O2 -flto -fuse-linker-plugin -fno-fat-lto-objects  line 16 arg5 == 5
FAIL: gcc.dg/guality/pr68860-1.c   -O2 -flto -fuse-linker-plugin -fno-fat-lto-objects  line 16 arg6 == 6
FAIL: gcc.dg/guality/pr69947.c   -O2 -flto -fno-use-linker-plugin -flto-partition=none  line 14 c[2] == 'o'
FAIL: gcc.dg/guality/pr69947.c   -O2 -flto -fuse-linker-plugin -fno-fat-lto-objects  line 14 c[2] == 'o'
FAIL: gcc.dg/guality/vla-1.c   -O1  line 17 sizeof (a) == 6
FAIL: gcc.dg/guality/vla-1.c   -O2  line 17 sizeof (a) == 6
FAIL: gcc.dg/guality/vla-1.c   -O3 -g  line 17 sizeof (a) == 6
FAIL: gcc.dg/guality/vla-1.c   -Os  line 17 sizeof (a) == 6
FAIL: gcc.dg/guality/vla-1.c   -O2 -flto -fno-use-linker-plugin -flto-partition=none  line 17 sizeof (a) == 6
FAIL: gcc.dg/guality/vla-1.c   -O2 -flto -fuse-linker-plugin -fno-fat-lto-objects  line 17 sizeof (a) == 6
FAIL: largefile.c  -O0 -g -I. -Dwith_PCH (internal compiler error)
FAIL: largefile.c  -O0 -g -I. -Dwith_PCH (test for excess errors)
FAIL: gcc.dg/pch/largefile.c  -O0 -g assembly comparison
FAIL: largefile.c   -O0  -I. -Dwith_PCH (internal compiler error)
FAIL: largefile.c   -O0  -I. -Dwith_PCH (test for excess errors)
FAIL: gcc.dg/pch/largefile.c   -O0  assembly comparison
FAIL: largefile.c   -O1  -I. -Dwith_PCH (internal compiler error)
FAIL: largefile.c   -O1  -I. -Dwith_PCH (test for excess errors)
FAIL: gcc.dg/pch/largefile.c   -O1  assembly comparison
FAIL: largefile.c   -O2  -I. -Dwith_PCH (internal compiler error)
FAIL: largefile.c   -O2  -I. -Dwith_PCH (test for excess errors)
FAIL: gcc.dg/pch/largefile.c   -O2  assembly comparison
FAIL: largefile.c   -O3 -g  -I. -Dwith_PCH (internal compiler error)
FAIL: largefile.c   -O3 -g  -I. -Dwith_PCH (test for excess errors)
FAIL: gcc.dg/pch/largefile.c   -O3 -g  assembly comparison
FAIL: largefile.c   -Os  -I. -Dwith_PCH (internal compiler error)
FAIL: largefile.c   -Os  -I. -Dwith_PCH (test for excess errors)
FAIL: gcc.dg/pch/largefile.c   -Os  assembly comparison
FAIL: gcc.dg/vect/pr62171.c scan-tree-dump-times vect "vectorized 1 loops" 1
FAIL: gcc.dg/vect/pr62171.c -flto -ffat-lto-objects  scan-tree-dump-times vect "vectorized 1 loops" 1
FAIL: gcc.target/i386/mcount_pic.c execution test
FAIL: gcc.target/i386/pr65105-2.c scan-assembler por

		=== gcc Summary for unix/-fstack-protector ===

# of expected passes		109022
# of unexpected failures	105
# of unexpected successes	20
# of expected failures		316
# of unsupported tests		1528

		=== gcc Summary ===

# of expected passes		218058
# of unexpected failures	194
# of unexpected successes	40
# of expected failures		632
# of unsupported tests		3057
/build/gcc-6-F0V_2M/gcc-6-6.1.1/build/gcc/xgcc  version 6.1.1 20160620 (Debian 6.1.1-7) 

		=== gfortran tests ===


Running target unix
FAIL: gfortran.dg/read_dir.f90   -O0  execution test
FAIL: gfortran.dg/read_dir.f90   -O1  execution test
FAIL: gfortran.dg/read_dir.f90   -O2  execution test
FAIL: gfortran.dg/read_dir.f90   -O3 -fomit-frame-pointer -funroll-loops -fpeel-loops -ftracer -finline-functions  execution test
FAIL: gfortran.dg/read_dir.f90   -O3 -g  execution test
FAIL: gfortran.dg/read_dir.f90   -Os  execution test

		=== gfortran Summary for unix ===

# of expected passes		42263
# of unexpected failures	6
# of expected failures		78
# of unsupported tests		168

Running target unix/-fstack-protector
FAIL: gfortran.dg/read_dir.f90   -O0  execution test
FAIL: gfortran.dg/read_dir.f90   -O1  execution test
FAIL: gfortran.dg/read_dir.f90   -O2  execution test
FAIL: gfortran.dg/read_dir.f90   -O3 -fomit-frame-pointer -funroll-loops -fpeel-loops -ftracer -finline-functions  execution test
FAIL: gfortran.dg/read_dir.f90   -O3 -g  execution test
FAIL: gfortran.dg/read_dir.f90   -Os  execution test

		=== gfortran Summary for unix/-fstack-protector ===

# of expected passes		42263
# of unexpected failures	6
# of expected failures		78
# of unsupported tests		168

		=== gfortran Summary ===

# of expected passes		84526
# of unexpected failures	12
# of expected failures		156
# of unsupported tests		336
/build/gcc-6-F0V_2M/gcc-6-6.1.1/build/gcc/gfortran  version 6.1.1 20160620 (Debian 6.1.1-7) 

		=== gnat tests ===


Running target unix
UNRESOLVED: gnat.dg/abstract_with_anonymous_result.adb compilation failed to produce executable
UNRESOLVED: gnat.dg/access4.adb compilation failed to produce executable
UNRESOLVED: gnat.dg/access_discr2.adb compilation failed to produce executable
UNRESOLVED: gnat.dg/access_test.adb compilation failed to produce executable
UNRESOLVED: gnat.dg/addr2.adb compilation failed to produce executable
FAIL: gnat.dg/addr9_2.adb  (test for warnings, line 35)
UNRESOLVED: gnat.dg/address_conversion.adb compilation failed to produce executable
UNRESOLVED: gnat.dg/aggr1.adb compilation failed to produce executable
UNRESOLVED: gnat.dg/aggr12.adb scan-tree-dump-not original "{.i1=0, .i2=2}"
UNRESOLVED: gnat.dg/aggr13.adb scan-tree-dump-not gimple "= {}"
UNRESOLVED: gnat.dg/aggr14.adb compilation failed to produce executable
UNRESOLVED: gnat.dg/aggr19.adb compilation failed to produce executable
UNRESOLVED: gnat.dg/aggr21.adb compilation failed to produce executable
UNRESOLVED: gnat.dg/aggr3.adb compilation failed to produce executable
UNRESOLVED: gnat.dg/aliased_prefix_accessibility.adb compilation failed to produce executable
UNRESOLVED: gnat.dg/aliasing1.adb scan-tree-dump-not optimized "gnat_rcheck"
UNRESOLVED: gnat.dg/aliasing2.adb scan-tree-dump-not optimized "gnat_rcheck"
UNRESOLVED: gnat.dg/aliasing3.adb compilation failed to produce executable
UNRESOLVED: gnat.dg/align_check.adb compilation failed to produce executable
UNRESOLVED: gnat.dg/align_max.adb compilation failed to produce executable
UNRESOLVED: gnat.dg/aligned_vla.adb compilation failed to produce executable
UNRESOLVED: gnat.dg/alignment1.adb compilation failed to produce executable
UNRESOLVED: gnat.dg/alignment10.adb compilation failed to produce executable
UNRESOLVED: gnat.dg/alignment2.adb compilation failed to produce executable
UNRESOLVED: gnat.dg/alignment4.adb scan-tree-dump-not gimple ".F"
UNRESOLVED: gnat.dg/alignment5.adb scan-tree-dump-not gimple ".F"
UNRESOLVED: gnat.dg/alignment6.adb scan-tree-dump-not gimple "VIEW_CONVERT_EXPR"
UNRESOLVED: gnat.dg/alignment7.adb compilation failed to produce executable
UNRESOLVED: gnat.dg/alignment8.adb compilation failed to produce executable
UNRESOLVED: gnat.dg/alignment9.adb compilation failed to produce executable
UNRESOLVED: gnat.dg/allocator_maxalign1.adb compilation failed to produce executable
FAIL: gnat.dg/ancestor_type.adb  (test for errors, line 8)
UNRESOLVED: gnat.dg/array10.adb compilation failed to produce executable
FAIL: gnat.dg/array11.adb  (test for warnings, line 8)
FAIL: gnat.dg/array11.adb  (test for warnings, line 9)
FAIL: gnat.dg/array11.adb  (test for warnings, line 12)
UNRESOLVED: gnat.dg/array12.adb compilation failed to produce executable
UNRESOLVED: gnat.dg/array16.adb scan-tree-dump-not optimized "secondary_stack"
UNRESOLVED: gnat.dg/array21.adb compilation failed to produce executable
UNRESOLVED: gnat.dg/array24.adb scan-tree-dump-not optimized "builtin_unwind_resume"
UNRESOLVED: gnat.dg/array3.adb compilation failed to produce executable
UNRESOLVED: gnat.dg/array4.adb compilation failed to produce executable
UNRESOLVED: gnat.dg/array5.adb compilation failed to produce executable
UNRESOLVED: gnat.dg/array6.adb compilation failed to produce executable
UNRESOLVED: gnat.dg/array7.adb scan-tree-dump-not optimized "MAX_EXPR"
UNRESOLVED: gnat.dg/array9.adb compilation failed to produce executable
UNRESOLVED: gnat.dg/array_bounds_test.adb compilation failed to produce executable
UNRESOLVED: gnat.dg/array_bounds_test2.adb compilation failed to produce executable
UNRESOLVED: gnat.dg/assert1.adb compilation failed to produce executable
UNRESOLVED: gnat.dg/assign_from_packed.adb compilation failed to produce executable
UNRESOLVED: gnat.dg/atomic1.adb scan-tree-dump-times gimple "v_16" 1
UNRESOLVED: gnat.dg/atomic1.adb scan-tree-dump-times gimple "v_32" 1
FAIL: gnat.dg/atomic2.adb  (test for warnings, line 7)
UNRESOLVED: gnat.dg/atomic6_1.adb scan-tree-dump-times gimple "atomic_load[^\\n\\r]*&atomic6_pkg__counter1" 2
UNRESOLVED: gnat.dg/atomic6_1.adb scan-tree-dump-times gimple "atomic_load[^\\n\\r]*&atomic6_pkg__counter2" 1
UNRESOLVED: gnat.dg/atomic6_1.adb scan-tree-dump-times gimple "atomic_load[^\\n\\r]*&atomic6_pkg__timer1" 2
UNRESOLVED: gnat.dg/atomic6_1.adb scan-tree-dump-times gimple "atomic_load[^\\n\\r]*&atomic6_pkg__timer2" 1
UNRESOLVED: gnat.dg/atomic6_1.adb scan-tree-dump-times gimple "atomic_load[^\\n\\r]*&temp" 0
UNRESOLVED: gnat.dg/atomic6_1.adb scan-tree-dump-times gimple "atomic_load[^\\n\\r]*ptr" 0
UNRESOLVED: gnat.dg/atomic6_1.adb scan-tree-dump-times gimple "atomic_store[^\\n\\r]*&atomic6_pkg__counter1" 3
UNRESOLVED: gnat.dg/atomic6_1.adb scan-tree-dump-times gimple "atomic_store[^\\n\\r]*&atomic6_pkg__counter2" 0
UNRESOLVED: gnat.dg/atomic6_1.adb scan-tree-dump-times gimple "atomic_store[^\\n\\r]*&atomic6_pkg__timer1" 3
UNRESOLVED: gnat.dg/atomic6_1.adb scan-tree-dump-times gimple "atomic_store[^\\n\\r]*&atomic6_pkg__timer2" 0
UNRESOLVED: gnat.dg/atomic6_1.adb scan-tree-dump-times gimple "atomic_store[^\\n\\r]*&temp" 0
UNRESOLVED: gnat.dg/atomic6_1.adb scan-tree-dump-times gimple "atomic_store[^\\n\\r]*ptr" 0
UNRESOLVED: gnat.dg/atomic6_2.adb scan-tree-dump-times gimple "atomic_load[^\\n\\r]*&atomic6_pkg__counter1" 6
UNRESOLVED: gnat.dg/atomic6_2.adb scan-tree-dump-times gimple "atomic_load[^\\n\\r]*&atomic6_pkg__counter2" 2
UNRESOLVED: gnat.dg/atomic6_2.adb scan-tree-dump-times gimple "atomic_load[^\\n\\r]*&atomic6_pkg__timer1" 6
UNRESOLVED: gnat.dg/atomic6_2.adb scan-tree-dump-times gimple "atomic_load[^\\n\\r]*&atomic6_pkg__timer2" 2
UNRESOLVED: gnat.dg/atomic6_2.adb scan-tree-dump-times gimple "atomic_load[^\\n\\r]*&temp" 0
UNRESOLVED: gnat.dg/atomic6_2.adb scan-tree-dump-times gimple "atomic_load[^\\n\\r]*ptr" 0
UNRESOLVED: gnat.dg/atomic6_2.adb scan-tree-dump-times gimple "atomic_store[^\\n\\r]*&atomic6_pkg__counter1" 3
UNRESOLVED: gnat.dg/atomic6_2.adb scan-tree-dump-times gimple "atomic_store[^\\n\\r]*&atomic6_pkg__counter2" 0
UNRESOLVED: gnat.dg/atomic6_2.adb scan-tree-dump-times gimple "atomic_store[^\\n\\r]*&atomic6_pkg__timer1" 3
UNRESOLVED: gnat.dg/atomic6_2.adb scan-tree-dump-times gimple "atomic_store[^\\n\\r]*&atomic6_pkg__timer2" 0
UNRESOLVED: gnat.dg/atomic6_2.adb scan-tree-dump-times gimple "atomic_store[^\\n\\r]*&temp" 0
UNRESOLVED: gnat.dg/atomic6_2.adb scan-tree-dump-times gimple "atomic_store[^\\n\\r]*ptr" 0
UNRESOLVED: gnat.dg/atomic6_3.adb scan-tree-dump-times gimple "atomic_load[^\\n\\r]*&atomic6_pkg__counter1" 3
UNRESOLVED: gnat.dg/atomic6_3.adb scan-tree-dump-times gimple "atomic_load[^\\n\\r]*&atomic6_pkg__counter2" 1
UNRESOLVED: gnat.dg/atomic6_3.adb scan-tree-dump-times gimple "atomic_load[^\\n\\r]*&atomic6_pkg__timer1" 3
UNRESOLVED: gnat.dg/atomic6_3.adb scan-tree-dump-times gimple "atomic_load[^\\n\\r]*&atomic6_pkg__timer2" 1
UNRESOLVED: gnat.dg/atomic6_3.adb scan-tree-dump-times gimple "atomic_load[^\\n\\r]*&temp" 0
UNRESOLVED: gnat.dg/atomic6_3.adb scan-tree-dump-times gimple "atomic_load[^\\n\\r]*ptr" 0
UNRESOLVED: gnat.dg/atomic6_3.adb scan-tree-dump-times gimple "atomic_store[^\\n\\r]*&atomic6_pkg__counter1" 3
UNRESOLVED: gnat.dg/atomic6_3.adb scan-tree-dump-times gimple "atomic_store[^\\n\\r]*&atomic6_pkg__counter2" 0
UNRESOLVED: gnat.dg/atomic6_3.adb scan-tree-dump-times gimple "atomic_store[^\\n\\r]*&atomic6_pkg__timer1" 3
UNRESOLVED: gnat.dg/atomic6_3.adb scan-tree-dump-times gimple "atomic_store[^\\n\\r]*&atomic6_pkg__timer2" 0
UNRESOLVED: gnat.dg/atomic6_3.adb scan-tree-dump-times gimple "atomic_store[^\\n\\r]*&temp" 0
UNRESOLVED: gnat.dg/atomic6_3.adb scan-tree-dump-times gimple "atomic_store[^\\n\\r]*ptr" 0
UNRESOLVED: gnat.dg/atomic6_4.adb scan-tree-dump-times gimple "atomic_load[^\\n\\r]*&atomic6_pkg__counter1" 2
UNRESOLVED: gnat.dg/atomic6_4.adb scan-tree-dump-times gimple "atomic_load[^\\n\\r]*&atomic6_pkg__counter2" 1
UNRESOLVED: gnat.dg/atomic6_4.adb scan-tree-dump-times gimple "atomic_load[^\\n\\r]*&atomic6_pkg__timer1" 2
UNRESOLVED: gnat.dg/atomic6_4.adb scan-tree-dump-times gimple "atomic_load[^\\n\\r]*&atomic6_pkg__timer2" 1
UNRESOLVED: gnat.dg/atomic6_4.adb scan-tree-dump-times gimple "atomic_load[^\\n\\r]*&temp" 0
UNRESOLVED: gnat.dg/atomic6_4.adb scan-tree-dump-times gimple "atomic_load[^\\n\\r]*ptr" 0
UNRESOLVED: gnat.dg/atomic6_4.adb scan-tree-dump-times gimple "atomic_store[^\\n\\r]*&atomic6_pkg__counter1" 3
UNRESOLVED: gnat.dg/atomic6_4.adb scan-tree-dump-times gimple "atomic_store[^\\n\\r]*&atomic6_pkg__counter2" 0
UNRESOLVED: gnat.dg/atomic6_4.adb scan-tree-dump-times gimple "atomic_store[^\\n\\r]*&atomic6_pkg__timer1" 3
UNRESOLVED: gnat.dg/atomic6_4.adb scan-tree-dump-times gimple "atomic_store[^\\n\\r]*&atomic6_pkg__timer2" 0
UNRESOLVED: gnat.dg/atomic6_4.adb scan-tree-dump-times gimple "atomic_store[^\\n\\r]*&temp" 0
UNRESOLVED: gnat.dg/atomic6_4.adb scan-tree-dump-times gimple "atomic_store[^\\n\\r]*ptr" 0
UNRESOLVED: gnat.dg/atomic6_5.adb scan-tree-dump-times gimple "atomic_load[^\\n\\r]*&atomic6_pkg__counter1" 2
UNRESOLVED: gnat.dg/atomic6_5.adb scan-tree-dump-times gimple "atomic_load[^\\n\\r]*&atomic6_pkg__counter2" 0
UNRESOLVED: gnat.dg/atomic6_5.adb scan-tree-dump-times gimple "atomic_load[^\\n\\r]*&atomic6_pkg__timer1" 2
UNRESOLVED: gnat.dg/atomic6_5.adb scan-tree-dump-times gimple "atomic_load[^\\n\\r]*&atomic6_pkg__timer2" 0
UNRESOLVED: gnat.dg/atomic6_5.adb scan-tree-dump-times gimple "atomic_load[^\\n\\r]*&temp" 0
UNRESOLVED: gnat.dg/atomic6_5.adb scan-tree-dump-times gimple "atomic_load[^\\n\\r]*ptr" 0
UNRESOLVED: gnat.dg/atomic6_5.adb scan-tree-dump-times gimple "atomic_store[^\\n\\r]*&atomic6_pkg__counter1" 0
UNRESOLVED: gnat.dg/atomic6_5.adb scan-tree-dump-times gimple "atomic_store[^\\n\\r]*&atomic6_pkg__counter2" 0
UNRESOLVED: gnat.dg/atomic6_5.adb scan-tree-dump-times gimple "atomic_store[^\\n\\r]*&atomic6_pkg__timer1" 0
UNRESOLVED: gnat.dg/atomic6_5.adb scan-tree-dump-times gimple "atomic_store[^\\n\\r]*&atomic6_pkg__timer2" 0
UNRESOLVED: gnat.dg/atomic6_5.adb scan-tree-dump-times gimple "atomic_store[^\\n\\r]*&temp" 0
UNRESOLVED: gnat.dg/atomic6_5.adb scan-tree-dump-times gimple "atomic_store[^\\n\\r]*ptr" 0
UNRESOLVED: gnat.dg/atomic6_6.adb scan-tree-dump-times gimple "atomic_load[^\\n\\r]*&atomic6_pkg__counter\\\\[1" 2
UNRESOLVED: gnat.dg/atomic6_6.adb scan-tree-dump-times gimple "atomic_load[^\\n\\r]*&atomic6_pkg__counter\\\\[2" 1
UNRESOLVED: gnat.dg/atomic6_6.adb scan-tree-dump-times gimple "atomic_load[^\\n\\r]*&atomic6_pkg__timer\\\\[1" 2
UNRESOLVED: gnat.dg/atomic6_6.adb scan-tree-dump-times gimple "atomic_load[^\\n\\r]*&atomic6_pkg__timer\\\\[2" 1
UNRESOLVED: gnat.dg/atomic6_6.adb scan-tree-dump-times gimple "atomic_load[^\\n\\r]*&temp" 0
UNRESOLVED: gnat.dg/atomic6_6.adb scan-tree-dump-times gimple "atomic_load[^\\n\\r]*ptr" 0
UNRESOLVED: gnat.dg/atomic6_6.adb scan-tree-dump-times gimple "atomic_store[^\\n\\r]*&atomic6_pkg__counter\\\\[1" 3
UNRESOLVED: gnat.dg/atomic6_6.adb scan-tree-dump-times gimple "atomic_store[^\\n\\r]*&atomic6_pkg__counter\\\\[2" 0
UNRESOLVED: gnat.dg/atomic6_6.adb scan-tree-dump-times gimple "atomic_store[^\\n\\r]*&atomic6_pkg__timer\\\\[1" 3
UNRESOLVED: gnat.dg/atomic6_6.adb scan-tree-dump-times gimple "atomic_store[^\\n\\r]*&atomic6_pkg__timer\\\\[2" 0
UNRESOLVED: gnat.dg/atomic6_6.adb scan-tree-dump-times gimple "atomic_store[^\\n\\r]*&temp" 0
UNRESOLVED: gnat.dg/atomic6_6.adb scan-tree-dump-times gimple "atomic_store[^\\n\\r]*ptr" 0
UNRESOLVED: gnat.dg/atomic6_7.adb scan-tree-dump-times gimple "atomic_load[^\\n\\r]*&my_atomic.counter1" 2
UNRESOLVED: gnat.dg/atomic6_7.adb scan-tree-dump-times gimple "atomic_load[^\\n\\r]*&atomic6_pkg__counter2" 1
UNRESOLVED: gnat.dg/atomic6_7.adb scan-tree-dump-times gimple "atomic_load[^\\n\\r]*&my_atomic.timer1" 2
UNRESOLVED: gnat.dg/atomic6_7.adb scan-tree-dump-times gimple "atomic_load[^\\n\\r]*&atomic6_pkg__timer2" 1
UNRESOLVED: gnat.dg/atomic6_7.adb scan-tree-dump-times gimple "atomic_load[^\\n\\r]*&temp" 0
UNRESOLVED: gnat.dg/atomic6_7.adb scan-tree-dump-times gimple "atomic_load[^\\n\\r]*ptr" 0
UNRESOLVED: gnat.dg/atomic6_7.adb scan-tree-dump-times gimple "atomic_store[^\\n\\r]*&my_atomic.counter1" 3
UNRESOLVED: gnat.dg/atomic6_7.adb scan-tree-dump-times gimple "atomic_store[^\\n\\r]*&atomic6_pkg__counter2" 0
UNRESOLVED: gnat.dg/atomic6_7.adb scan-tree-dump-times gimple "atomic_store[^\\n\\r]*&my_atomic.timer1" 3
UNRESOLVED: gnat.dg/atomic6_7.adb scan-tree-dump-times gimple "atomic_store[^\\n\\r]*&atomic6_pkg__timer2" 0
UNRESOLVED: gnat.dg/atomic6_7.adb scan-tree-dump-times gimple "atomic_store[^\\n\\r]*&temp" 0
UNRESOLVED: gnat.dg/atomic6_7.adb scan-tree-dump-times gimple "atomic_store[^\\n\\r]*ptr" 0
UNRESOLVED: gnat.dg/atomic6_8.adb scan-tree-dump-times gimple "atomic_load[^\\n\\r]*&atomic6_pkg__counter1" 1
UNRESOLVED: gnat.dg/atomic6_8.adb scan-tree-dump-times gimple "atomic_load[^\\n\\r]*&atomic6_pkg__counter2" 0
UNRESOLVED: gnat.dg/atomic6_8.adb scan-tree-dump-times gimple "atomic_load[^\\n\\r]*&atomic6_pkg__timer1" 1
UNRESOLVED: gnat.dg/atomic6_8.adb scan-tree-dump-times gimple "atomic_load[^\\n\\r]*&atomic6_pkg__timer2" 0
UNRESOLVED: gnat.dg/atomic6_8.adb scan-tree-dump-times gimple "atomic_load[^\\n\\r]*&temp" 0
UNRESOLVED: gnat.dg/atomic6_8.adb scan-tree-dump-times gimple "atomic_load[^\\n\\r]*ptr" 3
UNRESOLVED: gnat.dg/atomic6_8.adb scan-tree-dump-times gimple "atomic_store[^\\n\\r]*&atomic6_pkg__counter1" 1
UNRESOLVED: gnat.dg/atomic6_8.adb scan-tree-dump-times gimple "atomic_store[^\\n\\r]*&atomic6_pkg__counter2" 0
UNRESOLVED: gnat.dg/atomic6_8.adb scan-tree-dump-times gimple "atomic_store[^\\n\\r]*&atomic6_pkg__timer1" 1
UNRESOLVED: gnat.dg/atomic6_8.adb scan-tree-dump-times gimple "atomic_store[^\\n\\r]*&atomic6_pkg__timer2" 0
UNRESOLVED: gnat.dg/atomic6_8.adb scan-tree-dump-times gimple "atomic_store[^\\n\\r]*&temp" 0
UNRESOLVED: gnat.dg/atomic6_8.adb scan-tree-dump-times gimple "atomic_store[^\\n\\r]*ptr" 3
UNRESOLVED: gnat.dg/atomic7_1.adb compilation failed to produce executable
UNRESOLVED: gnat.dg/atomic7_2.adb compilation failed to produce executable
UNRESOLVED: gnat.dg/atomic8.adb compilation failed to produce executable
UNRESOLVED: gnat.dg/biased_uc.adb compilation failed to produce executable
UNRESOLVED: gnat.dg/bip_aggregate_bug.adb compilation failed to produce executable
UNRESOLVED: gnat.dg/bit_packed_array3.adb compilation failed to produce executable
UNRESOLVED: gnat.dg/blkextract_from_reg.adb compilation failed to produce executable
UNRESOLVED: gnat.dg/bltins.adb compilation failed to produce executable
UNRESOLVED: gnat.dg/boolean_bitfield.adb compilation failed to produce executable
UNRESOLVED: gnat.dg/boolean_conv.adb compilation failed to produce executable
UNRESOLVED: gnat.dg/boolean_expr2.adb compilation failed to produce executable
UNRESOLVED: gnat.dg/capture_value.adb compilation failed to produce executable
UNRESOLVED: gnat.dg/case_character.adb compilation failed to produce executable
FAIL: gnat.dg/case_null.adb  (test for errors, line 8)
UNRESOLVED: gnat.dg/case_optimization2.adb compilation failed to produce executable
UNRESOLVED: gnat.dg/check_displace_generation.adb compilation failed to produce executable
UNRESOLVED: gnat.dg/check_elaboration_code.adb compilation failed to produce executable
UNRESOLVED: gnat.dg/compose.adb compilation failed to produce executable
UNRESOLVED: gnat.dg/concat1.adb compilation failed to produce executable
UNRESOLVED: gnat.dg/concat_length.adb compilation failed to produce executable
UNRESOLVED: gnat.dg/constant2.adb compilation failed to produce executable
UNRESOLVED: gnat.dg/controlled5.adb compilation failed to produce executable
UNRESOLVED: gnat.dg/conv_bug.adb compilation failed to produce executable
UNRESOLVED: gnat.dg/conv_decimal.adb compilation failed to produce executable
UNRESOLVED: gnat.dg/conv_real.adb compilation failed to produce executable
UNRESOLVED: gnat.dg/curr_task.adb compilation failed to produce executable
FAIL: gnat.dg/deferred_const1.adb  (test for warnings, line 8)
UNRESOLVED: gnat.dg/deferred_const2.adb compilation failed to produce executable
UNRESOLVED: gnat.dg/deferred_const3.adb compilation failed to produce executable
UNRESOLVED: gnat.dg/derived_aggregate.adb compilation failed to produce executable
UNRESOLVED: gnat.dg/derived_type1.adb scan-tree-dump-not original "VIEW_CONVERT_EXPR<struct derived_type1__root>"
UNRESOLVED: gnat.dg/derived_type1.adb scan-tree-dump-not original "VIEW_CONVERT_EXPR<struct derived_type1__derived1>"
UNRESOLVED: gnat.dg/derived_type2.adb compilation failed to produce executable
UNRESOLVED: gnat.dg/derived_type3.adb compilation failed to produce executable
UNRESOLVED: gnat.dg/discr24.adb compilation failed to produce executable
UNRESOLVED: gnat.dg/discr32.adb compilation failed to produce executable
UNRESOLVED: gnat.dg/discr33.adb compilation failed to produce executable
UNRESOLVED: gnat.dg/discr39.adb compilation failed to produce executable
UNRESOLVED: gnat.dg/discr4.adb compilation failed to produce executable
UNRESOLVED: gnat.dg/discr42.adb compilation failed to produce executable
UNRESOLVED: gnat.dg/discr44.adb compilation failed to produce executable
UNRESOLVED: gnat.dg/dispatch1.adb compilation failed to produce executable
UNRESOLVED: gnat.dg/dispatch2.adb compilation failed to produce executable
UNRESOLVED: gnat.dg/elim2.adb compilation failed to produce executable
UNRESOLVED: gnat.dg/empty_vector_length.adb compilation failed to produce executable
UNRESOLVED: gnat.dg/entry_queues.adb compilation failed to produce executable
FAIL: gnat.dg/entry_queues3.adb  (test for warnings, line 25)
UNRESOLVED: gnat.dg/enum1.adb compilation failed to produce executable
UNRESOLVED: gnat.dg/enum2.adb compilation failed to produce executable
UNRESOLVED: gnat.dg/enum3.adb compilation failed to produce executable
UNRESOLVED: gnat.dg/exp0_eval.adb compilation failed to produce executable
UNRESOLVED: gnat.dg/expect1.adb compilation failed to produce executable
UNRESOLVED: gnat.dg/fixce.adb compilation failed to produce executable
UNRESOLVED: gnat.dg/fixedpnt.adb compilation failed to produce executable
FAIL: gnat.dg/frame_overflow.adb  (test for errors, line 5)
FAIL: gnat.dg/frame_overflow.adb  (test for errors, line 14)
UNRESOLVED: gnat.dg/generic_dispatch.adb compilation failed to produce executable
UNRESOLVED: gnat.dg/gnat_malloc.adb compilation failed to produce executable
UNRESOLVED: gnat.dg/handle_and_return.adb compilation failed to produce executable
UNRESOLVED: gnat.dg/handle_raise_from_pure.adb compilation failed to produce executable
UNRESOLVED: gnat.dg/hyper_flat.adb compilation failed to produce executable
UNRESOLVED: gnat.dg/in_out_parameter.adb compilation failed to produce executable
UNRESOLVED: gnat.dg/in_out_parameter2.adb compilation failed to produce executable
UNRESOLVED: gnat.dg/in_out_parameter3.adb compilation failed to produce executable
UNRESOLVED: gnat.dg/in_out_parameter4.adb compilation failed to produce executable
FAIL: gnat.dg/include.adb  (test for errors, line )
XPASS: gnat.dg/incomplete2.adb (test for excess errors)
UNRESOLVED: gnat.dg/init_scalar1.adb compilation failed to produce executable
FAIL: gnat.dg/inline3.adb  (test for errors, line )
FAIL: gnat.dg/inline3.adb  (test for errors, line )
FAIL: gnat.dg/inline5.adb  (test for warnings, line )
FAIL: gnat.dg/inline5.adb  (test for warnings, line )
FAIL: gnat.dg/inline7.adb  (test for warnings, line )
FAIL: gnat.dg/inline7.adb  (test for warnings, line )
FAIL: gnat.dg/inline9.adb  (test for warnings, line )
FAIL: gnat.dg/inline9.adb  (test for warnings, line )
UNRESOLVED: gnat.dg/inline_tagged.adb compilation failed to produce executable
UNRESOLVED: gnat.dg/interface1.adb compilation failed to produce executable
UNRESOLVED: gnat.dg/interface2.adb compilation failed to produce executable
UNRESOLVED: gnat.dg/interface3.adb compilation failed to produce executable
UNRESOLVED: gnat.dg/interface_conv.adb compilation failed to produce executable
UNRESOLVED: gnat.dg/invalid1.adb compilation failed to produce executable
UNRESOLVED: gnat.dg/iprot_test.adb compilation failed to produce executable
UNRESOLVED: gnat.dg/kill_value.adb compilation failed to produce executable
UNRESOLVED: gnat.dg/lhs_view_convert.adb compilation failed to produce executable
UNRESOLVED: gnat.dg/loop_boolean.adb compilation failed to produce executable
UNRESOLVED: gnat.dg/loop_optimization16.adb compilation failed to produce executable
UNRESOLVED: gnat.dg/loop_optimization17.adb compilation failed to produce executable
UNRESOLVED: gnat.dg/loop_optimization19.adb scan-tree-dump-not optimized "Index_Check"
UNRESOLVED: gnat.dg/loop_optimization20.adb scan-tree-dump-not optimized "Index_Check"
UNRESOLVED: gnat.dg/loop_optimization21.adb scan-tree-dump-times optimized "Index_Check" 1
UNRESOLVED: gnat.dg/loop_optimization22.adb scan-tree-dump-not optimized "Index_Check"
UNRESOLVED: gnat.dg/loop_optimization3.adb compilation failed to produce executable
UNRESOLVED: gnat.dg/loop_optimization4.adb compilation failed to produce executable
UNRESOLVED: gnat.dg/loop_optimization6.adb scan-tree-dump-not optimized "goto"
UNRESOLVED: gnat.dg/loop_optimization8.adb compilation failed to produce executable
UNRESOLVED: gnat.dg/lto1.adb compilation failed to produce executable
UNRESOLVED: gnat.dg/lto10.adb compilation failed to produce executable
UNRESOLVED: gnat.dg/lto5.adb compilation failed to produce executable
UNRESOLVED: gnat.dg/lto6.adb compilation failed to produce executable
UNRESOLVED: gnat.dg/lto7.adb compilation failed to produce executable
UNRESOLVED: gnat.dg/lto8.adb compilation failed to produce executable
UNRESOLVED: gnat.dg/lto9.adb compilation failed to produce executable
UNRESOLVED: gnat.dg/md5_test.adb compilation failed to produce executable
UNRESOLVED: gnat.dg/memtrap.adb scan-assembler __gnat_begin_handler|__gnat_raise_nodefer
UNRESOLVED: gnat.dg/misaligned_nest.adb compilation failed to produce executable
UNRESOLVED: gnat.dg/misaligned_param.adb compilation failed to produce executable
UNRESOLVED: gnat.dg/misaligned_volatile.adb compilation failed to produce executable
UNRESOLVED: gnat.dg/missing_acc_check.adb compilation failed to produce executable
UNRESOLVED: gnat.dg/modular1.adb compilation failed to produce executable
UNRESOLVED: gnat.dg/modular2.adb compilation failed to produce executable
UNRESOLVED: gnat.dg/modular3.adb compilation failed to produce executable
UNRESOLVED: gnat.dg/mutable1.adb compilation failed to produce executable
UNRESOLVED: gnat.dg/named_test.adb compilation failed to produce executable
UNRESOLVED: gnat.dg/nan_max.adb compilation failed to produce executable
UNRESOLVED: gnat.dg/nat1r.adb compilation failed to produce executable
UNRESOLVED: gnat.dg/nested_controlled_alloc.adb compilation failed to produce executable
UNRESOLVED: gnat.dg/nested_proc1.adb compilation failed to produce executable
UNRESOLVED: gnat.dg/nested_return_test.adb compilation failed to produce executable
UNRESOLVED: gnat.dg/no_final.adb compilation failed to produce executable
UNRESOLVED: gnat.dg/noinline2.adb scan-tree-dump-times optimized "noinline2.inner" 2
UNRESOLVED: gnat.dg/not_null.adb compilation failed to produce executable
FAIL: gnat.dg/notnot.adb  (test for warnings, line 6)
UNRESOLVED: gnat.dg/null_pointer_deref1.adb compilation failed to produce executable
UNRESOLVED: gnat.dg/null_pointer_deref2.adb compilation failed to produce executable
UNRESOLVED: gnat.dg/null_pointer_deref3.adb compilation failed to produce executable
FAIL: gnat.dg/object_overflow1.adb  (test for warnings, line 8)
FAIL: gnat.dg/object_overflow2.adb  (test for warnings, line 8)
FAIL: gnat.dg/object_overflow3.adb  (test for warnings, line 14)
FAIL: gnat.dg/object_overflow4.adb  (test for warnings, line 11)
FAIL: gnat.dg/object_overflow4.adb  (test for warnings, line 15)
FAIL: gnat.dg/object_overflow5.adb  (test for warnings, line 11)
FAIL: gnat.dg/object_overflow5.adb  (test for warnings, line 15)
UNRESOLVED: gnat.dg/oconst1.adb scan-assembler-not elabs
UNRESOLVED: gnat.dg/oconst2.adb scan-assembler-not elabs
UNRESOLVED: gnat.dg/oconst3.adb scan-assembler-not elabs
UNRESOLVED: gnat.dg/oconst4.adb scan-assembler-not elabs
UNRESOLVED: gnat.dg/oconst5.adb scan-assembler-not elabs
UNRESOLVED: gnat.dg/opt12.adb compilation failed to produce executable
UNRESOLVED: gnat.dg/opt13.adb compilation failed to produce executable
UNRESOLVED: gnat.dg/opt14.adb compilation failed to produce executable
UNRESOLVED: gnat.dg/opt15.adb scan-tree-dump-not optimized "trace_inlined"
UNRESOLVED: gnat.dg/opt2.adb compilation failed to produce executable
UNRESOLVED: gnat.dg/opt21.adb compilation failed to produce executable
UNRESOLVED: gnat.dg/opt22.adb compilation failed to produce executable
UNRESOLVED: gnat.dg/opt26.adb compilation failed to produce executable
UNRESOLVED: gnat.dg/opt27.adb compilation failed to produce executable
UNRESOLVED: gnat.dg/opt30.adb compilation failed to produce executable
UNRESOLVED: gnat.dg/opt31.adb compilation failed to produce executable
UNRESOLVED: gnat.dg/opt34.adb scan-tree-dump esra "Created a replacement for result"
UNRESOLVED: gnat.dg/opt35.adb compilation failed to produce executable
UNRESOLVED: gnat.dg/opt36.adb compilation failed to produce executable
UNRESOLVED: gnat.dg/opt37.adb scan-tree-dump-not optimized "alloca"
UNRESOLVED: gnat.dg/opt38.adb compilation failed to produce executable
UNRESOLVED: gnat.dg/opt39.adb scan-tree-dump-times optimized "MEM" 1
UNRESOLVED: gnat.dg/opt4.adb compilation failed to produce executable
UNRESOLVED: gnat.dg/opt40.adb scan-tree-dump-not optimized "gnat_rcheck"
UNRESOLVED: gnat.dg/opt41.adb compilation failed to produce executable
UNRESOLVED: gnat.dg/opt47.adb compilation failed to produce executable
UNRESOLVED: gnat.dg/opt48.adb compilation failed to produce executable
UNRESOLVED: gnat.dg/opt49.adb compilation failed to produce executable
UNRESOLVED: gnat.dg/opt5.adb compilation failed to produce executable
UNRESOLVED: gnat.dg/opt50.adb compilation failed to produce executable
UNRESOLVED: gnat.dg/opt51.adb scan-tree-dump-not optimized "check_PE_Explicit_Raise"
UNRESOLVED: gnat.dg/opt52.adb scan-tree-dump-not optimized "check_PE_Explicit_Raise"
UNRESOLVED: gnat.dg/outer_agg_bitfield_constructor.adb compilation failed to produce executable
UNRESOLVED: gnat.dg/overflow_fixed.adb compilation failed to produce executable
UNRESOLVED: gnat.dg/overflow_sum.adb compilation failed to produce executable
UNRESOLVED: gnat.dg/overflow_sum3.adb compilation failed to produce executable
UNRESOLVED: gnat.dg/pack10.adb compilation failed to produce executable
UNRESOLVED: gnat.dg/pack11.adb compilation failed to produce executable
UNRESOLVED: gnat.dg/pack12.adb compilation failed to produce executable
UNRESOLVED: gnat.dg/pack17.adb compilation failed to produce executable
UNRESOLVED: gnat.dg/pack18.adb compilation failed to produce executable
UNRESOLVED: gnat.dg/pack19.adb compilation failed to produce executable
UNRESOLVED: gnat.dg/pack3.adb compilation failed to produce executable
UNRESOLVED: gnat.dg/pack4.adb compilation failed to produce executable
FAIL: gnat.dg/pack8.adb  (test for errors, line 19)
UNRESOLVED: gnat.dg/pack9.adb scan-tree-dump-not optimized "gnat_rcheck"
UNRESOLVED: gnat.dg/packed_subtype.adb compilation failed to produce executable
UNRESOLVED: gnat.dg/pointer_conversion.adb compilation failed to produce executable
UNRESOLVED: gnat.dg/prot_def.adb compilation failed to produce executable
UNRESOLVED: gnat.dg/protected_self_ref1.adb compilation failed to produce executable
FAIL: gnat.dg/protected_self_ref2.adb  (test for errors, line 12)
UNRESOLVED: gnat.dg/quote.adb compilation failed to produce executable
UNRESOLVED: gnat.dg/range_check.adb compilation failed to produce executable
UNRESOLVED: gnat.dg/regpat1.adb compilation failed to produce executable
UNRESOLVED: gnat.dg/release_unc_maxalign.adb compilation failed to produce executable
UNRESOLVED: gnat.dg/renaming2.adb compilation failed to produce executable
UNRESOLVED: gnat.dg/renaming3.adb compilation failed to produce executable
UNRESOLVED: gnat.dg/renaming5.adb scan-tree-dump-times optimized "goto" 2
UNRESOLVED: gnat.dg/renaming6.adb scan-tree-dump-times original "atomic_load" 2
UNRESOLVED: gnat.dg/renaming6.adb scan-tree-dump-times original "atomic_store" 2
UNRESOLVED: gnat.dg/renaming6.adb scan-tree-dump-not original "j"
UNRESOLVED: gnat.dg/renaming8.adb compilation failed to produce executable
UNRESOLVED: gnat.dg/rep_clause4.adb compilation failed to produce executable
UNRESOLVED: gnat.dg/requeue1.adb compilation failed to produce executable
UNRESOLVED: gnat.dg/return4.adb compilation failed to produce executable
UNRESOLVED: gnat.dg/round_div.adb compilation failed to produce executable
UNRESOLVED: gnat.dg/scalar_mode_agg_compare.adb compilation failed to produce executable
UNRESOLVED: gnat.dg/self_aggregate_with_array.adb compilation failed to produce executable
UNRESOLVED: gnat.dg/self_aggregate_with_call.adb compilation failed to produce executable
UNRESOLVED: gnat.dg/self_aggregate_with_pointer.adb compilation failed to produce executable
UNRESOLVED: gnat.dg/self_aggregate_with_zeros.adb compilation failed to produce executable
UNRESOLVED: gnat.dg/sizetype1.adb compilation failed to produce executable
UNRESOLVED: gnat.dg/sizetype2.adb compilation failed to produce executable
UNRESOLVED: gnat.dg/sizetype4.adb compilation failed to produce executable
UNRESOLVED: gnat.dg/slice3.adb compilation failed to produce executable
UNRESOLVED: gnat.dg/slice4.adb compilation failed to produce executable
FAIL: gnat.dg/slice5.adb  (test for warnings, line 15)
FAIL: gnat.dg/slice5.adb  (test for warnings, line 21)
UNRESOLVED: gnat.dg/small_alignment.adb compilation failed to produce executable
UNRESOLVED: gnat.dg/socket1.adb compilation failed to produce executable
UNRESOLVED: gnat.dg/sort2.adb compilation failed to produce executable
UNRESOLVED: gnat.dg/spipaterr.adb compilation failed to produce executable
UNRESOLVED: gnat.dg/sse_nolib.adb compilation failed to produce executable
UNRESOLVED: gnat.dg/sso1.adb compilation failed to produce executable
UNRESOLVED: gnat.dg/sso3.adb compilation failed to produce executable
UNRESOLVED: gnat.dg/sso4.adb compilation failed to produce executable
UNRESOLVED: gnat.dg/sso5.adb compilation failed to produce executable
UNRESOLVED: gnat.dg/sso6.adb compilation failed to produce executable
UNRESOLVED: gnat.dg/sso7.adb compilation failed to produce executable
UNRESOLVED: gnat.dg/stack_check1.adb compilation failed to produce executable
UNRESOLVED: gnat.dg/stack_check2.adb compilation failed to produce executable
UNRESOLVED: gnat.dg/stack_usage1.adb scan-file \\t[0-9][0-9]\\t
UNRESOLVED: gnat.dg/stack_usage1b.adb scan-file \\t[0-9][0-9]\\t
UNRESOLVED: gnat.dg/stack_usage1c.adb scan-file \\t[0-9][0-9]\\t
UNRESOLVED: gnat.dg/stack_usage2.adb scan-file-not :Constprop
UNRESOLVED: gnat.dg/stack_usage3.adb scan-file-not \\t[0-9][0-9][0-9][0-9]\\t
UNRESOLVED: gnat.dg/string_slice.adb compilation failed to produce executable
FAIL: gnat.dg/subp_elim_errors.adb  (test for errors, line 25)
FAIL: gnat.dg/subp_elim_errors.adb  (test for errors, line 27)
FAIL: gnat.dg/subp_elim_errors.adb  (test for errors, line 29)
FAIL: gnat.dg/subp_elim_errors.adb  (test for errors, line 31)
UNRESOLVED: gnat.dg/taft_type1.adb compilation failed to produce executable
UNRESOLVED: gnat.dg/tag1.adb compilation failed to produce executable
UNRESOLVED: gnat.dg/tagged_alloc_free.adb compilation failed to produce executable
UNRESOLVED: gnat.dg/tail_call.adb compilation failed to produce executable
UNRESOLVED: gnat.dg/task_stack_align.adb compilation failed to produce executable
UNRESOLVED: gnat.dg/test_8bitlong_overflow.adb compilation failed to produce executable
UNRESOLVED: gnat.dg/test_address_null_init.adb compilation failed to produce executable
UNRESOLVED: gnat.dg/test_allocator_maxalign2.adb compilation failed to produce executable
UNRESOLVED: gnat.dg/test_bounded.adb compilation failed to produce executable
UNRESOLVED: gnat.dg/test_delay.adb compilation failed to produce executable
UNRESOLVED: gnat.dg/test_direct_io.adb compilation failed to produce executable
UNRESOLVED: gnat.dg/test_enum_io.adb compilation failed to produce executable
UNRESOLVED: gnat.dg/test_fixed_io.adb compilation failed to produce executable
UNRESOLVED: gnat.dg/test_iface_aggr.adb compilation failed to produce executable
UNRESOLVED: gnat.dg/test_ifaces.adb compilation failed to produce executable
UNRESOLVED: gnat.dg/test_image.adb compilation failed to produce executable
UNRESOLVED: gnat.dg/test_nested_subtype_byref.adb compilation failed to produce executable
UNRESOLVED: gnat.dg/test_oalign.adb compilation failed to produce executable
UNRESOLVED: gnat.dg/test_oconst.adb compilation failed to produce executable
UNRESOLVED: gnat.dg/test_prefix1.adb compilation failed to produce executable
UNRESOLVED: gnat.dg/test_prio.adb compilation failed to produce executable
UNRESOLVED: gnat.dg/test_raise_from_pure.adb compilation failed to produce executable
UNRESOLVED: gnat.dg/test_self.adb compilation failed to produce executable
UNRESOLVED: gnat.dg/test_self_ref.adb compilation failed to produce executable
UNRESOLVED: gnat.dg/test_table1.adb compilation failed to produce executable
UNRESOLVED: gnat.dg/test_time_stamp.adb compilation failed to produce executable
UNRESOLVED: gnat.dg/test_version.adb compilation failed to produce executable
UNRESOLVED: gnat.dg/testint.adb compilation failed to produce executable
UNRESOLVED: gnat.dg/tfren.adb compilation failed to produce executable
UNRESOLVED: gnat.dg/thin_pointer2.adb compilation failed to produce executable
UNRESOLVED: gnat.dg/timer_cancel.adb compilation failed to produce executable
UNRESOLVED: gnat.dg/trampoline1.adb scan-assembler-not GNU-stack.*x
UNRESOLVED: gnat.dg/trampoline2.adb compilation failed to produce executable
UNRESOLVED: gnat.dg/tree_static_use.adb compilation failed to produce executable
UNRESOLVED: gnat.dg/unc_memfree.adb compilation failed to produce executable
UNRESOLVED: gnat.dg/unchecked_convert1.adb compilation failed to produce executable
UNRESOLVED: gnat.dg/unchecked_convert2.adb compilation failed to produce executable
UNRESOLVED: gnat.dg/unchecked_convert3.adb compilation failed to produce executable
FAIL: gnat.dg/unchecked_convert5b.adb  (test for warnings, line 9)
UNRESOLVED: gnat.dg/unchecked_convert5b.adb compilation failed to produce executable
FAIL: gnat.dg/unchecked_convert6b.adb  (test for warnings, line 9)
UNRESOLVED: gnat.dg/unchecked_convert6b.adb compilation failed to produce executable
UNRESOLVED: gnat.dg/unchecked_convert9.adb scan-rtl-dump-times final "set \\\\(mem/v" 1
UNRESOLVED: gnat.dg/unchecked_union1.adb compilation failed to produce executable
FAIL: gnat.dg/uninit_func.adb  (test for warnings, line 12)
UNRESOLVED: gnat.dg/valid1.adb compilation failed to produce executable
UNRESOLVED: gnat.dg/vect1.adb scan-tree-dump-times vect "vectorized 1 loops" 15
UNRESOLVED: gnat.dg/vect11.adb scan-tree-dump-not optimized "goto"
UNRESOLVED: gnat.dg/vect12.adb scan-tree-dump-not vect "vectorized 1 loops"
UNRESOLVED: gnat.dg/vect13.adb scan-tree-dump-times vect "vectorized 1 loops" 2
UNRESOLVED: gnat.dg/vect14.adb scan-tree-dump-not optimized "VIEW_CONVERT_EXPR"
UNRESOLVED: gnat.dg/vect15.adb scan-tree-dump-not vect "possible aliasing"
UNRESOLVED: gnat.dg/vect16.adb scan-tree-dump-not vect "possible aliasing"
UNRESOLVED: gnat.dg/vect17.adb scan-tree-dump vect "possible aliasing"
UNRESOLVED: gnat.dg/vect18.adb scan-tree-dump vect "bad data dependence"
UNRESOLVED: gnat.dg/vect2.adb scan-tree-dump-times vect "vectorized 1 loops" 15
UNRESOLVED: gnat.dg/vect3.adb scan-tree-dump-times vect "vectorized 1 loops" 15
UNRESOLVED: gnat.dg/vect4.adb scan-tree-dump-times vect "vectorized 1 loops" 15
UNRESOLVED: gnat.dg/vect5.adb scan-tree-dump-times vect "vectorized 1 loops" 15
UNRESOLVED: gnat.dg/vect6.adb scan-tree-dump-times vect "vectorized 1 loops" 15
UNRESOLVED: gnat.dg/vfa1_1.adb scan-tree-dump-times gimple "atomic_load[^\\n\\r]*&vfa1_pkg__counter1" 6
UNRESOLVED: gnat.dg/vfa1_1.adb scan-tree-dump-times gimple "atomic_load[^\\n\\r]*&vfa1_pkg__counter2" 5
UNRESOLVED: gnat.dg/vfa1_1.adb scan-tree-dump-times gimple "atomic_load[^\\n\\r]*&temp" 0
UNRESOLVED: gnat.dg/vfa1_1.adb scan-tree-dump-times gimple "atomic_store[^\\n\\r]*&vfa1_pkg__counter1" 3
UNRESOLVED: gnat.dg/vfa1_1.adb scan-tree-dump-times gimple "atomic_store[^\\n\\r]*&vfa1_pkg__counter2" 4
UNRESOLVED: gnat.dg/vfa1_1.adb scan-tree-dump-times gimple "atomic_store[^\\n\\r]*&temp" 0
UNRESOLVED: gnat.dg/vfa1_2.adb scan-tree-dump-times gimple "atomic_load[^\\n\\r]*&vfa1_pkg__timer1" 7
UNRESOLVED: gnat.dg/vfa1_2.adb scan-tree-dump-times gimple "atomic_load[^\\n\\r]*&vfa1_pkg__timer2" 7
UNRESOLVED: gnat.dg/vfa1_2.adb scan-tree-dump-times gimple "atomic_load[^\\n\\r]*&temp" 0
UNRESOLVED: gnat.dg/vfa1_2.adb scan-tree-dump-times gimple "atomic_store[^\\n\\r]*&vfa1_pkg__timer1" 2
UNRESOLVED: gnat.dg/vfa1_2.adb scan-tree-dump-times gimple "atomic_store[^\\n\\r]*&vfa1_pkg__timer2" 3
UNRESOLVED: gnat.dg/vfa1_2.adb scan-tree-dump-times gimple "atomic_store[^\\n\\r]*&temp" 0
UNRESOLVED: gnat.dg/vfa1_3.adb scan-tree-dump-times gimple "atomic_load[^\\n\\r]*&vfa1_pkg__buffer1" 7
UNRESOLVED: gnat.dg/vfa1_3.adb scan-tree-dump-times gimple "atomic_load[^\\n\\r]*&vfa1_pkg__buffer2" 7
UNRESOLVED: gnat.dg/vfa1_3.adb scan-tree-dump-times gimple "atomic_load[^\\n\\r]*&temp" 0
UNRESOLVED: gnat.dg/vfa1_3.adb scan-tree-dump-times gimple "atomic_store[^\\n\\r]*&vfa1_pkg__buffer1" 2
UNRESOLVED: gnat.dg/vfa1_3.adb scan-tree-dump-times gimple "atomic_store[^\\n\\r]*&vfa1_pkg__buffer2" 3
UNRESOLVED: gnat.dg/vfa1_3.adb scan-tree-dump-times gimple "atomic_store[^\\n\\r]*&temp" 0
UNRESOLVED: gnat.dg/vfa1_4.adb scan-tree-dump-times gimple "atomic_load[^\\n\\r]*&vfa1_pkg__mixer1" 7
UNRESOLVED: gnat.dg/vfa1_4.adb scan-tree-dump-times gimple "atomic_load[^\\n\\r]*&vfa1_pkg__mixer2" 7
UNRESOLVED: gnat.dg/vfa1_4.adb scan-tree-dump-times gimple "atomic_load[^\\n\\r]*&temp" 0
UNRESOLVED: gnat.dg/vfa1_4.adb scan-tree-dump-times gimple "atomic_store[^\\n\\r]*&vfa1_pkg__mixer1" 2
UNRESOLVED: gnat.dg/vfa1_4.adb scan-tree-dump-times gimple "atomic_store[^\\n\\r]*&vfa1_pkg__mixer2" 3
UNRESOLVED: gnat.dg/vfa1_4.adb scan-tree-dump-times gimple "atomic_store[^\\n\\r]*&temp" 0
UNRESOLVED: gnat.dg/view_conversion1.adb compilation failed to produce executable
UNRESOLVED: gnat.dg/volatile11.adb compilation failed to produce executable
UNRESOLVED: gnat.dg/volatile3.adb scan-assembler __gnat_rcheck
UNRESOLVED: gnat.dg/volatile4.adb compilation failed to produce executable
UNRESOLVED: gnat.dg/volatile6.adb scan-tree-dump optimized "goto"
UNRESOLVED: gnat.dg/volatile7.adb scan-tree-dump optimized "goto"
UNRESOLVED: gnat.dg/volatile8.adb scan-tree-dump optimized "goto"
UNRESOLVED: gnat.dg/volatile9.adb scan-tree-dump optimized "goto"
UNRESOLVED: gnat.dg/warn1.adb compilation failed to produce executable
FAIL: gnat.dg/warn11.adb  (test for warnings, line 8)
FAIL: gnat.dg/warn11.adb  (test for warnings, line 11)
FAIL: gnat.dg/warn12.adb  (test for warnings, line 39)
FAIL: gnat.dg/warn12.adb  (test for warnings, line 44)
FAIL: gnat.dg/warn13.adb  (test for warnings, line 5)
FAIL: gnat.dg/warn13.adb  (test for warnings, line 6)
FAIL: gnat.dg/warn13.adb  (test for warnings, line 7)
FAIL: gnat.dg/warn4.adb  (test for warnings, line 14)
FAIL: gnat.dg/warn4.adb  (test for warnings, line 14)
FAIL: gnat.dg/warn8.adb  (test for warnings, line 3)
UNRESOLVED: gnat.dg/wide_boolean.adb compilation failed to produce executable
UNRESOLVED: gnat.dg/wide_test.adb compilation failed to produce executable
FAIL: gnat.dg/specs/abstract_private.ads  (test for errors, line 12)
FAIL: gnat.dg/specs/access_constant.ads  (test for errors, line 10)
FAIL: gnat.dg/specs/access_constant_decl.ads  (test for errors, line 9)
XPASS: gnat.dg/specs/aggr4_pkg.ads (test for excess errors)
FAIL: gnat.dg/specs/alignment2.ads  (test for warnings, line 14)
FAIL: gnat.dg/specs/alignment2.ads  (test for warnings, line 20)
FAIL: gnat.dg/specs/alignment2.ads  (test for warnings, line 38)
FAIL: gnat.dg/specs/alignment2.ads  (test for warnings, line 42)
FAIL: gnat.dg/specs/alignment2.ads  (test for warnings, line 46)
FAIL: gnat.dg/specs/atomic1.ads  (test for errors, line 9)
FAIL: gnat.dg/specs/atomic1.ads  (test for errors, line 13)
FAIL: gnat.dg/specs/atomic2.ads  (test for errors, line 12)
FAIL: gnat.dg/specs/atomic2.ads  (test for errors, line 24)
FAIL: gnat.dg/specs/clause_on_volatile.ads  (test for errors, line 32)
FAIL: gnat.dg/specs/clause_on_volatile.ads  (test for errors, line 42)
FAIL: gnat.dg/specs/clause_on_volatile.ads  (test for errors, line 52)
FAIL: gnat.dg/specs/clause_on_volatile.ads  (test for errors, line 60)
FAIL: gnat.dg/specs/clause_on_volatile.ads  (test for errors, line 70)
FAIL: gnat.dg/specs/clause_on_volatile.ads  (test for errors, line 80)
XPASS: gnat.dg/specs/concat1_pkg.ads (test for excess errors)
XPASS: gnat.dg/specs/controlled1_pkg.ads (test for excess errors)
XPASS: gnat.dg/specs/elab2_pkg.ads (test for excess errors)
UNRESOLVED: gnat.dg/specs/elab4.ads scan-assembler-not elabs
XPASS: gnat.dg/specs/elab4_proc.ads (test for excess errors)
XPASS: gnat.dg/specs/fe_inlining_helper.ads (test for excess errors)
FAIL: gnat.dg/specs/import_abstract.ads  (test for errors, line 5)
FAIL: gnat.dg/specs/integer_value.ads  (test for errors, line 4)
FAIL: gnat.dg/specs/linker_alias.ads  (test for errors, line 6)
FAIL: gnat.dg/specs/linker_section.ads  (test for errors, line 10)
XPASS: gnat.dg/specs/loop_optimization1_pkg.ads (test for excess errors)
XPASS: gnat.dg/specs/lto12_pkg.ads (test for excess errors)
XPASS: gnat.dg/specs/lto3_pkg1.ads (test for excess errors)
XPASS: gnat.dg/specs/lto3_pkg2.ads (test for excess errors)
FAIL: gnat.dg/specs/noinline1.ads  (test for warnings, line 7)
FAIL: gnat.dg/specs/noinline1.ads  (test for warnings, line 11)
FAIL: gnat.dg/specs/noinline1.ads  (test for errors, line 15)
FAIL: gnat.dg/specs/noinline1.ads  (test for errors, line 19)
UNRESOLVED: gnat.dg/specs/noinline3.ads scan-tree-dump-times optimized "noinline3.inner" 2
XPASS: gnat.dg/specs/noinline3_pkg.ads (test for excess errors)
UNRESOLVED: gnat.dg/specs/oconst6.ads scan-assembler-not elabs
FAIL: gnat.dg/specs/oversize.ads  (test for errors, line 18)
FAIL: gnat.dg/specs/oversize.ads  (test for errors, line 25)
FAIL: gnat.dg/specs/oversize.ads  (test for errors, line 33)
FAIL: gnat.dg/specs/oversize.ads  (test for errors, line 44)
XPASS: gnat.dg/specs/pack10_pkg.ads (test for excess errors)
XPASS: gnat.dg/specs/pack3_pkg.ads (test for excess errors)
FAIL: gnat.dg/specs/renaming1.ads  (test for errors, line 11)
FAIL: gnat.dg/specs/renaming1.ads  (test for errors, line 15)
XPASS: gnat.dg/specs/renaming2_pkg1.ads (test for excess errors)
XPASS: gnat.dg/specs/renaming2_pkg3.ads (test for excess errors)
XPASS: gnat.dg/specs/renaming2_pkg4.ads (test for excess errors)
XPASS: gnat.dg/specs/size_attribute1_pkg1.ads (test for excess errors)
XPASS: gnat.dg/specs/size_attribute1_pkg2.ads (test for excess errors)
FAIL: gnat.dg/specs/size_clause2.ads  (test for errors, line 41)
FAIL: gnat.dg/specs/size_clause3.ads  (test for errors, line 17)
FAIL: gnat.dg/specs/size_clause3.ads  (test for errors, line 47)
FAIL: gnat.dg/specs/sso1.ads  (test for errors, line 7)
FAIL: gnat.dg/specs/sso1.ads  (test for warnings, line 11)
FAIL: gnat.dg/specs/sso1.ads  (test for warnings, line 17)
UNRESOLVED: gnat.dg/specs/static_initializer.ads scan-assembler-not elabs
UNRESOLVED: gnat.dg/specs/static_initializer2.ads scan-assembler-not elabs
FAIL: gnat.dg/specs/storage.ads  (test for errors, line 6)
FAIL: gnat.dg/specs/tag2.ads  (test for errors, line 11)
FAIL: gnat.dg/specs/tag2.ads  (test for errors, line 12)
FAIL: gnat.dg/specs/tag2.ads  (test for errors, line 13)
FAIL: gnat.dg/specs/variant_part.ads  (test for errors, line 4)
XPASS: gnat.dg/specs/varsize_return2_pkg.ads (test for excess errors)
XPASS: gnat.dg/specs/varsize_return_pkg1.ads (test for excess errors)
XPASS: gnat.dg/specs/varsize_return_pkg2.ads (test for excess errors)
FAIL: gnat.dg/specs/volatile1.ads  (test for errors, line 22)
UNRESOLVED: gnat.dg/sso/conv1.adb   -O0  compilation failed to produce executable
UNRESOLVED: gnat.dg/sso/conv1.adb   -O1 -fno-inline  compilation failed to produce executable
UNRESOLVED: gnat.dg/sso/conv1.adb   -O2  compilation failed to produce executable
UNRESOLVED: gnat.dg/sso/conv1.adb   -O3 -finline-functions  compilation failed to produce executable
UNRESOLVED: gnat.dg/sso/conv1.adb   -Os  compilation failed to produce executable
UNRESOLVED: gnat.dg/sso/conv1.adb   -Og -g  compilation failed to produce executable
UNRESOLVED: gnat.dg/sso/p1.adb   -O0  compilation failed to produce executable
UNRESOLVED: gnat.dg/sso/p1.adb   -O1 -fno-inline  compilation failed to produce executable
UNRESOLVED: gnat.dg/sso/p1.adb   -O2  compilation failed to produce executable
UNRESOLVED: gnat.dg/sso/p1.adb   -O3 -finline-functions  compilation failed to produce executable
UNRESOLVED: gnat.dg/sso/p1.adb   -Os  compilation failed to produce executable
UNRESOLVED: gnat.dg/sso/p1.adb   -Og -g  compilation failed to produce executable
UNRESOLVED: gnat.dg/sso/p10.adb   -O0  compilation failed to produce executable
UNRESOLVED: gnat.dg/sso/p10.adb   -O1 -fno-inline  compilation failed to produce executable
UNRESOLVED: gnat.dg/sso/p10.adb   -O2  compilation failed to produce executable
UNRESOLVED: gnat.dg/sso/p10.adb   -O3 -finline-functions  compilation failed to produce executable
UNRESOLVED: gnat.dg/sso/p10.adb   -Os  compilation failed to produce executable
UNRESOLVED: gnat.dg/sso/p10.adb   -Og -g  compilation failed to produce executable
UNRESOLVED: gnat.dg/sso/p11.adb   -O0  compilation failed to produce executable
UNRESOLVED: gnat.dg/sso/p11.adb   -O1 -fno-inline  compilation failed to produce executable
UNRESOLVED: gnat.dg/sso/p11.adb   -O2  compilation failed to produce executable
UNRESOLVED: gnat.dg/sso/p11.adb   -O3 -finline-functions  compilation failed to produce executable
UNRESOLVED: gnat.dg/sso/p11.adb   -Os  compilation failed to produce executable
UNRESOLVED: gnat.dg/sso/p11.adb   -Og -g  compilation failed to produce executable
UNRESOLVED: gnat.dg/sso/p12.adb   -O0  compilation failed to produce executable
UNRESOLVED: gnat.dg/sso/p12.adb   -O1 -fno-inline  compilation failed to produce executable
UNRESOLVED: gnat.dg/sso/p12.adb   -O2  compilation failed to produce executable
UNRESOLVED: gnat.dg/sso/p12.adb   -O3 -finline-functions  compilation failed to produce executable
UNRESOLVED: gnat.dg/sso/p12.adb   -Os  compilation failed to produce executable
UNRESOLVED: gnat.dg/sso/p12.adb   -Og -g  compilation failed to produce executable
UNRESOLVED: gnat.dg/sso/p13.adb   -O0  compilation failed to produce executable
UNRESOLVED: gnat.dg/sso/p13.adb   -O1 -fno-inline  compilation failed to produce executable
UNRESOLVED: gnat.dg/sso/p13.adb   -O2  compilation failed to produce executable
UNRESOLVED: gnat.dg/sso/p13.adb   -O3 -finline-functions  compilation failed to produce executable
UNRESOLVED: gnat.dg/sso/p13.adb   -Os  compilation failed to produce executable
UNRESOLVED: gnat.dg/sso/p13.adb   -Og -g  compilation failed to produce executable
UNRESOLVED: gnat.dg/sso/p2.adb   -O0  compilation failed to produce executable
UNRESOLVED: gnat.dg/sso/p2.adb   -O1 -fno-inline  compilation failed to produce executable
UNRESOLVED: gnat.dg/sso/p2.adb   -O2  compilation failed to produce executable
UNRESOLVED: gnat.dg/sso/p2.adb   -O3 -finline-functions  compilation failed to produce executable
UNRESOLVED: gnat.dg/sso/p2.adb   -Os  compilation failed to produce executable
UNRESOLVED: gnat.dg/sso/p2.adb   -Og -g  compilation failed to produce executable
UNRESOLVED: gnat.dg/sso/p3.adb   -O0  compilation failed to produce executable
UNRESOLVED: gnat.dg/sso/p3.adb   -O1 -fno-inline  compilation failed to produce executable
UNRESOLVED: gnat.dg/sso/p3.adb   -O2  compilation failed to produce executable
UNRESOLVED: gnat.dg/sso/p3.adb   -O3 -finline-functions  compilation failed to produce executable
UNRESOLVED: gnat.dg/sso/p3.adb   -Os  compilation failed to produce executable
UNRESOLVED: gnat.dg/sso/p3.adb   -Og -g  compilation failed to produce executable
UNRESOLVED: gnat.dg/sso/p4.adb   -O0  compilation failed to produce executable
UNRESOLVED: gnat.dg/sso/p4.adb   -O1 -fno-inline  compilation failed to produce executable
UNRESOLVED: gnat.dg/sso/p4.adb   -O2  compilation failed to produce executable
UNRESOLVED: gnat.dg/sso/p4.adb   -O3 -finline-functions  compilation failed to produce executable
UNRESOLVED: gnat.dg/sso/p4.adb   -Os  compilation failed to produce executable
UNRESOLVED: gnat.dg/sso/p4.adb   -Og -g  compilation failed to produce executable
UNRESOLVED: gnat.dg/sso/p5.adb   -O0  compilation failed to produce executable
UNRESOLVED: gnat.dg/sso/p5.adb   -O1 -fno-inline  compilation failed to produce executable
UNRESOLVED: gnat.dg/sso/p5.adb   -O2  compilation failed to produce executable
UNRESOLVED: gnat.dg/sso/p5.adb   -O3 -finline-functions  compilation failed to produce executable
UNRESOLVED: gnat.dg/sso/p5.adb   -Os  compilation failed to produce executable
UNRESOLVED: gnat.dg/sso/p5.adb   -Og -g  compilation failed to produce executable
UNRESOLVED: gnat.dg/sso/p6.adb   -O0  compilation failed to produce executable
UNRESOLVED: gnat.dg/sso/p6.adb   -O1 -fno-inline  compilation failed to produce executable
UNRESOLVED: gnat.dg/sso/p6.adb   -O2  compilation failed to produce executable
UNRESOLVED: gnat.dg/sso/p6.adb   -O3 -finline-functions  compilation failed to produce executable
UNRESOLVED: gnat.dg/sso/p6.adb   -Os  compilation failed to produce executable
UNRESOLVED: gnat.dg/sso/p6.adb   -Og -g  compilation failed to produce executable
UNRESOLVED: gnat.dg/sso/p7.adb   -O0  compilation failed to produce executable
UNRESOLVED: gnat.dg/sso/p7.adb   -O1 -fno-inline  compilation failed to produce executable
UNRESOLVED: gnat.dg/sso/p7.adb   -O2  compilation failed to produce executable
UNRESOLVED: gnat.dg/sso/p7.adb   -O3 -finline-functions  compilation failed to produce executable
UNRESOLVED: gnat.dg/sso/p7.adb   -Os  compilation failed to produce executable
UNRESOLVED: gnat.dg/sso/p7.adb   -Og -g  compilation failed to produce executable
UNRESOLVED: gnat.dg/sso/p8.adb   -O0  compilation failed to produce executable
UNRESOLVED: gnat.dg/sso/p8.adb   -O1 -fno-inline  compilation failed to produce executable
UNRESOLVED: gnat.dg/sso/p8.adb   -O2  compilation failed to produce executable
UNRESOLVED: gnat.dg/sso/p8.adb   -O3 -finline-functions  compilation failed to produce executable
UNRESOLVED: gnat.dg/sso/p8.adb   -Os  compilation failed to produce executable
UNRESOLVED: gnat.dg/sso/p8.adb   -Og -g  compilation failed to produce executable
UNRESOLVED: gnat.dg/sso/p9.adb   -O0  compilation failed to produce executable
UNRESOLVED: gnat.dg/sso/p9.adb   -O1 -fno-inline  compilation failed to produce executable
UNRESOLVED: gnat.dg/sso/p9.adb   -O2  compilation failed to produce executable
UNRESOLVED: gnat.dg/sso/p9.adb   -O3 -finline-functions  compilation failed to produce executable
UNRESOLVED: gnat.dg/sso/p9.adb   -Os  compilation failed to produce executable
UNRESOLVED: gnat.dg/sso/p9.adb   -Og -g  compilation failed to produce executable
UNRESOLVED: gnat.dg/sso/q1.adb   -O0  compilation failed to produce executable
UNRESOLVED: gnat.dg/sso/q1.adb   -O1 -fno-inline  compilation failed to produce executable
UNRESOLVED: gnat.dg/sso/q1.adb   -O2  compilation failed to produce executable
UNRESOLVED: gnat.dg/sso/q1.adb   -O3 -finline-functions  compilation failed to produce executable
UNRESOLVED: gnat.dg/sso/q1.adb   -Os  compilation failed to produce executable
UNRESOLVED: gnat.dg/sso/q1.adb   -Og -g  compilation failed to produce executable
UNRESOLVED: gnat.dg/sso/q10.adb   -O0  compilation failed to produce executable
UNRESOLVED: gnat.dg/sso/q10.adb   -O1 -fno-inline  compilation failed to produce executable
UNRESOLVED: gnat.dg/sso/q10.adb   -O2  compilation failed to produce executable
UNRESOLVED: gnat.dg/sso/q10.adb   -O3 -finline-functions  compilation failed to produce executable
UNRESOLVED: gnat.dg/sso/q10.adb   -Os  compilation failed to produce executable
UNRESOLVED: gnat.dg/sso/q10.adb   -Og -g  compilation failed to produce executable
UNRESOLVED: gnat.dg/sso/q11.adb   -O0  compilation failed to produce executable
UNRESOLVED: gnat.dg/sso/q11.adb   -O1 -fno-inline  compilation failed to produce executable
UNRESOLVED: gnat.dg/sso/q11.adb   -O2  compilation failed to produce executable
UNRESOLVED: gnat.dg/sso/q11.adb   -O3 -finline-functions  compilation failed to produce executable
UNRESOLVED: gnat.dg/sso/q11.adb   -Os  compilation failed to produce executable
UNRESOLVED: gnat.dg/sso/q11.adb   -Og -g  compilation failed to produce executable
UNRESOLVED: gnat.dg/sso/q12.adb   -O0  compilation failed to produce executable
UNRESOLVED: gnat.dg/sso/q12.adb   -O1 -fno-inline  compilation failed to produce executable
UNRESOLVED: gnat.dg/sso/q12.adb   -O2  compilation failed to produce executable
UNRESOLVED: gnat.dg/sso/q12.adb   -O3 -finline-functions  compilation failed to produce executable
UNRESOLVED: gnat.dg/sso/q12.adb   -Os  compilation failed to produce executable
UNRESOLVED: gnat.dg/sso/q12.adb   -Og -g  compilation failed to produce executable
UNRESOLVED: gnat.dg/sso/q13.adb   -O0  compilation failed to produce executable
UNRESOLVED: gnat.dg/sso/q13.adb   -O1 -fno-inline  compilation failed to produce executable
UNRESOLVED: gnat.dg/sso/q13.adb   -O2  compilation failed to produce executable
UNRESOLVED: gnat.dg/sso/q13.adb   -O3 -finline-functions  compilation failed to produce executable
UNRESOLVED: gnat.dg/sso/q13.adb   -Os  compilation failed to produce executable
UNRESOLVED: gnat.dg/sso/q13.adb   -Og -g  compilation failed to produce executable
UNRESOLVED: gnat.dg/sso/q2.adb   -O0  compilation failed to produce executable
UNRESOLVED: gnat.dg/sso/q2.adb   -O1 -fno-inline  compilation failed to produce executable
UNRESOLVED: gnat.dg/sso/q2.adb   -O2  compilation failed to produce executable
UNRESOLVED: gnat.dg/sso/q2.adb   -O3 -finline-functions  compilation failed to produce executable
UNRESOLVED: gnat.dg/sso/q2.adb   -Os  compilation failed to produce executable
UNRESOLVED: gnat.dg/sso/q2.adb   -Og -g  compilation failed to produce executable
UNRESOLVED: gnat.dg/sso/q3.adb   -O0  compilation failed to produce executable
UNRESOLVED: gnat.dg/sso/q3.adb   -O1 -fno-inline  compilation failed to produce executable
UNRESOLVED: gnat.dg/sso/q3.adb   -O2  compilation failed to produce executable
UNRESOLVED: gnat.dg/sso/q3.adb   -O3 -finline-functions  compilation failed to produce executable
UNRESOLVED: gnat.dg/sso/q3.adb   -Os  compilation failed to produce executable
UNRESOLVED: gnat.dg/sso/q3.adb   -Og -g  compilation failed to produce executable
UNRESOLVED: gnat.dg/sso/q4.adb   -O0  compilation failed to produce executable
UNRESOLVED: gnat.dg/sso/q4.adb   -O1 -fno-inline  compilation failed to produce executable
UNRESOLVED: gnat.dg/sso/q4.adb   -O2  compilation failed to produce executable
UNRESOLVED: gnat.dg/sso/q4.adb   -O3 -finline-functions  compilation failed to produce executable
UNRESOLVED: gnat.dg/sso/q4.adb   -Os  compilation failed to produce executable
UNRESOLVED: gnat.dg/sso/q4.adb   -Og -g  compilation failed to produce executable
UNRESOLVED: gnat.dg/sso/q5.adb   -O0  compilation failed to produce executable
UNRESOLVED: gnat.dg/sso/q5.adb   -O1 -fno-inline  compilation failed to produce executable
UNRESOLVED: gnat.dg/sso/q5.adb   -O2  compilation failed to produce executable
UNRESOLVED: gnat.dg/sso/q5.adb   -O3 -finline-functions  compilation failed to produce executable
UNRESOLVED: gnat.dg/sso/q5.adb   -Os  compilation failed to produce executable
UNRESOLVED: gnat.dg/sso/q5.adb   -Og -g  compilation failed to produce executable
UNRESOLVED: gnat.dg/sso/q6.adb   -O0  compilation failed to produce executable
UNRESOLVED: gnat.dg/sso/q6.adb   -O1 -fno-inline  compilation failed to produce executable
UNRESOLVED: gnat.dg/sso/q6.adb   -O2  compilation failed to produce executable
UNRESOLVED: gnat.dg/sso/q6.adb   -O3 -finline-functions  compilation failed to produce executable
UNRESOLVED: gnat.dg/sso/q6.adb   -Os  compilation failed to produce executable
UNRESOLVED: gnat.dg/sso/q6.adb   -Og -g  compilation failed to produce executable
UNRESOLVED: gnat.dg/sso/q7.adb   -O0  compilation failed to produce executable
UNRESOLVED: gnat.dg/sso/q7.adb   -O1 -fno-inline  compilation failed to produce executable
UNRESOLVED: gnat.dg/sso/q7.adb   -O2  compilation failed to produce executable
UNRESOLVED: gnat.dg/sso/q7.adb   -O3 -finline-functions  compilation failed to produce executable
UNRESOLVED: gnat.dg/sso/q7.adb   -Os  compilation failed to produce executable
UNRESOLVED: gnat.dg/sso/q7.adb   -Og -g  compilation failed to produce executable
UNRESOLVED: gnat.dg/sso/q8.adb   -O0  compilation failed to produce executable
UNRESOLVED: gnat.dg/sso/q8.adb   -O1 -fno-inline  compilation failed to produce executable
UNRESOLVED: gnat.dg/sso/q8.adb   -O2  compilation failed to produce executable
UNRESOLVED: gnat.dg/sso/q8.adb   -O3 -finline-functions  compilation failed to produce executable
UNRESOLVED: gnat.dg/sso/q8.adb   -Os  compilation failed to produce executable
UNRESOLVED: gnat.dg/sso/q8.adb   -Og -g  compilation failed to produce executable
UNRESOLVED: gnat.dg/sso/q9.adb   -O0  compilation failed to produce executable
UNRESOLVED: gnat.dg/sso/q9.adb   -O1 -fno-inline  compilation failed to produce executable
UNRESOLVED: gnat.dg/sso/q9.adb   -O2  compilation failed to produce executable
UNRESOLVED: gnat.dg/sso/q9.adb   -O3 -finline-functions  compilation failed to produce executable
UNRESOLVED: gnat.dg/sso/q9.adb   -Os  compilation failed to produce executable
UNRESOLVED: gnat.dg/sso/q9.adb   -Og -g  compilation failed to produce executable
UNRESOLVED: gnat.dg/sso/r11.adb   -O0  compilation failed to produce executable
UNRESOLVED: gnat.dg/sso/r11.adb   -O1 -fno-inline  compilation failed to produce executable
UNRESOLVED: gnat.dg/sso/r11.adb   -O2  compilation failed to produce executable
UNRESOLVED: gnat.dg/sso/r11.adb   -O3 -finline-functions  compilation failed to produce executable
UNRESOLVED: gnat.dg/sso/r11.adb   -Os  compilation failed to produce executable
UNRESOLVED: gnat.dg/sso/r11.adb   -Og -g  compilation failed to produce executable
UNRESOLVED: gnat.dg/sso/r12.adb   -O0  compilation failed to produce executable
UNRESOLVED: gnat.dg/sso/r12.adb   -O1 -fno-inline  compilation failed to produce executable
UNRESOLVED: gnat.dg/sso/r12.adb   -O2  compilation failed to produce executable
UNRESOLVED: gnat.dg/sso/r12.adb   -O3 -finline-functions  compilation failed to produce executable
UNRESOLVED: gnat.dg/sso/r12.adb   -Os  compilation failed to produce executable
UNRESOLVED: gnat.dg/sso/r12.adb   -Og -g  compilation failed to produce executable
UNRESOLVED: gnat.dg/sso/r3.adb   -O0  compilation failed to produce executable
UNRESOLVED: gnat.dg/sso/r3.adb   -O1 -fno-inline  compilation failed to produce executable
UNRESOLVED: gnat.dg/sso/r3.adb   -O2  compilation failed to produce executable
UNRESOLVED: gnat.dg/sso/r3.adb   -O3 -finline-functions  compilation failed to produce executable
UNRESOLVED: gnat.dg/sso/r3.adb   -Os  compilation failed to produce executable
UNRESOLVED: gnat.dg/sso/r3.adb   -Og -g  compilation failed to produce executable
UNRESOLVED: gnat.dg/sso/r5.adb   -O0  compilation failed to produce executable
UNRESOLVED: gnat.dg/sso/r5.adb   -O1 -fno-inline  compilation failed to produce executable
UNRESOLVED: gnat.dg/sso/r5.adb   -O2  compilation failed to produce executable
UNRESOLVED: gnat.dg/sso/r5.adb   -O3 -finline-functions  compilation failed to produce executable
UNRESOLVED: gnat.dg/sso/r5.adb   -Os  compilation failed to produce executable
UNRESOLVED: gnat.dg/sso/r5.adb   -Og -g  compilation failed to produce executable
UNRESOLVED: gnat.dg/sso/r6.adb   -O0  compilation failed to produce executable
UNRESOLVED: gnat.dg/sso/r6.adb   -O1 -fno-inline  compilation failed to produce executable
UNRESOLVED: gnat.dg/sso/r6.adb   -O2  compilation failed to produce executable
UNRESOLVED: gnat.dg/sso/r6.adb   -O3 -finline-functions  compilation failed to produce executable
UNRESOLVED: gnat.dg/sso/r6.adb   -Os  compilation failed to produce executable
UNRESOLVED: gnat.dg/sso/r6.adb   -Og -g  compilation failed to produce executable
UNRESOLVED: gnat.dg/sso/r7.adb   -O0  compilation failed to produce executable
UNRESOLVED: gnat.dg/sso/r7.adb   -O1 -fno-inline  compilation failed to produce executable
UNRESOLVED: gnat.dg/sso/r7.adb   -O2  compilation failed to produce executable
UNRESOLVED: gnat.dg/sso/r7.adb   -O3 -finline-functions  compilation failed to produce executable
UNRESOLVED: gnat.dg/sso/r7.adb   -Os  compilation failed to produce executable
UNRESOLVED: gnat.dg/sso/r7.adb   -Og -g  compilation failed to produce executable
UNRESOLVED: gnat.dg/sso/r8.adb   -O0  compilation failed to produce executable
UNRESOLVED: gnat.dg/sso/r8.adb   -O1 -fno-inline  compilation failed to produce executable
UNRESOLVED: gnat.dg/sso/r8.adb   -O2  compilation failed to produce executable
UNRESOLVED: gnat.dg/sso/r8.adb   -O3 -finline-functions  compilation failed to produce executable
UNRESOLVED: gnat.dg/sso/r8.adb   -Os  compilation failed to produce executable
UNRESOLVED: gnat.dg/sso/r8.adb   -Og -g  compilation failed to produce executable
UNRESOLVED: gnat.dg/sso/s11.adb   -O0  compilation failed to produce executable
UNRESOLVED: gnat.dg/sso/s11.adb   -O1 -fno-inline  compilation failed to produce executable
UNRESOLVED: gnat.dg/sso/s11.adb   -O2  compilation failed to produce executable
UNRESOLVED: gnat.dg/sso/s11.adb   -O3 -finline-functions  compilation failed to produce executable
UNRESOLVED: gnat.dg/sso/s11.adb   -Os  compilation failed to produce executable
UNRESOLVED: gnat.dg/sso/s11.adb   -Og -g  compilation failed to produce executable
UNRESOLVED: gnat.dg/sso/s12.adb   -O0  compilation failed to produce executable
UNRESOLVED: gnat.dg/sso/s12.adb   -O1 -fno-inline  compilation failed to produce executable
UNRESOLVED: gnat.dg/sso/s12.adb   -O2  compilation failed to produce executable
UNRESOLVED: gnat.dg/sso/s12.adb   -O3 -finline-functions  compilation failed to produce executable
UNRESOLVED: gnat.dg/sso/s12.adb   -Os  compilation failed to produce executable
UNRESOLVED: gnat.dg/sso/s12.adb   -Og -g  compilation failed to produce executable
UNRESOLVED: gnat.dg/sso/s3.adb   -O0  compilation failed to produce executable
UNRESOLVED: gnat.dg/sso/s3.adb   -O1 -fno-inline  compilation failed to produce executable
UNRESOLVED: gnat.dg/sso/s3.adb   -O2  compilation failed to produce executable
UNRESOLVED: gnat.dg/sso/s3.adb   -O3 -finline-functions  compilation failed to produce executable
UNRESOLVED: gnat.dg/sso/s3.adb   -Os  compilation failed to produce executable
UNRESOLVED: gnat.dg/sso/s3.adb   -Og -g  compilation failed to produce executable
UNRESOLVED: gnat.dg/sso/s5.adb   -O0  compilation failed to produce executable
UNRESOLVED: gnat.dg/sso/s5.adb   -O1 -fno-inline  compilation failed to produce executable
UNRESOLVED: gnat.dg/sso/s5.adb   -O2  compilation failed to produce executable
UNRESOLVED: gnat.dg/sso/s5.adb   -O3 -finline-functions  compilation failed to produce executable
UNRESOLVED: gnat.dg/sso/s5.adb   -Os  compilation failed to produce executable
UNRESOLVED: gnat.dg/sso/s5.adb   -Og -g  compilation failed to produce executable
UNRESOLVED: gnat.dg/sso/s6.adb   -O0  compilation failed to produce executable
UNRESOLVED: gnat.dg/sso/s6.adb   -O1 -fno-inline  compilation failed to produce executable
UNRESOLVED: gnat.dg/sso/s6.adb   -O2  compilation failed to produce executable
UNRESOLVED: gnat.dg/sso/s6.adb   -O3 -finline-functions  compilation failed to produce executable
UNRESOLVED: gnat.dg/sso/s6.adb   -Os  compilation failed to produce executable
UNRESOLVED: gnat.dg/sso/s6.adb   -Og -g  compilation failed to produce executable
UNRESOLVED: gnat.dg/sso/s7.adb   -O0  compilation failed to produce executable
UNRESOLVED: gnat.dg/sso/s7.adb   -O1 -fno-inline  compilation failed to produce executable
UNRESOLVED: gnat.dg/sso/s7.adb   -O2  compilation failed to produce executable
UNRESOLVED: gnat.dg/sso/s7.adb   -O3 -finline-functions  compilation failed to produce executable
UNRESOLVED: gnat.dg/sso/s7.adb   -Os  compilation failed to produce executable
UNRESOLVED: gnat.dg/sso/s7.adb   -Og -g  compilation failed to produce executable
UNRESOLVED: gnat.dg/sso/s8.adb   -O0  compilation failed to produce executable
UNRESOLVED: gnat.dg/sso/s8.adb   -O1 -fno-inline  compilation failed to produce executable
UNRESOLVED: gnat.dg/sso/s8.adb   -O2  compilation failed to produce executable
UNRESOLVED: gnat.dg/sso/s8.adb   -O3 -finline-functions  compilation failed to produce executable
UNRESOLVED: gnat.dg/sso/s8.adb   -Os  compilation failed to produce executable
UNRESOLVED: gnat.dg/sso/s8.adb   -Og -g  compilation failed to produce executable
UNRESOLVED: gnat.dg/sso/t1.adb   -O0  compilation failed to produce executable
UNRESOLVED: gnat.dg/sso/t1.adb   -O1 -fno-inline  compilation failed to produce executable
UNRESOLVED: gnat.dg/sso/t1.adb   -O2  compilation failed to produce executable
UNRESOLVED: gnat.dg/sso/t1.adb   -O3 -finline-functions  compilation failed to produce executable
UNRESOLVED: gnat.dg/sso/t1.adb   -Os  compilation failed to produce executable
UNRESOLVED: gnat.dg/sso/t1.adb   -Og -g  compilation failed to produce executable
UNRESOLVED: gnat.dg/sso/t10.adb   -O0  compilation failed to produce executable
UNRESOLVED: gnat.dg/sso/t10.adb   -O1 -fno-inline  compilation failed to produce executable
UNRESOLVED: gnat.dg/sso/t10.adb   -O2  compilation failed to produce executable
UNRESOLVED: gnat.dg/sso/t10.adb   -O3 -finline-functions  compilation failed to produce executable
UNRESOLVED: gnat.dg/sso/t10.adb   -Os  compilation failed to produce executable
UNRESOLVED: gnat.dg/sso/t10.adb   -Og -g  compilation failed to produce executable
UNRESOLVED: gnat.dg/sso/t11.adb   -O0  compilation failed to produce executable
UNRESOLVED: gnat.dg/sso/t11.adb   -O1 -fno-inline  compilation failed to produce executable
UNRESOLVED: gnat.dg/sso/t11.adb   -O2  compilation failed to produce executable
UNRESOLVED: gnat.dg/sso/t11.adb   -O3 -finline-functions  compilation failed to produce executable
UNRESOLVED: gnat.dg/sso/t11.adb   -Os  compilation failed to produce executable
UNRESOLVED: gnat.dg/sso/t11.adb   -Og -g  compilation failed to produce executable
UNRESOLVED: gnat.dg/sso/t12.adb   -O0  compilation failed to produce executable
UNRESOLVED: gnat.dg/sso/t12.adb   -O1 -fno-inline  compilation failed to produce executable
UNRESOLVED: gnat.dg/sso/t12.adb   -O2  compilation failed to produce executable
UNRESOLVED: gnat.dg/sso/t12.adb   -O3 -finline-functions  compilation failed to produce executable
UNRESOLVED: gnat.dg/sso/t12.adb   -Os  compilation failed to produce executable
UNRESOLVED: gnat.dg/sso/t12.adb   -Og -g  compilation failed to produce executable
UNRESOLVED: gnat.dg/sso/t13.adb   -O0  compilation failed to produce executable
UNRESOLVED: gnat.dg/sso/t13.adb   -O1 -fno-inline  compilation failed to produce executable
UNRESOLVED: gnat.dg/sso/t13.adb   -O2  compilation failed to produce executable
UNRESOLVED: gnat.dg/sso/t13.adb   -O3 -finline-functions  compilation failed to produce executable
UNRESOLVED: gnat.dg/sso/t13.adb   -Os  compilation failed to produce executable
UNRESOLVED: gnat.dg/sso/t13.adb   -Og -g  compilation failed to produce executable
UNRESOLVED: gnat.dg/sso/t2.adb   -O0  compilation failed to produce executable
UNRESOLVED: gnat.dg/sso/t2.adb   -O1 -fno-inline  compilation failed to produce executable
UNRESOLVED: gnat.dg/sso/t2.adb   -O2  compilation failed to produce executable
UNRESOLVED: gnat.dg/sso/t2.adb   -O3 -finline-functions  compilation failed to produce executable
UNRESOLVED: gnat.dg/sso/t2.adb   -Os  compilation failed to produce executable
UNRESOLVED: gnat.dg/sso/t2.adb   -Og -g  compilation failed to produce executable
UNRESOLVED: gnat.dg/sso/t3.adb   -O0  compilation failed to produce executable
UNRESOLVED: gnat.dg/sso/t3.adb   -O1 -fno-inline  compilation failed to produce executable
UNRESOLVED: gnat.dg/sso/t3.adb   -O2  compilation failed to produce executable
UNRESOLVED: gnat.dg/sso/t3.adb   -O3 -finline-functions  compilation failed to produce executable
UNRESOLVED: gnat.dg/sso/t3.adb   -Os  compilation failed to produce executable
UNRESOLVED: gnat.dg/sso/t3.adb   -Og -g  compilation failed to produce executable
UNRESOLVED: gnat.dg/sso/t4.adb   -O0  compilation failed to produce executable
UNRESOLVED: gnat.dg/sso/t4.adb   -O1 -fno-inline  compilation failed to produce executable
UNRESOLVED: gnat.dg/sso/t4.adb   -O2  compilation failed to produce executable
UNRESOLVED: gnat.dg/sso/t4.adb   -O3 -finline-functions  compilation failed to produce executable
UNRESOLVED: gnat.dg/sso/t4.adb   -Os  compilation failed to produce executable
UNRESOLVED: gnat.dg/sso/t4.adb   -Og -g  compilation failed to produce executable
UNRESOLVED: gnat.dg/sso/t5.adb   -O0  compilation failed to produce executable
UNRESOLVED: gnat.dg/sso/t5.adb   -O1 -fno-inline  compilation failed to produce executable
UNRESOLVED: gnat.dg/sso/t5.adb   -O2  compilation failed to produce executable
UNRESOLVED: gnat.dg/sso/t5.adb   -O3 -finline-functions  compilation failed to produce executable
UNRESOLVED: gnat.dg/sso/t5.adb   -Os  compilation failed to produce executable
UNRESOLVED: gnat.dg/sso/t5.adb   -Og -g  compilation failed to produce executable
UNRESOLVED: gnat.dg/sso/t6.adb   -O0  compilation failed to produce executable
UNRESOLVED: gnat.dg/sso/t6.adb   -O1 -fno-inline  compilation failed to produce executable
UNRESOLVED: gnat.dg/sso/t6.adb   -O2  compilation failed to produce executable
UNRESOLVED: gnat.dg/sso/t6.adb   -O3 -finline-functions  compilation failed to produce executable
UNRESOLVED: gnat.dg/sso/t6.adb   -Os  compilation failed to produce executable
UNRESOLVED: gnat.dg/sso/t6.adb   -Og -g  compilation failed to produce executable
UNRESOLVED: gnat.dg/sso/t7.adb   -O0  compilation failed to produce executable
UNRESOLVED: gnat.dg/sso/t7.adb   -O1 -fno-inline  compilation failed to produce executable
UNRESOLVED: gnat.dg/sso/t7.adb   -O2  compilation failed to produce executable
UNRESOLVED: gnat.dg/sso/t7.adb   -O3 -finline-functions  compilation failed to produce executable
UNRESOLVED: gnat.dg/sso/t7.adb   -Os  compilation failed to produce executable
UNRESOLVED: gnat.dg/sso/t7.adb   -Og -g  compilation failed to produce executable
UNRESOLVED: gnat.dg/sso/t8.adb   -O0  compilation failed to produce executable
UNRESOLVED: gnat.dg/sso/t8.adb   -O1 -fno-inline  compilation failed to produce executable
UNRESOLVED: gnat.dg/sso/t8.adb   -O2  compilation failed to produce executable
UNRESOLVED: gnat.dg/sso/t8.adb   -O3 -finline-functions  compilation failed to produce executable
UNRESOLVED: gnat.dg/sso/t8.adb   -Os  compilation failed to produce executable
UNRESOLVED: gnat.dg/sso/t8.adb   -Og -g  compilation failed to produce executable
UNRESOLVED: gnat.dg/sso/t9.adb   -O0  compilation failed to produce executable
UNRESOLVED: gnat.dg/sso/t9.adb   -O1 -fno-inline  compilation failed to produce executable
UNRESOLVED: gnat.dg/sso/t9.adb   -O2  compilation failed to produce executable
UNRESOLVED: gnat.dg/sso/t9.adb   -O3 -finline-functions  compilation failed to produce executable
UNRESOLVED: gnat.dg/sso/t9.adb   -Os  compilation failed to produce executable
UNRESOLVED: gnat.dg/sso/t9.adb   -Og -g  compilation failed to produce executable
UNRESOLVED: gnat.dg/sso/u11.adb   -O0  compilation failed to produce executable
UNRESOLVED: gnat.dg/sso/u11.adb   -O1 -fno-inline  compilation failed to produce executable
UNRESOLVED: gnat.dg/sso/u11.adb   -O2  compilation failed to produce executable
UNRESOLVED: gnat.dg/sso/u11.adb   -O3 -finline-functions  compilation failed to produce executable
UNRESOLVED: gnat.dg/sso/u11.adb   -Os  compilation failed to produce executable
UNRESOLVED: gnat.dg/sso/u11.adb   -Og -g  compilation failed to produce executable
UNRESOLVED: gnat.dg/sso/u5.adb   -O0  compilation failed to produce executable
UNRESOLVED: gnat.dg/sso/u5.adb   -O1 -fno-inline  compilation failed to produce executable
UNRESOLVED: gnat.dg/sso/u5.adb   -O2  compilation failed to produce executable
UNRESOLVED: gnat.dg/sso/u5.adb   -O3 -finline-functions  compilation failed to produce executable
UNRESOLVED: gnat.dg/sso/u5.adb   -Os  compilation failed to produce executable
UNRESOLVED: gnat.dg/sso/u5.adb   -Og -g  compilation failed to produce executable
UNRESOLVED: gnat.dg/sso/u6.adb   -O0  compilation failed to produce executable
UNRESOLVED: gnat.dg/sso/u6.adb   -O1 -fno-inline  compilation failed to produce executable
UNRESOLVED: gnat.dg/sso/u6.adb   -O2  compilation failed to produce executable
UNRESOLVED: gnat.dg/sso/u6.adb   -O3 -finline-functions  compilation failed to produce executable
UNRESOLVED: gnat.dg/sso/u6.adb   -Os  compilation failed to produce executable
UNRESOLVED: gnat.dg/sso/u6.adb   -Og -g  compilation failed to produce executable

		=== gnat Summary for unix ===

# of expected passes		1285
# of unexpected failures	93
# of unexpected successes	22
# of unresolved testcases	785
# of unsupported tests		4

Running target unix/-fstack-protector
UNRESOLVED: gnat.dg/abstract_with_anonymous_result.adb compilation failed to produce executable
UNRESOLVED: gnat.dg/access4.adb compilation failed to produce executable
UNRESOLVED: gnat.dg/access_discr2.adb compilation failed to produce executable
UNRESOLVED: gnat.dg/access_test.adb compilation failed to produce executable
UNRESOLVED: gnat.dg/addr2.adb compilation failed to produce executable
FAIL: gnat.dg/addr9_2.adb  (test for warnings, line 35)
UNRESOLVED: gnat.dg/address_conversion.adb compilation failed to produce executable
UNRESOLVED: gnat.dg/aggr1.adb compilation failed to produce executable
UNRESOLVED: gnat.dg/aggr12.adb scan-tree-dump-not original "{.i1=0, .i2=2}"
UNRESOLVED: gnat.dg/aggr13.adb scan-tree-dump-not gimple "= {}"
UNRESOLVED: gnat.dg/aggr14.adb compilation failed to produce executable
UNRESOLVED: gnat.dg/aggr19.adb compilation failed to produce executable
UNRESOLVED: gnat.dg/aggr21.adb compilation failed to produce executable
UNRESOLVED: gnat.dg/aggr3.adb compilation failed to produce executable
UNRESOLVED: gnat.dg/aliased_prefix_accessibility.adb compilation failed to produce executable
UNRESOLVED: gnat.dg/aliasing1.adb scan-tree-dump-not optimized "gnat_rcheck"
UNRESOLVED: gnat.dg/aliasing2.adb scan-tree-dump-not optimized "gnat_rcheck"
UNRESOLVED: gnat.dg/aliasing3.adb compilation failed to produce executable
UNRESOLVED: gnat.dg/align_check.adb compilation failed to produce executable
UNRESOLVED: gnat.dg/align_max.adb compilation failed to produce executable
UNRESOLVED: gnat.dg/aligned_vla.adb compilation failed to produce executable
UNRESOLVED: gnat.dg/alignment1.adb compilation failed to produce executable
UNRESOLVED: gnat.dg/alignment10.adb compilation failed to produce executable
UNRESOLVED: gnat.dg/alignment2.adb compilation failed to produce executable
UNRESOLVED: gnat.dg/alignment4.adb scan-tree-dump-not gimple ".F"
UNRESOLVED: gnat.dg/alignment5.adb scan-tree-dump-not gimple ".F"
UNRESOLVED: gnat.dg/alignment6.adb scan-tree-dump-not gimple "VIEW_CONVERT_EXPR"
UNRESOLVED: gnat.dg/alignment7.adb compilation failed to produce executable
UNRESOLVED: gnat.dg/alignment8.adb compilation failed to produce executable
UNRESOLVED: gnat.dg/alignment9.adb compilation failed to produce executable
UNRESOLVED: gnat.dg/allocator_maxalign1.adb compilation failed to produce executable
FAIL: gnat.dg/ancestor_type.adb  (test for errors, line 8)
UNRESOLVED: gnat.dg/array10.adb compilation failed to produce executable
FAIL: gnat.dg/array11.adb  (test for warnings, line 8)
FAIL: gnat.dg/array11.adb  (test for warnings, line 9)
FAIL: gnat.dg/array11.adb  (test for warnings, line 12)
UNRESOLVED: gnat.dg/array12.adb compilation failed to produce executable
UNRESOLVED: gnat.dg/array16.adb scan-tree-dump-not optimized "secondary_stack"
UNRESOLVED: gnat.dg/array21.adb compilation failed to produce executable
UNRESOLVED: gnat.dg/array24.adb scan-tree-dump-not optimized "builtin_unwind_resume"
UNRESOLVED: gnat.dg/array3.adb compilation failed to produce executable
UNRESOLVED: gnat.dg/array4.adb compilation failed to produce executable
UNRESOLVED: gnat.dg/array5.adb compilation failed to produce executable
UNRESOLVED: gnat.dg/array6.adb compilation failed to produce executable
UNRESOLVED: gnat.dg/array7.adb scan-tree-dump-not optimized "MAX_EXPR"
UNRESOLVED: gnat.dg/array9.adb compilation failed to produce executable
UNRESOLVED: gnat.dg/array_bounds_test.adb compilation failed to produce executable
UNRESOLVED: gnat.dg/array_bounds_test2.adb compilation failed to produce executable
UNRESOLVED: gnat.dg/assert1.adb compilation failed to produce executable
UNRESOLVED: gnat.dg/assign_from_packed.adb compilation failed to produce executable
UNRESOLVED: gnat.dg/atomic1.adb scan-tree-dump-times gimple "v_16" 1
UNRESOLVED: gnat.dg/atomic1.adb scan-tree-dump-times gimple "v_32" 1
FAIL: gnat.dg/atomic2.adb  (test for warnings, line 7)
UNRESOLVED: gnat.dg/atomic6_1.adb scan-tree-dump-times gimple "atomic_load[^\\n\\r]*&atomic6_pkg__counter1" 2
UNRESOLVED: gnat.dg/atomic6_1.adb scan-tree-dump-times gimple "atomic_load[^\\n\\r]*&atomic6_pkg__counter2" 1
UNRESOLVED: gnat.dg/atomic6_1.adb scan-tree-dump-times gimple "atomic_load[^\\n\\r]*&atomic6_pkg__timer1" 2
UNRESOLVED: gnat.dg/atomic6_1.adb scan-tree-dump-times gimple "atomic_load[^\\n\\r]*&atomic6_pkg__timer2" 1
UNRESOLVED: gnat.dg/atomic6_1.adb scan-tree-dump-times gimple "atomic_load[^\\n\\r]*&temp" 0
UNRESOLVED: gnat.dg/atomic6_1.adb scan-tree-dump-times gimple "atomic_load[^\\n\\r]*ptr" 0
UNRESOLVED: gnat.dg/atomic6_1.adb scan-tree-dump-times gimple "atomic_store[^\\n\\r]*&atomic6_pkg__counter1" 3
UNRESOLVED: gnat.dg/atomic6_1.adb scan-tree-dump-times gimple "atomic_store[^\\n\\r]*&atomic6_pkg__counter2" 0
UNRESOLVED: gnat.dg/atomic6_1.adb scan-tree-dump-times gimple "atomic_store[^\\n\\r]*&atomic6_pkg__timer1" 3
UNRESOLVED: gnat.dg/atomic6_1.adb scan-tree-dump-times gimple "atomic_store[^\\n\\r]*&atomic6_pkg__timer2" 0
UNRESOLVED: gnat.dg/atomic6_1.adb scan-tree-dump-times gimple "atomic_store[^\\n\\r]*&temp" 0
UNRESOLVED: gnat.dg/atomic6_1.adb scan-tree-dump-times gimple "atomic_store[^\\n\\r]*ptr" 0
UNRESOLVED: gnat.dg/atomic6_2.adb scan-tree-dump-times gimple "atomic_load[^\\n\\r]*&atomic6_pkg__counter1" 6
UNRESOLVED: gnat.dg/atomic6_2.adb scan-tree-dump-times gimple "atomic_load[^\\n\\r]*&atomic6_pkg__counter2" 2
UNRESOLVED: gnat.dg/atomic6_2.adb scan-tree-dump-times gimple "atomic_load[^\\n\\r]*&atomic6_pkg__timer1" 6
UNRESOLVED: gnat.dg/atomic6_2.adb scan-tree-dump-times gimple "atomic_load[^\\n\\r]*&atomic6_pkg__timer2" 2
UNRESOLVED: gnat.dg/atomic6_2.adb scan-tree-dump-times gimple "atomic_load[^\\n\\r]*&temp" 0
UNRESOLVED: gnat.dg/atomic6_2.adb scan-tree-dump-times gimple "atomic_load[^\\n\\r]*ptr" 0
UNRESOLVED: gnat.dg/atomic6_2.adb scan-tree-dump-times gimple "atomic_store[^\\n\\r]*&atomic6_pkg__counter1" 3
UNRESOLVED: gnat.dg/atomic6_2.adb scan-tree-dump-times gimple "atomic_store[^\\n\\r]*&atomic6_pkg__counter2" 0
UNRESOLVED: gnat.dg/atomic6_2.adb scan-tree-dump-times gimple "atomic_store[^\\n\\r]*&atomic6_pkg__timer1" 3
UNRESOLVED: gnat.dg/atomic6_2.adb scan-tree-dump-times gimple "atomic_store[^\\n\\r]*&atomic6_pkg__timer2" 0
UNRESOLVED: gnat.dg/atomic6_2.adb scan-tree-dump-times gimple "atomic_store[^\\n\\r]*&temp" 0
UNRESOLVED: gnat.dg/atomic6_2.adb scan-tree-dump-times gimple "atomic_store[^\\n\\r]*ptr" 0
UNRESOLVED: gnat.dg/atomic6_3.adb scan-tree-dump-times gimple "atomic_load[^\\n\\r]*&atomic6_pkg__counter1" 3
UNRESOLVED: gnat.dg/atomic6_3.adb scan-tree-dump-times gimple "atomic_load[^\\n\\r]*&atomic6_pkg__counter2" 1
UNRESOLVED: gnat.dg/atomic6_3.adb scan-tree-dump-times gimple "atomic_load[^\\n\\r]*&atomic6_pkg__timer1" 3
UNRESOLVED: gnat.dg/atomic6_3.adb scan-tree-dump-times gimple "atomic_load[^\\n\\r]*&atomic6_pkg__timer2" 1
UNRESOLVED: gnat.dg/atomic6_3.adb scan-tree-dump-times gimple "atomic_load[^\\n\\r]*&temp" 0
UNRESOLVED: gnat.dg/atomic6_3.adb scan-tree-dump-times gimple "atomic_load[^\\n\\r]*ptr" 0
UNRESOLVED: gnat.dg/atomic6_3.adb scan-tree-dump-times gimple "atomic_store[^\\n\\r]*&atomic6_pkg__counter1" 3
UNRESOLVED: gnat.dg/atomic6_3.adb scan-tree-dump-times gimple "atomic_store[^\\n\\r]*&atomic6_pkg__counter2" 0
UNRESOLVED: gnat.dg/atomic6_3.adb scan-tree-dump-times gimple "atomic_store[^\\n\\r]*&atomic6_pkg__timer1" 3
UNRESOLVED: gnat.dg/atomic6_3.adb scan-tree-dump-times gimple "atomic_store[^\\n\\r]*&atomic6_pkg__timer2" 0
UNRESOLVED: gnat.dg/atomic6_3.adb scan-tree-dump-times gimple "atomic_store[^\\n\\r]*&temp" 0
UNRESOLVED: gnat.dg/atomic6_3.adb scan-tree-dump-times gimple "atomic_store[^\\n\\r]*ptr" 0
UNRESOLVED: gnat.dg/atomic6_4.adb scan-tree-dump-times gimple "atomic_load[^\\n\\r]*&atomic6_pkg__counter1" 2
UNRESOLVED: gnat.dg/atomic6_4.adb scan-tree-dump-times gimple "atomic_load[^\\n\\r]*&atomic6_pkg__counter2" 1
UNRESOLVED: gnat.dg/atomic6_4.adb scan-tree-dump-times gimple "atomic_load[^\\n\\r]*&atomic6_pkg__timer1" 2
UNRESOLVED: gnat.dg/atomic6_4.adb scan-tree-dump-times gimple "atomic_load[^\\n\\r]*&atomic6_pkg__timer2" 1
UNRESOLVED: gnat.dg/atomic6_4.adb scan-tree-dump-times gimple "atomic_load[^\\n\\r]*&temp" 0
UNRESOLVED: gnat.dg/atomic6_4.adb scan-tree-dump-times gimple "atomic_load[^\\n\\r]*ptr" 0
UNRESOLVED: gnat.dg/atomic6_4.adb scan-tree-dump-times gimple "atomic_store[^\\n\\r]*&atomic6_pkg__counter1" 3
UNRESOLVED: gnat.dg/atomic6_4.adb scan-tree-dump-times gimple "atomic_store[^\\n\\r]*&atomic6_pkg__counter2" 0
UNRESOLVED: gnat.dg/atomic6_4.adb scan-tree-dump-times gimple "atomic_store[^\\n\\r]*&atomic6_pkg__timer1" 3
UNRESOLVED: gnat.dg/atomic6_4.adb scan-tree-dump-times gimple "atomic_store[^\\n\\r]*&atomic6_pkg__timer2" 0
UNRESOLVED: gnat.dg/atomic6_4.adb scan-tree-dump-times gimple "atomic_store[^\\n\\r]*&temp" 0
UNRESOLVED: gnat.dg/atomic6_4.adb scan-tree-dump-times gimple "atomic_store[^\\n\\r]*ptr" 0
UNRESOLVED: gnat.dg/atomic6_5.adb scan-tree-dump-times gimple "atomic_load[^\\n\\r]*&atomic6_pkg__counter1" 2
UNRESOLVED: gnat.dg/atomic6_5.adb scan-tree-dump-times gimple "atomic_load[^\\n\\r]*&atomic6_pkg__counter2" 0
UNRESOLVED: gnat.dg/atomic6_5.adb scan-tree-dump-times gimple "atomic_load[^\\n\\r]*&atomic6_pkg__timer1" 2
UNRESOLVED: gnat.dg/atomic6_5.adb scan-tree-dump-times gimple "atomic_load[^\\n\\r]*&atomic6_pkg__timer2" 0
UNRESOLVED: gnat.dg/atomic6_5.adb scan-tree-dump-times gimple "atomic_load[^\\n\\r]*&temp" 0
UNRESOLVED: gnat.dg/atomic6_5.adb scan-tree-dump-times gimple "atomic_load[^\\n\\r]*ptr" 0
UNRESOLVED: gnat.dg/atomic6_5.adb scan-tree-dump-times gimple "atomic_store[^\\n\\r]*&atomic6_pkg__counter1" 0
UNRESOLVED: gnat.dg/atomic6_5.adb scan-tree-dump-times gimple "atomic_store[^\\n\\r]*&atomic6_pkg__counter2" 0
UNRESOLVED: gnat.dg/atomic6_5.adb scan-tree-dump-times gimple "atomic_store[^\\n\\r]*&atomic6_pkg__timer1" 0
UNRESOLVED: gnat.dg/atomic6_5.adb scan-tree-dump-times gimple "atomic_store[^\\n\\r]*&atomic6_pkg__timer2" 0
UNRESOLVED: gnat.dg/atomic6_5.adb scan-tree-dump-times gimple "atomic_store[^\\n\\r]*&temp" 0
UNRESOLVED: gnat.dg/atomic6_5.adb scan-tree-dump-times gimple "atomic_store[^\\n\\r]*ptr" 0
UNRESOLVED: gnat.dg/atomic6_6.adb scan-tree-dump-times gimple "atomic_load[^\\n\\r]*&atomic6_pkg__counter\\\\[1" 2
UNRESOLVED: gnat.dg/atomic6_6.adb scan-tree-dump-times gimple "atomic_load[^\\n\\r]*&atomic6_pkg__counter\\\\[2" 1
UNRESOLVED: gnat.dg/atomic6_6.adb scan-tree-dump-times gimple "atomic_load[^\\n\\r]*&atomic6_pkg__timer\\\\[1" 2
UNRESOLVED: gnat.dg/atomic6_6.adb scan-tree-dump-times gimple "atomic_load[^\\n\\r]*&atomic6_pkg__timer\\\\[2" 1
UNRESOLVED: gnat.dg/atomic6_6.adb scan-tree-dump-times gimple "atomic_load[^\\n\\r]*&temp" 0
UNRESOLVED: gnat.dg/atomic6_6.adb scan-tree-dump-times gimple "atomic_load[^\\n\\r]*ptr" 0
UNRESOLVED: gnat.dg/atomic6_6.adb scan-tree-dump-times gimple "atomic_store[^\\n\\r]*&atomic6_pkg__counter\\\\[1" 3
UNRESOLVED: gnat.dg/atomic6_6.adb scan-tree-dump-times gimple "atomic_store[^\\n\\r]*&atomic6_pkg__counter\\\\[2" 0
UNRESOLVED: gnat.dg/atomic6_6.adb scan-tree-dump-times gimple "atomic_store[^\\n\\r]*&atomic6_pkg__timer\\\\[1" 3
UNRESOLVED: gnat.dg/atomic6_6.adb scan-tree-dump-times gimple "atomic_store[^\\n\\r]*&atomic6_pkg__timer\\\\[2" 0
UNRESOLVED: gnat.dg/atomic6_6.adb scan-tree-dump-times gimple "atomic_store[^\\n\\r]*&temp" 0
UNRESOLVED: gnat.dg/atomic6_6.adb scan-tree-dump-times gimple "atomic_store[^\\n\\r]*ptr" 0
UNRESOLVED: gnat.dg/atomic6_7.adb scan-tree-dump-times gimple "atomic_load[^\\n\\r]*&my_atomic.counter1" 2
UNRESOLVED: gnat.dg/atomic6_7.adb scan-tree-dump-times gimple "atomic_load[^\\n\\r]*&atomic6_pkg__counter2" 1
UNRESOLVED: gnat.dg/atomic6_7.adb scan-tree-dump-times gimple "atomic_load[^\\n\\r]*&my_atomic.timer1" 2
UNRESOLVED: gnat.dg/atomic6_7.adb scan-tree-dump-times gimple "atomic_load[^\\n\\r]*&atomic6_pkg__timer2" 1
UNRESOLVED: gnat.dg/atomic6_7.adb scan-tree-dump-times gimple "atomic_load[^\\n\\r]*&temp" 0
UNRESOLVED: gnat.dg/atomic6_7.adb scan-tree-dump-times gimple "atomic_load[^\\n\\r]*ptr" 0
UNRESOLVED: gnat.dg/atomic6_7.adb scan-tree-dump-times gimple "atomic_store[^\\n\\r]*&my_atomic.counter1" 3
UNRESOLVED: gnat.dg/atomic6_7.adb scan-tree-dump-times gimple "atomic_store[^\\n\\r]*&atomic6_pkg__counter2" 0
UNRESOLVED: gnat.dg/atomic6_7.adb scan-tree-dump-times gimple "atomic_store[^\\n\\r]*&my_atomic.timer1" 3
UNRESOLVED: gnat.dg/atomic6_7.adb scan-tree-dump-times gimple "atomic_store[^\\n\\r]*&atomic6_pkg__timer2" 0
UNRESOLVED: gnat.dg/atomic6_7.adb scan-tree-dump-times gimple "atomic_store[^\\n\\r]*&temp" 0
UNRESOLVED: gnat.dg/atomic6_7.adb scan-tree-dump-times gimple "atomic_store[^\\n\\r]*ptr" 0
UNRESOLVED: gnat.dg/atomic6_8.adb scan-tree-dump-times gimple "atomic_load[^\\n\\r]*&atomic6_pkg__counter1" 1
UNRESOLVED: gnat.dg/atomic6_8.adb scan-tree-dump-times gimple "atomic_load[^\\n\\r]*&atomic6_pkg__counter2" 0
UNRESOLVED: gnat.dg/atomic6_8.adb scan-tree-dump-times gimple "atomic_load[^\\n\\r]*&atomic6_pkg__timer1" 1
UNRESOLVED: gnat.dg/atomic6_8.adb scan-tree-dump-times gimple "atomic_load[^\\n\\r]*&atomic6_pkg__timer2" 0
UNRESOLVED: gnat.dg/atomic6_8.adb scan-tree-dump-times gimple "atomic_load[^\\n\\r]*&temp" 0
UNRESOLVED: gnat.dg/atomic6_8.adb scan-tree-dump-times gimple "atomic_load[^\\n\\r]*ptr" 3
UNRESOLVED: gnat.dg/atomic6_8.adb scan-tree-dump-times gimple "atomic_store[^\\n\\r]*&atomic6_pkg__counter1" 1
UNRESOLVED: gnat.dg/atomic6_8.adb scan-tree-dump-times gimple "atomic_store[^\\n\\r]*&atomic6_pkg__counter2" 0
UNRESOLVED: gnat.dg/atomic6_8.adb scan-tree-dump-times gimple "atomic_store[^\\n\\r]*&atomic6_pkg__timer1" 1
UNRESOLVED: gnat.dg/atomic6_8.adb scan-tree-dump-times gimple "atomic_store[^\\n\\r]*&atomic6_pkg__timer2" 0
UNRESOLVED: gnat.dg/atomic6_8.adb scan-tree-dump-times gimple "atomic_store[^\\n\\r]*&temp" 0
UNRESOLVED: gnat.dg/atomic6_8.adb scan-tree-dump-times gimple "atomic_store[^\\n\\r]*ptr" 3
UNRESOLVED: gnat.dg/atomic7_1.adb compilation failed to produce executable
UNRESOLVED: gnat.dg/atomic7_2.adb compilation failed to produce executable
UNRESOLVED: gnat.dg/atomic8.adb compilation failed to produce executable
UNRESOLVED: gnat.dg/biased_uc.adb compilation failed to produce executable
UNRESOLVED: gnat.dg/bip_aggregate_bug.adb compilation failed to produce executable
UNRESOLVED: gnat.dg/bit_packed_array3.adb compilation failed to produce executable
UNRESOLVED: gnat.dg/blkextract_from_reg.adb compilation failed to produce executable
UNRESOLVED: gnat.dg/bltins.adb compilation failed to produce executable
UNRESOLVED: gnat.dg/boolean_bitfield.adb compilation failed to produce executable
UNRESOLVED: gnat.dg/boolean_conv.adb compilation failed to produce executable
UNRESOLVED: gnat.dg/boolean_expr2.adb compilation failed to produce executable
UNRESOLVED: gnat.dg/capture_value.adb compilation failed to produce executable
UNRESOLVED: gnat.dg/case_character.adb compilation failed to produce executable
FAIL: gnat.dg/case_null.adb  (test for errors, line 8)
UNRESOLVED: gnat.dg/case_optimization2.adb compilation failed to produce executable
UNRESOLVED: gnat.dg/check_displace_generation.adb compilation failed to produce executable
UNRESOLVED: gnat.dg/check_elaboration_code.adb compilation failed to produce executable
UNRESOLVED: gnat.dg/compose.adb compilation failed to produce executable
UNRESOLVED: gnat.dg/concat1.adb compilation failed to produce executable
UNRESOLVED: gnat.dg/concat_length.adb compilation failed to produce executable
UNRESOLVED: gnat.dg/constant2.adb compilation failed to produce executable
UNRESOLVED: gnat.dg/controlled5.adb compilation failed to produce executable
UNRESOLVED: gnat.dg/conv_bug.adb compilation failed to produce executable
UNRESOLVED: gnat.dg/conv_decimal.adb compilation failed to produce executable
UNRESOLVED: gnat.dg/conv_real.adb compilation failed to produce executable
UNRESOLVED: gnat.dg/curr_task.adb compilation failed to produce executable
FAIL: gnat.dg/deferred_const1.adb  (test for warnings, line 8)
UNRESOLVED: gnat.dg/deferred_const2.adb compilation failed to produce executable
UNRESOLVED: gnat.dg/deferred_const3.adb compilation failed to produce executable
UNRESOLVED: gnat.dg/derived_aggregate.adb compilation failed to produce executable
UNRESOLVED: gnat.dg/derived_type1.adb scan-tree-dump-not original "VIEW_CONVERT_EXPR<struct derived_type1__root>"
UNRESOLVED: gnat.dg/derived_type1.adb scan-tree-dump-not original "VIEW_CONVERT_EXPR<struct derived_type1__derived1>"
UNRESOLVED: gnat.dg/derived_type2.adb compilation failed to produce executable
UNRESOLVED: gnat.dg/derived_type3.adb compilation failed to produce executable
UNRESOLVED: gnat.dg/discr24.adb compilation failed to produce executable
UNRESOLVED: gnat.dg/discr32.adb compilation failed to produce executable
UNRESOLVED: gnat.dg/discr33.adb compilation failed to produce executable
UNRESOLVED: gnat.dg/discr39.adb compilation failed to produce executable
UNRESOLVED: gnat.dg/discr4.adb compilation failed to produce executable
UNRESOLVED: gnat.dg/discr42.adb compilation failed to produce executable
UNRESOLVED: gnat.dg/discr44.adb compilation failed to produce executable
UNRESOLVED: gnat.dg/dispatch1.adb compilation failed to produce executable
UNRESOLVED: gnat.dg/dispatch2.adb compilation failed to produce executable
UNRESOLVED: gnat.dg/elim2.adb compilation failed to produce executable
UNRESOLVED: gnat.dg/empty_vector_length.adb compilation failed to produce executable
UNRESOLVED: gnat.dg/entry_queues.adb compilation failed to produce executable
FAIL: gnat.dg/entry_queues3.adb  (test for warnings, line 25)
UNRESOLVED: gnat.dg/enum1.adb compilation failed to produce executable
UNRESOLVED: gnat.dg/enum2.adb compilation failed to produce executable
UNRESOLVED: gnat.dg/enum3.adb compilation failed to produce executable
UNRESOLVED: gnat.dg/exp0_eval.adb compilation failed to produce executable
UNRESOLVED: gnat.dg/expect1.adb compilation failed to produce executable
UNRESOLVED: gnat.dg/fixce.adb compilation failed to produce executable
UNRESOLVED: gnat.dg/fixedpnt.adb compilation failed to produce executable
FAIL: gnat.dg/frame_overflow.adb  (test for errors, line 5)
FAIL: gnat.dg/frame_overflow.adb  (test for errors, line 14)
UNRESOLVED: gnat.dg/generic_dispatch.adb compilation failed to produce executable
UNRESOLVED: gnat.dg/gnat_malloc.adb compilation failed to produce executable
UNRESOLVED: gnat.dg/handle_and_return.adb compilation failed to produce executable
UNRESOLVED: gnat.dg/handle_raise_from_pure.adb compilation failed to produce executable
UNRESOLVED: gnat.dg/hyper_flat.adb compilation failed to produce executable
UNRESOLVED: gnat.dg/in_out_parameter.adb compilation failed to produce executable
UNRESOLVED: gnat.dg/in_out_parameter2.adb compilation failed to produce executable
UNRESOLVED: gnat.dg/in_out_parameter3.adb compilation failed to produce executable
UNRESOLVED: gnat.dg/in_out_parameter4.adb compilation failed to produce executable
FAIL: gnat.dg/include.adb  (test for errors, line )
XPASS: gnat.dg/incomplete2.adb (test for excess errors)
UNRESOLVED: gnat.dg/init_scalar1.adb compilation failed to produce executable
FAIL: gnat.dg/inline3.adb  (test for errors, line )
FAIL: gnat.dg/inline3.adb  (test for errors, line )
FAIL: gnat.dg/inline5.adb  (test for warnings, line )
FAIL: gnat.dg/inline5.adb  (test for warnings, line )
FAIL: gnat.dg/inline7.adb  (test for warnings, line )
FAIL: gnat.dg/inline7.adb  (test for warnings, line )
FAIL: gnat.dg/inline9.adb  (test for warnings, line )
FAIL: gnat.dg/inline9.adb  (test for warnings, line )
UNRESOLVED: gnat.dg/inline_tagged.adb compilation failed to produce executable
UNRESOLVED: gnat.dg/interface1.adb compilation failed to produce executable
UNRESOLVED: gnat.dg/interface2.adb compilation failed to produce executable
UNRESOLVED: gnat.dg/interface3.adb compilation failed to produce executable
UNRESOLVED: gnat.dg/interface_conv.adb compilation failed to produce executable
UNRESOLVED: gnat.dg/invalid1.adb compilation failed to produce executable
UNRESOLVED: gnat.dg/iprot_test.adb compilation failed to produce executable
UNRESOLVED: gnat.dg/kill_value.adb compilation failed to produce executable
UNRESOLVED: gnat.dg/lhs_view_convert.adb compilation failed to produce executable
UNRESOLVED: gnat.dg/loop_boolean.adb compilation failed to produce executable
UNRESOLVED: gnat.dg/loop_optimization16.adb compilation failed to produce executable
UNRESOLVED: gnat.dg/loop_optimization17.adb compilation failed to produce executable
UNRESOLVED: gnat.dg/loop_optimization19.adb scan-tree-dump-not optimized "Index_Check"
UNRESOLVED: gnat.dg/loop_optimization20.adb scan-tree-dump-not optimized "Index_Check"
UNRESOLVED: gnat.dg/loop_optimization21.adb scan-tree-dump-times optimized "Index_Check" 1
UNRESOLVED: gnat.dg/loop_optimization22.adb scan-tree-dump-not optimized "Index_Check"
UNRESOLVED: gnat.dg/loop_optimization3.adb compilation failed to produce executable
UNRESOLVED: gnat.dg/loop_optimization4.adb compilation failed to produce executable
UNRESOLVED: gnat.dg/loop_optimization6.adb scan-tree-dump-not optimized "goto"
UNRESOLVED: gnat.dg/loop_optimization8.adb compilation failed to produce executable
UNRESOLVED: gnat.dg/lto1.adb compilation failed to produce executable
UNRESOLVED: gnat.dg/lto10.adb compilation failed to produce executable
UNRESOLVED: gnat.dg/lto5.adb compilation failed to produce executable
UNRESOLVED: gnat.dg/lto6.adb compilation failed to produce executable
UNRESOLVED: gnat.dg/lto7.adb compilation failed to produce executable
UNRESOLVED: gnat.dg/lto8.adb compilation failed to produce executable
UNRESOLVED: gnat.dg/lto9.adb compilation failed to produce executable
UNRESOLVED: gnat.dg/md5_test.adb compilation failed to produce executable
UNRESOLVED: gnat.dg/memtrap.adb scan-assembler __gnat_begin_handler|__gnat_raise_nodefer
UNRESOLVED: gnat.dg/misaligned_nest.adb compilation failed to produce executable
UNRESOLVED: gnat.dg/misaligned_param.adb compilation failed to produce executable
UNRESOLVED: gnat.dg/misaligned_volatile.adb compilation failed to produce executable
UNRESOLVED: gnat.dg/missing_acc_check.adb compilation failed to produce executable
UNRESOLVED: gnat.dg/modular1.adb compilation failed to produce executable
UNRESOLVED: gnat.dg/modular2.adb compilation failed to produce executable
UNRESOLVED: gnat.dg/modular3.adb compilation failed to produce executable
UNRESOLVED: gnat.dg/mutable1.adb compilation failed to produce executable
UNRESOLVED: gnat.dg/named_test.adb compilation failed to produce executable
UNRESOLVED: gnat.dg/nan_max.adb compilation failed to produce executable
UNRESOLVED: gnat.dg/nat1r.adb compilation failed to produce executable
UNRESOLVED: gnat.dg/nested_controlled_alloc.adb compilation failed to produce executable
UNRESOLVED: gnat.dg/nested_proc1.adb compilation failed to produce executable
UNRESOLVED: gnat.dg/nested_return_test.adb compilation failed to produce executable
UNRESOLVED: gnat.dg/no_final.adb compilation failed to produce executable
UNRESOLVED: gnat.dg/noinline2.adb scan-tree-dump-times optimized "noinline2.inner" 2
UNRESOLVED: gnat.dg/not_null.adb compilation failed to produce executable
FAIL: gnat.dg/notnot.adb  (test for warnings, line 6)
UNRESOLVED: gnat.dg/null_pointer_deref1.adb compilation failed to produce executable
UNRESOLVED: gnat.dg/null_pointer_deref2.adb compilation failed to produce executable
UNRESOLVED: gnat.dg/null_pointer_deref3.adb compilation failed to produce executable
FAIL: gnat.dg/object_overflow1.adb  (test for warnings, line 8)
FAIL: gnat.dg/object_overflow2.adb  (test for warnings, line 8)
FAIL: gnat.dg/object_overflow3.adb  (test for warnings, line 14)
FAIL: gnat.dg/object_overflow4.adb  (test for warnings, line 11)
FAIL: gnat.dg/object_overflow4.adb  (test for warnings, line 15)
FAIL: gnat.dg/object_overflow5.adb  (test for warnings, line 11)
FAIL: gnat.dg/object_overflow5.adb  (test for warnings, line 15)
UNRESOLVED: gnat.dg/oconst1.adb scan-assembler-not elabs
UNRESOLVED: gnat.dg/oconst2.adb scan-assembler-not elabs
UNRESOLVED: gnat.dg/oconst3.adb scan-assembler-not elabs
UNRESOLVED: gnat.dg/oconst4.adb scan-assembler-not elabs
UNRESOLVED: gnat.dg/oconst5.adb scan-assembler-not elabs
UNRESOLVED: gnat.dg/opt12.adb compilation failed to produce executable
UNRESOLVED: gnat.dg/opt13.adb compilation failed to produce executable
UNRESOLVED: gnat.dg/opt14.adb compilation failed to produce executable
UNRESOLVED: gnat.dg/opt15.adb scan-tree-dump-not optimized "trace_inlined"
UNRESOLVED: gnat.dg/opt2.adb compilation failed to produce executable
UNRESOLVED: gnat.dg/opt21.adb compilation failed to produce executable
UNRESOLVED: gnat.dg/opt22.adb compilation failed to produce executable
UNRESOLVED: gnat.dg/opt26.adb compilation failed to produce executable
UNRESOLVED: gnat.dg/opt27.adb compilation failed to produce executable
UNRESOLVED: gnat.dg/opt30.adb compilation failed to produce executable
UNRESOLVED: gnat.dg/opt31.adb compilation failed to produce executable
UNRESOLVED: gnat.dg/opt34.adb scan-tree-dump esra "Created a replacement for result"
UNRESOLVED: gnat.dg/opt35.adb compilation failed to produce executable
UNRESOLVED: gnat.dg/opt36.adb compilation failed to produce executable
UNRESOLVED: gnat.dg/opt37.adb scan-tree-dump-not optimized "alloca"
UNRESOLVED: gnat.dg/opt38.adb compilation failed to produce executable
UNRESOLVED: gnat.dg/opt39.adb scan-tree-dump-times optimized "MEM" 1
UNRESOLVED: gnat.dg/opt4.adb compilation failed to produce executable
UNRESOLVED: gnat.dg/opt40.adb scan-tree-dump-not optimized "gnat_rcheck"
UNRESOLVED: gnat.dg/opt41.adb compilation failed to produce executable
UNRESOLVED: gnat.dg/opt47.adb compilation failed to produce executable
UNRESOLVED: gnat.dg/opt48.adb compilation failed to produce executable
UNRESOLVED: gnat.dg/opt49.adb compilation failed to produce executable
UNRESOLVED: gnat.dg/opt5.adb compilation failed to produce executable
UNRESOLVED: gnat.dg/opt50.adb compilation failed to produce executable
UNRESOLVED: gnat.dg/opt51.adb scan-tree-dump-not optimized "check_PE_Explicit_Raise"
UNRESOLVED: gnat.dg/opt52.adb scan-tree-dump-not optimized "check_PE_Explicit_Raise"
UNRESOLVED: gnat.dg/outer_agg_bitfield_constructor.adb compilation failed to produce executable
UNRESOLVED: gnat.dg/overflow_fixed.adb compilation failed to produce executable
UNRESOLVED: gnat.dg/overflow_sum.adb compilation failed to produce executable
UNRESOLVED: gnat.dg/overflow_sum3.adb compilation failed to produce executable
UNRESOLVED: gnat.dg/pack10.adb compilation failed to produce executable
UNRESOLVED: gnat.dg/pack11.adb compilation failed to produce executable
UNRESOLVED: gnat.dg/pack12.adb compilation failed to produce executable
UNRESOLVED: gnat.dg/pack17.adb compilation failed to produce executable
UNRESOLVED: gnat.dg/pack18.adb compilation failed to produce executable
UNRESOLVED: gnat.dg/pack19.adb compilation failed to produce executable
UNRESOLVED: gnat.dg/pack3.adb compilation failed to produce executable
UNRESOLVED: gnat.dg/pack4.adb compilation failed to produce executable
FAIL: gnat.dg/pack8.adb  (test for errors, line 19)
UNRESOLVED: gnat.dg/pack9.adb scan-tree-dump-not optimized "gnat_rcheck"
UNRESOLVED: gnat.dg/packed_subtype.adb compilation failed to produce executable
UNRESOLVED: gnat.dg/pointer_conversion.adb compilation failed to produce executable
UNRESOLVED: gnat.dg/prot_def.adb compilation failed to produce executable
UNRESOLVED: gnat.dg/protected_self_ref1.adb compilation failed to produce executable
FAIL: gnat.dg/protected_self_ref2.adb  (test for errors, line 12)
UNRESOLVED: gnat.dg/quote.adb compilation failed to produce executable
UNRESOLVED: gnat.dg/range_check.adb compilation failed to produce executable
UNRESOLVED: gnat.dg/regpat1.adb compilation failed to produce executable
UNRESOLVED: gnat.dg/release_unc_maxalign.adb compilation failed to produce executable
UNRESOLVED: gnat.dg/renaming2.adb compilation failed to produce executable
UNRESOLVED: gnat.dg/renaming3.adb compilation failed to produce executable
UNRESOLVED: gnat.dg/renaming5.adb scan-tree-dump-times optimized "goto" 2
UNRESOLVED: gnat.dg/renaming6.adb scan-tree-dump-times original "atomic_load" 2
UNRESOLVED: gnat.dg/renaming6.adb scan-tree-dump-times original "atomic_store" 2
UNRESOLVED: gnat.dg/renaming6.adb scan-tree-dump-not original "j"
UNRESOLVED: gnat.dg/renaming8.adb compilation failed to produce executable
UNRESOLVED: gnat.dg/rep_clause4.adb compilation failed to produce executable
UNRESOLVED: gnat.dg/requeue1.adb compilation failed to produce executable
UNRESOLVED: gnat.dg/return4.adb compilation failed to produce executable
UNRESOLVED: gnat.dg/round_div.adb compilation failed to produce executable
UNRESOLVED: gnat.dg/scalar_mode_agg_compare.adb compilation failed to produce executable
UNRESOLVED: gnat.dg/self_aggregate_with_array.adb compilation failed to produce executable
UNRESOLVED: gnat.dg/self_aggregate_with_call.adb compilation failed to produce executable
UNRESOLVED: gnat.dg/self_aggregate_with_pointer.adb compilation failed to produce executable
UNRESOLVED: gnat.dg/self_aggregate_with_zeros.adb compilation failed to produce executable
UNRESOLVED: gnat.dg/sizetype1.adb compilation failed to produce executable
UNRESOLVED: gnat.dg/sizetype2.adb compilation failed to produce executable
UNRESOLVED: gnat.dg/sizetype4.adb compilation failed to produce executable
UNRESOLVED: gnat.dg/slice3.adb compilation failed to produce executable
UNRESOLVED: gnat.dg/slice4.adb compilation failed to produce executable
FAIL: gnat.dg/slice5.adb  (test for warnings, line 15)
FAIL: gnat.dg/slice5.adb  (test for warnings, line 21)
UNRESOLVED: gnat.dg/small_alignment.adb compilation failed to produce executable
UNRESOLVED: gnat.dg/socket1.adb compilation failed to produce executable
UNRESOLVED: gnat.dg/sort2.adb compilation failed to produce executable
UNRESOLVED: gnat.dg/spipaterr.adb compilation failed to produce executable
UNRESOLVED: gnat.dg/sse_nolib.adb compilation failed to produce executable
UNRESOLVED: gnat.dg/sso1.adb compilation failed to produce executable
UNRESOLVED: gnat.dg/sso3.adb compilation failed to produce executable
UNRESOLVED: gnat.dg/sso4.adb compilation failed to produce executable
UNRESOLVED: gnat.dg/sso5.adb compilation failed to produce executable
UNRESOLVED: gnat.dg/sso6.adb compilation failed to produce executable
UNRESOLVED: gnat.dg/sso7.adb compilation failed to produce executable
UNRESOLVED: gnat.dg/stack_check1.adb compilation failed to produce executable
UNRESOLVED: gnat.dg/stack_check2.adb compilation failed to produce executable
UNRESOLVED: gnat.dg/stack_usage1.adb scan-file \\t[0-9][0-9]\\t
UNRESOLVED: gnat.dg/stack_usage1b.adb scan-file \\t[0-9][0-9]\\t
UNRESOLVED: gnat.dg/stack_usage1c.adb scan-file \\t[0-9][0-9]\\t
UNRESOLVED: gnat.dg/stack_usage2.adb scan-file-not :Constprop
UNRESOLVED: gnat.dg/stack_usage3.adb scan-file-not \\t[0-9][0-9][0-9][0-9]\\t
UNRESOLVED: gnat.dg/string_slice.adb compilation failed to produce executable
FAIL: gnat.dg/subp_elim_errors.adb  (test for errors, line 25)
FAIL: gnat.dg/subp_elim_errors.adb  (test for errors, line 27)
FAIL: gnat.dg/subp_elim_errors.adb  (test for errors, line 29)
FAIL: gnat.dg/subp_elim_errors.adb  (test for errors, line 31)
UNRESOLVED: gnat.dg/taft_type1.adb compilation failed to produce executable
UNRESOLVED: gnat.dg/tag1.adb compilation failed to produce executable
UNRESOLVED: gnat.dg/tagged_alloc_free.adb compilation failed to produce executable
UNRESOLVED: gnat.dg/tail_call.adb compilation failed to produce executable
UNRESOLVED: gnat.dg/task_stack_align.adb compilation failed to produce executable
UNRESOLVED: gnat.dg/test_8bitlong_overflow.adb compilation failed to produce executable
UNRESOLVED: gnat.dg/test_address_null_init.adb compilation failed to produce executable
UNRESOLVED: gnat.dg/test_allocator_maxalign2.adb compilation failed to produce executable
UNRESOLVED: gnat.dg/test_bounded.adb compilation failed to produce executable
UNRESOLVED: gnat.dg/test_delay.adb compilation failed to produce executable
UNRESOLVED: gnat.dg/test_direct_io.adb compilation failed to produce executable
UNRESOLVED: gnat.dg/test_enum_io.adb compilation failed to produce executable
UNRESOLVED: gnat.dg/test_fixed_io.adb compilation failed to produce executable
UNRESOLVED: gnat.dg/test_iface_aggr.adb compilation failed to produce executable
UNRESOLVED: gnat.dg/test_ifaces.adb compilation failed to produce executable
UNRESOLVED: gnat.dg/test_image.adb compilation failed to produce executable
UNRESOLVED: gnat.dg/test_nested_subtype_byref.adb compilation failed to produce executable
UNRESOLVED: gnat.dg/test_oalign.adb compilation failed to produce executable
UNRESOLVED: gnat.dg/test_oconst.adb compilation failed to produce executable
UNRESOLVED: gnat.dg/test_prefix1.adb compilation failed to produce executable
UNRESOLVED: gnat.dg/test_prio.adb compilation failed to produce executable
UNRESOLVED: gnat.dg/test_raise_from_pure.adb compilation failed to produce executable
UNRESOLVED: gnat.dg/test_self.adb compilation failed to produce executable
UNRESOLVED: gnat.dg/test_self_ref.adb compilation failed to produce executable
UNRESOLVED: gnat.dg/test_table1.adb compilation failed to produce executable
UNRESOLVED: gnat.dg/test_time_stamp.adb compilation failed to produce executable
UNRESOLVED: gnat.dg/test_version.adb compilation failed to produce executable
UNRESOLVED: gnat.dg/testint.adb compilation failed to produce executable
UNRESOLVED: gnat.dg/tfren.adb compilation failed to produce executable
UNRESOLVED: gnat.dg/thin_pointer2.adb compilation failed to produce executable
UNRESOLVED: gnat.dg/timer_cancel.adb compilation failed to produce executable
UNRESOLVED: gnat.dg/trampoline1.adb scan-assembler-not GNU-stack.*x
UNRESOLVED: gnat.dg/trampoline2.adb compilation failed to produce executable
UNRESOLVED: gnat.dg/tree_static_use.adb compilation failed to produce executable
UNRESOLVED: gnat.dg/unc_memfree.adb compilation failed to produce executable
UNRESOLVED: gnat.dg/unchecked_convert1.adb compilation failed to produce executable
UNRESOLVED: gnat.dg/unchecked_convert2.adb compilation failed to produce executable
UNRESOLVED: gnat.dg/unchecked_convert3.adb compilation failed to produce executable
FAIL: gnat.dg/unchecked_convert5b.adb  (test for warnings, line 9)
UNRESOLVED: gnat.dg/unchecked_convert5b.adb compilation failed to produce executable
FAIL: gnat.dg/unchecked_convert6b.adb  (test for warnings, line 9)
UNRESOLVED: gnat.dg/unchecked_convert6b.adb compilation failed to produce executable
UNRESOLVED: gnat.dg/unchecked_convert9.adb scan-rtl-dump-times final "set \\\\(mem/v" 1
UNRESOLVED: gnat.dg/unchecked_union1.adb compilation failed to produce executable
FAIL: gnat.dg/uninit_func.adb  (test for warnings, line 12)
UNRESOLVED: gnat.dg/valid1.adb compilation failed to produce executable
UNRESOLVED: gnat.dg/vect1.adb scan-tree-dump-times vect "vectorized 1 loops" 15
UNRESOLVED: gnat.dg/vect11.adb scan-tree-dump-not optimized "goto"
UNRESOLVED: gnat.dg/vect12.adb scan-tree-dump-not vect "vectorized 1 loops"
UNRESOLVED: gnat.dg/vect13.adb scan-tree-dump-times vect "vectorized 1 loops" 2
UNRESOLVED: gnat.dg/vect14.adb scan-tree-dump-not optimized "VIEW_CONVERT_EXPR"
UNRESOLVED: gnat.dg/vect15.adb scan-tree-dump-not vect "possible aliasing"
UNRESOLVED: gnat.dg/vect16.adb scan-tree-dump-not vect "possible aliasing"
UNRESOLVED: gnat.dg/vect17.adb scan-tree-dump vect "possible aliasing"
UNRESOLVED: gnat.dg/vect18.adb scan-tree-dump vect "bad data dependence"
UNRESOLVED: gnat.dg/vect2.adb scan-tree-dump-times vect "vectorized 1 loops" 15
UNRESOLVED: gnat.dg/vect3.adb scan-tree-dump-times vect "vectorized 1 loops" 15
UNRESOLVED: gnat.dg/vect4.adb scan-tree-dump-times vect "vectorized 1 loops" 15
UNRESOLVED: gnat.dg/vect5.adb scan-tree-dump-times vect "vectorized 1 loops" 15
UNRESOLVED: gnat.dg/vect6.adb scan-tree-dump-times vect "vectorized 1 loops" 15
UNRESOLVED: gnat.dg/vfa1_1.adb scan-tree-dump-times gimple "atomic_load[^\\n\\r]*&vfa1_pkg__counter1" 6
UNRESOLVED: gnat.dg/vfa1_1.adb scan-tree-dump-times gimple "atomic_load[^\\n\\r]*&vfa1_pkg__counter2" 5
UNRESOLVED: gnat.dg/vfa1_1.adb scan-tree-dump-times gimple "atomic_load[^\\n\\r]*&temp" 0
UNRESOLVED: gnat.dg/vfa1_1.adb scan-tree-dump-times gimple "atomic_store[^\\n\\r]*&vfa1_pkg__counter1" 3
UNRESOLVED: gnat.dg/vfa1_1.adb scan-tree-dump-times gimple "atomic_store[^\\n\\r]*&vfa1_pkg__counter2" 4
UNRESOLVED: gnat.dg/vfa1_1.adb scan-tree-dump-times gimple "atomic_store[^\\n\\r]*&temp" 0
UNRESOLVED: gnat.dg/vfa1_2.adb scan-tree-dump-times gimple "atomic_load[^\\n\\r]*&vfa1_pkg__timer1" 7
UNRESOLVED: gnat.dg/vfa1_2.adb scan-tree-dump-times gimple "atomic_load[^\\n\\r]*&vfa1_pkg__timer2" 7
UNRESOLVED: gnat.dg/vfa1_2.adb scan-tree-dump-times gimple "atomic_load[^\\n\\r]*&temp" 0
UNRESOLVED: gnat.dg/vfa1_2.adb scan-tree-dump-times gimple "atomic_store[^\\n\\r]*&vfa1_pkg__timer1" 2
UNRESOLVED: gnat.dg/vfa1_2.adb scan-tree-dump-times gimple "atomic_store[^\\n\\r]*&vfa1_pkg__timer2" 3
UNRESOLVED: gnat.dg/vfa1_2.adb scan-tree-dump-times gimple "atomic_store[^\\n\\r]*&temp" 0
UNRESOLVED: gnat.dg/vfa1_3.adb scan-tree-dump-times gimple "atomic_load[^\\n\\r]*&vfa1_pkg__buffer1" 7
UNRESOLVED: gnat.dg/vfa1_3.adb scan-tree-dump-times gimple "atomic_load[^\\n\\r]*&vfa1_pkg__buffer2" 7
UNRESOLVED: gnat.dg/vfa1_3.adb scan-tree-dump-times gimple "atomic_load[^\\n\\r]*&temp" 0
UNRESOLVED: gnat.dg/vfa1_3.adb scan-tree-dump-times gimple "atomic_store[^\\n\\r]*&vfa1_pkg__buffer1" 2
UNRESOLVED: gnat.dg/vfa1_3.adb scan-tree-dump-times gimple "atomic_store[^\\n\\r]*&vfa1_pkg__buffer2" 3
UNRESOLVED: gnat.dg/vfa1_3.adb scan-tree-dump-times gimple "atomic_store[^\\n\\r]*&temp" 0
UNRESOLVED: gnat.dg/vfa1_4.adb scan-tree-dump-times gimple "atomic_load[^\\n\\r]*&vfa1_pkg__mixer1" 7
UNRESOLVED: gnat.dg/vfa1_4.adb scan-tree-dump-times gimple "atomic_load[^\\n\\r]*&vfa1_pkg__mixer2" 7
UNRESOLVED: gnat.dg/vfa1_4.adb scan-tree-dump-times gimple "atomic_load[^\\n\\r]*&temp" 0
UNRESOLVED: gnat.dg/vfa1_4.adb scan-tree-dump-times gimple "atomic_store[^\\n\\r]*&vfa1_pkg__mixer1" 2
UNRESOLVED: gnat.dg/vfa1_4.adb scan-tree-dump-times gimple "atomic_store[^\\n\\r]*&vfa1_pkg__mixer2" 3
UNRESOLVED: gnat.dg/vfa1_4.adb scan-tree-dump-times gimple "atomic_store[^\\n\\r]*&temp" 0
UNRESOLVED: gnat.dg/view_conversion1.adb compilation failed to produce executable
UNRESOLVED: gnat.dg/volatile11.adb compilation failed to produce executable
UNRESOLVED: gnat.dg/volatile3.adb scan-assembler __gnat_rcheck
UNRESOLVED: gnat.dg/volatile4.adb compilation failed to produce executable
UNRESOLVED: gnat.dg/volatile6.adb scan-tree-dump optimized "goto"
UNRESOLVED: gnat.dg/volatile7.adb scan-tree-dump optimized "goto"
UNRESOLVED: gnat.dg/volatile8.adb scan-tree-dump optimized "goto"
UNRESOLVED: gnat.dg/volatile9.adb scan-tree-dump optimized "goto"
UNRESOLVED: gnat.dg/warn1.adb compilation failed to produce executable
FAIL: gnat.dg/warn11.adb  (test for warnings, line 8)
FAIL: gnat.dg/warn11.adb  (test for warnings, line 11)
FAIL: gnat.dg/warn12.adb  (test for warnings, line 39)
FAIL: gnat.dg/warn12.adb  (test for warnings, line 44)
FAIL: gnat.dg/warn13.adb  (test for warnings, line 5)
FAIL: gnat.dg/warn13.adb  (test for warnings, line 6)
FAIL: gnat.dg/warn13.adb  (test for warnings, line 7)
FAIL: gnat.dg/warn4.adb  (test for warnings, line 14)
FAIL: gnat.dg/warn4.adb  (test for warnings, line 14)
FAIL: gnat.dg/warn8.adb  (test for warnings, line 3)
UNRESOLVED: gnat.dg/wide_boolean.adb compilation failed to produce executable
UNRESOLVED: gnat.dg/wide_test.adb compilation failed to produce executable
FAIL: gnat.dg/specs/abstract_private.ads  (test for errors, line 12)
FAIL: gnat.dg/specs/access_constant.ads  (test for errors, line 10)
FAIL: gnat.dg/specs/access_constant_decl.ads  (test for errors, line 9)
XPASS: gnat.dg/specs/aggr4_pkg.ads (test for excess errors)
FAIL: gnat.dg/specs/alignment2.ads  (test for warnings, line 14)
FAIL: gnat.dg/specs/alignment2.ads  (test for warnings, line 20)
FAIL: gnat.dg/specs/alignment2.ads  (test for warnings, line 38)
FAIL: gnat.dg/specs/alignment2.ads  (test for warnings, line 42)
FAIL: gnat.dg/specs/alignment2.ads  (test for warnings, line 46)
FAIL: gnat.dg/specs/atomic1.ads  (test for errors, line 9)
FAIL: gnat.dg/specs/atomic1.ads  (test for errors, line 13)
FAIL: gnat.dg/specs/atomic2.ads  (test for errors, line 12)
FAIL: gnat.dg/specs/atomic2.ads  (test for errors, line 24)
FAIL: gnat.dg/specs/clause_on_volatile.ads  (test for errors, line 32)
FAIL: gnat.dg/specs/clause_on_volatile.ads  (test for errors, line 42)
FAIL: gnat.dg/specs/clause_on_volatile.ads  (test for errors, line 52)
FAIL: gnat.dg/specs/clause_on_volatile.ads  (test for errors, line 60)
FAIL: gnat.dg/specs/clause_on_volatile.ads  (test for errors, line 70)
FAIL: gnat.dg/specs/clause_on_volatile.ads  (test for errors, line 80)
XPASS: gnat.dg/specs/concat1_pkg.ads (test for excess errors)
XPASS: gnat.dg/specs/controlled1_pkg.ads (test for excess errors)
XPASS: gnat.dg/specs/elab2_pkg.ads (test for excess errors)
UNRESOLVED: gnat.dg/specs/elab4.ads scan-assembler-not elabs
XPASS: gnat.dg/specs/elab4_proc.ads (test for excess errors)
XPASS: gnat.dg/specs/fe_inlining_helper.ads (test for excess errors)
FAIL: gnat.dg/specs/import_abstract.ads  (test for errors, line 5)
FAIL: gnat.dg/specs/integer_value.ads  (test for errors, line 4)
FAIL: gnat.dg/specs/linker_alias.ads  (test for errors, line 6)
FAIL: gnat.dg/specs/linker_section.ads  (test for errors, line 10)
XPASS: gnat.dg/specs/loop_optimization1_pkg.ads (test for excess errors)
XPASS: gnat.dg/specs/lto12_pkg.ads (test for excess errors)
XPASS: gnat.dg/specs/lto3_pkg1.ads (test for excess errors)
XPASS: gnat.dg/specs/lto3_pkg2.ads (test for excess errors)
FAIL: gnat.dg/specs/noinline1.ads  (test for warnings, line 7)
FAIL: gnat.dg/specs/noinline1.ads  (test for warnings, line 11)
FAIL: gnat.dg/specs/noinline1.ads  (test for errors, line 15)
FAIL: gnat.dg/specs/noinline1.ads  (test for errors, line 19)
UNRESOLVED: gnat.dg/specs/noinline3.ads scan-tree-dump-times optimized "noinline3.inner" 2
XPASS: gnat.dg/specs/noinline3_pkg.ads (test for excess errors)
UNRESOLVED: gnat.dg/specs/oconst6.ads scan-assembler-not elabs
FAIL: gnat.dg/specs/oversize.ads  (test for errors, line 18)
FAIL: gnat.dg/specs/oversize.ads  (test for errors, line 25)
FAIL: gnat.dg/specs/oversize.ads  (test for errors, line 33)
FAIL: gnat.dg/specs/oversize.ads  (test for errors, line 44)
XPASS: gnat.dg/specs/pack10_pkg.ads (test for excess errors)
XPASS: gnat.dg/specs/pack3_pkg.ads (test for excess errors)
FAIL: gnat.dg/specs/renaming1.ads  (test for errors, line 11)
FAIL: gnat.dg/specs/renaming1.ads  (test for errors, line 15)
XPASS: gnat.dg/specs/renaming2_pkg1.ads (test for excess errors)
XPASS: gnat.dg/specs/renaming2_pkg3.ads (test for excess errors)
XPASS: gnat.dg/specs/renaming2_pkg4.ads (test for excess errors)
XPASS: gnat.dg/specs/size_attribute1_pkg1.ads (test for excess errors)
XPASS: gnat.dg/specs/size_attribute1_pkg2.ads (test for excess errors)
FAIL: gnat.dg/specs/size_clause2.ads  (test for errors, line 41)
FAIL: gnat.dg/specs/size_clause3.ads  (test for errors, line 17)
FAIL: gnat.dg/specs/size_clause3.ads  (test for errors, line 47)
FAIL: gnat.dg/specs/sso1.ads  (test for errors, line 7)
FAIL: gnat.dg/specs/sso1.ads  (test for warnings, line 11)
FAIL: gnat.dg/specs/sso1.ads  (test for warnings, line 17)
UNRESOLVED: gnat.dg/specs/static_initializer.ads scan-assembler-not elabs
UNRESOLVED: gnat.dg/specs/static_initializer2.ads scan-assembler-not elabs
FAIL: gnat.dg/specs/storage.ads  (test for errors, line 6)
FAIL: gnat.dg/specs/tag2.ads  (test for errors, line 11)
FAIL: gnat.dg/specs/tag2.ads  (test for errors, line 12)
FAIL: gnat.dg/specs/tag2.ads  (test for errors, line 13)
FAIL: gnat.dg/specs/variant_part.ads  (test for errors, line 4)
XPASS: gnat.dg/specs/varsize_return2_pkg.ads (test for excess errors)
XPASS: gnat.dg/specs/varsize_return_pkg1.ads (test for excess errors)
XPASS: gnat.dg/specs/varsize_return_pkg2.ads (test for excess errors)
FAIL: gnat.dg/specs/volatile1.ads  (test for errors, line 22)
UNRESOLVED: gnat.dg/sso/conv1.adb   -O0  compilation failed to produce executable
UNRESOLVED: gnat.dg/sso/conv1.adb   -O1 -fno-inline  compilation failed to produce executable
UNRESOLVED: gnat.dg/sso/conv1.adb   -O2  compilation failed to produce executable
UNRESOLVED: gnat.dg/sso/conv1.adb   -O3 -finline-functions  compilation failed to produce executable
UNRESOLVED: gnat.dg/sso/conv1.adb   -Os  compilation failed to produce executable
UNRESOLVED: gnat.dg/sso/conv1.adb   -Og -g  compilation failed to produce executable
UNRESOLVED: gnat.dg/sso/p1.adb   -O0  compilation failed to produce executable
UNRESOLVED: gnat.dg/sso/p1.adb   -O1 -fno-inline  compilation failed to produce executable
UNRESOLVED: gnat.dg/sso/p1.adb   -O2  compilation failed to produce executable
UNRESOLVED: gnat.dg/sso/p1.adb   -O3 -finline-functions  compilation failed to produce executable
UNRESOLVED: gnat.dg/sso/p1.adb   -Os  compilation failed to produce executable
UNRESOLVED: gnat.dg/sso/p1.adb   -Og -g  compilation failed to produce executable
UNRESOLVED: gnat.dg/sso/p10.adb   -O0  compilation failed to produce executable
UNRESOLVED: gnat.dg/sso/p10.adb   -O1 -fno-inline  compilation failed to produce executable
UNRESOLVED: gnat.dg/sso/p10.adb   -O2  compilation failed to produce executable
UNRESOLVED: gnat.dg/sso/p10.adb   -O3 -finline-functions  compilation failed to produce executable
UNRESOLVED: gnat.dg/sso/p10.adb   -Os  compilation failed to produce executable
UNRESOLVED: gnat.dg/sso/p10.adb   -Og -g  compilation failed to produce executable
UNRESOLVED: gnat.dg/sso/p11.adb   -O0  compilation failed to produce executable
UNRESOLVED: gnat.dg/sso/p11.adb   -O1 -fno-inline  compilation failed to produce executable
UNRESOLVED: gnat.dg/sso/p11.adb   -O2  compilation failed to produce executable
UNRESOLVED: gnat.dg/sso/p11.adb   -O3 -finline-functions  compilation failed to produce executable
UNRESOLVED: gnat.dg/sso/p11.adb   -Os  compilation failed to produce executable
UNRESOLVED: gnat.dg/sso/p11.adb   -Og -g  compilation failed to produce executable
UNRESOLVED: gnat.dg/sso/p12.adb   -O0  compilation failed to produce executable
UNRESOLVED: gnat.dg/sso/p12.adb   -O1 -fno-inline  compilation failed to produce executable
UNRESOLVED: gnat.dg/sso/p12.adb   -O2  compilation failed to produce executable
UNRESOLVED: gnat.dg/sso/p12.adb   -O3 -finline-functions  compilation failed to produce executable
UNRESOLVED: gnat.dg/sso/p12.adb   -Os  compilation failed to produce executable
UNRESOLVED: gnat.dg/sso/p12.adb   -Og -g  compilation failed to produce executable
UNRESOLVED: gnat.dg/sso/p13.adb   -O0  compilation failed to produce executable
UNRESOLVED: gnat.dg/sso/p13.adb   -O1 -fno-inline  compilation failed to produce executable
UNRESOLVED: gnat.dg/sso/p13.adb   -O2  compilation failed to produce executable
UNRESOLVED: gnat.dg/sso/p13.adb   -O3 -finline-functions  compilation failed to produce executable
UNRESOLVED: gnat.dg/sso/p13.adb   -Os  compilation failed to produce executable
UNRESOLVED: gnat.dg/sso/p13.adb   -Og -g  compilation failed to produce executable
UNRESOLVED: gnat.dg/sso/p2.adb   -O0  compilation failed to produce executable
UNRESOLVED: gnat.dg/sso/p2.adb   -O1 -fno-inline  compilation failed to produce executable
UNRESOLVED: gnat.dg/sso/p2.adb   -O2  compilation failed to produce executable
UNRESOLVED: gnat.dg/sso/p2.adb   -O3 -finline-functions  compilation failed to produce executable
UNRESOLVED: gnat.dg/sso/p2.adb   -Os  compilation failed to produce executable
UNRESOLVED: gnat.dg/sso/p2.adb   -Og -g  compilation failed to produce executable
UNRESOLVED: gnat.dg/sso/p3.adb   -O0  compilation failed to produce executable
UNRESOLVED: gnat.dg/sso/p3.adb   -O1 -fno-inline  compilation failed to produce executable
UNRESOLVED: gnat.dg/sso/p3.adb   -O2  compilation failed to produce executable
UNRESOLVED: gnat.dg/sso/p3.adb   -O3 -finline-functions  compilation failed to produce executable
UNRESOLVED: gnat.dg/sso/p3.adb   -Os  compilation failed to produce executable
UNRESOLVED: gnat.dg/sso/p3.adb   -Og -g  compilation failed to produce executable
UNRESOLVED: gnat.dg/sso/p4.adb   -O0  compilation failed to produce executable
UNRESOLVED: gnat.dg/sso/p4.adb   -O1 -fno-inline  compilation failed to produce executable
UNRESOLVED: gnat.dg/sso/p4.adb   -O2  compilation failed to produce executable
UNRESOLVED: gnat.dg/sso/p4.adb   -O3 -finline-functions  compilation failed to produce executable
UNRESOLVED: gnat.dg/sso/p4.adb   -Os  compilation failed to produce executable
UNRESOLVED: gnat.dg/sso/p4.adb   -Og -g  compilation failed to produce executable
UNRESOLVED: gnat.dg/sso/p5.adb   -O0  compilation failed to produce executable
UNRESOLVED: gnat.dg/sso/p5.adb   -O1 -fno-inline  compilation failed to produce executable
UNRESOLVED: gnat.dg/sso/p5.adb   -O2  compilation failed to produce executable
UNRESOLVED: gnat.dg/sso/p5.adb   -O3 -finline-functions  compilation failed to produce executable
UNRESOLVED: gnat.dg/sso/p5.adb   -Os  compilation failed to produce executable
UNRESOLVED: gnat.dg/sso/p5.adb   -Og -g  compilation failed to produce executable
UNRESOLVED: gnat.dg/sso/p6.adb   -O0  compilation failed to produce executable
UNRESOLVED: gnat.dg/sso/p6.adb   -O1 -fno-inline  compilation failed to produce executable
UNRESOLVED: gnat.dg/sso/p6.adb   -O2  compilation failed to produce executable
UNRESOLVED: gnat.dg/sso/p6.adb   -O3 -finline-functions  compilation failed to produce executable
UNRESOLVED: gnat.dg/sso/p6.adb   -Os  compilation failed to produce executable
UNRESOLVED: gnat.dg/sso/p6.adb   -Og -g  compilation failed to produce executable
UNRESOLVED: gnat.dg/sso/p7.adb   -O0  compilation failed to produce executable
UNRESOLVED: gnat.dg/sso/p7.adb   -O1 -fno-inline  compilation failed to produce executable
UNRESOLVED: gnat.dg/sso/p7.adb   -O2  compilation failed to produce executable
UNRESOLVED: gnat.dg/sso/p7.adb   -O3 -finline-functions  compilation failed to produce executable
UNRESOLVED: gnat.dg/sso/p7.adb   -Os  compilation failed to produce executable
UNRESOLVED: gnat.dg/sso/p7.adb   -Og -g  compilation failed to produce executable
UNRESOLVED: gnat.dg/sso/p8.adb   -O0  compilation failed to produce executable
UNRESOLVED: gnat.dg/sso/p8.adb   -O1 -fno-inline  compilation failed to produce executable
UNRESOLVED: gnat.dg/sso/p8.adb   -O2  compilation failed to produce executable
UNRESOLVED: gnat.dg/sso/p8.adb   -O3 -finline-functions  compilation failed to produce executable
UNRESOLVED: gnat.dg/sso/p8.adb   -Os  compilation failed to produce executable
UNRESOLVED: gnat.dg/sso/p8.adb   -Og -g  compilation failed to produce executable
UNRESOLVED: gnat.dg/sso/p9.adb   -O0  compilation failed to produce executable
UNRESOLVED: gnat.dg/sso/p9.adb   -O1 -fno-inline  compilation failed to produce executable
UNRESOLVED: gnat.dg/sso/p9.adb   -O2  compilation failed to produce executable
UNRESOLVED: gnat.dg/sso/p9.adb   -O3 -finline-functions  compilation failed to produce executable
UNRESOLVED: gnat.dg/sso/p9.adb   -Os  compilation failed to produce executable
UNRESOLVED: gnat.dg/sso/p9.adb   -Og -g  compilation failed to produce executable
UNRESOLVED: gnat.dg/sso/q1.adb   -O0  compilation failed to produce executable
UNRESOLVED: gnat.dg/sso/q1.adb   -O1 -fno-inline  compilation failed to produce executable
UNRESOLVED: gnat.dg/sso/q1.adb   -O2  compilation failed to produce executable
UNRESOLVED: gnat.dg/sso/q1.adb   -O3 -finline-functions  compilation failed to produce executable
UNRESOLVED: gnat.dg/sso/q1.adb   -Os  compilation failed to produce executable
UNRESOLVED: gnat.dg/sso/q1.adb   -Og -g  compilation failed to produce executable
UNRESOLVED: gnat.dg/sso/q10.adb   -O0  compilation failed to produce executable
UNRESOLVED: gnat.dg/sso/q10.adb   -O1 -fno-inline  compilation failed to produce executable
UNRESOLVED: gnat.dg/sso/q10.adb   -O2  compilation failed to produce executable
UNRESOLVED: gnat.dg/sso/q10.adb   -O3 -finline-functions  compilation failed to produce executable
UNRESOLVED: gnat.dg/sso/q10.adb   -Os  compilation failed to produce executable
UNRESOLVED: gnat.dg/sso/q10.adb   -Og -g  compilation failed to produce executable
UNRESOLVED: gnat.dg/sso/q11.adb   -O0  compilation failed to produce executable
UNRESOLVED: gnat.dg/sso/q11.adb   -O1 -fno-inline  compilation failed to produce executable
UNRESOLVED: gnat.dg/sso/q11.adb   -O2  compilation failed to produce executable
UNRESOLVED: gnat.dg/sso/q11.adb   -O3 -finline-functions  compilation failed to produce executable
UNRESOLVED: gnat.dg/sso/q11.adb   -Os  compilation failed to produce executable
UNRESOLVED: gnat.dg/sso/q11.adb   -Og -g  compilation failed to produce executable
UNRESOLVED: gnat.dg/sso/q12.adb   -O0  compilation failed to produce executable
UNRESOLVED: gnat.dg/sso/q12.adb   -O1 -fno-inline  compilation failed to produce executable
UNRESOLVED: gnat.dg/sso/q12.adb   -O2  compilation failed to produce executable
UNRESOLVED: gnat.dg/sso/q12.adb   -O3 -finline-functions  compilation failed to produce executable
UNRESOLVED: gnat.dg/sso/q12.adb   -Os  compilation failed to produce executable
UNRESOLVED: gnat.dg/sso/q12.adb   -Og -g  compilation failed to produce executable
UNRESOLVED: gnat.dg/sso/q13.adb   -O0  compilation failed to produce executable
UNRESOLVED: gnat.dg/sso/q13.adb   -O1 -fno-inline  compilation failed to produce executable
UNRESOLVED: gnat.dg/sso/q13.adb   -O2  compilation failed to produce executable
UNRESOLVED: gnat.dg/sso/q13.adb   -O3 -finline-functions  compilation failed to produce executable
UNRESOLVED: gnat.dg/sso/q13.adb   -Os  compilation failed to produce executable
UNRESOLVED: gnat.dg/sso/q13.adb   -Og -g  compilation failed to produce executable
UNRESOLVED: gnat.dg/sso/q2.adb   -O0  compilation failed to produce executable
UNRESOLVED: gnat.dg/sso/q2.adb   -O1 -fno-inline  compilation failed to produce executable
UNRESOLVED: gnat.dg/sso/q2.adb   -O2  compilation failed to produce executable
UNRESOLVED: gnat.dg/sso/q2.adb   -O3 -finline-functions  compilation failed to produce executable
UNRESOLVED: gnat.dg/sso/q2.adb   -Os  compilation failed to produce executable
UNRESOLVED: gnat.dg/sso/q2.adb   -Og -g  compilation failed to produce executable
UNRESOLVED: gnat.dg/sso/q3.adb   -O0  compilation failed to produce executable
UNRESOLVED: gnat.dg/sso/q3.adb   -O1 -fno-inline  compilation failed to produce executable
UNRESOLVED: gnat.dg/sso/q3.adb   -O2  compilation failed to produce executable
UNRESOLVED: gnat.dg/sso/q3.adb   -O3 -finline-functions  compilation failed to produce executable
UNRESOLVED: gnat.dg/sso/q3.adb   -Os  compilation failed to produce executable
UNRESOLVED: gnat.dg/sso/q3.adb   -Og -g  compilation failed to produce executable
UNRESOLVED: gnat.dg/sso/q4.adb   -O0  compilation failed to produce executable
UNRESOLVED: gnat.dg/sso/q4.adb   -O1 -fno-inline  compilation failed to produce executable
UNRESOLVED: gnat.dg/sso/q4.adb   -O2  compilation failed to produce executable
UNRESOLVED: gnat.dg/sso/q4.adb   -O3 -finline-functions  compilation failed to produce executable
UNRESOLVED: gnat.dg/sso/q4.adb   -Os  compilation failed to produce executable
UNRESOLVED: gnat.dg/sso/q4.adb   -Og -g  compilation failed to produce executable
UNRESOLVED: gnat.dg/sso/q5.adb   -O0  compilation failed to produce executable
UNRESOLVED: gnat.dg/sso/q5.adb   -O1 -fno-inline  compilation failed to produce executable
UNRESOLVED: gnat.dg/sso/q5.adb   -O2  compilation failed to produce executable
UNRESOLVED: gnat.dg/sso/q5.adb   -O3 -finline-functions  compilation failed to produce executable
UNRESOLVED: gnat.dg/sso/q5.adb   -Os  compilation failed to produce executable
UNRESOLVED: gnat.dg/sso/q5.adb   -Og -g  compilation failed to produce executable
UNRESOLVED: gnat.dg/sso/q6.adb   -O0  compilation failed to produce executable
UNRESOLVED: gnat.dg/sso/q6.adb   -O1 -fno-inline  compilation failed to produce executable
UNRESOLVED: gnat.dg/sso/q6.adb   -O2  compilation failed to produce executable
UNRESOLVED: gnat.dg/sso/q6.adb   -O3 -finline-functions  compilation failed to produce executable
UNRESOLVED: gnat.dg/sso/q6.adb   -Os  compilation failed to produce executable
UNRESOLVED: gnat.dg/sso/q6.adb   -Og -g  compilation failed to produce executable
UNRESOLVED: gnat.dg/sso/q7.adb   -O0  compilation failed to produce executable
UNRESOLVED: gnat.dg/sso/q7.adb   -O1 -fno-inline  compilation failed to produce executable
UNRESOLVED: gnat.dg/sso/q7.adb   -O2  compilation failed to produce executable
UNRESOLVED: gnat.dg/sso/q7.adb   -O3 -finline-functions  compilation failed to produce executable
UNRESOLVED: gnat.dg/sso/q7.adb   -Os  compilation failed to produce executable
UNRESOLVED: gnat.dg/sso/q7.adb   -Og -g  compilation failed to produce executable
UNRESOLVED: gnat.dg/sso/q8.adb   -O0  compilation failed to produce executable
UNRESOLVED: gnat.dg/sso/q8.adb   -O1 -fno-inline  compilation failed to produce executable
UNRESOLVED: gnat.dg/sso/q8.adb   -O2  compilation failed to produce executable
UNRESOLVED: gnat.dg/sso/q8.adb   -O3 -finline-functions  compilation failed to produce executable
UNRESOLVED: gnat.dg/sso/q8.adb   -Os  compilation failed to produce executable
UNRESOLVED: gnat.dg/sso/q8.adb   -Og -g  compilation failed to produce executable
UNRESOLVED: gnat.dg/sso/q9.adb   -O0  compilation failed to produce executable
UNRESOLVED: gnat.dg/sso/q9.adb   -O1 -fno-inline  compilation failed to produce executable
UNRESOLVED: gnat.dg/sso/q9.adb   -O2  compilation failed to produce executable
UNRESOLVED: gnat.dg/sso/q9.adb   -O3 -finline-functions  compilation failed to produce executable
UNRESOLVED: gnat.dg/sso/q9.adb   -Os  compilation failed to produce executable
UNRESOLVED: gnat.dg/sso/q9.adb   -Og -g  compilation failed to produce executable
UNRESOLVED: gnat.dg/sso/r11.adb   -O0  compilation failed to produce executable
UNRESOLVED: gnat.dg/sso/r11.adb   -O1 -fno-inline  compilation failed to produce executable
UNRESOLVED: gnat.dg/sso/r11.adb   -O2  compilation failed to produce executable
UNRESOLVED: gnat.dg/sso/r11.adb   -O3 -finline-functions  compilation failed to produce executable
UNRESOLVED: gnat.dg/sso/r11.adb   -Os  compilation failed to produce executable
UNRESOLVED: gnat.dg/sso/r11.adb   -Og -g  compilation failed to produce executable
UNRESOLVED: gnat.dg/sso/r12.adb   -O0  compilation failed to produce executable
UNRESOLVED: gnat.dg/sso/r12.adb   -O1 -fno-inline  compilation failed to produce executable
UNRESOLVED: gnat.dg/sso/r12.adb   -O2  compilation failed to produce executable
UNRESOLVED: gnat.dg/sso/r12.adb   -O3 -finline-functions  compilation failed to produce executable
UNRESOLVED: gnat.dg/sso/r12.adb   -Os  compilation failed to produce executable
UNRESOLVED: gnat.dg/sso/r12.adb   -Og -g  compilation failed to produce executable
UNRESOLVED: gnat.dg/sso/r3.adb   -O0  compilation failed to produce executable
UNRESOLVED: gnat.dg/sso/r3.adb   -O1 -fno-inline  compilation failed to produce executable
UNRESOLVED: gnat.dg/sso/r3.adb   -O2  compilation failed to produce executable
UNRESOLVED: gnat.dg/sso/r3.adb   -O3 -finline-functions  compilation failed to produce executable
UNRESOLVED: gnat.dg/sso/r3.adb   -Os  compilation failed to produce executable
UNRESOLVED: gnat.dg/sso/r3.adb   -Og -g  compilation failed to produce executable
UNRESOLVED: gnat.dg/sso/r5.adb   -O0  compilation failed to produce executable
UNRESOLVED: gnat.dg/sso/r5.adb   -O1 -fno-inline  compilation failed to produce executable
UNRESOLVED: gnat.dg/sso/r5.adb   -O2  compilation failed to produce executable
UNRESOLVED: gnat.dg/sso/r5.adb   -O3 -finline-functions  compilation failed to produce executable
UNRESOLVED: gnat.dg/sso/r5.adb   -Os  compilation failed to produce executable
UNRESOLVED: gnat.dg/sso/r5.adb   -Og -g  compilation failed to produce executable
UNRESOLVED: gnat.dg/sso/r6.adb   -O0  compilation failed to produce executable
UNRESOLVED: gnat.dg/sso/r6.adb   -O1 -fno-inline  compilation failed to produce executable
UNRESOLVED: gnat.dg/sso/r6.adb   -O2  compilation failed to produce executable
UNRESOLVED: gnat.dg/sso/r6.adb   -O3 -finline-functions  compilation failed to produce executable
UNRESOLVED: gnat.dg/sso/r6.adb   -Os  compilation failed to produce executable
UNRESOLVED: gnat.dg/sso/r6.adb   -Og -g  compilation failed to produce executable
UNRESOLVED: gnat.dg/sso/r7.adb   -O0  compilation failed to produce executable
UNRESOLVED: gnat.dg/sso/r7.adb   -O1 -fno-inline  compilation failed to produce executable
UNRESOLVED: gnat.dg/sso/r7.adb   -O2  compilation failed to produce executable
UNRESOLVED: gnat.dg/sso/r7.adb   -O3 -finline-functions  compilation failed to produce executable
UNRESOLVED: gnat.dg/sso/r7.adb   -Os  compilation failed to produce executable
UNRESOLVED: gnat.dg/sso/r7.adb   -Og -g  compilation failed to produce executable
UNRESOLVED: gnat.dg/sso/r8.adb   -O0  compilation failed to produce executable
UNRESOLVED: gnat.dg/sso/r8.adb   -O1 -fno-inline  compilation failed to produce executable
UNRESOLVED: gnat.dg/sso/r8.adb   -O2  compilation failed to produce executable
UNRESOLVED: gnat.dg/sso/r8.adb   -O3 -finline-functions  compilation failed to produce executable
UNRESOLVED: gnat.dg/sso/r8.adb   -Os  compilation failed to produce executable
UNRESOLVED: gnat.dg/sso/r8.adb   -Og -g  compilation failed to produce executable
UNRESOLVED: gnat.dg/sso/s11.adb   -O0  compilation failed to produce executable
UNRESOLVED: gnat.dg/sso/s11.adb   -O1 -fno-inline  compilation failed to produce executable
UNRESOLVED: gnat.dg/sso/s11.adb   -O2  compilation failed to produce executable
UNRESOLVED: gnat.dg/sso/s11.adb   -O3 -finline-functions  compilation failed to produce executable
UNRESOLVED: gnat.dg/sso/s11.adb   -Os  compilation failed to produce executable
UNRESOLVED: gnat.dg/sso/s11.adb   -Og -g  compilation failed to produce executable
UNRESOLVED: gnat.dg/sso/s12.adb   -O0  compilation failed to produce executable
UNRESOLVED: gnat.dg/sso/s12.adb   -O1 -fno-inline  compilation failed to produce executable
UNRESOLVED: gnat.dg/sso/s12.adb   -O2  compilation failed to produce executable
UNRESOLVED: gnat.dg/sso/s12.adb   -O3 -finline-functions  compilation failed to produce executable
UNRESOLVED: gnat.dg/sso/s12.adb   -Os  compilation failed to produce executable
UNRESOLVED: gnat.dg/sso/s12.adb   -Og -g  compilation failed to produce executable
UNRESOLVED: gnat.dg/sso/s3.adb   -O0  compilation failed to produce executable
UNRESOLVED: gnat.dg/sso/s3.adb   -O1 -fno-inline  compilation failed to produce executable
UNRESOLVED: gnat.dg/sso/s3.adb   -O2  compilation failed to produce executable
UNRESOLVED: gnat.dg/sso/s3.adb   -O3 -finline-functions  compilation failed to produce executable
UNRESOLVED: gnat.dg/sso/s3.adb   -Os  compilation failed to produce executable
UNRESOLVED: gnat.dg/sso/s3.adb   -Og -g  compilation failed to produce executable
UNRESOLVED: gnat.dg/sso/s5.adb   -O0  compilation failed to produce executable
UNRESOLVED: gnat.dg/sso/s5.adb   -O1 -fno-inline  compilation failed to produce executable
UNRESOLVED: gnat.dg/sso/s5.adb   -O2  compilation failed to produce executable
UNRESOLVED: gnat.dg/sso/s5.adb   -O3 -finline-functions  compilation failed to produce executable
UNRESOLVED: gnat.dg/sso/s5.adb   -Os  compilation failed to produce executable
UNRESOLVED: gnat.dg/sso/s5.adb   -Og -g  compilation failed to produce executable
UNRESOLVED: gnat.dg/sso/s6.adb   -O0  compilation failed to produce executable
UNRESOLVED: gnat.dg/sso/s6.adb   -O1 -fno-inline  compilation failed to produce executable
UNRESOLVED: gnat.dg/sso/s6.adb   -O2  compilation failed to produce executable
UNRESOLVED: gnat.dg/sso/s6.adb   -O3 -finline-functions  compilation failed to produce executable
UNRESOLVED: gnat.dg/sso/s6.adb   -Os  compilation failed to produce executable
UNRESOLVED: gnat.dg/sso/s6.adb   -Og -g  compilation failed to produce executable
UNRESOLVED: gnat.dg/sso/s7.adb   -O0  compilation failed to produce executable
UNRESOLVED: gnat.dg/sso/s7.adb   -O1 -fno-inline  compilation failed to produce executable
UNRESOLVED: gnat.dg/sso/s7.adb   -O2  compilation failed to produce executable
UNRESOLVED: gnat.dg/sso/s7.adb   -O3 -finline-functions  compilation failed to produce executable
UNRESOLVED: gnat.dg/sso/s7.adb   -Os  compilation failed to produce executable
UNRESOLVED: gnat.dg/sso/s7.adb   -Og -g  compilation failed to produce executable
UNRESOLVED: gnat.dg/sso/s8.adb   -O0  compilation failed to produce executable
UNRESOLVED: gnat.dg/sso/s8.adb   -O1 -fno-inline  compilation failed to produce executable
UNRESOLVED: gnat.dg/sso/s8.adb   -O2  compilation failed to produce executable
UNRESOLVED: gnat.dg/sso/s8.adb   -O3 -finline-functions  compilation failed to produce executable
UNRESOLVED: gnat.dg/sso/s8.adb   -Os  compilation failed to produce executable
UNRESOLVED: gnat.dg/sso/s8.adb   -Og -g  compilation failed to produce executable
UNRESOLVED: gnat.dg/sso/t1.adb   -O0  compilation failed to produce executable
UNRESOLVED: gnat.dg/sso/t1.adb   -O1 -fno-inline  compilation failed to produce executable
UNRESOLVED: gnat.dg/sso/t1.adb   -O2  compilation failed to produce executable
UNRESOLVED: gnat.dg/sso/t1.adb   -O3 -finline-functions  compilation failed to produce executable
UNRESOLVED: gnat.dg/sso/t1.adb   -Os  compilation failed to produce executable
UNRESOLVED: gnat.dg/sso/t1.adb   -Og -g  compilation failed to produce executable
UNRESOLVED: gnat.dg/sso/t10.adb   -O0  compilation failed to produce executable
UNRESOLVED: gnat.dg/sso/t10.adb   -O1 -fno-inline  compilation failed to produce executable
UNRESOLVED: gnat.dg/sso/t10.adb   -O2  compilation failed to produce executable
UNRESOLVED: gnat.dg/sso/t10.adb   -O3 -finline-functions  compilation failed to produce executable
UNRESOLVED: gnat.dg/sso/t10.adb   -Os  compilation failed to produce executable
UNRESOLVED: gnat.dg/sso/t10.adb   -Og -g  compilation failed to produce executable
UNRESOLVED: gnat.dg/sso/t11.adb   -O0  compilation failed to produce executable
UNRESOLVED: gnat.dg/sso/t11.adb   -O1 -fno-inline  compilation failed to produce executable
UNRESOLVED: gnat.dg/sso/t11.adb   -O2  compilation failed to produce executable
UNRESOLVED: gnat.dg/sso/t11.adb   -O3 -finline-functions  compilation failed to produce executable
UNRESOLVED: gnat.dg/sso/t11.adb   -Os  compilation failed to produce executable
UNRESOLVED: gnat.dg/sso/t11.adb   -Og -g  compilation failed to produce executable
UNRESOLVED: gnat.dg/sso/t12.adb   -O0  compilation failed to produce executable
UNRESOLVED: gnat.dg/sso/t12.adb   -O1 -fno-inline  compilation failed to produce executable
UNRESOLVED: gnat.dg/sso/t12.adb   -O2  compilation failed to produce executable
UNRESOLVED: gnat.dg/sso/t12.adb   -O3 -finline-functions  compilation failed to produce executable
UNRESOLVED: gnat.dg/sso/t12.adb   -Os  compilation failed to produce executable
UNRESOLVED: gnat.dg/sso/t12.adb   -Og -g  compilation failed to produce executable
UNRESOLVED: gnat.dg/sso/t13.adb   -O0  compilation failed to produce executable
UNRESOLVED: gnat.dg/sso/t13.adb   -O1 -fno-inline  compilation failed to produce executable
UNRESOLVED: gnat.dg/sso/t13.adb   -O2  compilation failed to produce executable
UNRESOLVED: gnat.dg/sso/t13.adb   -O3 -finline-functions  compilation failed to produce executable
UNRESOLVED: gnat.dg/sso/t13.adb   -Os  compilation failed to produce executable
UNRESOLVED: gnat.dg/sso/t13.adb   -Og -g  compilation failed to produce executable
UNRESOLVED: gnat.dg/sso/t2.adb   -O0  compilation failed to produce executable
UNRESOLVED: gnat.dg/sso/t2.adb   -O1 -fno-inline  compilation failed to produce executable
UNRESOLVED: gnat.dg/sso/t2.adb   -O2  compilation failed to produce executable
UNRESOLVED: gnat.dg/sso/t2.adb   -O3 -finline-functions  compilation failed to produce executable
UNRESOLVED: gnat.dg/sso/t2.adb   -Os  compilation failed to produce executable
UNRESOLVED: gnat.dg/sso/t2.adb   -Og -g  compilation failed to produce executable
UNRESOLVED: gnat.dg/sso/t3.adb   -O0  compilation failed to produce executable
UNRESOLVED: gnat.dg/sso/t3.adb   -O1 -fno-inline  compilation failed to produce executable
UNRESOLVED: gnat.dg/sso/t3.adb   -O2  compilation failed to produce executable
UNRESOLVED: gnat.dg/sso/t3.adb   -O3 -finline-functions  compilation failed to produce executable
UNRESOLVED: gnat.dg/sso/t3.adb   -Os  compilation failed to produce executable
UNRESOLVED: gnat.dg/sso/t3.adb   -Og -g  compilation failed to produce executable
UNRESOLVED: gnat.dg/sso/t4.adb   -O0  compilation failed to produce executable
UNRESOLVED: gnat.dg/sso/t4.adb   -O1 -fno-inline  compilation failed to produce executable
UNRESOLVED: gnat.dg/sso/t4.adb   -O2  compilation failed to produce executable
UNRESOLVED: gnat.dg/sso/t4.adb   -O3 -finline-functions  compilation failed to produce executable
UNRESOLVED: gnat.dg/sso/t4.adb   -Os  compilation failed to produce executable
UNRESOLVED: gnat.dg/sso/t4.adb   -Og -g  compilation failed to produce executable
UNRESOLVED: gnat.dg/sso/t5.adb   -O0  compilation failed to produce executable
UNRESOLVED: gnat.dg/sso/t5.adb   -O1 -fno-inline  compilation failed to produce executable
UNRESOLVED: gnat.dg/sso/t5.adb   -O2  compilation failed to produce executable
UNRESOLVED: gnat.dg/sso/t5.adb   -O3 -finline-functions  compilation failed to produce executable
UNRESOLVED: gnat.dg/sso/t5.adb   -Os  compilation failed to produce executable
UNRESOLVED: gnat.dg/sso/t5.adb   -Og -g  compilation failed to produce executable
UNRESOLVED: gnat.dg/sso/t6.adb   -O0  compilation failed to produce executable
UNRESOLVED: gnat.dg/sso/t6.adb   -O1 -fno-inline  compilation failed to produce executable
UNRESOLVED: gnat.dg/sso/t6.adb   -O2  compilation failed to produce executable
UNRESOLVED: gnat.dg/sso/t6.adb   -O3 -finline-functions  compilation failed to produce executable
UNRESOLVED: gnat.dg/sso/t6.adb   -Os  compilation failed to produce executable
UNRESOLVED: gnat.dg/sso/t6.adb   -Og -g  compilation failed to produce executable
UNRESOLVED: gnat.dg/sso/t7.adb   -O0  compilation failed to produce executable
UNRESOLVED: gnat.dg/sso/t7.adb   -O1 -fno-inline  compilation failed to produce executable
UNRESOLVED: gnat.dg/sso/t7.adb   -O2  compilation failed to produce executable
UNRESOLVED: gnat.dg/sso/t7.adb   -O3 -finline-functions  compilation failed to produce executable
UNRESOLVED: gnat.dg/sso/t7.adb   -Os  compilation failed to produce executable
UNRESOLVED: gnat.dg/sso/t7.adb   -Og -g  compilation failed to produce executable
UNRESOLVED: gnat.dg/sso/t8.adb   -O0  compilation failed to produce executable
UNRESOLVED: gnat.dg/sso/t8.adb   -O1 -fno-inline  compilation failed to produce executable
UNRESOLVED: gnat.dg/sso/t8.adb   -O2  compilation failed to produce executable
UNRESOLVED: gnat.dg/sso/t8.adb   -O3 -finline-functions  compilation failed to produce executable
UNRESOLVED: gnat.dg/sso/t8.adb   -Os  compilation failed to produce executable
UNRESOLVED: gnat.dg/sso/t8.adb   -Og -g  compilation failed to produce executable
UNRESOLVED: gnat.dg/sso/t9.adb   -O0  compilation failed to produce executable
UNRESOLVED: gnat.dg/sso/t9.adb   -O1 -fno-inline  compilation failed to produce executable
UNRESOLVED: gnat.dg/sso/t9.adb   -O2  compilation failed to produce executable
UNRESOLVED: gnat.dg/sso/t9.adb   -O3 -finline-functions  compilation failed to produce executable
UNRESOLVED: gnat.dg/sso/t9.adb   -Os  compilation failed to produce executable
UNRESOLVED: gnat.dg/sso/t9.adb   -Og -g  compilation failed to produce executable
UNRESOLVED: gnat.dg/sso/u11.adb   -O0  compilation failed to produce executable
UNRESOLVED: gnat.dg/sso/u11.adb   -O1 -fno-inline  compilation failed to produce executable
UNRESOLVED: gnat.dg/sso/u11.adb   -O2  compilation failed to produce executable
UNRESOLVED: gnat.dg/sso/u11.adb   -O3 -finline-functions  compilation failed to produce executable
UNRESOLVED: gnat.dg/sso/u11.adb   -Os  compilation failed to produce executable
UNRESOLVED: gnat.dg/sso/u11.adb   -Og -g  compilation failed to produce executable
UNRESOLVED: gnat.dg/sso/u5.adb   -O0  compilation failed to produce executable
UNRESOLVED: gnat.dg/sso/u5.adb   -O1 -fno-inline  compilation failed to produce executable
UNRESOLVED: gnat.dg/sso/u5.adb   -O2  compilation failed to produce executable
UNRESOLVED: gnat.dg/sso/u5.adb   -O3 -finline-functions  compilation failed to produce executable
UNRESOLVED: gnat.dg/sso/u5.adb   -Os  compilation failed to produce executable
UNRESOLVED: gnat.dg/sso/u5.adb   -Og -g  compilation failed to produce executable
UNRESOLVED: gnat.dg/sso/u6.adb   -O0  compilation failed to produce executable
UNRESOLVED: gnat.dg/sso/u6.adb   -O1 -fno-inline  compilation failed to produce executable
UNRESOLVED: gnat.dg/sso/u6.adb   -O2  compilation failed to produce executable
UNRESOLVED: gnat.dg/sso/u6.adb   -O3 -finline-functions  compilation failed to produce executable
UNRESOLVED: gnat.dg/sso/u6.adb   -Os  compilation failed to produce executable
UNRESOLVED: gnat.dg/sso/u6.adb   -Og -g  compilation failed to produce executable

		=== gnat Summary for unix/-fstack-protector ===

# of expected passes		1285
# of unexpected failures	93
# of unexpected successes	22
# of unresolved testcases	785
# of unsupported tests		4

		=== gnat Summary ===

# of expected passes		2570
# of unexpected failures	186
# of unexpected successes	44
# of unresolved testcases	1570
# of unsupported tests		8
		=== obj-c++ tests ===


Running target unix

		=== obj-c++ Summary for unix ===

# of expected passes		1454
# of expected failures		2
# of unsupported tests		77

Running target unix/-fstack-protector

		=== obj-c++ Summary for unix/-fstack-protector ===

# of expected passes		1454
# of expected failures		2
# of unsupported tests		77

		=== obj-c++ Summary ===

# of expected passes		2908
# of expected failures		4
# of unsupported tests		154
/build/gcc-6-F0V_2M/gcc-6-6.1.1/build/gcc/xg++  version 6.1.1 20160620 (Debian 6.1.1-7) 

		=== objc tests ===


Running target unix

		=== objc Summary for unix ===

# of expected passes		2783
# of expected failures		6
# of unsupported tests		68

Running target unix/-fstack-protector

		=== objc Summary for unix/-fstack-protector ===

# of expected passes		2783
# of expected failures		6
# of unsupported tests		68

		=== objc Summary ===

# of expected passes		5566
# of expected failures		12
# of unsupported tests		136
/build/gcc-6-F0V_2M/gcc-6-6.1.1/build/gcc/xgcc  version 6.1.1 20160620 (Debian 6.1.1-7) 

		=== boehm-gc tests ===


Running target unix

		=== boehm-gc Summary for unix ===

# of expected passes		12
# of unsupported tests		1

Running target unix/-fstack-protector

		=== boehm-gc Summary for unix/-fstack-protector ===

# of expected passes		12
# of unsupported tests		1

		=== boehm-gc Summary ===

# of expected passes		24
# of unsupported tests		2
		=== libatomic tests ===


Running target unix

		=== libatomic Summary for unix ===

# of expected passes		44
# of unsupported tests		5

Running target unix/-fstack-protector

		=== libatomic Summary for unix/-fstack-protector ===

# of expected passes		44
# of unsupported tests		5

		=== libatomic Summary ===

# of expected passes		88
# of unsupported tests		10
		=== libffi tests ===


Running target unix

		=== libffi Summary for unix ===

# of expected passes		2799

Running target unix/-fstack-protector

		=== libffi Summary for unix/-fstack-protector ===

# of expected passes		2799

		=== libffi Summary ===

# of expected passes		5598
		=== libgomp tests ===


Running target unix
FAIL: libgomp.fortran/lib1.f90   -O2  execution test
FAIL: libgomp.fortran/lib1.f90   -O3 -fomit-frame-pointer -funroll-loops -fpeel-loops -ftracer -finline-functions  execution test
FAIL: libgomp.fortran/lib2.f   -O2  execution test
FAIL: libgomp.fortran/lib2.f   -Os  execution test
FAIL: libgomp.fortran/lib3.f   -O2  execution test
FAIL: libgomp.fortran/lib3.f   -O3 -fomit-frame-pointer -funroll-loops -fpeel-loops -ftracer -finline-functions  execution test
FAIL: libgomp.fortran/lib3.f   -O3 -g  execution test
FAIL: libgomp.fortran/lib3.f   -Os  execution test

		=== libgomp Summary for unix ===

# of expected passes		5116
# of unexpected failures	8
# of unsupported tests		271

Running target unix/-fstack-protector
FAIL: libgomp.c/lib-1.c execution test
FAIL: libgomp.fortran/lib1.f90   -O2  execution test
FAIL: libgomp.fortran/lib1.f90   -O3 -fomit-frame-pointer -funroll-loops -fpeel-loops -ftracer -finline-functions  execution test
FAIL: libgomp.fortran/lib1.f90   -O3 -g  execution test
FAIL: libgomp.fortran/lib1.f90   -Os  execution test
FAIL: libgomp.fortran/lib2.f   -O1  execution test
FAIL: libgomp.fortran/lib2.f   -O2  execution test
FAIL: libgomp.fortran/lib2.f   -O3 -g  execution test
FAIL: libgomp.fortran/lib3.f   -O2  execution test
FAIL: libgomp.fortran/lib3.f   -O3 -fomit-frame-pointer -funroll-loops -fpeel-loops -ftracer -finline-functions  execution test
FAIL: libgomp.fortran/lib3.f   -Os  execution test

		=== libgomp Summary for unix/-fstack-protector ===

# of expected passes		5113
# of unexpected failures	11
# of unsupported tests		271

		=== libgomp Summary ===

# of expected passes		10229
# of unexpected failures	19
# of unsupported tests		542
		=== libjava tests ===


Running target unix
		=== libstdc++ tests ===


Running target unix
FAIL: 17_intro/freestanding.cc (test for excess errors)
UNRESOLVED: 17_intro/freestanding.cc compilation failed to produce executable
FAIL: 22_locale/time_get/get_date/wchar_t/4.cc execution test
FAIL: 27_io/basic_filebuf/close/char/4879.cc execution test
FAIL: 27_io/basic_filebuf/close/char/9964.cc execution test
FAIL: 27_io/basic_filebuf/imbue/char/13171-2.cc execution test
FAIL: 27_io/basic_filebuf/imbue/wchar_t/14975-2.cc execution test
FAIL: 27_io/basic_filebuf/seekoff/char/26777.cc execution test
WARNING: program timed out.
FAIL: 27_io/basic_filebuf/showmanyc/char/9533-1.cc execution test
FAIL: 27_io/basic_filebuf/underflow/char/10097.cc execution test
FAIL: 27_io/basic_ios/copyfmt/char/1.cc execution test
FAIL: 27_io/basic_ios/exceptions/char/1.cc execution test
FAIL: 27_io/basic_istream/extractors_arithmetic/char/exceptions_failbit.cc execution test
FAIL: 27_io/basic_istream/extractors_arithmetic/wchar_t/exceptions_failbit.cc execution test
FAIL: 27_io/basic_istream/extractors_other/char/exceptions_null.cc execution test
FAIL: 27_io/basic_istream/extractors_other/wchar_t/exceptions_null.cc execution test
FAIL: 27_io/basic_istream/sentry/char/12297.cc execution test
FAIL: 27_io/basic_istream/sentry/wchar_t/12297.cc execution test
FAIL: 27_io/basic_ostream/inserters_other/char/exceptions_null.cc execution test
FAIL: 27_io/basic_ostream/inserters_other/wchar_t/exceptions_null.cc execution test
FAIL: 27_io/ios_base/storage/2.cc execution test
FAIL: 27_io/objects/char/7.cc execution test
FAIL: 27_io/objects/char/9661-1.cc execution test
FAIL: 27_io/objects/wchar_t/7.cc execution test
FAIL: 27_io/objects/wchar_t/9661-1.cc execution test
WARNING: program timed out.
FAIL: 30_threads/async/forced_unwind.cc execution test
WARNING: program timed out.
FAIL: 30_threads/condition_variable/members/3.cc execution test
WARNING: program timed out.
FAIL: 30_threads/packaged_task/forced_unwind.cc execution test
FAIL: 30_threads/this_thread/60421.cc execution test
WARNING: program timed out.
FAIL: 30_threads/thread/native_handle/cancel.cc execution test
FAIL: abi/cxx_runtime_only_linkage.cc (test for excess errors)

		=== libstdc++ Summary for unix ===

# of expected passes		11161
# of unexpected failures	30
# of expected failures		67
# of unresolved testcases	1
# of unsupported tests		273

Running target unix/-fstack-protector
UNRESOLVED: 17_intro/freestanding.cc compilation failed to produce executable
FAIL: 22_locale/time_get/get_date/wchar_t/4.cc execution test
FAIL: 27_io/basic_filebuf/close/char/4879.cc execution test
FAIL: 27_io/basic_filebuf/close/char/9964.cc execution test
FAIL: 27_io/basic_filebuf/imbue/char/13171-2.cc execution test
FAIL: 27_io/basic_filebuf/imbue/wchar_t/14975-2.cc execution test
FAIL: 27_io/basic_filebuf/seekoff/char/26777.cc execution test
WARNING: program timed out.
FAIL: 27_io/basic_filebuf/showmanyc/char/9533-1.cc execution test
FAIL: 27_io/basic_filebuf/underflow/char/10097.cc execution test
FAIL: 27_io/basic_ios/copyfmt/char/1.cc execution test
FAIL: 27_io/basic_ios/exceptions/char/1.cc execution test
FAIL: 27_io/basic_istream/extractors_arithmetic/char/exceptions_failbit.cc execution test
FAIL: 27_io/basic_istream/extractors_arithmetic/wchar_t/exceptions_failbit.cc execution test
FAIL: 27_io/basic_istream/extractors_other/char/exceptions_null.cc execution test
FAIL: 27_io/basic_istream/extractors_other/wchar_t/exceptions_null.cc execution test
FAIL: 27_io/basic_istream/sentry/char/12297.cc execution test
FAIL: 27_io/basic_istream/sentry/wchar_t/12297.cc execution test
FAIL: 27_io/basic_ostream/inserters_other/char/exceptions_null.cc execution test
FAIL: 27_io/basic_ostream/inserters_other/wchar_t/exceptions_null.cc execution test
FAIL: 27_io/ios_base/storage/2.cc execution test
FAIL: 27_io/objects/char/7.cc execution test
FAIL: 27_io/objects/char/9661-1.cc execution test
FAIL: 27_io/objects/wchar_t/7.cc execution test
FAIL: 27_io/objects/wchar_t/9661-1.cc execution test
WARNING: program timed out.
FAIL: 30_threads/async/forced_unwind.cc execution test
WARNING: program timed out.
FAIL: 30_threads/condition_variable/members/3.cc execution test
WARNING: program timed out.
FAIL: 30_threads/packaged_task/forced_unwind.cc execution test
FAIL: 30_threads/this_thread/60421.cc execution test
WARNING: program timed out.
FAIL: 30_threads/thread/native_handle/cancel.cc execution test

		=== libstdc++ Summary for unix/-fstack-protector ===

# of expected passes		4914
# of unexpected failures	28
# of expected failures		63
# of unresolved testcases	1
# of unsupported tests		273

		=== libstdc++ Summary ===

# of expected passes		16075
# of unexpected failures	58
# of expected failures		130
# of unresolved testcases	2
# of unsupported tests		546

Compiler version: 6.1.1 20160620 (Debian 6.1.1-7) 
Platform: i686-pc-gnu
configure flags: -v --with-pkgversion='Debian 6.1.1-7' --with-bugurl=file:///usr/share/doc/gcc-6/README.Bugs --enable-languages=c,ada,c++,java,d,fortran,objc,obj-c++ --prefix=/usr --program-suffix=-6 --enable-shared --enable-linker-build-id --libexecdir=/usr/lib --without-included-gettext --enable-threads=posix --libdir=/usr/lib --enable-nls --with-sysroot=/ --enable-clocale=gnu --enable-libstdcxx-debug --enable-libstdcxx-time=yes --with-default-libstdcxx-abi=new --disable-libitm --disable-libsanitizer --enable-plugin --with-system-zlib --disable-browser-plugin --enable-java-awt=gtk --enable-gtk-cairo --with-java-home=/usr/lib/jvm/java-1.5.0-gcj-6-hurd-i386/jre --enable-java-home --with-jvm-root-dir=/usr/lib/jvm/java-1.5.0-gcj-6-hurd-i386 --with-jvm-jar-dir=/usr/lib/jvm-exports/java-1.5.0-gcj-6-hurd-i386 --with-arch-directory=i386 --with-ecj-jar=/usr/share/java/eclipse-ecj.jar --enable-multiarch --with-arch=i586 --with-tune=generic --enable-checking=release --build=i686-gnu --host=i686-gnu --target=i686-gnu
BOOT_CFLAGS=


Build Dependencies:
Desired=Unknown/Install/Remove/Purge/Hold
| Status=Not/Inst/Conf-files/Unpacked/halF-conf/Half-inst/trig-aWait/Trig-pend
|/ Err?=(none)/Reinst-required (Status,Err: uppercase=bad)
||/ Name                      Version        Architecture Description
+++-=========================-==============-============-===============================================================================
ii  binutils                  2.26-11        hurd-i386    GNU assembler, linker and binary utilities
ii  g++-5                     5.4.0-4        hurd-i386    GNU C++ compiler
ii  libc0.3:hurd-i386         2.22-12        hurd-i386    GNU C Library: Shared libraries
ii  libgmp-dev:hurd-i386      2:6.1.0+dfsg-2 hurd-i386    Multiprecision arithmetic library developers tools
ii  libisl-dev:hurd-i386      0.17.1-1       hurd-i386    manipulating sets and relations of integer points bounded by linear constraints
ii  libmpc-dev:hurd-i386      1.0.3-1        hurd-i386    multiple precision complex floating-point library development package
ii  libmpfr-dev:hurd-i386     3.1.4-2        hurd-i386    multiple precision floating-point computation developers tools


svn-updates:
  updates from the 6 branch upto 20160620 (r237590).

gcc-gfdl-build:
  Build a dummy s-tm-texi without access to the texinfo sources

gcc-textdomain:
  Set gettext's domain and textdomain to the versioned package name.

gcc-driver-extra-langs:
  Add options and specs for languages that are not built from a source
  (but built from separate sources).

gcc-hash-style-gnu:
  Link using --hash-style=gnu (aarch64, alpha, amd64, armel, armhf, ia64,
  i386, powerpc, ppc64, s390, sparc)

libstdc++-pic:
  Build and install libstdc++_pic.a library.

libstdc++-doclink:
  adjust hrefs to point to the local documentation

libstdc++-man-3cxx:
  Install libstdc++ man pages with suffix .3cxx instead of .3

libstdc++-test-installed:
  Add support to run the libstdc++-v3 testsuite using the
  installed shared libraries.

libjava-stacktrace:
  libgcj: Lookup source file name and line number in separated
  debug files found in /usr/lib/debug

libjava-jnipath:
  - Add /usr/lib/jni and /usr/lib/<multiarch>/jni to java.library.path.
  - When running the i386 binaries on amd64, look in
  - /usr/lib32/gcj-x.y and /usr/lib32/jni instead.

libjava-sjlj:
  Don't try to use _Unwind_Backtrace on SJLJ targets.
  See bug #387875, #388505, GCC PR 29206.

libjava-disable-plugin:
  Don't build the gcjwebplugin, even when configured with --enable-plugin

alpha-no-ev4-directive:
  never emit .ev4 directive.

boehm-gc-getnprocs:
  boehm-gc/pthread_support.c (GC_get_nprocs): Use sysconf as fallback.

note-gnu-stack:
  Add .note.GNU-stack sections for gcc's crt files, libffi and boehm-gc
  Taken from FC.

libgomp-omp_h-multilib:
  Fix up omp.h for multilibs.

sparc-force-cpu:
  On sparc default to ultrasparc (v9a) in 32bit mode

gccgo-version:
  Omit the subminor number from the go libdir

pr47818:
  Fix PR ada/47818: Pragma Assert is rejected with No_Implementation_Pragmas restriction.

gcc-base-version:
  Set base version to 5, introduce full version 5.x.y.

libgo-testsuite:
  Only run the libgo testsuite for flags configured in RUNTESTFLAGS

gcc-target-include-asm:
  Search \$(builddir)/sys-include for the asm header files

libgo-revert-timeout-exp:

libgo-setcontext-config:
  libgo: Overwrite the setcontext_clobbers_tls check on mips*

gcc-auto-build:
  Fix cross building a native compiler.

kfreebsd-unwind:
  DWARF2 EH unwinding support for AMD x86-64 and x86 KFreeBSD.

libitm-no-fortify-source:
  Build libitm with -U_FORTIFY_SOURCE on x86 and x86_64.

sparc64-biarch-long-double-128:
  Fix --with-long-double-128 for sparc32 when defaulting to 64-bit.

gcc-ia64-bootstrap-ignore:
  Ignore bootstrap comparison failure on ia64. Filed upstream as
  PR middle-end/65874.

gotools-configury:
  Fix gotools cross build.

pr66368:
  PR go/66368, build libgo with -fno-stack-protector

pr67590:
  Fix PR67590, setting objdump macro.

ada-gnattools-ldflags:
  Link gnat tools with the defaults LDFLAGS

libjit-ldflags:

gccgo-test-linking:
  cmd/go: deduplicate gccgo afiles by package path, not *Package.

gcc-SOURCE_DATE_EPOCH:
  Allow embedded timestamps by C/C++ macros to be set externally

gcc-SOURCE_DATE_EPOCH-2:

cmd-go-combine-gccgo-s-ld-and-ldShared-methods:
  cmd/go: combine gccgo's ld() and ldShared() methods

libstdc++-functexcept:
  PR libstdc++/66145, std::ios_base::failure objects thrown from libstdc++.so use old ABI
  Just build src/c++11/functexcept.cc using the new ABI. It will break
  code, which will be handled in the archive by adding Breaks for the
  affected packages.  Third party code using such code will need a rebuild.

ada-arm:

ada-kfreebsd:
  add support for GNU/kFreeBSD.

ada-revert-pr63225:
  Revert the changes made to allow bootstrapping with -fno-inline.
  We allow inlining during bootstrap and this change breaks aliversion compatibility
  with earlier uploads of libgnatvsn5.  This patch shall be removed in the next
  major version of GNAT.

ada-driver-check:
  Simplify Ada driver check (we always build using the required
  Ada version. Needed for warnings on alpha.

ada-gcc-name:
  use gcc-6 instead of gcc as the command name.

ada-default-project-path:
  - Change the default search path for project files to the one specified
  by the Debian Policy for Ada: /usr/share/ada/adainclude.

ada-library-project-files-soname:
  - in project files, use the exact Library_Version provided, if any, as
  the soname of libraries; do not strip minor version numbers
  (PR ada/40025).

ada-link-lib:
  - Install the shared Ada libraries as '.so.1', not '.so' to conform
  to the Debian policy.
  - Don't include a runtime link path (-rpath), when linking binaries.
  - Build the shared libraries on hppa-linux.
  - Instead of building libada as a target library only, build it as
  both a host and, if different, target library.
  - Build the GNAT tools in their top-level directory; do not use
  recursive makefiles.
  - Link the GNAT tools dynamically.

ada-libgnatvsn:
  - Introduce a new shared library named libgnatvsn, containing
  common components of GNAT under the GNAT-Modified GPL, for
  use in GNAT tools, ASIS, GLADE and GPS.   Link the gnat tools
  against this new library.

ada-libgnatprj:
  - Introduce a new shared library named libgnatprj, containing
  the GNAT project file manager licensed under the pure GPL, for
  use in GNAT tools, GLADE and GPS.  Link the GNAT tools against
  this new library.

ada-gnattools-cross:
  - When building the native gnat, link the gnat tools against
  the build tree (build/\$(host_alias)/{libgnatvsn,libgnatprj}.)
  - When building a cross gnat, link against the libgnatvsn-6-dev
  and libgnatprj-6-dev packages.
  This link will be done by /usr/bin/\$(host_alias)-gnat*, thus
  the native gnat with the same major version will be required.

ada-acats:
  - When running the ACATS, look for the gnat tools in their new
  directory (build/gnattools), and for the shared libraries in
  build/gcc/ada/rts, build/libgnatvsn and build/libgnatprj.

libgnatprj-cross-hack:

ada-sjlj:

ada-link-shlib:
  In gnatlink, pass the options and libraries after objects to the
  linker to avoid link failures with --as-needed. Closes: #680292.

gdc-6:
  This implements D language support in the GCC back end, and adds
  relevant documentation about the GDC front end (code part).

gdc-updates:
  gdc updates up to 20160115.

gdc-versym-cpu:
  Implements D CPU version conditions.

gdc-versym-os:
  Implements D OS version conditions.

gdc-frontend-posix:
  Fix build of the D frontend on the Hurd and KFreeBSD.

gdc-base-version:
  Use the GCC base version for the D include dir name

gdc-profiledbuild:
  Don't build gdc build tools idgen and impcnvgen with profiling flags

gdc-texinfo:
  Add macros for the gdc texinfo documentation.

gdc-driver-nophobos:
  Modify gdc driver to have no libphobos by default.

disable-gdc-tests:
  Disable D tests, hang on many buildds

sys-auxv-header:
  Check for the sys/auxv.h header file.

libcilkrts-targets:
  Disable libcilkrts on KFreeBSD and the Hurd. See #734973.

arm-multilib-defaults:
  Set MULTILIB_DEFAULTS for ARM multilib builds

hurd-changes:
  Traditional GNU systems don't have a /usr directory.  However, Debian
  systems do, and we support both having a /usr -> . symlink, and having a
  /usr directory like the other ports.  So this patch should NOT go
  upstream.

gcc-ice-dump:
  For ICEs, dump the preprocessed source file to stderr
  when in a distro build environment.

gcc-ice-apport:
  Report an ICE to apport (if apport is available
  and the environment variable GCC_NOAPPORT is not set)

skip-bootstrap-multilib:
  Skip non-default multilib and libstdc++-v3 debug builds in bootstrap builds

libjava-fixed-symlinks:
  Remove unneed '..' elements from symlinks in JAVA_HOME

libffi-ro-eh_frame_sect:
  PR libffi/47248, force a read only eh frame section.

pr67899:
  Proposed patch for PR sanitizer/67899

gcc-multiarch:
  - Remaining multiarch patches, not yet submitted upstream.
  - Add MULTIARCH_DIRNAME definitions for multilib configurations,
  which are used for the non-multilib builds.

libjava-multiarch:
  Install libjava libraries to multiarch location

libjava-nobiarch-check:
  For biarch builds, disable the testsuite for the non-default architecture
  for runtime libraries, which are not built by default (libjava).

config-ml:
  - Disable some biarch libraries for biarch builds.
  - Fix multilib builds on kernels which don't support all multilibs.

g++-multiarch-incdir:
  Use /usr/include/<multiarch>/c++/4.x as the include directory
  for host dependent c++ header files.

canonical-cpppath:
  Don't use any relative path names for the standard include paths.

gcc-multilib-multiarch:
  Don't auto-detect multilib osdirnames.

libgomp-kfreebsd-testsuite:
  Disable lock-2.c test on kfreebsd-*

go-testsuite:
  Skip Go testcase on AArch64 which hangs on the buildds.

ada-749574:

ada-mips:
  Improve support for mips.

ada-bootstrap-compare:
  For the bootstrap comparison, ignore gcc/ada/a-except.o on
  mips and mipsel. See PR ada/65618.

Counting all warnings,
there are 0 warnings in stage3 of this bootstrap.

Number of warnings per file:

Number of warning types:


Index Nav: [Date Index] [Subject Index] [Author Index] [Thread Index]
Message Nav: [Date Prev] [Date Next] [Thread Prev] [Thread Next]