This is the mail archive of the gcc-testresults@gcc.gnu.org mailing list for the GCC project.


Index Nav: [Date Index] [Subject Index] [Author Index] [Thread Index]
Message Nav: [Date Prev] [Date Next] [Thread Prev] [Thread Next]
Other format: [Raw text]

Results for 6.1.1 20160620 [gcc-6-branch revision 237592] (GCC) testsuite on i386-pc-solaris2.12


LAST_UPDATED: Tue Jun 21 00:09:27  2016 (revision 237592)

		=== acats tests ===

		=== acats Summary ===
# of expected passes		2320
# of unexpected failures	0
Native configuration is i386-pc-solaris2.12

		=== g++ tests ===


Running target unix

		=== g++ Summary for unix ===

# of expected passes		96567
# of expected failures		320
# of unsupported tests		3409

Running target unix/-m64

		=== g++ Summary for unix/-m64 ===

# of expected passes		97909
# of expected failures		320
# of unsupported tests		3661

		=== g++ Summary ===

# of expected passes		194476
# of expected failures		640
# of unsupported tests		7070
/var/gcc/regression/gcc-6-branch/12-gcc-gas/build/gcc/testsuite/g++/../../xg++  version 6.1.1 20160620 [gcc-6-branch revision 237592] (GCC) 

		=== gcc tests ===


Running target unix

		=== gcc Summary for unix ===

# of expected passes		107512
# of expected failures		321
# of unsupported tests		1533

Running target unix/-m64

		=== gcc Summary for unix/-m64 ===

# of expected passes		108505
# of expected failures		317
# of unsupported tests		1671

		=== gcc Summary ===

# of expected passes		216017
# of expected failures		638
# of unsupported tests		3204
/var/gcc/regression/gcc-6-branch/12-gcc-gas/build/gcc/xgcc  version 6.1.1 20160620 [gcc-6-branch revision 237592] (GCC) 

		=== gfortran tests ===


Running target unix
FAIL: gfortran.dg/coarray/event_1.f90 -fcoarray=lib  -O2  -lcaf_single -latomic execution test
FAIL: gfortran.dg/coarray/event_2.f90 -fcoarray=lib  -O2  -lcaf_single -latomic execution test

		=== gfortran Summary for unix ===

# of expected passes		42218
# of unexpected failures	2
# of expected failures		78
# of unsupported tests		174

Running target unix/-m64
FAIL: gfortran.dg/coarray/event_1.f90 -fcoarray=lib  -O2  -lcaf_single -latomic execution test

		=== gfortran Summary for unix/-m64 ===

# of expected passes		42436
# of unexpected failures	1
# of expected failures		78
# of unsupported tests		71

		=== gfortran Summary ===

# of expected passes		84654
# of unexpected failures	3
# of expected failures		156
# of unsupported tests		245
/var/gcc/regression/gcc-6-branch/12-gcc-gas/build/gcc/testsuite/gfortran/../../gfortran  version 6.1.1 20160620 [gcc-6-branch revision 237592] (GCC) 

		=== gnat tests ===


Running target unix

		=== gnat Summary for unix ===

# of expected passes		2504
# of expected failures		22
# of unsupported tests		5

Running target unix/-m64

		=== gnat Summary for unix/-m64 ===

# of expected passes		2504
# of expected failures		22
# of unsupported tests		5

		=== gnat Summary ===

# of expected passes		5008
# of expected failures		44
# of unsupported tests		10
/var/gcc/regression/gcc-6-branch/12-gcc-gas/build/gcc/gnatmake version 6.1.1 20160620 [gcc-6-branch revision 237592]

		=== go tests ===


Running target unix

		=== go Summary for unix ===

# of expected passes		7366
# of expected failures		1
# of untested testcases		10
# of unsupported tests		2

Running target unix/-m64

		=== go Summary for unix/-m64 ===

# of expected passes		7247
# of expected failures		1
# of untested testcases		10
# of unsupported tests		1

		=== go Summary ===

# of expected passes		14613
# of expected failures		2
# of untested testcases		20
# of unsupported tests		3
		=== obj-c++ tests ===


Running target unix

		=== obj-c++ Summary for unix ===

# of expected passes		1454
# of expected failures		2
# of unsupported tests		77

Running target unix/-m64

		=== obj-c++ Summary for unix/-m64 ===

# of expected passes		1446
# of expected failures		10
# of unsupported tests		77

		=== obj-c++ Summary ===

# of expected passes		2900
# of expected failures		12
# of unsupported tests		154
/var/gcc/regression/gcc-6-branch/12-gcc-gas/build/gcc/testsuite/obj-c++/../../xg++  version 6.1.1 20160620 [gcc-6-branch revision 237592] (GCC) 

		=== objc tests ===


Running target unix

		=== objc Summary for unix ===

# of expected passes		2783
# of expected failures		6
# of unsupported tests		68

Running target unix/-m64

		=== objc Summary for unix/-m64 ===

# of expected passes		2783
# of expected failures		6
# of unsupported tests		68

		=== objc Summary ===

# of expected passes		5566
# of expected failures		12
# of unsupported tests		136
/var/gcc/regression/gcc-6-branch/12-gcc-gas/build/gcc/xgcc  version 6.1.1 20160620 [gcc-6-branch revision 237592] (GCC) 

		=== boehm-gc tests ===


Running target unix

		=== boehm-gc Summary for unix ===

# of expected passes		12
# of unsupported tests		1

Running target unix/-m64

		=== boehm-gc Summary for unix/-m64 ===

# of expected passes		12
# of unsupported tests		1

		=== boehm-gc Summary ===

# of expected passes		24
# of unsupported tests		2
		=== libatomic tests ===


Running target unix

		=== libatomic Summary for unix ===

# of expected passes		44
# of unsupported tests		5

Running target unix/-m64

		=== libatomic Summary for unix/-m64 ===

# of expected passes		54

		=== libatomic Summary ===

# of expected passes		98
# of unsupported tests		5
		=== libffi tests ===


Running target unix

		=== libffi Summary for unix ===

# of expected passes		2799

Running target unix/-m64

		=== libffi Summary for unix/-m64 ===

# of expected passes		2214

		=== libffi Summary ===

# of expected passes		5013
		=== libgo tests ===


Running target unix
FAIL: go/build

		=== libgo Summary for unix ===

# of expected passes		133
# of unexpected failures	1

Running target unix/-m64
FAIL: go/build

		=== libgo Summary for unix/-m64 ===

# of expected passes		133
# of unexpected failures	1

		=== libgo Summary ===

# of expected passes		266
# of unexpected failures	2
/var/gcc/regression/gcc-6-branch/12-gcc-gas/build/./gcc/gccgo version 6.1.1 20160620 [gcc-6-branch revision 237592] (GCC)

		=== libgomp tests ===


Running target unix

		=== libgomp Summary for unix ===

# of expected passes		5118
# of unsupported tests		274

Running target unix/-m64

		=== libgomp Summary for unix/-m64 ===

# of expected passes		5118
# of unsupported tests		274

		=== libgomp Summary ===

# of expected passes		10236
# of unsupported tests		548
		=== libitm tests ===


Running target unix

		=== libitm Summary for unix ===

# of expected passes		42
# of expected failures		3
# of unsupported tests		1

Running target unix/-m64

		=== libitm Summary for unix/-m64 ===

# of expected passes		42
# of expected failures		3
# of unsupported tests		1

		=== libitm Summary ===

# of expected passes		84
# of expected failures		6
# of unsupported tests		2
		=== libjava tests ===


Running target unix

		=== libjava Summary for unix ===

# of expected passes		2582
# of expected failures		4

Running target unix/-m64

		=== libjava Summary for unix/-m64 ===

# of expected passes		2582
# of expected failures		4

		=== libjava Summary ===

# of expected passes		5164
# of expected failures		8
		=== libstdc++ tests ===


Running target unix
FAIL: experimental/filesystem/operations/copy.cc execution test
FAIL: experimental/filesystem/operations/copy_file.cc execution test

		=== libstdc++ Summary for unix ===

# of expected passes		9883
# of unexpected failures	2
# of expected failures		68
# of unsupported tests		685

Running target unix/-m64
FAIL: experimental/filesystem/operations/copy.cc execution test
FAIL: experimental/filesystem/operations/copy_file.cc execution test

		=== libstdc++ Summary for unix/-m64 ===

# of expected passes		9883
# of unexpected failures	2
# of expected failures		68
# of unsupported tests		685

		=== libstdc++ Summary ===

# of expected passes		19766
# of unexpected failures	4
# of expected failures		136
# of unsupported tests		1370

Compiler version: 6.1.1 20160620 [gcc-6-branch revision 237592] (GCC) 
Platform: i386-pc-solaris2.12
configure flags: --prefix=/vol/gcc --target=i386-pc-solaris2.12 --enable-objc-gc --with-as=/vol/gcc/bin/gas-2.26 --with-gnu-as --with-gmp-include=/vol/gcc/include --with-gmp-lib=/vol/gcc/lib --with-mpfr-include=/vol/gcc/include --with-mpfr-lib=/vol/gcc/lib --with-mpc-include=/vol/gcc/include --with-mpc-lib=/vol/gcc/lib --enable-languages=all,ada,obj-c++,go --with-isl-include=/vol/gcc/include --with-isl-lib=/vol/gcc/lib
BOOT_CFLAGS=-g -O2


Index Nav: [Date Index] [Subject Index] [Author Index] [Thread Index]
Message Nav: [Date Prev] [Date Next] [Thread Prev] [Thread Next]