This is the mail archive of the gcc-testresults@gcc.gnu.org mailing list for the GCC project.
Index Nav: | [Date Index] [Subject Index] [Author Index] [Thread Index] | |
---|---|---|
Message Nav: | [Date Prev] [Date Next] | [Thread Prev] [Thread Next] |
Other format: | [Raw text] |
490 FAILs with stabs and coff which should be marked unsupported are removed Native configuration is x86_64-unknown-cygwin === g++ tests === Running target unix === g++ Summary === # of expected passes 96603 # of unexpected failures 526 # of unexpected successes 3 # of expected failures 302 # of unresolved testcases 31 # of unsupported tests 3943 /cygdrive/c/users/tim/tim/tim/src/gnu/gcc2/cyg64/gcc/testsuite/g++/../../xg++ version 7.0.0 20160619 (experimental) (GCC) === gcc tests === Running target unix === gcc Summary === # of expected passes 109437 # of unexpected failures 983 # of unexpected successes 26 # of expected failures 307 # of unresolved testcases 334 # of unsupported tests 1738 /cygdrive/c/users/tim/tim/tim/src/gnu/gcc2/cyg64/gcc/xgcc version 7.0.0 20160619 (experimental) (GCC) === gfortran tests === Running target unix FAIL: gfortran.dg/bind_c_array_params_2.f90 -O scan-assembler-times [ \\t][\$,_0-9]*myBindC 1 XPASS: gfortran.dg/default_format_denormal_1.f90 -O0 execution test XPASS: gfortran.dg/default_format_denormal_1.f90 -O1 execution test XPASS: gfortran.dg/default_format_denormal_1.f90 -O2 execution test XPASS: gfortran.dg/default_format_denormal_1.f90 -O3 -fomit-frame-pointer -funroll-loops -fpeel-loops -ftracer -finline-functions execution test XPASS: gfortran.dg/default_format_denormal_1.f90 -O3 -g execution test XPASS: gfortran.dg/default_format_denormal_1.f90 -Os execution test FAIL: gfortran.dg/internal_dummy_2.f08 -O0 execution test FAIL: gfortran.dg/internal_dummy_2.f08 -O1 execution test FAIL: gfortran.dg/internal_dummy_2.f08 -O2 execution test FAIL: gfortran.dg/internal_dummy_2.f08 -O3 -fomit-frame-pointer -funroll-loops -fpeel-loops -ftracer -finline-functions execution test FAIL: gfortran.dg/internal_dummy_2.f08 -O3 -g execution test FAIL: gfortran.dg/internal_dummy_2.f08 -Os execution test FAIL: gfortran.dg/internal_dummy_3.f08 -O0 execution test FAIL: gfortran.dg/internal_dummy_3.f08 -O1 execution test FAIL: gfortran.dg/internal_dummy_3.f08 -O2 execution test FAIL: gfortran.dg/internal_dummy_3.f08 -O3 -fomit-frame-pointer -funroll-loops -fpeel-loops -ftracer -finline-functions execution test FAIL: gfortran.dg/internal_dummy_3.f08 -O3 -g execution test FAIL: gfortran.dg/internal_dummy_3.f08 -Os execution test FAIL: gfortran.dg/internal_dummy_4.f08 -O0 execution test FAIL: gfortran.dg/pointer_check_1.f90 -O0 output pattern test, is FAIL: gfortran.dg/pointer_check_2.f90 -O0 output pattern test, is FAIL: gfortran.dg/pointer_check_3.f90 -O0 output pattern test, is FAIL: gfortran.dg/pointer_check_4.f90 -O0 output pattern test, is FAIL: gfortran.dg/proc_ptr_18.f90 -O0 execution test FAIL: gfortran.dg/proc_ptr_19.f90 -O0 execution test FAIL: gfortran.dg/proc_ptr_20.f90 -O0 execution test FAIL: gfortran.dg/proc_ptr_21.f90 -O0 execution test FAIL: gfortran.dg/proc_ptr_23.f90 -O0 execution test FAIL: gfortran.dg/proc_ptr_25.f90 -O0 execution test FAIL: gfortran.dg/proc_ptr_47.f90 -O0 execution test FAIL: gfortran.dg/proc_ptr_48.f90 -O0 execution test FAIL: gfortran.dg/proc_ptr_5.f90 -O0 execution test FAIL: gfortran.dg/proc_ptr_7.f90 -O0 execution test FAIL: gfortran.dg/proc_ptr_comp_1.f90 -O0 execution test FAIL: gfortran.dg/proc_ptr_comp_11.f90 -O0 execution test FAIL: gfortran.dg/proc_ptr_comp_13.f90 -O0 execution test FAIL: gfortran.dg/proc_ptr_comp_14.f90 -O0 execution test FAIL: gfortran.dg/proc_ptr_comp_18.f90 -O0 execution test FAIL: gfortran.dg/proc_ptr_comp_19.f90 -O0 execution test FAIL: gfortran.dg/proc_ptr_comp_2.f90 -O0 execution test FAIL: gfortran.dg/proc_ptr_comp_29.f90 -O0 execution test FAIL: gfortran.dg/proc_ptr_comp_34.f90 -O0 execution test FAIL: gfortran.dg/proc_ptr_comp_5.f90 -O0 execution test FAIL: gfortran.dg/proc_ptr_comp_8.f90 -O0 execution test FAIL: gfortran.dg/proc_ptr_comp_9.f90 -O0 execution test FAIL: gfortran.dg/proc_ptr_comp_pass_3.f90 -O0 execution test FAIL: gfortran.dg/proc_ptr_result_7.f90 -O0 execution test FAIL: gfortran.dg/round_4.f90 -O0 execution test FAIL: gfortran.dg/round_4.f90 -O1 execution test FAIL: gfortran.dg/round_4.f90 -O2 execution test FAIL: gfortran.dg/round_4.f90 -O3 -fomit-frame-pointer -funroll-loops -fpeel-loops -ftracer -finline-functions execution test FAIL: gfortran.dg/round_4.f90 -O3 -g execution test FAIL: gfortran.dg/round_4.f90 -Os execution test FAIL: gfortran.dg/structure_constructor_11.f90 -O0 execution test FAIL: gfortran.dg/structure_constructor_11.f90 -O1 execution test FAIL: gfortran.dg/structure_constructor_11.f90 -O2 execution test FAIL: gfortran.dg/structure_constructor_11.f90 -O3 -fomit-frame-pointer -funroll-loops -fpeel-loops -ftracer -finline-functions execution test FAIL: gfortran.dg/structure_constructor_11.f90 -O3 -g execution test FAIL: gfortran.dg/structure_constructor_11.f90 -Os execution test FAIL: gfortran.dg/unlimited_polymorphic_19.f90 -O0 execution test FAIL: gfortran.dg/vect/vect-8.f90 -O scan-tree-dump-times vect "vectorized 20 loops" 1 === gfortran Summary === # of expected passes 42146 # of unexpected failures 56 # of unexpected successes 6 # of expected failures 65 # of unsupported tests 165 /cygdrive/c/users/tim/tim/tim/src/gnu/gcc2/cyg64/gcc/testsuite/gfortran/../../gfortran version 7.0.0 20160619 (experimental) (GCC) === libatomic tests === Running target unix === libatomic Summary === # of expected passes 54 === libgomp tests === Running target unix FAIL: libgomp.c/examples-4/target-1.c execution test FAIL: libgomp.c/examples-4/target-3.c execution test FAIL: libgomp.c/examples-4/target-4.c execution test FAIL: libgomp.fortran/declare-simd-1.f90 -O1 execution test FAIL: libgomp.oacc-c/../libgomp.oacc-c-c++-common/kernels-loop-nest.c -DACC_DEVICE_TYPE_host=1 -DACC_MEM_SHARED=1 -O2 execution test FAIL: libgomp.oacc-c++/../libgomp.oacc-c-c++-common/kernels-loop-nest.c -DACC_DEVICE_TYPE_host=1 -DACC_MEM_SHARED=1 -O2 execution test === libgomp Summary === # of expected passes 4962 # of unexpected failures 6 # of unsupported tests 322 === libstdc++ tests === Running target unix FAIL: 21_strings/basic_string/numeric_conversions/char/stof.cc execution test FAIL: 21_strings/basic_string/numeric_conversions/wchar_t/stof.cc execution test FAIL: 22_locale/ctype/scan/wchar_t/1.cc execution test XPASS: 23_containers/array/element_access/at_neg.cc execution test FAIL: 30_threads/this_thread/3.cc execution test FAIL: decimal/conversion-to-integral.cc (test for excess errors) UNRESOLVED: decimal/conversion-to-integral.cc compilation failed to produce executable FAIL: ext/codecvt/wchar_t.cc execution test === libstdc++ Summary === # of expected passes 10472 # of unexpected failures 6 # of unexpected successes 1 # of expected failures 65 # of unresolved testcases 1 # of unsupported tests 669 Compiler version: 7.0.0 20160619 (experimental) (GCC) Platform: x86_64-unknown-cygwin configure flags: --prefix=/usr/local/gcc7 --enable-languages='c c++ fortran' --enable-libgomp --enable-threads=posix --with-dwarf2 --without-libiconv-prefix --without-libintl-prefix --with-system-zlib --disable-werror --without-cloog --without-isl
Attachment:
summary5
Description: Text document
Index Nav: | [Date Index] [Subject Index] [Author Index] [Thread Index] | |
---|---|---|
Message Nav: | [Date Prev] [Date Next] | [Thread Prev] [Thread Next] |