This is the mail archive of the gcc-testresults@gcc.gnu.org mailing list for the GCC project.


Index Nav: [Date Index] [Subject Index] [Author Index] [Thread Index]
Message Nav: [Date Prev] [Date Next] [Thread Prev] [Thread Next]
Other format: [Raw text]

Results for 7.0.0 20160620 (experimental) [trunk revision 237587] (GCC) testsuite on sh4-unknown-linux-gnu


Remote host: linux 3.18.0 sh4
GNU C Library version 2.20.90

LAST_UPDATED: Mon Jun 20 03:56:41 UTC 2016 (revision 237587)

Target is sh4-unknown-linux-gnu
Host   is i686-pc-linux-gnu

		=== g++ tests ===


Running target unix
WARNING: Assuming target board is the local machine (which is probably wrong).
FAIL: g++.dg/Wno-frame-address.C  -std=gnu++98 (test for excess errors)
FAIL: g++.dg/Wno-frame-address.C  -std=gnu++11 (test for excess errors)
FAIL: g++.dg/Wno-frame-address.C  -std=gnu++14 (test for excess errors)
XPASS: g++.dg/tls/thread_local-order2.C  -std=c++11 execution test
XPASS: g++.dg/tls/thread_local-order2.C  -std=c++14 execution test

		=== g++ Summary ===

# of expected passes		93550
# of unexpected failures	3
# of unexpected successes	2
# of expected failures		299
# of unsupported tests		3899
/home/ldroot/dodes/xsh-gcc-orig/gcc/testsuite/g++/../../xg++  version 7.0.0 20160620 (experimental) [trunk revision 237587] (GCC) 

Host   is i686-pc-linux-gnu

		=== gcc tests ===


Running target unix
WARNING: Assuming target board is the local machine (which is probably wrong).
FAIL: gcc.dg/atomic/c11-atomic-exec-4.c   -O1  (internal compiler error)
FAIL: gcc.dg/atomic/c11-atomic-exec-4.c   -O1  (test for excess errors)
UNRESOLVED: gcc.dg/atomic/c11-atomic-exec-4.c   -O1  compilation failed to produce executable
FAIL: gcc.dg/atomic/c11-atomic-exec-4.c   -Os  (internal compiler error)
FAIL: gcc.dg/atomic/c11-atomic-exec-4.c   -Os  (test for excess errors)
UNRESOLVED: gcc.dg/atomic/c11-atomic-exec-4.c   -Os  compilation failed to produce executable
FAIL: gcc.dg/Wno-frame-address.c (test for excess errors)
FAIL: gcc.dg/gnu89-const-expr-1.c  (test for errors, line 26)
FAIL: gcc.dg/gnu90-const-expr-1.c  (test for errors, line 26)
FAIL: gcc.dg/gnu99-const-expr-1.c  (test for errors, line 26)
FAIL: gcc.dg/gnu99-static-1.c  (test for errors, line 14)
FAIL: gcc.dg/ifcvt-4.c scan-rtl-dump ce1 "2 true changes made"
FAIL: gcc.dg/ipa/iinline-attr.c scan-ipa-dump inline "hooray[^\\\\n]*inline copy in test"
FAIL: gcc.dg/torture/pr68264.c   -O0  execution test
FAIL: gcc.dg/torture/pr68264.c   -Os  execution test
ERROR: gcc.dg/tree-ssa/attr-hotcold-2.c: error executing dg-final: syntax error in target selector "profile_estimate"
UNRESOLVED: gcc.dg/tree-ssa/attr-hotcold-2.c: error executing dg-final: syntax error in target selector "profile_estimate"
FAIL: gcc.dg/tree-ssa/pr71347.c scan-tree-dump-not optimized ".* = MEM.*;"
FAIL: gcc.dg/tree-ssa/scev-3.c scan-tree-dump-times optimized "&a" 1
FAIL: gcc.dg/tree-ssa/scev-4.c scan-tree-dump-times optimized "&a" 1
FAIL: gcc.dg/tree-ssa/scev-5.c scan-tree-dump-times optimized "&a" 1
FAIL: gcc.dg/tree-ssa/slsr-8.c scan-tree-dump-times optimized " w?\\\\* " 7

		=== gcc Summary ===

# of expected passes		86117
# of unexpected failures	18
# of expected failures		153
# of unresolved testcases	3
# of unsupported tests		1696
/home/ldroot/dodes/xsh-gcc-orig/gcc/xgcc  version 7.0.0 20160620 (experimental) [trunk revision 237587] (GCC) 

Host   is i686-pc-linux-gnu

		=== gfortran tests ===


Running target unix
WARNING: Assuming target board is the local machine (which is probably wrong).
FAIL: gfortran.dg/assumed_rank_bounds_1.f90   -O2  execution test
FAIL: gfortran.dg/common_14.f90   -O   (test for warnings, line 16)
FAIL: gfortran.dg/common_14.f90   -O   (test for warnings, line 22)
FAIL: gfortran.dg/common_14.f90   -O  (test for excess errors)
FAIL: gfortran.dg/proc_ptr_comp_13.f90   -O0  execution test
FAIL: gfortran.dg/ieee/ieee_6.f90   -O0  execution test
FAIL: gfortran.dg/ieee/ieee_6.f90   -O1  execution test
FAIL: gfortran.dg/ieee/ieee_6.f90   -O2  execution test
FAIL: gfortran.dg/ieee/ieee_6.f90   -O3 -fomit-frame-pointer -funroll-loops -fpeel-loops -ftracer -finline-functions  execution test
FAIL: gfortran.dg/ieee/ieee_6.f90   -O3 -g  execution test
FAIL: gfortran.dg/ieee/ieee_6.f90   -Os  execution test

		=== gfortran Summary ===

# of expected passes		41209
# of unexpected failures	11
# of expected failures		68
# of unsupported tests		321
/home/ldroot/dodes/xsh-gcc-orig/gcc/testsuite/gfortran/../../gfortran  version 7.0.0 20160620 (experimental) [trunk revision 237587] (GCC) 

Host   is i686-pc-linux-gnu

		=== objc tests ===


Running target unix
WARNING: Assuming target board is the local machine (which is probably wrong).

		=== objc Summary ===

# of expected passes		2789
# of unsupported tests		68
/home/ldroot/dodes/xsh-gcc-orig/gcc/xgcc  version 7.0.0 20160620 (experimental) [trunk revision 237587] (GCC) 

Host   is sh4-unknown-linux-gnu

		=== libatomic tests ===


Running target unix
WARNING: Assuming target board is the local machine (which is probably wrong).

		=== libatomic Summary ===

# of expected passes		44
# of unsupported tests		5
Host   is sh4-unknown-linux-gnu

		=== libgomp tests ===


Running target unix
WARNING: Assuming target board is the local machine (which is probably wrong).

		=== libgomp Summary ===

# of expected passes		4862
# of unsupported tests		375
Host   is sh4-unknown-linux-gnu

		=== libitm tests ===


Running target unix
WARNING: Assuming target board is the local machine (which is probably wrong).

		=== libitm Summary ===

# of expected passes		42
# of expected failures		3
# of unsupported tests		1
Host   is sh4-unknown-linux-gnu

		=== libstdc++ tests ===


Running target unix
WARNING: Assuming target board is the local machine (which is probably wrong).

		=== libstdc++ Summary ===

# of expected passes		10148
# of expected failures		66
# of unsupported tests		602

Compiler version: 7.0.0 20160620 (experimental) [trunk revision 237587] (GCC) 
Platform: sh4-unknown-linux-gnu
configure flags: --target=sh4-unknown-linux-gnu --enable-build-with-cxx --enable-lto --enable-shared --enable-threads=posix --enable-clocale=gnu --enable-libitm --with-ld=/usr/local/bin/sh4-unknown-linux-gnu-ld --with-as=/usr/local/bin/sh4-unknown-linux-gnu-as --with-sysroot=/exp/ldroot --with-mpfr=/opt3/i686-pc-linux-gnu --with-mpc=/opt3/i686-pc-linux-gnu --with-libelf=/opt3/i686-pc-linux-gnu --with-ppl=no target_alias=sh4-unknown-linux-gnu --enable-languages=c,c++,fortran,lto,objc


Index Nav: [Date Index] [Subject Index] [Author Index] [Thread Index]
Message Nav: [Date Prev] [Date Next] [Thread Prev] [Thread Next]