This is the mail archive of the gcc-testresults@gcc.gnu.org mailing list for the GCC project.


Index Nav: [Date Index] [Subject Index] [Author Index] [Thread Index]
Message Nav: [Date Prev] [Date Next] [Thread Prev] [Thread Next]
Other format: [Raw text]

Results for 7.0.0 20160619 (experimental) [trunk revision 237580] (GCC) testsuite on hppa-unknown-linux-gnu


LAST_UPDATED: Sun Jun 19 13:13:35 UTC 2016 (revision 237580)

		=== acats tests ===
FAIL:	c940013

		=== acats Summary ===
# of expected passes		2319
# of unexpected failures	1
Native configuration is hppa-unknown-linux-gnu

		=== gcc tests ===


Running target unix
FAIL: gcc.c-torture/execute/pr36765.c   -O2  (internal compiler error)
FAIL: gcc.c-torture/execute/pr36765.c   -O2  (test for excess errors)
UNRESOLVED: gcc.c-torture/execute/pr36765.c   -O2  compilation failed to produce executable
FAIL: gcc.dg/atomic/c11-atomic-exec-5.c   -O0  execution test
FAIL: gcc.dg/atomic/c11-atomic-exec-5.c   -O1  execution test
FAIL: gcc.dg/atomic/c11-atomic-exec-5.c   -O2  execution test
FAIL: gcc.dg/atomic/c11-atomic-exec-5.c   -O2 -flto -fno-use-linker-plugin -flto-partition=none  execution test
FAIL: gcc.dg/atomic/c11-atomic-exec-5.c   -O2 -flto -fuse-linker-plugin -fno-fat-lto-objects  execution test
FAIL: gcc.dg/atomic/c11-atomic-exec-5.c   -O3 -fomit-frame-pointer -funroll-loops -fpeel-loops -ftracer -finline-functions  execution test
FAIL: gcc.dg/atomic/c11-atomic-exec-5.c   -O3 -g  execution test
FAIL: gcc.dg/atomic/c11-atomic-exec-5.c   -Os  execution test
FAIL: c-c++-common/gomp/clauses-2.c  (test for errors, line 51)
FAIL: c-c++-common/gomp/clauses-2.c (test for excess errors)
XPASS: gcc.dg/guality/example.c   -O0  execution test
XPASS: gcc.dg/guality/guality.c   -O0  execution test
XPASS: gcc.dg/guality/inline-params.c   -O2  execution test
XPASS: gcc.dg/guality/inline-params.c   -O2 -flto -fno-use-linker-plugin -flto-partition=none  execution test
XPASS: gcc.dg/guality/inline-params.c   -O3 -g  execution test
XPASS: gcc.dg/guality/inline-params.c   -Os  execution test
FAIL: gcc.dg/guality/nrv-1.c   -O2  line 20 a2.i[0] == 42
FAIL: gcc.dg/guality/nrv-1.c   -O2 -flto -fno-use-linker-plugin -flto-partition=none  line 20 a2.i[0] == 42
FAIL: gcc.dg/guality/nrv-1.c   -O2 -flto -fuse-linker-plugin -fno-fat-lto-objects  line 20 a2.i[0] == 42
FAIL: gcc.dg/guality/nrv-1.c   -O3 -g  line 20 a2.i[0] == 42
FAIL: gcc.dg/guality/nrv-1.c   -Os  line 20 a2.i[0] == 42
FAIL: gcc.dg/guality/pr36728-1.c   -O1  line 16 arg5 == 5
FAIL: gcc.dg/guality/pr36728-1.c   -O1  line 16 arg6 == 6
FAIL: gcc.dg/guality/pr36728-1.c   -O1  line 16 arg7 == 30
FAIL: gcc.dg/guality/pr36728-1.c   -O1  line 18 arg5 == 5
FAIL: gcc.dg/guality/pr36728-1.c   -O1  line 18 arg6 == 6
FAIL: gcc.dg/guality/pr36728-1.c   -O1  line 18 arg7 == 30
FAIL: gcc.dg/guality/pr36728-1.c   -O2  line 16 arg5 == 5
FAIL: gcc.dg/guality/pr36728-1.c   -O2  line 16 arg6 == 6
FAIL: gcc.dg/guality/pr36728-1.c   -O2  line 16 arg7 == 30
FAIL: gcc.dg/guality/pr36728-1.c   -O2  line 16 y == 2
FAIL: gcc.dg/guality/pr36728-1.c   -O2  line 18 arg5 == 5
FAIL: gcc.dg/guality/pr36728-1.c   -O2  line 18 arg6 == 6
FAIL: gcc.dg/guality/pr36728-1.c   -O2  line 18 arg7 == 30
FAIL: gcc.dg/guality/pr36728-1.c   -O2 -flto -fno-use-linker-plugin -flto-partition=none  line 16 arg5 == 5
FAIL: gcc.dg/guality/pr36728-1.c   -O2 -flto -fno-use-linker-plugin -flto-partition=none  line 16 arg6 == 6
FAIL: gcc.dg/guality/pr36728-1.c   -O2 -flto -fno-use-linker-plugin -flto-partition=none  line 16 arg7 == 30
FAIL: gcc.dg/guality/pr36728-1.c   -O2 -flto -fno-use-linker-plugin -flto-partition=none  line 16 y == 2
FAIL: gcc.dg/guality/pr36728-1.c   -O2 -flto -fno-use-linker-plugin -flto-partition=none  line 18 arg5 == 5
FAIL: gcc.dg/guality/pr36728-1.c   -O2 -flto -fno-use-linker-plugin -flto-partition=none  line 18 arg6 == 6
FAIL: gcc.dg/guality/pr36728-1.c   -O2 -flto -fno-use-linker-plugin -flto-partition=none  line 18 arg7 == 30
FAIL: gcc.dg/guality/pr36728-1.c   -O2 -flto -fuse-linker-plugin -fno-fat-lto-objects  line 16 y == 2
FAIL: gcc.dg/guality/pr36728-1.c   -O3 -g  line 16 y == 2
FAIL: gcc.dg/guality/pr36728-1.c   -Os  line 16 arg5 == 5
FAIL: gcc.dg/guality/pr36728-1.c   -Os  line 16 arg6 == 6
FAIL: gcc.dg/guality/pr36728-1.c   -Os  line 16 arg7 == 30
FAIL: gcc.dg/guality/pr36728-1.c   -Os  line 16 y == 2
FAIL: gcc.dg/guality/pr36728-1.c   -Os  line 18 arg5 == 5
FAIL: gcc.dg/guality/pr36728-1.c   -Os  line 18 arg6 == 6
FAIL: gcc.dg/guality/pr36728-1.c   -Os  line 18 arg7 == 30
FAIL: gcc.dg/guality/pr36728-2.c   -O1  line 16 arg5 == 5
FAIL: gcc.dg/guality/pr36728-2.c   -O1  line 16 arg6 == 6
FAIL: gcc.dg/guality/pr36728-2.c   -O1  line 16 arg7 == 30
FAIL: gcc.dg/guality/pr36728-2.c   -O1  line 18 arg5 == 5
FAIL: gcc.dg/guality/pr36728-2.c   -O1  line 18 arg6 == 6
FAIL: gcc.dg/guality/pr36728-2.c   -O1  line 18 arg7 == 30
FAIL: gcc.dg/guality/pr36728-2.c   -O2  line 16 arg5 == 5
FAIL: gcc.dg/guality/pr36728-2.c   -O2  line 16 arg6 == 6
FAIL: gcc.dg/guality/pr36728-2.c   -O2  line 16 arg7 == 30
FAIL: gcc.dg/guality/pr36728-2.c   -O2  line 18 arg5 == 5
FAIL: gcc.dg/guality/pr36728-2.c   -O2  line 18 arg6 == 6
FAIL: gcc.dg/guality/pr36728-2.c   -O2  line 18 arg7 == 30
FAIL: gcc.dg/guality/pr36728-2.c   -O2 -flto -fno-use-linker-plugin -flto-partition=none  line 16 arg5 == 5
FAIL: gcc.dg/guality/pr36728-2.c   -O2 -flto -fno-use-linker-plugin -flto-partition=none  line 16 arg6 == 6
FAIL: gcc.dg/guality/pr36728-2.c   -O2 -flto -fno-use-linker-plugin -flto-partition=none  line 16 arg7 == 30
FAIL: gcc.dg/guality/pr36728-2.c   -O2 -flto -fno-use-linker-plugin -flto-partition=none  line 18 arg5 == 5
FAIL: gcc.dg/guality/pr36728-2.c   -O2 -flto -fno-use-linker-plugin -flto-partition=none  line 18 arg6 == 6
FAIL: gcc.dg/guality/pr36728-2.c   -O2 -flto -fno-use-linker-plugin -flto-partition=none  line 18 arg7 == 30
FAIL: gcc.dg/guality/pr36728-2.c   -O2 -flto -fuse-linker-plugin -fno-fat-lto-objects  line 16 arg1 == 1
FAIL: gcc.dg/guality/pr36728-2.c   -O2 -flto -fuse-linker-plugin -fno-fat-lto-objects  line 16 arg2 == 2
FAIL: gcc.dg/guality/pr36728-2.c   -O2 -flto -fuse-linker-plugin -fno-fat-lto-objects  line 16 arg3 == 3
FAIL: gcc.dg/guality/pr36728-2.c   -O2 -flto -fuse-linker-plugin -fno-fat-lto-objects  line 16 arg4 == 4
FAIL: gcc.dg/guality/pr36728-2.c   -O2 -flto -fuse-linker-plugin -fno-fat-lto-objects  line 16 arg5 == 5
FAIL: gcc.dg/guality/pr36728-2.c   -O2 -flto -fuse-linker-plugin -fno-fat-lto-objects  line 16 arg6 == 6
FAIL: gcc.dg/guality/pr36728-2.c   -O2 -flto -fuse-linker-plugin -fno-fat-lto-objects  line 16 arg7 == 30
FAIL: gcc.dg/guality/pr36728-2.c   -O2 -flto -fuse-linker-plugin -fno-fat-lto-objects  line 18 arg1 == 1
FAIL: gcc.dg/guality/pr36728-2.c   -O2 -flto -fuse-linker-plugin -fno-fat-lto-objects  line 18 arg2 == 2
FAIL: gcc.dg/guality/pr36728-2.c   -O2 -flto -fuse-linker-plugin -fno-fat-lto-objects  line 18 arg3 == 3
FAIL: gcc.dg/guality/pr36728-2.c   -O2 -flto -fuse-linker-plugin -fno-fat-lto-objects  line 18 arg4 == 4
FAIL: gcc.dg/guality/pr36728-2.c   -O2 -flto -fuse-linker-plugin -fno-fat-lto-objects  line 18 arg5 == 5
FAIL: gcc.dg/guality/pr36728-2.c   -O2 -flto -fuse-linker-plugin -fno-fat-lto-objects  line 18 arg6 == 6
FAIL: gcc.dg/guality/pr36728-2.c   -O2 -flto -fuse-linker-plugin -fno-fat-lto-objects  line 18 arg7 == 30
FAIL: gcc.dg/guality/pr36728-2.c   -O3 -g  line 16 arg1 == 1
FAIL: gcc.dg/guality/pr36728-2.c   -O3 -g  line 16 arg2 == 2
FAIL: gcc.dg/guality/pr36728-2.c   -O3 -g  line 16 arg3 == 3
FAIL: gcc.dg/guality/pr36728-2.c   -O3 -g  line 16 arg4 == 4
FAIL: gcc.dg/guality/pr36728-2.c   -O3 -g  line 16 arg5 == 5
FAIL: gcc.dg/guality/pr36728-2.c   -O3 -g  line 16 arg6 == 6
FAIL: gcc.dg/guality/pr36728-2.c   -O3 -g  line 16 arg7 == 30
FAIL: gcc.dg/guality/pr36728-2.c   -O3 -g  line 18 arg1 == 1
FAIL: gcc.dg/guality/pr36728-2.c   -O3 -g  line 18 arg2 == 2
FAIL: gcc.dg/guality/pr36728-2.c   -O3 -g  line 18 arg3 == 3
FAIL: gcc.dg/guality/pr36728-2.c   -O3 -g  line 18 arg4 == 4
FAIL: gcc.dg/guality/pr36728-2.c   -O3 -g  line 18 arg5 == 5
FAIL: gcc.dg/guality/pr36728-2.c   -O3 -g  line 18 arg6 == 6
FAIL: gcc.dg/guality/pr36728-2.c   -O3 -g  line 18 arg7 == 30
FAIL: gcc.dg/guality/pr36728-2.c   -Os  line 16 arg5 == 5
FAIL: gcc.dg/guality/pr36728-2.c   -Os  line 16 arg6 == 6
FAIL: gcc.dg/guality/pr36728-2.c   -Os  line 16 arg7 == 30
FAIL: gcc.dg/guality/pr36728-2.c   -Os  line 16 y == 2
FAIL: gcc.dg/guality/pr36728-2.c   -Os  line 18 arg5 == 5
FAIL: gcc.dg/guality/pr36728-2.c   -Os  line 18 arg6 == 6
FAIL: gcc.dg/guality/pr36728-2.c   -Os  line 18 arg7 == 30
FAIL: gcc.dg/guality/pr36728-3.c   -O1  line 14 arg5 == 5
FAIL: gcc.dg/guality/pr36728-3.c   -O1  line 14 arg6 == 6
FAIL: gcc.dg/guality/pr36728-3.c   -O1  line 14 arg7 == 30
FAIL: gcc.dg/guality/pr36728-3.c   -O1  line 16 arg5 == 5
FAIL: gcc.dg/guality/pr36728-3.c   -O1  line 16 arg6 == 6
FAIL: gcc.dg/guality/pr36728-3.c   -O1  line 16 arg7 == 30
FAIL: gcc.dg/guality/pr36728-3.c   -O2  line 14 arg5 == 5
FAIL: gcc.dg/guality/pr36728-3.c   -O2  line 14 arg6 == 6
FAIL: gcc.dg/guality/pr36728-3.c   -O2  line 14 arg7 == 30
FAIL: gcc.dg/guality/pr36728-3.c   -O2  line 16 arg5 == 5
FAIL: gcc.dg/guality/pr36728-3.c   -O2  line 16 arg6 == 6
FAIL: gcc.dg/guality/pr36728-3.c   -O2  line 16 arg7 == 30
FAIL: gcc.dg/guality/pr36728-3.c   -O2 -flto -fno-use-linker-plugin -flto-partition=none  line 14 arg5 == 5
FAIL: gcc.dg/guality/pr36728-3.c   -O2 -flto -fno-use-linker-plugin -flto-partition=none  line 14 arg6 == 6
FAIL: gcc.dg/guality/pr36728-3.c   -O2 -flto -fno-use-linker-plugin -flto-partition=none  line 14 arg7 == 30
FAIL: gcc.dg/guality/pr36728-3.c   -O2 -flto -fno-use-linker-plugin -flto-partition=none  line 16 arg5 == 5
FAIL: gcc.dg/guality/pr36728-3.c   -O2 -flto -fno-use-linker-plugin -flto-partition=none  line 16 arg6 == 6
FAIL: gcc.dg/guality/pr36728-3.c   -O2 -flto -fno-use-linker-plugin -flto-partition=none  line 16 arg7 == 30
FAIL: gcc.dg/guality/pr36728-3.c   -Os  line 14 arg5 == 5
FAIL: gcc.dg/guality/pr36728-3.c   -Os  line 14 arg6 == 6
FAIL: gcc.dg/guality/pr36728-3.c   -Os  line 14 arg7 == 30
FAIL: gcc.dg/guality/pr36728-3.c   -Os  line 16 arg5 == 5
FAIL: gcc.dg/guality/pr36728-3.c   -Os  line 16 arg6 == 6
FAIL: gcc.dg/guality/pr36728-3.c   -Os  line 16 arg7 == 30
FAIL: gcc.dg/guality/pr36728-4.c   -O1  line 14 arg5 == 5
FAIL: gcc.dg/guality/pr36728-4.c   -O1  line 14 arg6 == 6
FAIL: gcc.dg/guality/pr36728-4.c   -O1  line 14 arg7 == 30
FAIL: gcc.dg/guality/pr36728-4.c   -O1  line 16 arg5 == 5
FAIL: gcc.dg/guality/pr36728-4.c   -O1  line 16 arg6 == 6
FAIL: gcc.dg/guality/pr36728-4.c   -O1  line 16 arg7 == 30
FAIL: gcc.dg/guality/pr36728-4.c   -O2  line 14 arg5 == 5
FAIL: gcc.dg/guality/pr36728-4.c   -O2  line 14 arg6 == 6
FAIL: gcc.dg/guality/pr36728-4.c   -O2  line 14 arg7 == 30
FAIL: gcc.dg/guality/pr36728-4.c   -O2  line 16 arg5 == 5
FAIL: gcc.dg/guality/pr36728-4.c   -O2  line 16 arg6 == 6
FAIL: gcc.dg/guality/pr36728-4.c   -O2  line 16 arg7 == 30
FAIL: gcc.dg/guality/pr36728-4.c   -O2 -flto -fno-use-linker-plugin -flto-partition=none  line 14 arg5 == 5
FAIL: gcc.dg/guality/pr36728-4.c   -O2 -flto -fno-use-linker-plugin -flto-partition=none  line 14 arg6 == 6
FAIL: gcc.dg/guality/pr36728-4.c   -O2 -flto -fno-use-linker-plugin -flto-partition=none  line 14 arg7 == 30
FAIL: gcc.dg/guality/pr36728-4.c   -O2 -flto -fno-use-linker-plugin -flto-partition=none  line 16 arg5 == 5
FAIL: gcc.dg/guality/pr36728-4.c   -O2 -flto -fno-use-linker-plugin -flto-partition=none  line 16 arg6 == 6
FAIL: gcc.dg/guality/pr36728-4.c   -O2 -flto -fno-use-linker-plugin -flto-partition=none  line 16 arg7 == 30
FAIL: gcc.dg/guality/pr36728-4.c   -Os  line 14 arg5 == 5
FAIL: gcc.dg/guality/pr36728-4.c   -Os  line 14 arg6 == 6
FAIL: gcc.dg/guality/pr36728-4.c   -Os  line 14 arg7 == 30
FAIL: gcc.dg/guality/pr36728-4.c   -Os  line 16 arg5 == 5
FAIL: gcc.dg/guality/pr36728-4.c   -Os  line 16 arg6 == 6
FAIL: gcc.dg/guality/pr36728-4.c   -Os  line 16 arg7 == 30
XPASS: gcc.dg/guality/pr41353-1.c   -O0  line 28 j == 28 + 37
FAIL: gcc.dg/guality/pr41404-1.c   -O2 -flto -fuse-linker-plugin -fno-fat-lto-objects  line 10 *foo == 'f'
FAIL: gcc.dg/guality/pr41404-1.c   -O2 -flto -fuse-linker-plugin -fno-fat-lto-objects  line 14 *foo == 'b'
FAIL: gcc.dg/guality/pr41404-1.c   -O2 -flto -fuse-linker-plugin -fno-fat-lto-objects  line 24 *foo == 'f'
FAIL: gcc.dg/guality/pr41447-1.c   -O1  execution test
FAIL: gcc.dg/guality/pr41447-1.c   -O2  execution test
FAIL: gcc.dg/guality/pr41447-1.c   -O2 -flto -fno-use-linker-plugin -flto-partition=none  execution test
FAIL: gcc.dg/guality/pr41447-1.c   -O2 -flto -fuse-linker-plugin -fno-fat-lto-objects  execution test
FAIL: gcc.dg/guality/pr41447-1.c   -O3 -g  execution test
FAIL: gcc.dg/guality/pr41447-1.c   -Os  execution test
FAIL: gcc.dg/guality/pr41616-1.c   -O1  execution test
FAIL: gcc.dg/guality/pr41616-1.c   -O2  execution test
FAIL: gcc.dg/guality/pr41616-1.c   -O2 -flto -fno-use-linker-plugin -flto-partition=none  execution test
FAIL: gcc.dg/guality/pr41616-1.c   -O2 -flto -fuse-linker-plugin -fno-fat-lto-objects  execution test
FAIL: gcc.dg/guality/pr41616-1.c   -O3 -g  execution test
FAIL: gcc.dg/guality/pr41616-1.c   -Os  execution test
FAIL: gcc.dg/guality/pr45882.c   -O2 -flto -fuse-linker-plugin -fno-fat-lto-objects  line 16 d == 112
FAIL: gcc.dg/guality/pr45882.c   -O2 -flto -fuse-linker-plugin -fno-fat-lto-objects  line 16 e == 142
FAIL: gcc.dg/guality/pr54200.c   -Os  line 20 z == 3
FAIL: gcc.dg/guality/pr54519-1.c   -O2  line 20 y == 25
FAIL: gcc.dg/guality/pr54519-1.c   -O2  line 23 y == 117
FAIL: gcc.dg/guality/pr54519-1.c   -O2 -flto -fno-use-linker-plugin -flto-partition=none  line 20 y == 25
FAIL: gcc.dg/guality/pr54519-1.c   -O2 -flto -fno-use-linker-plugin -flto-partition=none  line 20 z == 6
FAIL: gcc.dg/guality/pr54519-1.c   -O2 -flto -fno-use-linker-plugin -flto-partition=none  line 23 y == 117
FAIL: gcc.dg/guality/pr54519-1.c   -O2 -flto -fno-use-linker-plugin -flto-partition=none  line 23 z == 8
FAIL: gcc.dg/guality/pr54519-1.c   -Os  line 20 y == 25
FAIL: gcc.dg/guality/pr54519-1.c   -Os  line 23 y == 117
FAIL: gcc.dg/guality/pr54519-2.c   -O1  line 17 y == 25
FAIL: gcc.dg/guality/pr54519-2.c   -O2  line 17 y == 25
FAIL: gcc.dg/guality/pr54519-2.c   -O2 -flto -fno-use-linker-plugin -flto-partition=none  line 17 y == 25
FAIL: gcc.dg/guality/pr54519-2.c   -O2 -flto -fuse-linker-plugin -fno-fat-lto-objects  line 17 y == 25
FAIL: gcc.dg/guality/pr54519-2.c   -Os  line 17 y == 25
FAIL: gcc.dg/guality/pr54519-3.c   -O1  line 20 z == 6
FAIL: gcc.dg/guality/pr54519-3.c   -O1  line 23 z == 8
FAIL: gcc.dg/guality/pr54519-3.c   -O2  line 20 z == 6
FAIL: gcc.dg/guality/pr54519-3.c   -O2  line 23 z == 8
FAIL: gcc.dg/guality/pr54519-3.c   -O2 -flto -fno-use-linker-plugin -flto-partition=none  line 20 y == 25
FAIL: gcc.dg/guality/pr54519-3.c   -O2 -flto -fno-use-linker-plugin -flto-partition=none  line 20 z == 6
FAIL: gcc.dg/guality/pr54519-3.c   -O2 -flto -fno-use-linker-plugin -flto-partition=none  line 23 y == 117
FAIL: gcc.dg/guality/pr54519-3.c   -O2 -flto -fno-use-linker-plugin -flto-partition=none  line 23 z == 8
FAIL: gcc.dg/guality/pr54519-3.c   -O2 -flto -fuse-linker-plugin -fno-fat-lto-objects  line 20 y == 25
FAIL: gcc.dg/guality/pr54519-3.c   -O2 -flto -fuse-linker-plugin -fno-fat-lto-objects  line 20 z == 6
FAIL: gcc.dg/guality/pr54519-3.c   -O2 -flto -fuse-linker-plugin -fno-fat-lto-objects  line 23 y == 117
FAIL: gcc.dg/guality/pr54519-3.c   -O2 -flto -fuse-linker-plugin -fno-fat-lto-objects  line 23 z == 8
FAIL: gcc.dg/guality/pr54519-3.c   -O3 -g  line 20 z == 6
FAIL: gcc.dg/guality/pr54519-3.c   -O3 -g  line 23 z == 8
FAIL: gcc.dg/guality/pr54519-3.c   -Os  line 20 z == 6
FAIL: gcc.dg/guality/pr54519-3.c   -Os  line 23 z == 8
FAIL: gcc.dg/guality/pr54519-4.c   -O1  line 17 y == 25
FAIL: gcc.dg/guality/pr54519-4.c   -O2  line 17 y == 25
FAIL: gcc.dg/guality/pr54519-4.c   -O2 -flto -fno-use-linker-plugin -flto-partition=none  line 17 y == 25
FAIL: gcc.dg/guality/pr54519-4.c   -O2 -flto -fuse-linker-plugin -fno-fat-lto-objects  line 17 y == 25
FAIL: gcc.dg/guality/pr54519-4.c   -O3 -g  line 17 y == 25
FAIL: gcc.dg/guality/pr54519-4.c   -Os  line 17 y == 25
FAIL: gcc.dg/guality/pr54519-5.c   -O2 -flto -fno-use-linker-plugin -flto-partition=none  line 17 y == 25
FAIL: gcc.dg/guality/pr54519-5.c   -O2 -flto -fuse-linker-plugin -fno-fat-lto-objects  line 17 y == 25
FAIL: gcc.dg/guality/pr68860-1.c   -O1  line 14 arg5 == 5
FAIL: gcc.dg/guality/pr68860-1.c   -O1  line 14 arg6 == 6
FAIL: gcc.dg/guality/pr68860-1.c   -O1  line 14 arg7 == 30
FAIL: gcc.dg/guality/pr68860-1.c   -O1  line 14 arg8 == 7
FAIL: gcc.dg/guality/pr68860-1.c   -O1  line 16 arg5 == 5
FAIL: gcc.dg/guality/pr68860-1.c   -O1  line 16 arg6 == 6
FAIL: gcc.dg/guality/pr68860-1.c   -O1  line 16 arg7 == 30
FAIL: gcc.dg/guality/pr68860-1.c   -O1  line 16 arg8 == 7
FAIL: gcc.dg/guality/pr68860-1.c   -O2 -flto -fno-use-linker-plugin -flto-partition=none  line 14 arg1 == 1
FAIL: gcc.dg/guality/pr68860-1.c   -O2 -flto -fno-use-linker-plugin -flto-partition=none  line 14 arg2 == 2
FAIL: gcc.dg/guality/pr68860-1.c   -O2 -flto -fno-use-linker-plugin -flto-partition=none  line 14 arg3 == 3
FAIL: gcc.dg/guality/pr68860-1.c   -O2 -flto -fno-use-linker-plugin -flto-partition=none  line 14 arg4 == 4
FAIL: gcc.dg/guality/pr68860-1.c   -O2 -flto -fno-use-linker-plugin -flto-partition=none  line 14 arg5 == 5
FAIL: gcc.dg/guality/pr68860-1.c   -O2 -flto -fno-use-linker-plugin -flto-partition=none  line 14 arg6 == 6
FAIL: gcc.dg/guality/pr68860-1.c   -O2 -flto -fno-use-linker-plugin -flto-partition=none  line 16 arg1 == 1
FAIL: gcc.dg/guality/pr68860-1.c   -O2 -flto -fno-use-linker-plugin -flto-partition=none  line 16 arg2 == 2
FAIL: gcc.dg/guality/pr68860-1.c   -O2 -flto -fno-use-linker-plugin -flto-partition=none  line 16 arg3 == 3
FAIL: gcc.dg/guality/pr68860-1.c   -O2 -flto -fno-use-linker-plugin -flto-partition=none  line 16 arg4 == 4
FAIL: gcc.dg/guality/pr68860-1.c   -O2 -flto -fno-use-linker-plugin -flto-partition=none  line 16 arg5 == 5
FAIL: gcc.dg/guality/pr68860-1.c   -O2 -flto -fno-use-linker-plugin -flto-partition=none  line 16 arg6 == 6
FAIL: gcc.dg/guality/pr68860-1.c   -O2 -flto -fuse-linker-plugin -fno-fat-lto-objects  line 14 arg1 == 1
FAIL: gcc.dg/guality/pr68860-1.c   -O2 -flto -fuse-linker-plugin -fno-fat-lto-objects  line 14 arg2 == 2
FAIL: gcc.dg/guality/pr68860-1.c   -O2 -flto -fuse-linker-plugin -fno-fat-lto-objects  line 14 arg3 == 3
FAIL: gcc.dg/guality/pr68860-1.c   -O2 -flto -fuse-linker-plugin -fno-fat-lto-objects  line 14 arg4 == 4
FAIL: gcc.dg/guality/pr68860-1.c   -O2 -flto -fuse-linker-plugin -fno-fat-lto-objects  line 14 arg5 == 5
FAIL: gcc.dg/guality/pr68860-1.c   -O2 -flto -fuse-linker-plugin -fno-fat-lto-objects  line 14 arg6 == 6
FAIL: gcc.dg/guality/pr68860-1.c   -O2 -flto -fuse-linker-plugin -fno-fat-lto-objects  line 16 arg1 == 1
FAIL: gcc.dg/guality/pr68860-1.c   -O2 -flto -fuse-linker-plugin -fno-fat-lto-objects  line 16 arg2 == 2
FAIL: gcc.dg/guality/pr68860-1.c   -O2 -flto -fuse-linker-plugin -fno-fat-lto-objects  line 16 arg3 == 3
FAIL: gcc.dg/guality/pr68860-1.c   -O2 -flto -fuse-linker-plugin -fno-fat-lto-objects  line 16 arg4 == 4
FAIL: gcc.dg/guality/pr68860-1.c   -O2 -flto -fuse-linker-plugin -fno-fat-lto-objects  line 16 arg5 == 5
FAIL: gcc.dg/guality/pr68860-1.c   -O2 -flto -fuse-linker-plugin -fno-fat-lto-objects  line 16 arg6 == 6
FAIL: gcc.dg/guality/pr68860-2.c   -O1  line 14 arg5 == 5
FAIL: gcc.dg/guality/pr68860-2.c   -O1  line 14 arg6 == 6
FAIL: gcc.dg/guality/pr68860-2.c   -O1  line 14 arg7 == 30
FAIL: gcc.dg/guality/pr68860-2.c   -O1  line 14 arg8 == 7
FAIL: gcc.dg/guality/pr68860-2.c   -O1  line 16 arg5 == 5
FAIL: gcc.dg/guality/pr68860-2.c   -O1  line 16 arg6 == 6
FAIL: gcc.dg/guality/pr68860-2.c   -O1  line 16 arg7 == 30
FAIL: gcc.dg/guality/pr68860-2.c   -O1  line 16 arg8 == 7
FAIL: gcc.dg/guality/pr68860-2.c   -O2  line 14 arg5 == 5
FAIL: gcc.dg/guality/pr68860-2.c   -O2  line 14 arg6 == 6
FAIL: gcc.dg/guality/pr68860-2.c   -O2  line 14 arg7 == 30
FAIL: gcc.dg/guality/pr68860-2.c   -O2  line 14 arg8 == 7
FAIL: gcc.dg/guality/pr68860-2.c   -O2  line 16 arg5 == 5
FAIL: gcc.dg/guality/pr68860-2.c   -O2  line 16 arg6 == 6
FAIL: gcc.dg/guality/pr68860-2.c   -O2  line 16 arg7 == 30
FAIL: gcc.dg/guality/pr68860-2.c   -O2  line 16 arg8 == 7
FAIL: gcc.dg/guality/pr68860-2.c   -O2 -flto -fno-use-linker-plugin -flto-partition=none  line 14 arg5 == 5
FAIL: gcc.dg/guality/pr68860-2.c   -O2 -flto -fno-use-linker-plugin -flto-partition=none  line 14 arg6 == 6
FAIL: gcc.dg/guality/pr68860-2.c   -O2 -flto -fno-use-linker-plugin -flto-partition=none  line 14 arg7 == 30
FAIL: gcc.dg/guality/pr68860-2.c   -O2 -flto -fno-use-linker-plugin -flto-partition=none  line 14 arg8 == 7
FAIL: gcc.dg/guality/pr68860-2.c   -O2 -flto -fno-use-linker-plugin -flto-partition=none  line 16 arg5 == 5
FAIL: gcc.dg/guality/pr68860-2.c   -O2 -flto -fno-use-linker-plugin -flto-partition=none  line 16 arg6 == 6
FAIL: gcc.dg/guality/pr68860-2.c   -O2 -flto -fno-use-linker-plugin -flto-partition=none  line 16 arg7 == 30
FAIL: gcc.dg/guality/pr68860-2.c   -O2 -flto -fno-use-linker-plugin -flto-partition=none  line 16 arg8 == 7
FAIL: gcc.dg/guality/pr68860-2.c   -Os  line 14 arg5 == 5
FAIL: gcc.dg/guality/pr68860-2.c   -Os  line 14 arg6 == 6
FAIL: gcc.dg/guality/pr68860-2.c   -Os  line 14 arg7 == 30
FAIL: gcc.dg/guality/pr68860-2.c   -Os  line 14 arg8 == 7
FAIL: gcc.dg/guality/pr68860-2.c   -Os  line 16 arg5 == 5
FAIL: gcc.dg/guality/pr68860-2.c   -Os  line 16 arg6 == 6
FAIL: gcc.dg/guality/pr68860-2.c   -Os  line 16 arg7 == 30
FAIL: gcc.dg/guality/pr68860-2.c   -Os  line 16 arg8 == 7
FAIL: gcc.dg/guality/pr69947.c   -O1  line 14 b[4] == 'e'
FAIL: gcc.dg/guality/pr69947.c   -O1  line 14 c[2] == 'o'
FAIL: gcc.dg/guality/pr69947.c   -O2  line 14 b[4] == 'e'
FAIL: gcc.dg/guality/pr69947.c   -O2  line 14 c[2] == 'o'
FAIL: gcc.dg/guality/pr69947.c   -O2 -flto -fno-use-linker-plugin -flto-partition=none  line 14 b[4] == 'e'
FAIL: gcc.dg/guality/pr69947.c   -O2 -flto -fuse-linker-plugin -fno-fat-lto-objects  line 14 b[4] == 'e'
FAIL: gcc.dg/guality/pr69947.c   -O3 -g  line 14 b[4] == 'e'
FAIL: gcc.dg/guality/pr69947.c   -O3 -g  line 14 c[2] == 'o'
FAIL: gcc.dg/guality/pr69947.c   -Os  line 14 b[4] == 'e'
FAIL: gcc.dg/guality/pr69947.c   -Os  line 14 c[2] == 'o'
FAIL: gcc.dg/guality/sra-1.c   -O1  line 43 a.j == 14
FAIL: gcc.dg/guality/sra-1.c   -O2  line 43 a.j == 14
FAIL: gcc.dg/guality/sra-1.c   -O2 -flto -fno-use-linker-plugin -flto-partition=none  line 43 a.j == 14
FAIL: gcc.dg/guality/sra-1.c   -O2 -flto -fuse-linker-plugin -fno-fat-lto-objects  line 43 a.j == 14
FAIL: gcc.dg/guality/sra-1.c   -O3 -g  line 43 a.j == 14
FAIL: gcc.dg/guality/sra-1.c   -Os  line 43 a.j == 14
FAIL: gcc.dg/guality/vla-1.c   -O1  line 17 sizeof (a) == 6
FAIL: gcc.dg/guality/vla-1.c   -O2  line 17 sizeof (a) == 6
FAIL: gcc.dg/guality/vla-1.c   -O2 -flto -fno-use-linker-plugin -flto-partition=none  line 17 sizeof (a) == 6
FAIL: gcc.dg/guality/vla-1.c   -O2 -flto -fuse-linker-plugin -fno-fat-lto-objects  line 17 sizeof (a) == 6
FAIL: gcc.dg/guality/vla-1.c   -O3 -g  line 17 sizeof (a) == 6
FAIL: gcc.dg/guality/vla-1.c   -Os  line 17 sizeof (a) == 6
FAIL: gcc.dg/ipa/ipcp-cstagg-7.c scan-ipa-dump-times cp "Discovered an indirect call to a known target" 3
FAIL: gcc.dg/noncompile/20020220-1.c   -Os   (test for errors, line 11)
FAIL: gcc.dg/noncompile/20020220-1.c   -Os   (test for warnings, line 9)
FAIL: gcc.dg/noncompile/20020220-1.c   -Os  (internal compiler error)
FAIL: gcc.dg/noncompile/20020220-1.c   -Os  (test for excess errors)
FAIL: gcc.dg/plugin/must-tail-call-1.c -fplugin=./must_tail_call_plugin.so (test for excess errors)
FAIL: gcc.dg/special/gcsec-1.c execution test
FAIL: gcc.dg/torture/pr71532.c   -O2  execution test
FAIL: gcc.dg/torture/pr71532.c   -O2 -flto -fno-use-linker-plugin -flto-partition=none  execution test
FAIL: gcc.dg/torture/pr71532.c   -O2 -flto -fuse-linker-plugin -fno-fat-lto-objects  execution test
FAIL: gcc.dg/torture/pr71532.c   -O3 -g  execution test
FAIL: gcc.dg/torture/pr71532.c   -Os  execution test
ERROR: gcc.dg/tree-ssa/attr-hotcold-2.c: error executing dg-final: syntax error in target selector "profile_estimate"
XPASS: gcc.dg/tree-ssa/loop-1.c scan-assembler-times foo 5
FAIL: gcc.dg/tree-ssa/scev-4.c scan-tree-dump-times optimized "&a" 1
FAIL: gcc.dg/tree-ssa/scev-5.c scan-tree-dump-times optimized "&a" 1
FAIL: gcc.dg/tree-ssa/slsr-8.c scan-tree-dump-times optimized " w?\\\\* " 7
FAIL: gcc.target/hppa/shadd-3.c scan-assembler-times sh.add 5

		=== gcc Summary ===

# of expected passes		88787
# of unexpected failures	304
# of unexpected successes	8
# of expected failures		161
# of unresolved testcases	1
# of unsupported tests		1783
/home/dave/gnu/gcc/objdir/gcc/xgcc  version 7.0.0 20160619 (experimental) [trunk revision 237580] (GCC) 

		=== gfortran tests ===


Running target unix
FAIL: gfortran.dg/static_linking_1.f   -O0  execution test
FAIL: gfortran.dg/static_linking_1.f   -O1  execution test
FAIL: gfortran.dg/static_linking_1.f   -O2  execution test
FAIL: gfortran.dg/static_linking_1.f   -O3 -fomit-frame-pointer -funroll-loops -fpeel-loops -ftracer -finline-functions  execution test
FAIL: gfortran.dg/static_linking_1.f   -O3 -g  execution test
FAIL: gfortran.dg/static_linking_1.f   -Os  execution test

		=== gfortran Summary ===

# of expected passes		41361
# of unexpected failures	6
# of expected failures		79
# of unsupported tests		323
/home/dave/gnu/gcc/objdir/gcc/gfortran  version 7.0.0 20160619 (experimental) [trunk revision 237580] (GCC) 

		=== g++ tests ===


Running target unix
FAIL: c-c++-common/gomp/clauses-2.c  -std=c++11  (test for errors, line 51)
FAIL: c-c++-common/gomp/clauses-2.c  -std=c++11 (test for excess errors)
FAIL: c-c++-common/gomp/clauses-2.c  -std=c++14  (test for errors, line 51)
FAIL: c-c++-common/gomp/clauses-2.c  -std=c++14 (test for excess errors)
FAIL: c-c++-common/gomp/clauses-2.c  -std=c++98  (test for errors, line 51)
FAIL: c-c++-common/gomp/clauses-2.c  -std=c++98 (test for excess errors)
FAIL: g++.dg/guality/pr55665.C   -O2  line 23 p == 40
FAIL: g++.dg/guality/pr55665.C   -O3 -g  line 23 p == 40
XPASS: g++.dg/tls/thread_local-order2.C  -std=c++11 execution test
XPASS: g++.dg/tls/thread_local-order2.C  -std=c++14 execution test
FAIL: g++.old-deja/g++.abi/vtable2.C  -std=gnu++11 execution test
FAIL: g++.old-deja/g++.abi/vtable2.C  -std=gnu++14 execution test
FAIL: g++.old-deja/g++.abi/vtable2.C  -std=gnu++98 execution test

		=== g++ Summary ===

# of expected passes		94084
# of unexpected failures	11
# of unexpected successes	2
# of expected failures		302
# of unsupported tests		3890
/home/dave/gnu/gcc/objdir/gcc/xg++  version 7.0.0 20160619 (experimental) [trunk revision 237580] (GCC) 

		=== gnat tests ===


Running target unix

		=== gnat Summary ===

# of expected passes		2479
# of expected failures		22
# of unsupported tests		19
/home/dave/gnu/gcc/objdir/gcc/gnatmake version 7.0.0 20160619 (experimental) [trunk revision 237580]

		=== obj-c++ tests ===


Running target unix

		=== obj-c++ Summary ===

# of expected passes		1454
# of expected failures		2
# of unsupported tests		77
/home/dave/gnu/gcc/objdir/gcc/xg++  version 7.0.0 20160619 (experimental) [trunk revision 237580] (GCC) 

		=== objc tests ===


Running target unix

		=== objc Summary ===

# of expected passes		2789
# of unsupported tests		68
/home/dave/gnu/gcc/objdir/gcc/xgcc  version 7.0.0 20160619 (experimental) [trunk revision 237580] (GCC) 

		=== boehm-gc tests ===


Running target unix

		=== boehm-gc Summary ===

# of expected passes		12
# of unsupported tests		1
		=== libatomic tests ===


Running target unix

		=== libatomic Summary ===

# of expected passes		44
# of unsupported tests		5
		=== libffi tests ===


Running target unix
FAIL: libffi.call/closure_fn0.c -W -Wall -Wno-psabi -O2 execution test
FAIL: libffi.call/closure_fn0.c -W -Wall -Wno-psabi -O3 execution test
FAIL: libffi.call/closure_fn0.c -W -Wall -Wno-psabi -O2 -fomit-frame-pointer execution test
FAIL: libffi.call/closure_fn1.c -W -Wall -Wno-psabi -O2 execution test
FAIL: libffi.call/closure_fn1.c -W -Wall -Wno-psabi -O3 execution test
FAIL: libffi.call/closure_fn1.c -W -Wall -Wno-psabi -O2 -fomit-frame-pointer execution test
FAIL: libffi.call/closure_fn2.c -W -Wall -Wno-psabi -O2 execution test
FAIL: libffi.call/closure_fn2.c -W -Wall -Wno-psabi -O3 execution test
FAIL: libffi.call/closure_fn2.c -W -Wall -Wno-psabi -O2 -fomit-frame-pointer execution test
FAIL: libffi.call/closure_fn3.c -W -Wall -Wno-psabi -O2 execution test
FAIL: libffi.call/closure_fn3.c -W -Wall -Wno-psabi -O3 execution test
FAIL: libffi.call/closure_fn3.c -W -Wall -Wno-psabi -O2 -fomit-frame-pointer execution test
FAIL: libffi.call/closure_fn4.c -W -Wall -Wno-psabi -O2 execution test
FAIL: libffi.call/closure_fn4.c -W -Wall -Wno-psabi -O3 execution test
FAIL: libffi.call/closure_fn4.c -W -Wall -Wno-psabi -O2 -fomit-frame-pointer execution test
FAIL: libffi.call/closure_fn5.c -W -Wall -Wno-psabi -O2 execution test
FAIL: libffi.call/closure_fn5.c -W -Wall -Wno-psabi -O3 execution test
FAIL: libffi.call/closure_fn5.c -W -Wall -Wno-psabi -O2 -fomit-frame-pointer execution test
FAIL: libffi.call/closure_fn6.c -W -Wall -Wno-psabi -O2 execution test
FAIL: libffi.call/closure_fn6.c -W -Wall -Wno-psabi -O3 execution test
FAIL: libffi.call/closure_fn6.c -W -Wall -Wno-psabi -O2 -fomit-frame-pointer execution test
FAIL: libffi.call/closure_loc_fn0.c -W -Wall -Wno-psabi -O2 execution test
FAIL: libffi.call/closure_loc_fn0.c -W -Wall -Wno-psabi -O3 execution test
FAIL: libffi.call/closure_loc_fn0.c -W -Wall -Wno-psabi -O2 -fomit-frame-pointer execution test
FAIL: libffi.call/closure_simple.c -W -Wall -Wno-psabi -O2 execution test
FAIL: libffi.call/closure_simple.c -W -Wall -Wno-psabi -O3 execution test
FAIL: libffi.call/closure_simple.c -W -Wall -Wno-psabi -O2 -fomit-frame-pointer execution test
FAIL: libffi.call/cls_12byte.c -W -Wall -Wno-psabi -O2 execution test
FAIL: libffi.call/cls_12byte.c -W -Wall -Wno-psabi -O3 execution test
FAIL: libffi.call/cls_12byte.c -W -Wall -Wno-psabi -O2 -fomit-frame-pointer execution test
FAIL: libffi.call/cls_16byte.c -W -Wall -Wno-psabi -O2 execution test
FAIL: libffi.call/cls_16byte.c -W -Wall -Wno-psabi -O3 execution test
FAIL: libffi.call/cls_16byte.c -W -Wall -Wno-psabi -O2 -fomit-frame-pointer execution test
FAIL: libffi.call/cls_18byte.c -W -Wall -Wno-psabi -O2 execution test
FAIL: libffi.call/cls_18byte.c -W -Wall -Wno-psabi -O3 execution test
FAIL: libffi.call/cls_18byte.c -W -Wall -Wno-psabi -O2 -fomit-frame-pointer execution test
FAIL: libffi.call/cls_19byte.c -W -Wall -Wno-psabi -O2 execution test
FAIL: libffi.call/cls_19byte.c -W -Wall -Wno-psabi -O3 execution test
FAIL: libffi.call/cls_19byte.c -W -Wall -Wno-psabi -O2 -fomit-frame-pointer execution test
FAIL: libffi.call/cls_1_1byte.c -W -Wall -Wno-psabi -O2 execution test
FAIL: libffi.call/cls_1_1byte.c -W -Wall -Wno-psabi -O3 execution test
FAIL: libffi.call/cls_1_1byte.c -W -Wall -Wno-psabi -O2 -fomit-frame-pointer execution test
FAIL: libffi.call/cls_20byte.c -W -Wall -Wno-psabi -O2 execution test
FAIL: libffi.call/cls_20byte.c -W -Wall -Wno-psabi -O3 execution test
FAIL: libffi.call/cls_20byte.c -W -Wall -Wno-psabi -O2 -fomit-frame-pointer execution test
FAIL: libffi.call/cls_20byte1.c -W -Wall -Wno-psabi -O2 execution test
FAIL: libffi.call/cls_20byte1.c -W -Wall -Wno-psabi -O3 execution test
FAIL: libffi.call/cls_20byte1.c -W -Wall -Wno-psabi -O2 -fomit-frame-pointer execution test
FAIL: libffi.call/cls_24byte.c -W -Wall -Wno-psabi -O2 execution test
FAIL: libffi.call/cls_24byte.c -W -Wall -Wno-psabi -O3 execution test
FAIL: libffi.call/cls_24byte.c -W -Wall -Wno-psabi -O2 -fomit-frame-pointer execution test
FAIL: libffi.call/cls_2byte.c -W -Wall -Wno-psabi -O2 execution test
FAIL: libffi.call/cls_2byte.c -W -Wall -Wno-psabi -O3 execution test
FAIL: libffi.call/cls_2byte.c -W -Wall -Wno-psabi -O2 -fomit-frame-pointer execution test
FAIL: libffi.call/cls_3_1byte.c -W -Wall -Wno-psabi -O2 execution test
FAIL: libffi.call/cls_3_1byte.c -W -Wall -Wno-psabi -O3 execution test
FAIL: libffi.call/cls_3_1byte.c -W -Wall -Wno-psabi -O2 -fomit-frame-pointer execution test
FAIL: libffi.call/cls_3byte1.c -W -Wall -Wno-psabi -O2 execution test
FAIL: libffi.call/cls_3byte1.c -W -Wall -Wno-psabi -O3 execution test
FAIL: libffi.call/cls_3byte1.c -W -Wall -Wno-psabi -O2 -fomit-frame-pointer execution test
FAIL: libffi.call/cls_3byte2.c -W -Wall -Wno-psabi -O2 execution test
FAIL: libffi.call/cls_3byte2.c -W -Wall -Wno-psabi -O3 execution test
FAIL: libffi.call/cls_3byte2.c -W -Wall -Wno-psabi -O2 -fomit-frame-pointer execution test
FAIL: libffi.call/cls_4_1byte.c -W -Wall -Wno-psabi -O2 execution test
FAIL: libffi.call/cls_4_1byte.c -W -Wall -Wno-psabi -O3 execution test
FAIL: libffi.call/cls_4_1byte.c -W -Wall -Wno-psabi -O2 -fomit-frame-pointer execution test
FAIL: libffi.call/cls_4byte.c -W -Wall -Wno-psabi -O2 execution test
FAIL: libffi.call/cls_4byte.c -W -Wall -Wno-psabi -O3 execution test
FAIL: libffi.call/cls_4byte.c -W -Wall -Wno-psabi -O2 -fomit-frame-pointer execution test
FAIL: libffi.call/cls_5_1_byte.c -W -Wall -Wno-psabi -O2 execution test
FAIL: libffi.call/cls_5_1_byte.c -W -Wall -Wno-psabi -O3 execution test
FAIL: libffi.call/cls_5_1_byte.c -W -Wall -Wno-psabi -O2 -fomit-frame-pointer execution test
FAIL: libffi.call/cls_5byte.c -W -Wall -Wno-psabi -O2 execution test
FAIL: libffi.call/cls_5byte.c -W -Wall -Wno-psabi -O3 execution test
FAIL: libffi.call/cls_5byte.c -W -Wall -Wno-psabi -O2 -fomit-frame-pointer execution test
FAIL: libffi.call/cls_64byte.c -W -Wall -Wno-psabi -O2 execution test
FAIL: libffi.call/cls_64byte.c -W -Wall -Wno-psabi -O3 execution test
FAIL: libffi.call/cls_64byte.c -W -Wall -Wno-psabi -O2 -fomit-frame-pointer execution test
FAIL: libffi.call/cls_6_1_byte.c -W -Wall -Wno-psabi -O2 execution test
FAIL: libffi.call/cls_6_1_byte.c -W -Wall -Wno-psabi -O3 execution test
FAIL: libffi.call/cls_6_1_byte.c -W -Wall -Wno-psabi -O2 -fomit-frame-pointer execution test
FAIL: libffi.call/cls_6byte.c -W -Wall -Wno-psabi -O2 execution test
FAIL: libffi.call/cls_6byte.c -W -Wall -Wno-psabi -O3 execution test
FAIL: libffi.call/cls_6byte.c -W -Wall -Wno-psabi -O2 -fomit-frame-pointer execution test
FAIL: libffi.call/cls_7_1_byte.c -W -Wall -Wno-psabi -O2 execution test
FAIL: libffi.call/cls_7_1_byte.c -W -Wall -Wno-psabi -O3 execution test
FAIL: libffi.call/cls_7_1_byte.c -W -Wall -Wno-psabi -O2 -fomit-frame-pointer execution test
FAIL: libffi.call/cls_7byte.c -W -Wall -Wno-psabi -O2 execution test
FAIL: libffi.call/cls_7byte.c -W -Wall -Wno-psabi -O3 execution test
FAIL: libffi.call/cls_7byte.c -W -Wall -Wno-psabi -O2 -fomit-frame-pointer execution test
FAIL: libffi.call/cls_8byte.c -W -Wall -Wno-psabi -O2 execution test
FAIL: libffi.call/cls_8byte.c -W -Wall -Wno-psabi -O3 execution test
FAIL: libffi.call/cls_8byte.c -W -Wall -Wno-psabi -O2 -fomit-frame-pointer execution test
FAIL: libffi.call/cls_9byte1.c -W -Wall -Wno-psabi -O2 execution test
FAIL: libffi.call/cls_9byte1.c -W -Wall -Wno-psabi -O3 execution test
FAIL: libffi.call/cls_9byte1.c -W -Wall -Wno-psabi -O2 -fomit-frame-pointer execution test
FAIL: libffi.call/cls_9byte2.c -W -Wall -Wno-psabi -O2 execution test
FAIL: libffi.call/cls_9byte2.c -W -Wall -Wno-psabi -O3 execution test
FAIL: libffi.call/cls_9byte2.c -W -Wall -Wno-psabi -O2 -fomit-frame-pointer execution test
FAIL: libffi.call/cls_align_double.c -W -Wall -Wno-psabi -O2 execution test
FAIL: libffi.call/cls_align_double.c -W -Wall -Wno-psabi -O3 execution test
FAIL: libffi.call/cls_align_double.c -W -Wall -Wno-psabi -O2 -fomit-frame-pointer execution test
FAIL: libffi.call/cls_align_float.c -W -Wall -Wno-psabi -O2 execution test
FAIL: libffi.call/cls_align_float.c -W -Wall -Wno-psabi -O3 execution test
FAIL: libffi.call/cls_align_float.c -W -Wall -Wno-psabi -O2 -fomit-frame-pointer execution test
FAIL: libffi.call/cls_align_longdouble.c -W -Wall -Wno-psabi -O2 execution test
FAIL: libffi.call/cls_align_longdouble.c -W -Wall -Wno-psabi -O3 execution test
FAIL: libffi.call/cls_align_longdouble.c -W -Wall -Wno-psabi -O2 -fomit-frame-pointer execution test
FAIL: libffi.call/cls_align_longdouble_split.c -W -Wall -Wno-psabi -O2 execution test
FAIL: libffi.call/cls_align_longdouble_split.c -W -Wall -Wno-psabi -O3 execution test
FAIL: libffi.call/cls_align_longdouble_split.c -W -Wall -Wno-psabi -O2 -fomit-frame-pointer execution test
FAIL: libffi.call/cls_align_longdouble_split2.c -W -Wall -Wno-psabi -O2 execution test
FAIL: libffi.call/cls_align_longdouble_split2.c -W -Wall -Wno-psabi -O3 execution test
FAIL: libffi.call/cls_align_longdouble_split2.c -W -Wall -Wno-psabi -O2 -fomit-frame-pointer execution test
FAIL: libffi.call/cls_align_pointer.c -W -Wall -Wno-psabi -O2 execution test
FAIL: libffi.call/cls_align_pointer.c -W -Wall -Wno-psabi -O3 execution test
FAIL: libffi.call/cls_align_pointer.c -W -Wall -Wno-psabi -O2 -fomit-frame-pointer execution test
FAIL: libffi.call/cls_align_sint16.c -W -Wall -Wno-psabi -O2 execution test
FAIL: libffi.call/cls_align_sint16.c -W -Wall -Wno-psabi -O3 execution test
FAIL: libffi.call/cls_align_sint16.c -W -Wall -Wno-psabi -O2 -fomit-frame-pointer execution test
FAIL: libffi.call/cls_align_sint32.c -W -Wall -Wno-psabi -O2 execution test
FAIL: libffi.call/cls_align_sint32.c -W -Wall -Wno-psabi -O3 execution test
FAIL: libffi.call/cls_align_sint32.c -W -Wall -Wno-psabi -O2 -fomit-frame-pointer execution test
FAIL: libffi.call/cls_align_sint64.c -W -Wall -Wno-psabi -O2 execution test
FAIL: libffi.call/cls_align_sint64.c -W -Wall -Wno-psabi -O3 execution test
FAIL: libffi.call/cls_align_sint64.c -W -Wall -Wno-psabi -O2 -fomit-frame-pointer execution test
FAIL: libffi.call/cls_align_uint16.c -W -Wall -Wno-psabi -O2 execution test
FAIL: libffi.call/cls_align_uint16.c -W -Wall -Wno-psabi -O3 execution test
FAIL: libffi.call/cls_align_uint16.c -W -Wall -Wno-psabi -O2 -fomit-frame-pointer execution test
FAIL: libffi.call/cls_align_uint32.c -W -Wall -Wno-psabi -O2 execution test
FAIL: libffi.call/cls_align_uint32.c -W -Wall -Wno-psabi -O3 execution test
FAIL: libffi.call/cls_align_uint32.c -W -Wall -Wno-psabi -O2 -fomit-frame-pointer execution test
FAIL: libffi.call/cls_align_uint64.c -W -Wall -Wno-psabi -O2 execution test
FAIL: libffi.call/cls_align_uint64.c -W -Wall -Wno-psabi -O3 execution test
FAIL: libffi.call/cls_align_uint64.c -W -Wall -Wno-psabi -O2 -fomit-frame-pointer execution test
FAIL: libffi.call/cls_dbls_struct.c -W -Wall -Wno-psabi -O2 execution test
FAIL: libffi.call/cls_dbls_struct.c -W -Wall -Wno-psabi -O3 execution test
FAIL: libffi.call/cls_dbls_struct.c -W -Wall -Wno-psabi -O2 -fomit-frame-pointer execution test
FAIL: libffi.call/cls_double.c -W -Wall -Wno-psabi -O2 execution test
FAIL: libffi.call/cls_double.c -W -Wall -Wno-psabi -O3 execution test
FAIL: libffi.call/cls_double.c -W -Wall -Wno-psabi -O2 -fomit-frame-pointer execution test
FAIL: libffi.call/cls_double_va.c -W -Wall -Wno-psabi -O2 execution test
FAIL: libffi.call/cls_double_va.c -W -Wall -Wno-psabi -O3 execution test
FAIL: libffi.call/cls_double_va.c -W -Wall -Wno-psabi -O2 -fomit-frame-pointer execution test
FAIL: libffi.call/cls_float.c -W -Wall -Wno-psabi -O2 execution test
FAIL: libffi.call/cls_float.c -W -Wall -Wno-psabi -O3 execution test
FAIL: libffi.call/cls_float.c -W -Wall -Wno-psabi -O2 -fomit-frame-pointer execution test
FAIL: libffi.call/cls_longdouble.c -W -Wall -Wno-psabi -O2 execution test
FAIL: libffi.call/cls_longdouble.c -W -Wall -Wno-psabi -O3 execution test
FAIL: libffi.call/cls_longdouble.c -W -Wall -Wno-psabi -O2 -fomit-frame-pointer execution test
FAIL: libffi.call/cls_longdouble_va.c -W -Wall -Wno-psabi -O2 execution test
FAIL: libffi.call/cls_longdouble_va.c -W -Wall -Wno-psabi -O3 execution test
FAIL: libffi.call/cls_longdouble_va.c -W -Wall -Wno-psabi -O2 -fomit-frame-pointer execution test
FAIL: libffi.call/cls_many_mixed_args.c -W -Wall -Wno-psabi -O2 execution test
FAIL: libffi.call/cls_many_mixed_args.c -W -Wall -Wno-psabi -O3 execution test
FAIL: libffi.call/cls_many_mixed_args.c -W -Wall -Wno-psabi -O2 -fomit-frame-pointer execution test
FAIL: libffi.call/cls_many_mixed_float_double.c -W -Wall -Wno-psabi -O2 execution test
FAIL: libffi.call/cls_many_mixed_float_double.c -W -Wall -Wno-psabi -O3 execution test
FAIL: libffi.call/cls_many_mixed_float_double.c -W -Wall -Wno-psabi -O2 -fomit-frame-pointer execution test
FAIL: libffi.call/cls_multi_schar.c -W -Wall -Wno-psabi -O2 execution test
FAIL: libffi.call/cls_multi_schar.c -W -Wall -Wno-psabi -O3 execution test
FAIL: libffi.call/cls_multi_schar.c -W -Wall -Wno-psabi -O2 -fomit-frame-pointer execution test
FAIL: libffi.call/cls_multi_sshort.c -W -Wall -Wno-psabi -O2 execution test
FAIL: libffi.call/cls_multi_sshort.c -W -Wall -Wno-psabi -O3 execution test
FAIL: libffi.call/cls_multi_sshort.c -W -Wall -Wno-psabi -O2 -fomit-frame-pointer execution test
FAIL: libffi.call/cls_multi_sshortchar.c -W -Wall -Wno-psabi -O2 execution test
FAIL: libffi.call/cls_multi_sshortchar.c -W -Wall -Wno-psabi -O3 execution test
FAIL: libffi.call/cls_multi_sshortchar.c -W -Wall -Wno-psabi -O2 -fomit-frame-pointer execution test
FAIL: libffi.call/cls_multi_uchar.c -W -Wall -Wno-psabi -O2 execution test
FAIL: libffi.call/cls_multi_uchar.c -W -Wall -Wno-psabi -O3 execution test
FAIL: libffi.call/cls_multi_uchar.c -W -Wall -Wno-psabi -O2 -fomit-frame-pointer execution test
FAIL: libffi.call/cls_multi_ushort.c -W -Wall -Wno-psabi -O2 execution test
FAIL: libffi.call/cls_multi_ushort.c -W -Wall -Wno-psabi -O3 execution test
FAIL: libffi.call/cls_multi_ushort.c -W -Wall -Wno-psabi -O2 -fomit-frame-pointer execution test
FAIL: libffi.call/cls_multi_ushortchar.c -W -Wall -Wno-psabi -O2 execution test
FAIL: libffi.call/cls_multi_ushortchar.c -W -Wall -Wno-psabi -O3 execution test
FAIL: libffi.call/cls_multi_ushortchar.c -W -Wall -Wno-psabi -O2 -fomit-frame-pointer execution test
FAIL: libffi.call/cls_pointer.c -W -Wall -Wno-psabi -O2 execution test
FAIL: libffi.call/cls_pointer.c -W -Wall -Wno-psabi -O3 execution test
FAIL: libffi.call/cls_pointer.c -W -Wall -Wno-psabi -O2 -fomit-frame-pointer execution test
FAIL: libffi.call/cls_pointer_stack.c -W -Wall -Wno-psabi -O2 execution test
FAIL: libffi.call/cls_pointer_stack.c -W -Wall -Wno-psabi -O3 execution test
FAIL: libffi.call/cls_pointer_stack.c -W -Wall -Wno-psabi -O2 -fomit-frame-pointer execution test
FAIL: libffi.call/cls_schar.c -W -Wall -Wno-psabi -O2 execution test
FAIL: libffi.call/cls_schar.c -W -Wall -Wno-psabi -O3 execution test
FAIL: libffi.call/cls_schar.c -W -Wall -Wno-psabi -O2 -fomit-frame-pointer execution test
FAIL: libffi.call/cls_sint.c -W -Wall -Wno-psabi -O2 execution test
FAIL: libffi.call/cls_sint.c -W -Wall -Wno-psabi -O3 execution test
FAIL: libffi.call/cls_sint.c -W -Wall -Wno-psabi -O2 -fomit-frame-pointer execution test
FAIL: libffi.call/cls_sshort.c -W -Wall -Wno-psabi -O2 execution test
FAIL: libffi.call/cls_sshort.c -W -Wall -Wno-psabi -O3 execution test
FAIL: libffi.call/cls_sshort.c -W -Wall -Wno-psabi -O2 -fomit-frame-pointer execution test
FAIL: libffi.call/cls_struct_va1.c -W -Wall -Wno-psabi -O2 execution test
FAIL: libffi.call/cls_struct_va1.c -W -Wall -Wno-psabi -O3 execution test
FAIL: libffi.call/cls_struct_va1.c -W -Wall -Wno-psabi -O2 -fomit-frame-pointer execution test
FAIL: libffi.call/cls_uchar.c -W -Wall -Wno-psabi -O2 execution test
FAIL: libffi.call/cls_uchar.c -W -Wall -Wno-psabi -O3 execution test
FAIL: libffi.call/cls_uchar.c -W -Wall -Wno-psabi -O2 -fomit-frame-pointer execution test
FAIL: libffi.call/cls_uchar_va.c -W -Wall -Wno-psabi -O2 execution test
FAIL: libffi.call/cls_uchar_va.c -W -Wall -Wno-psabi -O3 execution test
FAIL: libffi.call/cls_uchar_va.c -W -Wall -Wno-psabi -O2 -fomit-frame-pointer execution test
FAIL: libffi.call/cls_uint.c -W -Wall -Wno-psabi -O2 execution test
FAIL: libffi.call/cls_uint.c -W -Wall -Wno-psabi -O3 execution test
FAIL: libffi.call/cls_uint.c -W -Wall -Wno-psabi -O2 -fomit-frame-pointer execution test
FAIL: libffi.call/cls_uint_va.c -W -Wall -Wno-psabi -O2 execution test
FAIL: libffi.call/cls_uint_va.c -W -Wall -Wno-psabi -O3 execution test
FAIL: libffi.call/cls_uint_va.c -W -Wall -Wno-psabi -O2 -fomit-frame-pointer execution test
FAIL: libffi.call/cls_ulong_va.c -W -Wall -Wno-psabi -O2 execution test
FAIL: libffi.call/cls_ulong_va.c -W -Wall -Wno-psabi -O3 execution test
FAIL: libffi.call/cls_ulong_va.c -W -Wall -Wno-psabi -O2 -fomit-frame-pointer execution test
FAIL: libffi.call/cls_ulonglong.c -W -Wall -Wno-psabi -O2 execution test
FAIL: libffi.call/cls_ulonglong.c -W -Wall -Wno-psabi -O3 execution test
FAIL: libffi.call/cls_ulonglong.c -W -Wall -Wno-psabi -O2 -fomit-frame-pointer execution test
FAIL: libffi.call/cls_ushort.c -W -Wall -Wno-psabi -O2 execution test
FAIL: libffi.call/cls_ushort.c -W -Wall -Wno-psabi -O3 execution test
FAIL: libffi.call/cls_ushort.c -W -Wall -Wno-psabi -O2 -fomit-frame-pointer execution test
FAIL: libffi.call/cls_ushort_va.c -W -Wall -Wno-psabi -O2 execution test
FAIL: libffi.call/cls_ushort_va.c -W -Wall -Wno-psabi -O3 execution test
FAIL: libffi.call/cls_ushort_va.c -W -Wall -Wno-psabi -O2 -fomit-frame-pointer execution test
FAIL: libffi.call/huge_struct.c -W -Wall -Wno-psabi -O2 execution test
FAIL: libffi.call/huge_struct.c -W -Wall -Wno-psabi -O3 execution test
FAIL: libffi.call/huge_struct.c -W -Wall -Wno-psabi -O2 -fomit-frame-pointer execution test
FAIL: libffi.call/nested_struct.c -W -Wall -Wno-psabi -O2 execution test
FAIL: libffi.call/nested_struct.c -W -Wall -Wno-psabi -O3 execution test
FAIL: libffi.call/nested_struct.c -W -Wall -Wno-psabi -O2 -fomit-frame-pointer execution test
FAIL: libffi.call/nested_struct1.c -W -Wall -Wno-psabi -O2 execution test
FAIL: libffi.call/nested_struct1.c -W -Wall -Wno-psabi -O3 execution test
FAIL: libffi.call/nested_struct1.c -W -Wall -Wno-psabi -O2 -fomit-frame-pointer execution test
FAIL: libffi.call/nested_struct10.c -W -Wall -Wno-psabi -O2 execution test
FAIL: libffi.call/nested_struct10.c -W -Wall -Wno-psabi -O3 execution test
FAIL: libffi.call/nested_struct10.c -W -Wall -Wno-psabi -O2 -fomit-frame-pointer execution test
FAIL: libffi.call/nested_struct2.c -W -Wall -Wno-psabi -O2 execution test
FAIL: libffi.call/nested_struct2.c -W -Wall -Wno-psabi -O3 execution test
FAIL: libffi.call/nested_struct2.c -W -Wall -Wno-psabi -O2 -fomit-frame-pointer execution test
FAIL: libffi.call/nested_struct3.c -W -Wall -Wno-psabi -O2 execution test
FAIL: libffi.call/nested_struct3.c -W -Wall -Wno-psabi -O3 execution test
FAIL: libffi.call/nested_struct3.c -W -Wall -Wno-psabi -O2 -fomit-frame-pointer execution test
FAIL: libffi.call/nested_struct4.c -W -Wall -Wno-psabi -O2 execution test
FAIL: libffi.call/nested_struct4.c -W -Wall -Wno-psabi -O3 execution test
FAIL: libffi.call/nested_struct4.c -W -Wall -Wno-psabi -O2 -fomit-frame-pointer execution test
FAIL: libffi.call/nested_struct5.c -W -Wall -Wno-psabi -O2 execution test
FAIL: libffi.call/nested_struct5.c -W -Wall -Wno-psabi -O3 execution test
FAIL: libffi.call/nested_struct5.c -W -Wall -Wno-psabi -O2 -fomit-frame-pointer execution test
FAIL: libffi.call/nested_struct6.c -W -Wall -Wno-psabi -O2 execution test
FAIL: libffi.call/nested_struct6.c -W -Wall -Wno-psabi -O3 execution test
FAIL: libffi.call/nested_struct6.c -W -Wall -Wno-psabi -O2 -fomit-frame-pointer execution test
FAIL: libffi.call/nested_struct7.c -W -Wall -Wno-psabi -O2 execution test
FAIL: libffi.call/nested_struct7.c -W -Wall -Wno-psabi -O3 execution test
FAIL: libffi.call/nested_struct7.c -W -Wall -Wno-psabi -O2 -fomit-frame-pointer execution test
FAIL: libffi.call/nested_struct8.c -W -Wall -Wno-psabi -O2 execution test
FAIL: libffi.call/nested_struct8.c -W -Wall -Wno-psabi -O3 execution test
FAIL: libffi.call/nested_struct8.c -W -Wall -Wno-psabi -O2 -fomit-frame-pointer execution test
FAIL: libffi.call/nested_struct9.c -W -Wall -Wno-psabi -O2 execution test
FAIL: libffi.call/nested_struct9.c -W -Wall -Wno-psabi -O3 execution test
FAIL: libffi.call/nested_struct9.c -W -Wall -Wno-psabi -O2 -fomit-frame-pointer execution test
FAIL: libffi.call/problem1.c -W -Wall -Wno-psabi -O2 execution test
FAIL: libffi.call/problem1.c -W -Wall -Wno-psabi -O3 execution test
FAIL: libffi.call/problem1.c -W -Wall -Wno-psabi -O2 -fomit-frame-pointer execution test
FAIL: libffi.call/stret_large.c -W -Wall -Wno-psabi -O2 execution test
FAIL: libffi.call/stret_large.c -W -Wall -Wno-psabi -O3 execution test
FAIL: libffi.call/stret_large.c -W -Wall -Wno-psabi -O2 -fomit-frame-pointer execution test
FAIL: libffi.call/stret_large2.c -W -Wall -Wno-psabi -O2 execution test
FAIL: libffi.call/stret_large2.c -W -Wall -Wno-psabi -O3 execution test
FAIL: libffi.call/stret_large2.c -W -Wall -Wno-psabi -O2 -fomit-frame-pointer execution test
FAIL: libffi.call/stret_medium.c -W -Wall -Wno-psabi -O2 execution test
FAIL: libffi.call/stret_medium.c -W -Wall -Wno-psabi -O3 execution test
FAIL: libffi.call/stret_medium.c -W -Wall -Wno-psabi -O2 -fomit-frame-pointer execution test
FAIL: libffi.call/stret_medium2.c -W -Wall -Wno-psabi -O2 execution test
FAIL: libffi.call/stret_medium2.c -W -Wall -Wno-psabi -O3 execution test
FAIL: libffi.call/stret_medium2.c -W -Wall -Wno-psabi -O2 -fomit-frame-pointer execution test
FAIL: libffi.call/testclosure.c -W -Wall -Wno-psabi -O2 execution test
FAIL: libffi.call/testclosure.c -W -Wall -Wno-psabi -O3 execution test
FAIL: libffi.call/testclosure.c -W -Wall -Wno-psabi -O2 -fomit-frame-pointer execution test
FAIL: libffi.special/unwindtest.cc  -shared-libgcc -lstdc++ execution test
FAIL: libffi.special/unwindtest.cc  -shared-libgcc -lstdc++ execution test

		=== libffi Summary ===

# of expected passes		1370
# of unexpected failures	275
# of unsupported tests		30
		=== libgomp tests ===


Running target unix
FAIL: libgomp.c/affinity-1.c execution test
WARNING: program timed out
FAIL: libgomp.c/for-5.c (test for excess errors)
UNRESOLVED: libgomp.c/for-5.c compilation failed to produce executable
FAIL: libgomp.c/icv-2.c execution test
FAIL: libgomp.c/lock-3.c execution test
FAIL: libgomp.c/target-29.c (internal compiler error)
FAIL: libgomp.c/target-29.c (test for excess errors)
UNRESOLVED: libgomp.c/target-29.c compilation failed to produce executable
FAIL: libgomp.c/target-6.c execution test
FAIL: libgomp.c++/affinity-1.C execution test
WARNING: program timed out
FAIL: libgomp.c++/for-13.C (test for excess errors)
UNRESOLVED: libgomp.c++/for-13.C compilation failed to produce executable
FAIL: libgomp.c++/target-15.C (internal compiler error)
FAIL: libgomp.c++/target-15.C (test for excess errors)
UNRESOLVED: libgomp.c++/target-15.C compilation failed to produce executable
FAIL: libgomp.c++/target-16.C (internal compiler error)
FAIL: libgomp.c++/target-16.C (test for excess errors)
UNRESOLVED: libgomp.c++/target-16.C compilation failed to produce executable
FAIL: libgomp.c++/target-17.C (internal compiler error)
FAIL: libgomp.c++/target-17.C (test for excess errors)
UNRESOLVED: libgomp.c++/target-17.C compilation failed to produce executable
FAIL: libgomp.c++/target-19.C (internal compiler error)
FAIL: libgomp.c++/target-19.C (test for excess errors)
UNRESOLVED: libgomp.c++/target-19.C compilation failed to produce executable
FAIL: libgomp.fortran/vla8.f90   -O3 -fomit-frame-pointer -funroll-loops -fpeel-loops -ftracer -finline-functions  execution test

		=== libgomp Summary ===

# of expected passes		4902
# of unexpected failures	18
# of unresolved testcases	7
# of unsupported tests		368
		=== libjava tests ===


Running target unix
FAIL: libjava.jar/TestClosureGC.jar execution - gij test
FAIL: libjava.jar/simple.jar execution - gij test
FAIL: PR15133 execution - gij test
FAIL: PR18116 execution - gij test
FAIL: PR28178 execution - gij test
FAIL: bytebuffer execution - gij test
FAIL: calls execution - gij test
FAIL: cxxtest execution - gij test
FAIL: directbuffer execution - gij test
FAIL: field execution - gij test
FAIL: final_method execution - gij test
FAIL: findclass execution - gij test
FAIL: findclass2 execution - gij test
FAIL: iface execution - gij test
FAIL: init execution - gij test
FAIL: invoke execution - gij test
FAIL: jniutf execution - gij test
FAIL: martin execution - gij test
FAIL: noclass execution - gij test
FAIL: overload execution - gij test
FAIL: pr11951 execution - gij test
FAIL: pr18278 execution - gij test
FAIL: pr23739 execution - gij test
FAIL: register execution - gij test
FAIL: register2 execution - gij test
FAIL: simple_int execution - gij test
FAIL: throwit execution - gij test
FAIL: virtual execution - gij test
FAIL: pr29812 execution - gij test
FAIL: getargssize run
FAIL: getlocalvartable run
FAIL: getstacktrace run
FAIL: ExtraClassLoader execution - source compiled test
FAIL: ExtraClassLoader -findirect-dispatch execution - source compiled test
FAIL: ExtraClassLoader -O3 execution - source compiled test
FAIL: ExtraClassLoader -O3 -findirect-dispatch execution - source compiled test
FAIL: ProxyTest -O3 execution - source compiled test
FAIL: ProxyTest -O3 -findirect-dispatch execution - source compiled test
FAIL: TestProxy -O3 execution - source compiled test
FAIL: TestProxy -O3 -findirect-dispatch execution - source compiled test
FAIL: TestEarlyGC execution - source compiled test

		=== libjava Summary ===

# of expected passes		2527
# of unexpected failures	41
# of expected failures		4
# of untested testcases		41
		=== libstdc++ tests ===


Running target unix
FAIL: libstdc++-abi/abi_check
FAIL: 22_locale/locale/cons/12658_thread-2.cc execution test
FAIL: 22_locale/numpunct/members/char/3.cc execution test
FAIL: 22_locale/time_get/get_date/wchar_t/4.cc execution test
FAIL: 27_io/basic_filebuf/close/12790-1.cc (test for excess errors)
UNRESOLVED: 27_io/basic_filebuf/close/12790-1.cc compilation failed to produce executable
FAIL: 30_threads/condition_variable/54185.cc execution test
FAIL: ext/rope/pthread7-rope.cc execution test
WARNING: program timed out.
WARNING: program timed out.
WARNING: program timed out.
FAIL: libstdc++-prettyprinters/libfundts.cc print ab
FAIL: libstdc++-prettyprinters/libfundts.cc print ai
FAIL: libstdc++-prettyprinters/libfundts.cc print am
FAIL: libstdc++-prettyprinters/libfundts.cc print ap
FAIL: libstdc++-prettyprinters/libfundts.cc print as
FAIL: libstdc++-prettyprinters/libfundts.cc print as2

		=== libstdc++ Summary ===

# of expected passes		11026
# of unexpected failures	13
# of expected failures		66
# of unresolved testcases	1
# of unsupported tests		266

Compiler version: 7.0.0 20160619 (experimental) [trunk revision 237580] (GCC) 
Platform: hppa-unknown-linux-gnu
configure flags: --with-gnu-as --with-gnu-ld --enable-shared --enable-multiarch --enable-linker-build-id --build=hppa-linux-gnu --host=hppa-linux-gnu --target=hppa-linux-gnu --prefix=/home/dave/opt/gnu/gcc/gcc-7 --with-local-prefix=/home/dave/opt/gnu --enable-threads=posix --enable-__cxa_atexit --build=hppa-linux-gnu --enable-clocale=gnu --enable-java-gc=boehm --enable-languages=c,c++,objc,fortran,obj-c++,java,ada,lto


Index Nav: [Date Index] [Subject Index] [Author Index] [Thread Index]
Message Nav: [Date Prev] [Date Next] [Thread Prev] [Thread Next]