This is the mail archive of the gcc-testresults@gcc.gnu.org mailing list for the GCC project.


Index Nav: [Date Index] [Subject Index] [Author Index] [Thread Index]
Message Nav: [Date Prev] [Date Next] [Thread Prev] [Thread Next]
Other format: [Raw text]

Results for 7.0.0 20160618 (experimental) (AVR_8_bit_GNU_Toolchain_4.0.0_142) gcc testsuite on avr-unknown-none


Target is avr-unknown-none
Host   is x86_64-pc-linux-gnu

		=== gcc tests ===


Running target atmeldbg-avr
FAIL: gcc.c-torture/execute/pr70460.c   -O0  execution test
FAIL: gcc.c-torture/execute/pr70460.c   -O2  execution test
FAIL: gcc.c-torture/execute/pr70460.c   -O2 -flto -flto-partition=none  execution test
FAIL: gcc.c-torture/execute/pr70460.c   -O2 -flto  execution test
FAIL: gcc.dg/compat/struct-by-value-16a c_compat_x_tst.o-c_compat_y_tst.o execute "-Os -mno-interrupts  -mcall-prologues","-Os -mno-interrupts  -mcall-prologues"
FAIL: gcc.dg/compat/struct-by-value-17a c_compat_x_tst.o-c_compat_y_tst.o execute "-Os -mno-interrupts  -mcall-prologues","-Os -mno-interrupts  -mcall-prologues"
FAIL: gcc.dg/compat/struct-by-value-18a c_compat_x_tst.o-c_compat_y_tst.o execute "-Os -mno-interrupts  -mcall-prologues","-Os -mno-interrupts  -mcall-prologues"
FAIL: gcc.dg/compat/struct-by-value-2 c_compat_x_tst.o-c_compat_y_tst.o execute "-Os -mno-interrupts  -mcall-prologues","-Os -mno-interrupts  -mcall-prologues"
FAIL: gcc.dg/compat/struct-by-value-4 c_compat_x_tst.o-c_compat_y_tst.o execute "-Os -mno-interrupts  -mcall-prologues","-Os -mno-interrupts  -mcall-prologues"
FAIL: gcc.dg/compat/struct-by-value-8 c_compat_x_tst.o-c_compat_y_tst.o execute "-Os -mno-interrupts  -mcall-prologues","-Os -mno-interrupts  -mcall-prologues"
FAIL: gcc.dg/compat/struct-by-value-9 c_compat_x_tst.o-c_compat_y_tst.o execute "-Os -mno-interrupts  -mcall-prologues","-Os -mno-interrupts  -mcall-prologues"
FAIL: gcc.dg/compat/struct-return-2 c_compat_x_tst.o-c_compat_y_tst.o execute "-Os -mno-interrupts  -mcall-prologues","-Os -mno-interrupts  -mcall-prologues"
FAIL: gcc.dg/20141029-1.c scan-rtl-dump-times final "mem/v(/.)*:HI" 4
FAIL: gcc.dg/Wno-frame-address.c (test for excess errors)
XPASS: gcc.dg/Wtype-limits-Wextra.c (test for excess errors)
FAIL: gcc.dg/addr_equal-1.c execution test
XPASS: gcc.dg/builtin-return-1.c execution test
FAIL: gcc.dg/ifcvt-4.c scan-rtl-dump ce1 "2 true changes made"
FAIL: gcc.dg/init-excess-2.c (test for excess errors)
XPASS: gcc.dg/memcpy-1.c scan-tree-dump-times optimized "nasty_local\\\\." 0
FAIL: gcc.dg/pr44024.c (test for excess errors)
FAIL: gcc.dg/pr59963-2.c (test for excess errors)
FAIL: gcc.dg/pr63387-2.c scan-tree-dump-not optimized "ccc[^\\n\\r]* ord ddd"
FAIL: gcc.dg/pr63387.c scan-tree-dump-not optimized "ccc[^\\n\\r]* unord ddd"
FAIL: gcc.dg/pr64252.c execution test
FAIL: gcc.dg/pr64277.c scan-tree-dump cunroll "loop with 5 iterations completely unrolled"
FAIL: gcc.dg/pr64277.c scan-tree-dump cunroll "loop with 6 iterations completely unrolled"
FAIL: gcc.dg/pr66299-1.c execution test
FAIL: gcc.dg/pr66299-2.c execution test
FAIL: gcc.dg/pr67786.c output pattern test, is , should match 15
FAIL: gcc.dg/pr71084.c (test for excess errors)
XPASS: gcc.dg/strlenopt-8.c scan-tree-dump-times strlen "strlen \\\\(" 0
FAIL: gcc.dg/strlenopt-8.c scan-tree-dump-times strlen "memcpy \\\\(" 2
FAIL: gcc.dg/uninit-19.c  (test for warnings, line 13)
FAIL: gcc.dg/uninit-19.c (test for excess errors)
FAIL: gcc.dg/unroll-7.c scan-rtl-dump loop2_unroll "Unrolled loop"
FAIL: gcc.dg/unroll-7.c scan-rtl-dump loop2_unroll "number of iterations: .const_int 999999"
FAIL: gcc.dg/unroll-7.c scan-rtl-dump loop2_unroll "upper bound: 999999"
FAIL: gcc.dg/unroll-7.c scan-rtl-dump loop2_unroll "realistic bound: 999999"
FAIL: gcc.dg/zero_sign_ext_test.c (test for excess errors)
FAIL: gcc.dg/zero_sign_ext_test.c execution test
FAIL: c-c++-common/Wduplicated-cond-3.c  -Wc++-compat  (test for excess errors)
FAIL: c-c++-common/Wlogical-op-1.c  -Wc++-compat  (test for excess errors)
FAIL: c-c++-common/builtin-arith-overflow-2.c  -Wc++-compat  (test for excess errors)
UNRESOLVED: c-c++-common/builtin-arith-overflow-2.c  -Wc++-compat  compilation failed to produce executable
FAIL: c-c++-common/pr68657-1.c  -Wc++-compat   (test for errors, line 24)
FAIL: c-c++-common/pr68657-1.c  -Wc++-compat  (test for excess errors)
FAIL: c-c++-common/pr68657-2.c  -Wc++-compat   (test for errors, line 5)
FAIL: c-c++-common/pr68657-2.c  -Wc++-compat  (test for excess errors)
FAIL: c-c++-common/pr68657-3.c  -Wc++-compat   (test for errors, line 5)
FAIL: c-c++-common/pr68657-3.c  -Wc++-compat   (test for warnings, line 11)
FAIL: c-c++-common/pr68657-3.c  -Wc++-compat  (test for excess errors)
FAIL: c-c++-common/pr68833-1.c  -Wc++-compat   (test for errors, line 5)
FAIL: c-c++-common/pr68833-1.c  -Wc++-compat  detect noreturn candidate (test for errors, line 17)
FAIL: c-c++-common/pr68833-1.c  -Wc++-compat  (test for excess errors)
FAIL: gcc.dg/ipa/pr63551.c (test for excess errors)
FAIL: gcc.dg/ipa/pr63595.c (test for excess errors)
FAIL: gcc.dg/ipa/pr64041.c (test for excess errors)
FAIL: gcc.dg/ipa/propalign-1.c scan-ipa-dump cp "Adjusting alignment of param"
FAIL: gcc.dg/ipa/propalign-1.c scan-tree-dump-not optimized "fail_the_test"
FAIL: gcc.dg/ipa/propalign-2.c scan-ipa-dump cp "Adjusting alignment of param"
FAIL: gcc.dg/ipa/propalign-2.c scan-tree-dump-not optimized "fail_the_test"
FAIL: gcc.dg/ipa/propalign-4.c scan-ipa-dump cp "Alignment 8, misalignment 4"
FAIL: gcc.dg/ipa/propalign-5.c scan-ipa-dump cp "Alignment 2"
FAIL: gcc.dg/lto/pr60449 c_lto_pr60449_0.o-c_lto_pr60449_1.o link, -O0 -flto -flto-partition=none 
UNRESOLVED: gcc.dg/lto/pr60449 c_lto_pr60449_0.o-c_lto_pr60449_1.o execute -O0 -flto -flto-partition=none 
FAIL: gcc.dg/lto/pr60449 c_lto_pr60449_0.o-c_lto_pr60449_1.o link, -O2 -flto -flto-partition=none 
UNRESOLVED: gcc.dg/lto/pr60449 c_lto_pr60449_0.o-c_lto_pr60449_1.o execute -O2 -flto -flto-partition=none 
FAIL: gcc.dg/lto/pr60449 c_lto_pr60449_0.o-c_lto_pr60449_1.o link, -O0 -flto -flto-partition=1to1 
UNRESOLVED: gcc.dg/lto/pr60449 c_lto_pr60449_0.o-c_lto_pr60449_1.o execute -O0 -flto -flto-partition=1to1 
FAIL: gcc.dg/lto/pr60449 c_lto_pr60449_0.o-c_lto_pr60449_1.o link, -O2 -flto -flto-partition=1to1 
UNRESOLVED: gcc.dg/lto/pr60449 c_lto_pr60449_0.o-c_lto_pr60449_1.o execute -O2 -flto -flto-partition=1to1 
FAIL: gcc.dg/lto/pr60449 c_lto_pr60449_0.o-c_lto_pr60449_1.o link, -O0 -flto 
UNRESOLVED: gcc.dg/lto/pr60449 c_lto_pr60449_0.o-c_lto_pr60449_1.o execute -O0 -flto 
FAIL: gcc.dg/lto/pr60449 c_lto_pr60449_0.o-c_lto_pr60449_1.o link, -O2 -flto
UNRESOLVED: gcc.dg/lto/pr60449 c_lto_pr60449_0.o-c_lto_pr60449_1.o execute -O2 -flto
FAIL: c-c++-common/torture/builtin-arith-overflow-14.c   -O0  (test for excess errors)
UNRESOLVED: c-c++-common/torture/builtin-arith-overflow-14.c   -O0  compilation failed to produce executable
WARNING: program timed out.
FAIL: c-c++-common/torture/builtin-arith-overflow-14.c   -O2  (test for excess errors)
UNRESOLVED: c-c++-common/torture/builtin-arith-overflow-14.c   -O2  compilation failed to produce executable
WARNING: program timed out.
FAIL: c-c++-common/torture/builtin-arith-overflow-3.c   -O0  (test for excess errors)
UNRESOLVED: c-c++-common/torture/builtin-arith-overflow-3.c   -O0  compilation failed to produce executable
WARNING: program timed out.
FAIL: c-c++-common/torture/builtin-arith-overflow-3.c   -O2  (test for excess errors)
UNRESOLVED: c-c++-common/torture/builtin-arith-overflow-3.c   -O2  compilation failed to produce executable
FAIL: gcc.dg/torture/20131115-1.c   -O0  execution test
FAIL: gcc.dg/torture/20131115-1.c   -O1 -fno-inline  execution test
FAIL: gcc.dg/torture/20131115-1.c   -O2  execution test
FAIL: gcc.dg/torture/20131115-1.c   -O3 -finline-functions  execution test
FAIL: gcc.dg/torture/20131115-1.c   -Os  execution test
FAIL: gcc.dg/torture/20131115-1.c   -Og -g  execution test
UNRESOLVED: gcc.dg/torture/pr23821.c   -Og -g   scan-tree-dump ivcanon "Added canonical iv"
UNRESOLVED: gcc.dg/torture/pr39074-2.c   -Og -g   scan-tree-dump alias "y.._. = { i }"
UNRESOLVED: gcc.dg/torture/pr39074-2.c   -Og -g   scan-tree-dump alias "y.._., points-to vars: { D..... }"
UNRESOLVED: gcc.dg/torture/pr39074.c   -Og -g   scan-tree-dump alias "y.._. = { i }"
UNRESOLVED: gcc.dg/torture/pr39074.c   -Og -g   scan-tree-dump alias "y.._., points-to vars: { D..... }"
FAIL: gcc.dg/torture/pr68955.c   -O0  output pattern test, is , should match ONE1ONE
FAIL: gcc.dg/torture/pr68955.c   -O1 -fno-inline  output pattern test, is , should match ONE1ONE
FAIL: gcc.dg/torture/pr68955.c   -O2  output pattern test, is , should match ONE1ONE
FAIL: gcc.dg/torture/pr68955.c   -O3 -finline-functions  output pattern test, is , should match ONE1ONE
FAIL: gcc.dg/torture/pr68955.c   -Os  output pattern test, is , should match ONE1ONE
FAIL: gcc.dg/torture/pr68955.c   -Og -g  output pattern test, is , should match ONE1ONE
FAIL: gcc.dg/torture/pr69352.c   -O0  (test for excess errors)
FAIL: gcc.dg/torture/pr69352.c   -O1 -fno-inline  (test for excess errors)
FAIL: gcc.dg/torture/pr69352.c   -O2  (test for excess errors)
FAIL: gcc.dg/torture/pr69352.c   -O3 -finline-functions  (test for excess errors)
FAIL: gcc.dg/torture/pr69352.c   -Os  (test for excess errors)
FAIL: gcc.dg/torture/pr69352.c   -Og -g  (test for excess errors)
FAIL: gcc.dg/torture/pr69714.c   -O0  (test for excess errors)
UNRESOLVED: gcc.dg/torture/pr69714.c   -O0  compilation failed to produce executable
FAIL: gcc.dg/torture/pr69714.c   -O1 -fno-inline  (test for excess errors)
UNRESOLVED: gcc.dg/torture/pr69714.c   -O1 -fno-inline  compilation failed to produce executable
FAIL: gcc.dg/torture/pr69714.c   -O2  (test for excess errors)
UNRESOLVED: gcc.dg/torture/pr69714.c   -O2  compilation failed to produce executable
FAIL: gcc.dg/torture/pr69714.c   -O3 -finline-functions  (test for excess errors)
UNRESOLVED: gcc.dg/torture/pr69714.c   -O3 -finline-functions  compilation failed to produce executable
FAIL: gcc.dg/torture/pr69714.c   -Os  (test for excess errors)
UNRESOLVED: gcc.dg/torture/pr69714.c   -Os  compilation failed to produce executable
FAIL: gcc.dg/torture/pr69714.c   -Og -g  (test for excess errors)
UNRESOLVED: gcc.dg/torture/pr69714.c   -Og -g  compilation failed to produce executable
FAIL: gcc.dg/torture/pr69771.c   -O0   (test for warnings, line 11)
FAIL: gcc.dg/torture/pr69771.c   -O0  (test for excess errors)
FAIL: gcc.dg/torture/pr69771.c   -O1 -fno-inline   (test for warnings, line 11)
FAIL: gcc.dg/torture/pr69771.c   -O1 -fno-inline  (test for excess errors)
FAIL: gcc.dg/torture/pr69771.c   -O2   (test for warnings, line 11)
FAIL: gcc.dg/torture/pr69771.c   -O2  (test for excess errors)
FAIL: gcc.dg/torture/pr69771.c   -O3 -finline-functions   (test for warnings, line 11)
FAIL: gcc.dg/torture/pr69771.c   -O3 -finline-functions  (test for excess errors)
FAIL: gcc.dg/torture/pr69771.c   -Os   (test for warnings, line 11)
FAIL: gcc.dg/torture/pr69771.c   -Os  (test for excess errors)
FAIL: gcc.dg/torture/pr69771.c   -Og -g   (test for warnings, line 11)
FAIL: gcc.dg/torture/pr69771.c   -Og -g  (test for excess errors)
FAIL: gcc.dg/torture/pr69941.c   -O0  execution test
FAIL: gcc.dg/torture/pr69941.c   -O1 -fno-inline  execution test
FAIL: gcc.dg/torture/pr69941.c   -O2  execution test
FAIL: gcc.dg/torture/pr69941.c   -O3 -finline-functions  execution test
FAIL: gcc.dg/torture/pr69941.c   -Os  execution test
FAIL: gcc.dg/torture/pr69941.c   -Og -g  execution test
FAIL: gcc.dg/torture/pr70025.c   -O0  (test for excess errors)
FAIL: gcc.dg/torture/pr70025.c   -O1 -fno-inline  (test for excess errors)
FAIL: gcc.dg/torture/pr70025.c   -O2  (test for excess errors)
FAIL: gcc.dg/torture/pr70025.c   -O3 -finline-functions  (test for excess errors)
FAIL: gcc.dg/torture/pr70025.c   -Os  (test for excess errors)
FAIL: gcc.dg/torture/pr70025.c   -Og -g  (test for excess errors)
FAIL: gcc.dg/torture/pr70083.c   -O0  (test for excess errors)
FAIL: gcc.dg/torture/pr70083.c   -O1 -fno-inline  (test for excess errors)
FAIL: gcc.dg/torture/pr70083.c   -O2  (test for excess errors)
FAIL: gcc.dg/torture/pr70083.c   -O3 -finline-functions  (test for excess errors)
FAIL: gcc.dg/torture/pr70083.c   -Os  (test for excess errors)
FAIL: gcc.dg/torture/pr70083.c   -Og -g  (test for excess errors)
FAIL: gcc.dg/torture/pr70421.c   -O0  execution test
FAIL: gcc.dg/torture/pr70421.c   -O1 -fno-inline  execution test
FAIL: gcc.dg/torture/pr70421.c   -O2  execution test
FAIL: gcc.dg/torture/pr70421.c   -O3 -finline-functions  execution test
FAIL: gcc.dg/torture/pr70421.c   -Os  execution test
FAIL: gcc.dg/torture/pr70421.c   -Og -g  execution test
FAIL: gcc.dg/torture/pr70542.c   -O0  (test for excess errors)
FAIL: gcc.dg/torture/pr70542.c   -O1 -fno-inline  (test for excess errors)
FAIL: gcc.dg/torture/pr70542.c   -O2  (test for excess errors)
FAIL: gcc.dg/torture/pr70542.c   -O3 -finline-functions  (test for excess errors)
FAIL: gcc.dg/torture/pr70542.c   -Os  (test for excess errors)
FAIL: gcc.dg/torture/pr70542.c   -Og -g  (test for excess errors)
FAIL: gcc.dg/torture/pr70935.c   -O0  (test for excess errors)
FAIL: gcc.dg/torture/pr70935.c   -O1 -fno-inline  (test for excess errors)
FAIL: gcc.dg/torture/pr70935.c   -O2  (test for excess errors)
FAIL: gcc.dg/torture/pr70935.c   -O3 -finline-functions  (test for excess errors)
FAIL: gcc.dg/torture/pr70935.c   -Os  (test for excess errors)
FAIL: gcc.dg/torture/pr70935.c   -Og -g  (test for excess errors)
UNRESOLVED: gcc.dg/torture/pta-callused-1.c   -Og -g   scan-tree-dump alias "p.._. = { i j }"
UNRESOLVED: gcc.dg/torture/pta-escape-1.c   -Og -g   scan-tree-dump alias "ESCAPED = {[^\\n}]* i [^\\n}]*}"
UNRESOLVED: gcc.dg/torture/pta-ptrarith-1.c   -Og -g   scan-tree-dump alias "ESCAPED = {[^\\n}]* i f [^\\n}]*}"
UNRESOLVED: gcc.dg/torture/pta-ptrarith-2.c   -Og -g   scan-tree-dump alias "= { i j }"
UNRESOLVED: gcc.dg/torture/pta-ptrarith-3.c   -Og -g   scan-tree-dump alias "q_. = { i j k }"
UNRESOLVED: gcc.dg/torture/pta-structcopy-1.c   -Og -g   scan-tree-dump ealias "y.* = { i }"
UNRESOLVED: gcc.dg/torture/pta-structcopy-1.c   -Og -g   scan-tree-dump ealias "y.*, points-to vars: { D..... }"
UNRESOLVED: gcc.dg/torture/ssa-pta-fn-1.c   -Og -g   scan-tree-dump alias "q_const_. = { NONLOCAL i }"
UNRESOLVED: gcc.dg/torture/ssa-pta-fn-1.c   -Og -g   scan-tree-dump alias "q_pure_. = { ESCAPED NONLOCAL i }"
UNRESOLVED: gcc.dg/torture/ssa-pta-fn-1.c   -Og -g   scan-tree-dump alias "q_normal_. = { ESCAPED NONLOCAL }"
ERROR: tcl error sourcing /home/toolsbuild/workspace/avr8-gnu-regression-test-mega-trunk/src/gcc/gcc/testsuite/gcc.dg/torture/stackalign/stackalign.exp.
ERROR: torture-init: torture_without_loops is not empty as expected
ERROR: tcl error sourcing /home/toolsbuild/workspace/avr8-gnu-regression-test-mega-trunk/src/gcc/gcc/testsuite/gcc.dg/torture/tls/tls.exp.
ERROR: torture-init: torture_without_loops is not empty as expected
XPASS: gcc.dg/tree-ssa/20040204-1.c scan-tree-dump-times optimized "link_error" 0
FAIL: gcc.dg/tree-ssa/alias-32.c scan-tree-dump-times cddce1 "\\\\*[^ ]" 1
ERROR: gcc.dg/tree-ssa/attr-hotcold-2.c: error executing dg-final: syntax error in target selector "profile_estimate"
UNRESOLVED: gcc.dg/tree-ssa/attr-hotcold-2.c: error executing dg-final: syntax error in target selector "profile_estimate"
FAIL: gcc.dg/tree-ssa/cunroll-13.c scan-tree-dump-times cunroll "Loop 1 iterates 123454 times" 1
FAIL: gcc.dg/tree-ssa/cunroll-13.c scan-tree-dump-times cunroll "Exit condition of peeled iterations was eliminated" 1
FAIL: gcc.dg/tree-ssa/overflow-1.c scan-tree-dump optimized "a_[0-9]+.D. > 4294967263;"
FAIL: gcc.dg/tree-ssa/pr64130.c scan-tree-dump vrp1 ": \\\\[2, 8589934591\\\\]"
FAIL: gcc.dg/tree-ssa/pr64130.c scan-tree-dump vrp1 ": \\\\[-8589934591, -2\\\\]"
FAIL: gcc.dg/tree-ssa/pr65136.c (test for excess errors)
FAIL: gcc.dg/tree-ssa/pr66449.c (test for excess errors)
FAIL: gcc.dg/tree-ssa/pr66726.c scan-tree-dump-times phiopt1 "factor conversion out" 1
FAIL: gcc.dg/tree-ssa/pr68529-3.c (test for excess errors)
UNRESOLVED: gcc.dg/tree-ssa/pr68529-3.c scan-tree-dump-times ldist "failed: evolution of offset is not affine" 3
FAIL: gcc.dg/tree-ssa/pr70919.c (test for excess errors)
UNRESOLVED: gcc.dg/tree-ssa/pr70919.c compilation failed to produce executable
FAIL: gcc.dg/tree-ssa/pr71347.c scan-tree-dump-not optimized ".* = MEM.*;"
FAIL: gcc.dg/tree-ssa/pr71408.c (test for excess errors)
UNRESOLVED: gcc.dg/tree-ssa/pr71408.c compilation failed to produce executable
FAIL: gcc.dg/tree-ssa/scev-3.c scan-tree-dump-times optimized "&a" 1
FAIL: gcc.dg/tree-ssa/scev-4.c scan-tree-dump-times optimized "&a" 1
FAIL: gcc.dg/tree-ssa/scev-5.c scan-tree-dump-times optimized "&a" 1
FAIL: gcc.dg/tree-ssa/slsr-8.c scan-tree-dump-times optimized " w?\\\\* " 7
FAIL: gcc.dg/tree-ssa/sra-20.c (test for excess errors)
FAIL: gcc.dg/tree-ssa/ssa-dom-thread-8.c (test for excess errors)
XPASS: gcc.dg/tree-ssa/ssa-fre-26.c scan-tree-dump fre1 "Replaced u.i with 0 in"
FAIL: gcc.dg/tree-ssa/ssa-pre-23.c scan-tree-dump pre "Eliminated: 3"
FAIL: gcc.dg/tree-ssa/ssa-sink-11.c scan-tree-dump optimized "MEM\\\\[.* \\\\+ 252B\\\\]"
FAIL: gcc.dg/tree-ssa/ssa-sink-12.c scan-tree-dump optimized "MEM\\\\[.* \\\\+ 252B\\\\]"
ERROR: tcl error sourcing /home/toolsbuild/workspace/avr8-gnu-regression-test-mega-trunk/src/gcc/gcc/testsuite/gcc.dg/tsan/tsan.exp.
ERROR: torture-init: torture_without_loops is not empty as expected
ERROR: tcl error sourcing /home/toolsbuild/workspace/avr8-gnu-regression-test-mega-trunk/src/gcc/gcc/testsuite/gcc.misc-tests/i386-prefetch.exp.
ERROR: torture-init: torture_without_loops is not empty as expected
FAIL: gcc.target/avr/pr58545.c (test for excess errors)
FAIL: gcc.target/avr/tiny-caller-save.c (test for excess errors)
FAIL: gcc.target/avr/tiny-memx.c  (test for errors, line 4)
FAIL: gcc.target/avr/tiny-memx.c (test for excess errors)
ERROR: tcl error sourcing /home/toolsbuild/workspace/avr8-gnu-regression-test-mega-trunk/src/gcc/gcc/testsuite/gcc.target/avr/torture/avr-torture.exp.
ERROR: torture-init: torture_without_loops is not empty as expected

		=== gcc Summary ===

# of expected passes		75576
# of unexpected failures	167
# of unexpected successes	6
# of expected failures		109
# of unresolved testcases	36
# of untested testcases		148
# of unsupported tests		2733
/home/toolsbuild/workspace/avr8-gnu-regression-test-mega-trunk/build-linux_x86_64/avr-gcc-full/gcc/xgcc  version 7.0.0 20160618 (experimental) (AVR_8_bit_GNU_Toolchain_4.0.0_142) 


Compiler version: 7.0.0 20160618 (experimental) (AVR_8_bit_GNU_Toolchain_4.0.0_142) gcc 
Platform: avr-unknown-none
configure flags: LDFLAGS=-L/home/toolsbuild/workspace/avr8-gnu-regression-test-mega-trunk/avr8-gnu-regression-test-mega-trunk-linux_x86_64-hostlibs/lib CPPFLAGS= --target=avr --host=x86_64-pc-linux-gnu --build=x86_64-pc-linux-gnu --prefix=/home/toolsbuild/workspace/avr8-gnu-regression-test-mega-trunk/avr8-gnu-regression-test-mega-trunk-linux_x86_64 --libdir=/home/toolsbuild/workspace/avr8-gnu-regression-test-mega-trunk/avr8-gnu-regression-test-mega-trunk-linux_x86_64/lib --enable-languages=c,c++ --with-dwarf2 --enable-doc --disable-shared --disable-libada --disable-libssp --disable-nls --with-avrlibc=yes --with-mpfr=/home/toolsbuild/workspace/avr8-gnu-regression-test-mega-trunk/avr8-gnu-regression-test-mega-trunk-linux_x86_64-hostlibs --with-gmp=/home/toolsbuild/workspace/avr8-gnu-regression-test-mega-trunk/avr8-gnu-regression-test-mega-trunk-linux_x86_64-hostlibs --with-mpc=/home/toolsbuild/workspace/avr8-gnu-regression-test-mega-trunk/avr8-gnu-regression-test-mega-trunk-linux_x86_64-hostlibs --with-pkgversion=AVR_8_bit_GNU_Toolchain_4.0.0_142 --with-bugurl=http://www.atmel.com


Index Nav: [Date Index] [Subject Index] [Author Index] [Thread Index]
Message Nav: [Date Prev] [Date Next] [Thread Prev] [Thread Next]