This is the mail archive of the gcc-testresults@gcc.gnu.org mailing list for the GCC project.


Index Nav: [Date Index] [Subject Index] [Author Index] [Thread Index]
Message Nav: [Date Prev] [Date Next] [Thread Prev] [Thread Next]
Other format: [Raw text]

Results for 6.1.1 20160615 [gcc-6-branch revision 237481] testsuite on hppa2.0w-hp-hpux11.11


		=== acats tests ===

		=== acats Summary ===
# of expected passes		2320
# of unexpected failures	0
Native configuration is hppa2.0w-hp-hpux11.11

		=== g++ tests ===


Running target unix
FAIL: g++.dg/abi/abi-tag18a.C  -std=gnu++98  scan-assembler _ZZ1fB7__test1vEN1T1gB7__test2Ev
FAIL: g++.dg/abi/abi-tag18a.C  -std=gnu++98  scan-assembler _ZZZ1fB7__test1vEN1T1gEvE1x
FAIL: g++.dg/abi/abi-tag18a.C  -std=gnu++11  scan-assembler _ZZ1fB7__test1vEN1T1gB7__test2Ev
FAIL: g++.dg/abi/abi-tag18a.C  -std=gnu++11  scan-assembler _ZZZ1fB7__test1vEN1T1gEvE1x
FAIL: g++.dg/abi/abi-tag18a.C  -std=gnu++14  scan-assembler _ZZ1fB7__test1vEN1T1gB7__test2Ev
FAIL: g++.dg/abi/abi-tag18a.C  -std=gnu++14  scan-assembler _ZZZ1fB7__test1vEN1T1gEvE1x
FAIL: c-c++-common/gomp/clauses-2.c  -std=c++98  (test for errors, line 25)
FAIL: c-c++-common/gomp/clauses-2.c  -std=c++98  (test for errors, line 39)
FAIL: c-c++-common/gomp/clauses-2.c  -std=c++98  (test for errors, line 41)
FAIL: c-c++-common/gomp/clauses-2.c  -std=c++98  (test for errors, line 43)
FAIL: c-c++-common/gomp/clauses-2.c  -std=c++98 (test for excess errors)
FAIL: c-c++-common/gomp/clauses-2.c  -std=c++11  (test for errors, line 25)
FAIL: c-c++-common/gomp/clauses-2.c  -std=c++11  (test for errors, line 39)
FAIL: c-c++-common/gomp/clauses-2.c  -std=c++11  (test for errors, line 41)
FAIL: c-c++-common/gomp/clauses-2.c  -std=c++11  (test for errors, line 43)
FAIL: c-c++-common/gomp/clauses-2.c  -std=c++11 (test for excess errors)
FAIL: c-c++-common/gomp/clauses-2.c  -std=c++14  (test for errors, line 25)
FAIL: c-c++-common/gomp/clauses-2.c  -std=c++14  (test for errors, line 39)
FAIL: c-c++-common/gomp/clauses-2.c  -std=c++14  (test for errors, line 41)
FAIL: c-c++-common/gomp/clauses-2.c  -std=c++14  (test for errors, line 43)
FAIL: c-c++-common/gomp/clauses-2.c  -std=c++14 (test for excess errors)
WARNING: program timed out.
WARNING: program timed out.
FAIL: g++.dg/torture/pr65655.C   -O1  (test for excess errors)
WARNING: program timed out.
FAIL: g++.dg/torture/pr65655.C   -O3 -g  (test for excess errors)

		=== g++ Summary ===

# of expected passes		86045
# of unexpected failures	23
# of expected failures		300
# of unsupported tests		4300
/mnt/gnu/gcc/objdir-test/gcc/testsuite/g++/../../xg++  version 6.1.1 20160615 [gcc-6-branch revision 237481] (GCC) 

		=== gcc tests ===


Running target unix
FAIL: gcc.c-torture/compile/limits-exprparen.c   -O0  (internal compiler error)
FAIL: gcc.c-torture/compile/limits-exprparen.c   -O0  (test for excess errors)
FAIL: gcc.c-torture/compile/limits-exprparen.c   -O1  (internal compiler error)
FAIL: gcc.c-torture/compile/limits-exprparen.c   -O1  (test for excess errors)
FAIL: gcc.c-torture/compile/limits-exprparen.c   -O2  (internal compiler error)
FAIL: gcc.c-torture/compile/limits-exprparen.c   -O2  (test for excess errors)
FAIL: gcc.c-torture/compile/limits-exprparen.c   -O3 -g  (internal compiler error)
FAIL: gcc.c-torture/compile/limits-exprparen.c   -O3 -g  (test for excess errors)
FAIL: gcc.c-torture/compile/limits-exprparen.c   -Os  (internal compiler error)
FAIL: gcc.c-torture/compile/limits-exprparen.c   -Os  (test for excess errors)
FAIL: gcc.dg/atomic/c11-atomic-exec-5.c   -O0  execution test
FAIL: gcc.dg/atomic/c11-atomic-exec-5.c   -O1  execution test
FAIL: gcc.dg/atomic/c11-atomic-exec-5.c   -O2  execution test
FAIL: gcc.dg/atomic/c11-atomic-exec-5.c   -O3 -fomit-frame-pointer -funroll-loops -fpeel-loops -ftracer -finline-functions  execution test
FAIL: gcc.dg/atomic/c11-atomic-exec-5.c   -O3 -g  execution test
FAIL: gcc.dg/atomic/c11-atomic-exec-5.c   -Os  execution test
FAIL: c-c++-common/gomp/clauses-2.c  (test for errors, line 25)
FAIL: c-c++-common/gomp/clauses-2.c  (test for errors, line 39)
FAIL: c-c++-common/gomp/clauses-2.c  (test for errors, line 41)
FAIL: c-c++-common/gomp/clauses-2.c  (test for errors, line 43)
FAIL: c-c++-common/gomp/clauses-2.c (test for excess errors)
WARNING: program timed out.
FAIL: gcc.dg/simulate-thread/speculative-store-2.c   -O0 -g  thread simulation test
FAIL: gcc.dg/simulate-thread/speculative-store-2.c   -O2 -g  thread simulation test
FAIL: gcc.dg/simulate-thread/speculative-store-2.c   -O3 -g  thread simulation test
FAIL: gcc.dg/simulate-thread/speculative-store-4.c   -O0 -g  thread simulation test

		=== gcc Summary ===

# of expected passes		67575
# of unexpected failures	25
# of expected failures		146
# of unsupported tests		1841
/mnt/gnu/gcc/objdir-test/gcc/xgcc  version 6.1.1 20160615 [gcc-6-branch revision 237481] (GCC) 

		=== gfortran tests ===


Running target unix
FAIL: gfortran.dg/coarray/event_2.f90 -fcoarray=lib  -O2  -lcaf_single -latomic execution test
		=== gnat tests ===


Running target unix

		=== gnat Summary ===

# of expected passes		2466
# of expected failures		22
# of unsupported tests		24
/mnt/gnu/gcc/objdir-test/gcc/gnatmake version 6.1.1 20160615 [gcc-6-branch revision 237481]


Compiler version: 6.1.1 20160615 [gcc-6-branch revision 237481] 
Platform: hppa2.0w-hp-hpux11.11
configure flags:Test Run By dave on Wed Jun 15 21:09:07  2016


Index Nav: [Date Index] [Subject Index] [Author Index] [Thread Index]
Message Nav: [Date Prev] [Date Next] [Thread Prev] [Thread Next]