This is the mail archive of the gcc-testresults@gcc.gnu.org mailing list for the GCC project.


Index Nav: [Date Index] [Subject Index] [Author Index] [Thread Index]
Message Nav: [Date Prev] [Date Next] [Thread Prev] [Thread Next]
Other format: [Raw text]

Results for 6.1.0 (tgcware 6.1.0-1) testsuite on sparc-sun-solaris2.10


Built with:
GNU as 2.26
Solaris ld 5.10-1.1505 (144500-19)
gmp 6.1.0
mpfr 3.1.4
mpc 1.0.3
isl 0.16.1

CONFIG_SHELL=/bin/ksh

Source was patched to fix PR java/70839.

Bootstrap compiler:
Using built-in specs.
COLLECT_GCC=gcc
COLLECT_LTO_WRAPPER=/usr/tgcware/libexec/gcc/sparc-sun-solaris2.10/5.3.0/lto-wrapper
Target: sparc-sun-solaris2.10
Configured with: ../gcc-5.3.0/configure --prefix=/usr/tgcware --with-local-prefix=/usr/tgcware/gcc5 --bindir=/usr/tgcware/gcc5/bin --mandir=/usr/tgcware/gcc5/man --infodir=/usr/tgcware/gcc5/info --disable-nls --enable-shared --enable-threads=posix --with-gmp=/usr/tgcware --with-mpfr=/usr/tgcware --with-mpc=/usr/tgcware --with-isl=/usr/tgcware --without-gnu-ld --with-ld=/usr/ccs/bin/ld --with-gnu-as --with-as=/usr/tgcware/bin/gas --enable-languages=all,ada,obj-c++,go --with-x --enable-java-awt=xlib --with-cpu=v9 --with-pkgversion='tgcware 5.3.0-1' --with-bugurl=http://jupiterrise.com/tgcware
Thread model: posix
gcc version 5.3.0 (tgcware 5.3.0-1) 

LAST_UPDATED: Obtained from SVN: tags/gcc_6_1_0_release revision 235474

		=== acats tests ===

		=== acats Summary ===
# of expected passes		2320
# of unexpected failures	0
Native configuration is sparc-sun-solaris2.10

		=== g++ tests ===


Running target unix
FAIL: g++.dg/guality/pr55665.C   -O1  line 23 p == 40
FAIL: g++.dg/guality/pr55665.C   -O2  line 23 p == 40
FAIL: g++.dg/guality/pr55665.C   -O3 -g  line 23 p == 40
FAIL: g++.dg/guality/pr55665.C   -O2 -flto -flto-partition=none  line 23 p == 40
FAIL: g++.dg/guality/pr55665.C   -O2 -flto  line 23 p == 40

		=== g++ Summary for unix ===

# of expected passes		92495
# of unexpected failures	5
# of expected failures		311
# of unsupported tests		3922

Running target unix/-m64

		=== g++ Summary for unix/-m64 ===

# of expected passes		94201
# of expected failures		311
# of unsupported tests		3920

		=== g++ Summary ===

# of expected passes		186696
# of unexpected failures	5
# of expected failures		622
# of unsupported tests		7842
/export/home/tgc/buildpkg/gcc6/src/all_native/gcc/testsuite/g++/../../xg++  version 6.1.0 (tgcware 6.1.0-1) 

		=== gcc tests ===


Running target unix
FAIL: gcc.dg/visibility-22.c execution test
XPASS: gcc.dg/guality/guality.c   -O0  execution test
XPASS: gcc.dg/guality/guality.c   -O1  execution test
XPASS: gcc.dg/guality/guality.c   -O2  execution test
XPASS: gcc.dg/guality/guality.c   -O3 -g  execution test
XPASS: gcc.dg/guality/guality.c   -Os  execution test
FAIL: gcc.dg/guality/inline-params.c   -O0  execution test
FAIL: gcc.dg/guality/inline-params.c   -O1  execution test
XPASS: gcc.dg/guality/inline-params.c   -O2  execution test
XPASS: gcc.dg/guality/inline-params.c   -O3 -g  execution test
XPASS: gcc.dg/guality/inline-params.c   -Os  execution test
XPASS: gcc.dg/guality/inline-params.c   -O2 -flto  execution test
FAIL: gcc.dg/guality/pr36728-2.c   -O3 -g  line 16 arg1 == 1
FAIL: gcc.dg/guality/pr36728-2.c   -O3 -g  line 16 arg2 == 2
FAIL: gcc.dg/guality/pr36728-2.c   -O3 -g  line 16 arg3 == 3
FAIL: gcc.dg/guality/pr36728-2.c   -O3 -g  line 16 arg4 == 4
FAIL: gcc.dg/guality/pr36728-2.c   -O3 -g  line 16 arg5 == 5
FAIL: gcc.dg/guality/pr36728-2.c   -O3 -g  line 16 arg6 == 6
FAIL: gcc.dg/guality/pr36728-2.c   -O3 -g  line 16 arg7 == 30
FAIL: gcc.dg/guality/pr36728-2.c   -O3 -g  line 18 arg1 == 1
FAIL: gcc.dg/guality/pr36728-2.c   -O3 -g  line 18 arg2 == 2
FAIL: gcc.dg/guality/pr36728-2.c   -O3 -g  line 18 arg3 == 3
FAIL: gcc.dg/guality/pr36728-2.c   -O3 -g  line 18 arg4 == 4
FAIL: gcc.dg/guality/pr36728-2.c   -O3 -g  line 18 arg5 == 5
FAIL: gcc.dg/guality/pr36728-2.c   -O3 -g  line 18 arg6 == 6
FAIL: gcc.dg/guality/pr36728-2.c   -O3 -g  line 18 arg7 == 30
FAIL: gcc.dg/guality/pr36728-2.c   -Os  line 18 y == 2
XPASS: gcc.dg/guality/pr41353-1.c   -O0  line 28 j == 28 + 37
FAIL: gcc.dg/guality/pr41353-1.c   -O1  line 28 i1 == 2 * 37
FAIL: gcc.dg/guality/pr41353-1.c   -O1  line 28 i2 == 3 * 37
FAIL: gcc.dg/guality/pr41353-1.c   -O2  line 28 i1 == 2 * 37
FAIL: gcc.dg/guality/pr41353-1.c   -O2  line 28 i2 == 3 * 37
FAIL: gcc.dg/guality/pr41353-1.c   -O3 -g  line 28 i1 == 2 * 37
FAIL: gcc.dg/guality/pr41353-1.c   -O3 -g  line 28 i2 == 3 * 37
FAIL: gcc.dg/guality/pr41353-1.c   -Os  line 28 i1 == 2 * 37
FAIL: gcc.dg/guality/pr41353-1.c   -Os  line 28 i2 == 3 * 37
FAIL: gcc.dg/guality/pr41353-1.c   -O2 -flto -flto-partition=none  line 28 i1 == 2 * 37
FAIL: gcc.dg/guality/pr41353-1.c   -O2 -flto -flto-partition=none  line 28 i2 == 3 * 37
FAIL: gcc.dg/guality/pr41353-1.c   -O2 -flto  line 28 i1 == 2 * 37
FAIL: gcc.dg/guality/pr41353-1.c   -O2 -flto  line 28 i2 == 3 * 37
FAIL: gcc.dg/guality/pr41447-1.c   -O2  execution test
FAIL: gcc.dg/guality/pr41616-1.c   -Os  execution test
FAIL: gcc.dg/guality/pr54200.c   -O1  line 20 z == 3
FAIL: gcc.dg/guality/pr54200.c   -O2  line 20 z == 3
FAIL: gcc.dg/guality/pr54200.c   -O3 -g  line 20 z == 3
FAIL: gcc.dg/guality/pr54200.c   -Os  line 20 z == 3
FAIL: gcc.dg/guality/pr54200.c   -O2 -flto -flto-partition=none  line 20 z == 3
FAIL: gcc.dg/guality/pr54200.c   -O2 -flto  line 20 z == 3
FAIL: gcc.dg/guality/pr54519-1.c   -O2 -flto -flto-partition=none  line 20 y == 25
FAIL: gcc.dg/guality/pr54519-1.c   -O2 -flto -flto-partition=none  line 20 z == 6
FAIL: gcc.dg/guality/pr54519-1.c   -O2 -flto -flto-partition=none  line 23 y == 117
FAIL: gcc.dg/guality/pr54519-1.c   -O2 -flto -flto-partition=none  line 23 z == 8
FAIL: gcc.dg/guality/pr54519-1.c   -O2 -flto  line 20 y == 25
FAIL: gcc.dg/guality/pr54519-1.c   -O2 -flto  line 20 z == 6
FAIL: gcc.dg/guality/pr54519-1.c   -O2 -flto  line 23 y == 117
FAIL: gcc.dg/guality/pr54519-1.c   -O2 -flto  line 23 z == 8
FAIL: gcc.dg/guality/pr54519-2.c   -O2 -flto -flto-partition=none  line 17 y == 25
FAIL: gcc.dg/guality/pr54519-2.c   -O2 -flto  line 17 y == 25
FAIL: gcc.dg/guality/pr54519-3.c   -O2 -flto -flto-partition=none  line 20 y == 25
FAIL: gcc.dg/guality/pr54519-3.c   -O2 -flto -flto-partition=none  line 20 z == 6
FAIL: gcc.dg/guality/pr54519-3.c   -O2 -flto -flto-partition=none  line 23 y == 117
FAIL: gcc.dg/guality/pr54519-3.c   -O2 -flto -flto-partition=none  line 23 z == 8
FAIL: gcc.dg/guality/pr54519-3.c   -O2 -flto  line 20 y == 25
FAIL: gcc.dg/guality/pr54519-3.c   -O2 -flto  line 20 z == 6
FAIL: gcc.dg/guality/pr54519-3.c   -O2 -flto  line 23 y == 117
FAIL: gcc.dg/guality/pr54519-3.c   -O2 -flto  line 23 z == 8
FAIL: gcc.dg/guality/pr54519-4.c   -O2 -flto -flto-partition=none  line 17 y == 25
FAIL: gcc.dg/guality/pr54519-4.c   -O2 -flto  line 17 y == 25
FAIL: gcc.dg/guality/pr54519-5.c   -O2 -flto -flto-partition=none  line 17 y == 25
FAIL: gcc.dg/guality/pr54519-5.c   -O2 -flto  line 17 y == 25
FAIL: gcc.dg/guality/pr54693-2.c   -Os  line 21 y == 20 - 2 * i
FAIL: gcc.dg/guality/pr68860-1.c   -O2 -flto -flto-partition=none  line 14 arg1 == 1
FAIL: gcc.dg/guality/pr68860-1.c   -O2 -flto -flto-partition=none  line 14 arg2 == 2
FAIL: gcc.dg/guality/pr68860-1.c   -O2 -flto -flto-partition=none  line 14 arg3 == 3
FAIL: gcc.dg/guality/pr68860-1.c   -O2 -flto -flto-partition=none  line 14 arg4 == 4
FAIL: gcc.dg/guality/pr68860-1.c   -O2 -flto -flto-partition=none  line 14 arg5 == 5
FAIL: gcc.dg/guality/pr68860-1.c   -O2 -flto -flto-partition=none  line 14 arg6 == 6
FAIL: gcc.dg/guality/pr68860-1.c   -O2 -flto -flto-partition=none  line 16 arg1 == 1
FAIL: gcc.dg/guality/pr68860-1.c   -O2 -flto -flto-partition=none  line 16 arg2 == 2
FAIL: gcc.dg/guality/pr68860-1.c   -O2 -flto -flto-partition=none  line 16 arg3 == 3
FAIL: gcc.dg/guality/pr68860-1.c   -O2 -flto -flto-partition=none  line 16 arg4 == 4
FAIL: gcc.dg/guality/pr68860-1.c   -O2 -flto -flto-partition=none  line 16 arg5 == 5
FAIL: gcc.dg/guality/pr68860-1.c   -O2 -flto -flto-partition=none  line 16 arg6 == 6
FAIL: gcc.dg/guality/pr68860-1.c   -O2 -flto  line 14 arg1 == 1
FAIL: gcc.dg/guality/pr68860-1.c   -O2 -flto  line 14 arg2 == 2
FAIL: gcc.dg/guality/pr68860-1.c   -O2 -flto  line 14 arg3 == 3
FAIL: gcc.dg/guality/pr68860-1.c   -O2 -flto  line 14 arg4 == 4
FAIL: gcc.dg/guality/pr68860-1.c   -O2 -flto  line 14 arg5 == 5
FAIL: gcc.dg/guality/pr68860-1.c   -O2 -flto  line 14 arg6 == 6
FAIL: gcc.dg/guality/pr68860-1.c   -O2 -flto  line 16 arg1 == 1
FAIL: gcc.dg/guality/pr68860-1.c   -O2 -flto  line 16 arg2 == 2
FAIL: gcc.dg/guality/pr68860-1.c   -O2 -flto  line 16 arg3 == 3
FAIL: gcc.dg/guality/pr68860-1.c   -O2 -flto  line 16 arg4 == 4
FAIL: gcc.dg/guality/pr68860-1.c   -O2 -flto  line 16 arg5 == 5
FAIL: gcc.dg/guality/pr68860-1.c   -O2 -flto  line 16 arg6 == 6
FAIL: gcc.dg/guality/pr69947.c   -O1  line 14 c[2] == 'o'
FAIL: gcc.dg/guality/pr69947.c   -O1  line 14 b[4] == 'e'
FAIL: gcc.dg/guality/pr69947.c   -O2  line 14 c[2] == 'o'
FAIL: gcc.dg/guality/pr69947.c   -O2  line 14 b[4] == 'e'
FAIL: gcc.dg/guality/pr69947.c   -O3 -g  line 14 c[2] == 'o'
FAIL: gcc.dg/guality/pr69947.c   -O3 -g  line 14 b[4] == 'e'
FAIL: gcc.dg/guality/pr69947.c   -Os  line 14 c[2] == 'o'
FAIL: gcc.dg/guality/pr69947.c   -Os  line 14 b[4] == 'e'
FAIL: gcc.dg/guality/pr69947.c   -O2 -flto -flto-partition=none  line 14 b[4] == 'e'
FAIL: gcc.dg/guality/pr69947.c   -O2 -flto  line 14 b[4] == 'e'
FAIL: gcc.dg/guality/sra-1.c   -O1  line 43 a.i == 4
FAIL: gcc.dg/guality/sra-1.c   -O1  line 43 a.j == 14
FAIL: gcc.dg/guality/sra-1.c   -O2  line 21 a.i == 4
FAIL: gcc.dg/guality/sra-1.c   -O2  line 32 a[0] == 4
FAIL: gcc.dg/guality/sra-1.c   -O2  line 43 a.i == 4
FAIL: gcc.dg/guality/sra-1.c   -O2  line 43 a.j == 14
FAIL: gcc.dg/guality/sra-1.c   -O3 -g  line 21 a.i == 4
FAIL: gcc.dg/guality/sra-1.c   -O3 -g  line 32 a[0] == 4
FAIL: gcc.dg/guality/sra-1.c   -O3 -g  line 43 a.i == 4
FAIL: gcc.dg/guality/sra-1.c   -O3 -g  line 43 a.j == 14
FAIL: gcc.dg/guality/sra-1.c   -O2 -flto -flto-partition=none  line 21 a.i == 4
FAIL: gcc.dg/guality/sra-1.c   -O2 -flto -flto-partition=none  line 32 a[0] == 4
FAIL: gcc.dg/guality/sra-1.c   -O2 -flto -flto-partition=none  line 43 a.i == 4
FAIL: gcc.dg/guality/sra-1.c   -O2 -flto -flto-partition=none  line 43 a.j == 14
FAIL: gcc.dg/guality/sra-1.c   -O2 -flto  line 21 a.i == 4
FAIL: gcc.dg/guality/sra-1.c   -O2 -flto  line 32 a[0] == 4
FAIL: gcc.dg/guality/sra-1.c   -O2 -flto  line 43 a.i == 4
FAIL: gcc.dg/guality/sra-1.c   -O2 -flto  line 43 a.j == 14
FAIL: gcc.dg/guality/vla-1.c   -O1  line 17 sizeof (a) == 6
FAIL: gcc.dg/guality/vla-1.c   -O2  line 17 sizeof (a) == 6
FAIL: gcc.dg/guality/vla-1.c   -O3 -g  line 17 sizeof (a) == 6
FAIL: gcc.dg/guality/vla-1.c   -Os  line 17 sizeof (a) == 6
FAIL: gcc.dg/guality/vla-1.c   -O2 -flto -flto-partition=none  line 17 sizeof (a) == 6
FAIL: gcc.dg/guality/vla-1.c   -O2 -flto  line 17 sizeof (a) == 6

		=== gcc Summary for unix ===

# of expected passes		90850
# of unexpected failures	119
# of unexpected successes	10
# of expected failures		359
# of unsupported tests		2264

Running target unix/-m64
FAIL: gcc.dg/visibility-22.c execution test

		=== gcc Summary for unix/-m64 ===

# of expected passes		88793
# of unexpected failures	1
# of expected failures		330
# of unsupported tests		2039

		=== gcc Summary ===

# of expected passes		179643
# of unexpected failures	120
# of unexpected successes	10
# of expected failures		689
# of unsupported tests		4303
/export/home/tgc/buildpkg/gcc6/src/all_native/gcc/xgcc  version 6.1.0 (tgcware 6.1.0-1) 

		=== gfortran tests ===


Running target unix
FAIL: gfortran.dg/coarray/event_1.f90 -fcoarray=lib  -O2  -lcaf_single -latomic execution test
FAIL: gfortran.dg/coarray/event_2.f90 -fcoarray=lib  -O2  -lcaf_single -latomic execution test

		=== gfortran Summary for unix ===

# of expected passes		41839
# of unexpected failures	2
# of expected failures		80
# of unsupported tests		233

Running target unix/-m64
FAIL: gfortran.dg/coarray/event_1.f90 -fcoarray=lib  -O2  -lcaf_single -latomic execution test
FAIL: gfortran.dg/coarray/event_2.f90 -fcoarray=lib  -O2  -lcaf_single -latomic execution test

		=== gfortran Summary for unix/-m64 ===

# of expected passes		42079
# of unexpected failures	2
# of expected failures		80
# of unsupported tests		119

		=== gfortran Summary ===

# of expected passes		83918
# of unexpected failures	4
# of expected failures		160
# of unsupported tests		352
/export/home/tgc/buildpkg/gcc6/src/all_native/gcc/testsuite/gfortran/../../gfortran  version 6.1.0 (tgcware 6.1.0-1) 

		=== gnat tests ===


Running target unix

		=== gnat Summary for unix ===

# of expected passes		2465
# of expected failures		22
# of unsupported tests		21

Running target unix/-m64

		=== gnat Summary for unix/-m64 ===

# of expected passes		2465
# of expected failures		22
# of unsupported tests		21

		=== gnat Summary ===

# of expected passes		4930
# of expected failures		44
# of unsupported tests		42
/export/home/tgc/buildpkg/gcc6/src/all_native/gcc/gnatmake version 6.1.0

		=== go tests ===


Running target unix
FAIL: go.test/test/fixedbugs/bug347.go execution,  -O0 -g 
FAIL: go.test/test/fixedbugs/bug348.go execution,  -O0 -g 
FAIL: ./index0-out.go execution,  -O0 -g -fno-var-tracking-assignments 
FAIL: go.test/test/recover.go execution,  -O2 -g 
FAIL: ./slice3-out.go execution,  -O0 -g -fno-var-tracking-assignments 

		=== go Summary for unix ===

# of expected passes		7358
# of unexpected failures	5
# of expected failures		1
# of untested testcases		11
# of unsupported tests		3

Running target unix/-m64
FAIL: go.test/test/fixedbugs/bug347.go execution,  -O0 -g 
FAIL: go.test/test/fixedbugs/bug348.go execution,  -O0 -g 
FAIL: ./index0-out.go execution,  -O0 -g -fno-var-tracking-assignments 
FAIL: go.test/test/recover.go execution,  -O2 -g 
FAIL: ./slice3-out.go execution,  -O0 -g -fno-var-tracking-assignments 

		=== go Summary for unix/-m64 ===

# of expected passes		7238
# of unexpected failures	5
# of expected failures		1
# of untested testcases		11
# of unsupported tests		3

		=== go Summary ===

# of expected passes		14596
# of unexpected failures	10
# of expected failures		2
# of untested testcases		22
# of unsupported tests		6
		=== obj-c++ tests ===


Running target unix

		=== obj-c++ Summary for unix ===

# of expected passes		1454
# of expected failures		2
# of unsupported tests		77

Running target unix/-m64

		=== obj-c++ Summary for unix/-m64 ===

# of expected passes		1446
# of expected failures		10
# of unsupported tests		77

		=== obj-c++ Summary ===

# of expected passes		2900
# of expected failures		12
# of unsupported tests		154
/export/home/tgc/buildpkg/gcc6/src/all_native/gcc/testsuite/obj-c++/../../xg++  version 6.1.0 (tgcware 6.1.0-1) 

		=== objc tests ===


Running target unix

		=== objc Summary for unix ===

# of expected passes		2789
# of unsupported tests		68

Running target unix/-m64

		=== objc Summary for unix/-m64 ===

# of expected passes		2789
# of unsupported tests		68

		=== objc Summary ===

# of expected passes		5578
# of unsupported tests		136
/export/home/tgc/buildpkg/gcc6/src/all_native/gcc/xgcc  version 6.1.0 (tgcware 6.1.0-1) 

		=== boehm-gc tests ===


Running target unix

		=== boehm-gc Summary for unix ===

# of expected passes		12
# of unsupported tests		1

Running target unix/-m64

		=== boehm-gc Summary for unix/-m64 ===

# of expected passes		12
# of unsupported tests		1

		=== boehm-gc Summary ===

# of expected passes		24
# of unsupported tests		2
		=== libatomic tests ===


Running target unix

		=== libatomic Summary for unix ===

# of expected passes		44
# of unsupported tests		5

Running target unix/-m64

		=== libatomic Summary for unix/-m64 ===

# of expected passes		54

		=== libatomic Summary ===

# of expected passes		98
# of unsupported tests		5
		=== libffi tests ===


Running target unix

		=== libffi Summary for unix ===

# of expected passes		1914
# of unsupported tests		30

Running target unix/-m64

		=== libffi Summary for unix/-m64 ===

# of expected passes		1914
# of unsupported tests		30

		=== libffi Summary ===

# of expected passes		3828
# of unsupported tests		60
		=== libgo tests ===


Running target unix
FAIL: reflect
FAIL: runtime

		=== libgo Summary for unix ===

# of expected passes		132
# of unexpected failures	2

Running target unix/-m64

		=== libgo Summary for unix/-m64 ===

# of expected passes		134

		=== libgo Summary ===

# of expected passes		266
# of unexpected failures	2
/export/home/tgc/buildpkg/gcc6/src/all_native/./gcc/gccgo version 6.1.0 (tgcware 6.1.0-1)

		=== libgomp tests ===


Running target unix

		=== libgomp Summary for unix ===

# of expected passes		4950
# of unsupported tests		322

Running target unix/-m64

		=== libgomp Summary for unix/-m64 ===

# of expected passes		4950
# of unsupported tests		322

		=== libgomp Summary ===

# of expected passes		9900
# of unsupported tests		644
		=== libitm tests ===


Running target unix

		=== libitm Summary for unix ===

# of expected passes		42
# of expected failures		3
# of unsupported tests		1

Running target unix/-m64

		=== libitm Summary for unix/-m64 ===

# of expected passes		42
# of expected failures		3
# of unsupported tests		1

		=== libitm Summary ===

# of expected passes		84
# of expected failures		6
# of unsupported tests		2
		=== libjava tests ===


Running target unix

		=== libjava Summary for unix ===

# of expected passes		2582
# of expected failures		4

Running target unix/-m64

		=== libjava Summary for unix/-m64 ===

# of expected passes		2582
# of expected failures		4

		=== libjava Summary ===

# of expected passes		5164
# of expected failures		8
		=== libstdc++ tests ===


Running target unix

		=== libstdc++ Summary for unix ===

# of expected passes		10040
# of expected failures		69
# of unsupported tests		624

Running target unix/-m64
FAIL: experimental/filesystem/operations/absolute.cc (test for excess errors)
FAIL: experimental/filesystem/operations/canonical.cc (test for excess errors)
FAIL: experimental/filesystem/operations/copy.cc (test for excess errors)
FAIL: experimental/filesystem/operations/create_directories.cc (test for excess errors)
FAIL: experimental/filesystem/operations/current_path.cc (test for excess errors)
FAIL: experimental/filesystem/operations/exists.cc (test for excess errors)
FAIL: experimental/filesystem/operations/temp_directory_path.cc (test for excess errors)

		=== libstdc++ Summary for unix/-m64 ===

# of expected passes		10033
# of unexpected failures	7
# of expected failures		69
# of unsupported tests		624

		=== libstdc++ Summary ===

# of expected passes		20073
# of unexpected failures	7
# of expected failures		138
# of unsupported tests		1248

Compiler version: 6.1.0 (tgcware 6.1.0-1) 
Platform: sparc-sun-solaris2.10
configure flags: --prefix=/usr/tgcware --with-local-prefix=/usr/tgcware/gcc6 --bindir=/usr/tgcware/gcc6/bin --mandir=/usr/tgcware/gcc6/man --infodir=/usr/tgcware/gcc6/info --disable-nls --enable-shared --enable-threads=posix --with-gmp=/usr/tgcware --with-mpfr=/usr/tgcware --with-mpc=/usr/tgcware --with-isl=/usr/tgcware --without-gnu-ld --with-ld=/usr/ccs/bin/ld --with-gnu-as --with-as=/usr/tgcware/bin/gas --enable-languages=all,ada,obj-c++,go --with-x --enable-java-awt=xlib --with-cpu=v9 --with-pkgversion='tgcware 6.1.0-1' --with-bugurl=http://jupiterrise.com/tgcware


Index Nav: [Date Index] [Subject Index] [Author Index] [Thread Index]
Message Nav: [Date Prev] [Date Next] [Thread Prev] [Thread Next]