This is the mail archive of the gcc-testresults@gcc.gnu.org mailing list for the GCC project.


Index Nav: [Date Index] [Subject Index] [Author Index] [Thread Index]
Message Nav: [Date Prev] [Date Next] [Thread Prev] [Thread Next]
Other format: [Raw text]

Results for 7.0.0 20160611 (experimental) [trunk revision 237331] (GCC) testsuite on hppa-unknown-linux-gnu


LAST_UPDATED: Sat Jun 11 22:35:53 UTC 2016 (revision 237331)

		=== acats tests ===
FAIL:	c954023

		=== acats Summary ===
# of expected passes		2319
# of unexpected failures	1
Native configuration is hppa-unknown-linux-gnu

		=== gcc tests ===


Running target unix
FAIL: gcc.dg/atomic/c11-atomic-exec-5.c   -O0  execution test
FAIL: gcc.dg/atomic/c11-atomic-exec-5.c   -O1  execution test
FAIL: gcc.dg/atomic/c11-atomic-exec-5.c   -O2  execution test
FAIL: gcc.dg/atomic/c11-atomic-exec-5.c   -O3 -fomit-frame-pointer -funroll-loops -fpeel-loops -ftracer -finline-functions  execution test
FAIL: gcc.dg/atomic/c11-atomic-exec-5.c   -O3 -g  execution test
FAIL: gcc.dg/atomic/c11-atomic-exec-5.c   -Os  execution test
FAIL: gcc.dg/atomic/c11-atomic-exec-5.c   -O2 -flto -fno-use-linker-plugin -flto-partition=none  execution test
FAIL: gcc.dg/atomic/c11-atomic-exec-5.c   -O2 -flto -fuse-linker-plugin -fno-fat-lto-objects  execution test
FAIL: gcc.dg/20021014-1.c execution test
FAIL: gcc.dg/aru-2.c execution test
FAIL: gcc.dg/nest.c execution test
FAIL: gcc.dg/nested-func-4.c execution test
FAIL: gcc.dg/pr32450.c execution test
FAIL: gcc.dg/pr43643.c execution test
FAIL: c-c++-common/gomp/clauses-2.c  (test for errors, line 25)
FAIL: c-c++-common/gomp/clauses-2.c  (test for errors, line 39)
FAIL: c-c++-common/gomp/clauses-2.c  (test for errors, line 41)
FAIL: c-c++-common/gomp/clauses-2.c  (test for errors, line 43)
FAIL: c-c++-common/gomp/clauses-2.c (test for excess errors)
FAIL: gcc.dg/ipa/ipcp-cstagg-7.c scan-ipa-dump-times cp "Discovered an indirect call to a known target" 3
FAIL: gcc.dg/plugin/must-tail-call-1.c -fplugin=./must_tail_call_plugin.so (test for excess errors)
FAIL: gcc.dg/tree-prof/cold_partition_label.c scan-assembler foo[._]+cold[._]+0
FAIL: gcc.dg/tree-prof/cold_partition_label.c scan-assembler size[ \\ta-zA-Z0-0]+foo[._]+cold[._]+0
ERROR: gcc.dg/tree-ssa/attr-hotcold-2.c: error executing dg-final: syntax error in target selector "profile_estimate"
XPASS: gcc.dg/tree-ssa/loop-1.c scan-assembler-times foo 5
FAIL: gcc.dg/tree-ssa/scev-4.c scan-tree-dump-times optimized "&a" 1
FAIL: gcc.dg/tree-ssa/scev-5.c scan-tree-dump-times optimized "&a" 1
FAIL: gcc.dg/tree-ssa/slsr-8.c scan-tree-dump-times optimized " w?\\\\* " 7
FAIL: gcc.target/hppa/shadd-3.c scan-assembler-times sh.add 5

		=== gcc Summary ===

# of expected passes		85970
# of unexpected failures	27
# of unexpected successes	1
# of expected failures		141
# of unsupported tests		1617
/home/dave/gnu/gcc/objdir/gcc/xgcc  version 7.0.0 20160611 (experimental) [trunk revision 237331] (GCC) 

		=== gfortran tests ===


Running target unix
FAIL: gfortran.dg/guality/pr41558.f90   -O0  (test for excess errors)
FAIL: gfortran.dg/guality/pr41558.f90   -O1  (test for excess errors)
FAIL: gfortran.dg/guality/pr41558.f90   -O2  (test for excess errors)
FAIL: gfortran.dg/guality/pr41558.f90   -O3 -fomit-frame-pointer -funroll-loops -fpeel-loops -ftracer -finline-functions  (test for excess errors)
FAIL: gfortran.dg/guality/pr41558.f90   -O3 -g  (test for excess errors)
FAIL: gfortran.dg/guality/pr41558.f90   -Os  (test for excess errors)

		=== gfortran Summary ===

# of expected passes		41346
# of unexpected failures	6
# of expected failures		79
# of unsupported tests		323
/home/dave/gnu/gcc/objdir/gcc/gfortran  version 7.0.0 20160611 (experimental) [trunk revision 237331] (GCC) 

		=== g++ tests ===


Running target unix
FAIL: c-c++-common/gomp/clauses-2.c  -std=c++98  (test for errors, line 25)
FAIL: c-c++-common/gomp/clauses-2.c  -std=c++98  (test for errors, line 39)
FAIL: c-c++-common/gomp/clauses-2.c  -std=c++98  (test for errors, line 41)
FAIL: c-c++-common/gomp/clauses-2.c  -std=c++98  (test for errors, line 43)
FAIL: c-c++-common/gomp/clauses-2.c  -std=c++98 (test for excess errors)
FAIL: c-c++-common/gomp/clauses-2.c  -std=c++11  (test for errors, line 25)
FAIL: c-c++-common/gomp/clauses-2.c  -std=c++11  (test for errors, line 39)
FAIL: c-c++-common/gomp/clauses-2.c  -std=c++11  (test for errors, line 41)
FAIL: c-c++-common/gomp/clauses-2.c  -std=c++11  (test for errors, line 43)
FAIL: c-c++-common/gomp/clauses-2.c  -std=c++11 (test for excess errors)
FAIL: c-c++-common/gomp/clauses-2.c  -std=c++14  (test for errors, line 25)
FAIL: c-c++-common/gomp/clauses-2.c  -std=c++14  (test for errors, line 39)
FAIL: c-c++-common/gomp/clauses-2.c  -std=c++14  (test for errors, line 41)
FAIL: c-c++-common/gomp/clauses-2.c  -std=c++14  (test for errors, line 43)
FAIL: c-c++-common/gomp/clauses-2.c  -std=c++14 (test for excess errors)
XPASS: g++.dg/tls/thread_local-order2.C  -std=c++11 execution test
XPASS: g++.dg/tls/thread_local-order2.C  -std=c++14 execution test
FAIL: g++.old-deja/g++.abi/vtable2.C  -std=gnu++98 execution test
FAIL: g++.old-deja/g++.abi/vtable2.C  -std=gnu++11 execution test
FAIL: g++.old-deja/g++.abi/vtable2.C  -std=gnu++14 execution test
FAIL: g++.old-deja/g++.law/profile1.C  -std=gnu++98 execution test
FAIL: g++.old-deja/g++.law/profile1.C  -std=gnu++11 execution test
FAIL: g++.old-deja/g++.law/profile1.C  -std=gnu++14 execution test

		=== g++ Summary ===

# of expected passes		93899
# of unexpected failures	21
# of unexpected successes	2
# of expected failures		302
# of unsupported tests		3855
/home/dave/gnu/gcc/objdir/gcc/xg++  version 7.0.0 20160611 (experimental) [trunk revision 237331] (GCC) 

		=== gnat tests ===


Running target unix

		=== gnat Summary ===

# of expected passes		2478
# of expected failures		22
# of unsupported tests		19
/home/dave/gnu/gcc/objdir/gcc/gnatmake version 7.0.0 20160611 (experimental) [trunk revision 237331]

		=== obj-c++ tests ===


Running target unix

		=== obj-c++ Summary ===

# of expected passes		1454
# of expected failures		2
# of unsupported tests		77
/home/dave/gnu/gcc/objdir/gcc/xg++  version 7.0.0 20160611 (experimental) [trunk revision 237331] (GCC) 

		=== objc tests ===


Running target unix

		=== objc Summary ===

# of expected passes		2789
# of unsupported tests		68
/home/dave/gnu/gcc/objdir/gcc/xgcc  version 7.0.0 20160611 (experimental) [trunk revision 237331] (GCC) 

		=== boehm-gc tests ===


Running target unix

		=== boehm-gc Summary ===

# of expected passes		12
# of unsupported tests		1
		=== libatomic tests ===


Running target unix

		=== libatomic Summary ===

# of expected passes		44
# of unsupported tests		5
		=== libffi tests ===


Running target unix

		=== libffi Summary ===

# of expected passes		1914
# of unsupported tests		30
		=== libgomp tests ===


Running target unix
FAIL: libgomp.c/target-29.c (internal compiler error)
FAIL: libgomp.c/target-29.c (test for excess errors)
UNRESOLVED: libgomp.c/target-29.c compilation failed to produce executable
FAIL: libgomp.c++/target-15.C (internal compiler error)
FAIL: libgomp.c++/target-15.C (test for excess errors)
UNRESOLVED: libgomp.c++/target-15.C compilation failed to produce executable
FAIL: libgomp.c++/target-16.C (internal compiler error)
FAIL: libgomp.c++/target-16.C (test for excess errors)
UNRESOLVED: libgomp.c++/target-16.C compilation failed to produce executable
FAIL: libgomp.c++/target-17.C (internal compiler error)
FAIL: libgomp.c++/target-17.C (test for excess errors)
UNRESOLVED: libgomp.c++/target-17.C compilation failed to produce executable
FAIL: libgomp.c++/target-19.C (internal compiler error)
FAIL: libgomp.c++/target-19.C (test for excess errors)
UNRESOLVED: libgomp.c++/target-19.C compilation failed to produce executable

		=== libgomp Summary ===

# of expected passes		4908
# of unexpected failures	10
# of unresolved testcases	5
# of unsupported tests		368
		=== libjava tests ===


Running target unix

		=== libjava Summary ===

# of expected passes		2606
# of expected failures		4
		=== libstdc++ tests ===


Running target unix
FAIL: libstdc++-prettyprinters/libfundts.cc print ab
FAIL: libstdc++-prettyprinters/libfundts.cc print ai
FAIL: libstdc++-prettyprinters/libfundts.cc print ap
FAIL: libstdc++-prettyprinters/libfundts.cc print as
FAIL: libstdc++-prettyprinters/libfundts.cc print as2
FAIL: libstdc++-prettyprinters/libfundts.cc print am

		=== libstdc++ Summary ===

# of expected passes		10327
# of unexpected failures	6
# of expected failures		66
# of unsupported tests		608

Compiler version: 7.0.0 20160611 (experimental) [trunk revision 237331] (GCC) 
Platform: hppa-unknown-linux-gnu
configure flags: --with-gnu-as --with-gnu-ld --enable-shared --enable-multiarch --enable-linker-build-id --build=hppa-linux-gnu --host=hppa-linux-gnu --target=hppa-linux-gnu --prefix=/home/dave/opt/gnu/gcc/gcc-7 --with-local-prefix=/home/dave/opt/gnu --enable-threads=posix --enable-__cxa_atexit --build=hppa-linux-gnu --enable-clocale=gnu --enable-java-gc=boehm --enable-checking=release --enable-languages=c,c++,objc,fortran,obj-c++,java,ada,lto


Index Nav: [Date Index] [Subject Index] [Author Index] [Thread Index]
Message Nav: [Date Prev] [Date Next] [Thread Prev] [Thread Next]