This is the mail archive of the gcc-testresults@gcc.gnu.org mailing list for the GCC project.


Index Nav: [Date Index] [Subject Index] [Author Index] [Thread Index]
Message Nav: [Date Prev] [Date Next] [Thread Prev] [Thread Next]
Other format: [Raw text]

Results for 6.1.1 20160611 [gcc-6-branch revision 237328] (GCC) testsuite on hppa2.0w-hp-hpux11.11


		=== acats tests ===

		=== acats Summary ===
# of expected passes		2320
# of unexpected failures	0
Native configuration is hppa2.0w-hp-hpux11.11

		=== g++ tests ===


Running target unix
FAIL: g++.dg/abi/abi-tag18a.C  -std=gnu++98  scan-assembler _ZZ1fB7__test1vEN1T1gB7__test2Ev
FAIL: g++.dg/abi/abi-tag18a.C  -std=gnu++98  scan-assembler _ZZZ1fB7__test1vEN1T1gEvE1x
FAIL: g++.dg/abi/abi-tag18a.C  -std=gnu++11  scan-assembler _ZZ1fB7__test1vEN1T1gB7__test2Ev
FAIL: g++.dg/abi/abi-tag18a.C  -std=gnu++11  scan-assembler _ZZZ1fB7__test1vEN1T1gEvE1x
FAIL: g++.dg/abi/abi-tag18a.C  -std=gnu++14  scan-assembler _ZZ1fB7__test1vEN1T1gB7__test2Ev
FAIL: g++.dg/abi/abi-tag18a.C  -std=gnu++14  scan-assembler _ZZZ1fB7__test1vEN1T1gEvE1x
FAIL: c-c++-common/gomp/clauses-2.c  -std=c++98  (test for errors, line 25)
FAIL: c-c++-common/gomp/clauses-2.c  -std=c++98  (test for errors, line 39)
FAIL: c-c++-common/gomp/clauses-2.c  -std=c++98  (test for errors, line 41)
FAIL: c-c++-common/gomp/clauses-2.c  -std=c++98  (test for errors, line 43)
FAIL: c-c++-common/gomp/clauses-2.c  -std=c++98 (test for excess errors)
FAIL: c-c++-common/gomp/clauses-2.c  -std=c++11  (test for errors, line 25)
FAIL: c-c++-common/gomp/clauses-2.c  -std=c++11  (test for errors, line 39)
FAIL: c-c++-common/gomp/clauses-2.c  -std=c++11  (test for errors, line 41)
FAIL: c-c++-common/gomp/clauses-2.c  -std=c++11  (test for errors, line 43)
FAIL: c-c++-common/gomp/clauses-2.c  -std=c++11 (test for excess errors)
FAIL: c-c++-common/gomp/clauses-2.c  -std=c++14  (test for errors, line 25)
FAIL: c-c++-common/gomp/clauses-2.c  -std=c++14  (test for errors, line 39)
FAIL: c-c++-common/gomp/clauses-2.c  -std=c++14  (test for errors, line 41)
FAIL: c-c++-common/gomp/clauses-2.c  -std=c++14  (test for errors, line 43)
FAIL: c-c++-common/gomp/clauses-2.c  -std=c++14 (test for excess errors)
WARNING: program timed out.

		=== g++ Summary ===

# of expected passes		86026
# of unexpected failures	21
# of expected failures		300
# of unsupported tests		4298
/mnt/gnu/gcc/objdir-test/gcc/testsuite/g++/../../xg++  version 6.1.1 20160611 [gcc-6-branch revision 237328] (GCC) 

		=== gcc tests ===


Running target unix
FAIL: gcc.c-torture/compile/limits-exprparen.c   -O0  (internal compiler error)
FAIL: gcc.c-torture/compile/limits-exprparen.c   -O0  (test for excess errors)
FAIL: gcc.c-torture/compile/limits-exprparen.c   -O1  (internal compiler error)
FAIL: gcc.c-torture/compile/limits-exprparen.c   -O1  (test for excess errors)
FAIL: gcc.c-torture/compile/limits-exprparen.c   -O2  (internal compiler error)
FAIL: gcc.c-torture/compile/limits-exprparen.c   -O2  (test for excess errors)
FAIL: gcc.c-torture/compile/limits-exprparen.c   -O3 -g  (internal compiler error)
FAIL: gcc.c-torture/compile/limits-exprparen.c   -O3 -g  (test for excess errors)
FAIL: gcc.c-torture/compile/limits-exprparen.c   -Os  (internal compiler error)
FAIL: gcc.c-torture/compile/limits-exprparen.c   -Os  (test for excess errors)
FAIL: gcc.dg/atomic/c11-atomic-exec-5.c   -O0  execution test
FAIL: gcc.dg/atomic/c11-atomic-exec-5.c   -O1  execution test
FAIL: gcc.dg/atomic/c11-atomic-exec-5.c   -O2  execution test
FAIL: gcc.dg/atomic/c11-atomic-exec-5.c   -O3 -fomit-frame-pointer -funroll-loops -fpeel-loops -ftracer -finline-functions  execution test
FAIL: gcc.dg/atomic/c11-atomic-exec-5.c   -O3 -g  execution test
FAIL: gcc.dg/atomic/c11-atomic-exec-5.c   -Os  execution test
FAIL: c-c++-common/gomp/clauses-2.c  (test for errors, line 25)
FAIL: c-c++-common/gomp/clauses-2.c  (test for errors, line 39)
FAIL: c-c++-common/gomp/clauses-2.c  (test for errors, line 41)
FAIL: c-c++-common/gomp/clauses-2.c  (test for errors, line 43)
FAIL: c-c++-common/gomp/clauses-2.c (test for excess errors)
WARNING: program timed out.
FAIL: gcc.dg/simulate-thread/speculative-store-2.c   -O0 -g  thread simulation test
FAIL: gcc.dg/simulate-thread/speculative-store-2.c   -O2 -g  thread simulation test
FAIL: gcc.dg/simulate-thread/speculative-store-2.c   -O3 -g  thread simulation test
FAIL: gcc.dg/simulate-thread/speculative-store-4.c   -O0 -g  thread simulation test

		=== gcc Summary ===

# of expected passes		67565
# of unexpected failures	25
# of expected failures		146
# of unsupported tests		1841
/mnt/gnu/gcc/objdir-test/gcc/xgcc  version 6.1.1 20160611 [gcc-6-branch revision 237328] (GCC) 

		=== gfortran tests ===


Running target unix
FAIL: gfortran.dg/coarray/event_2.f90 -fcoarray=lib  -O2  -lcaf_single -latomic execution test

		=== gfortran Summary ===

# of expected passes		40574
# of unexpected failures	1
# of expected failures		94
# of unsupported tests		418
/mnt/gnu/gcc/objdir-test/gcc/testsuite/gfortran/../../gfortran  version 6.1.1 20160611 [gcc-6-branch revision 237328] (GCC) 

		=== gnat tests ===


Running target unix

		=== gnat Summary ===

# of expected passes		2465
# of expected failures		22
# of unsupported tests		24
/mnt/gnu/gcc/objdir-test/gcc/gnatmake version 6.1.1 20160611 [gcc-6-branch revision 237328]

		=== obj-c++ tests ===


Running target unix

		=== obj-c++ Summary ===

# of expected passes		1396
# of expected failures		2
# of unsupported tests		60
/mnt/gnu/gcc/objdir-test/gcc/testsuite/obj-c++/../../xg++  version 6.1.1 20160611 [gcc-6-branch revision 237328] (GCC) 

		=== objc tests ===


Running target unix

		=== objc Summary ===

# of expected passes		2691
# of unsupported tests		61
/mnt/gnu/gcc/objdir-test/gcc/xgcc  version 6.1.1 20160611 [gcc-6-branch revision 237328] (GCC) 

		=== boehm-gc tests ===


Running target unix
FAIL: boehm-gc.c/gctest.c -O2 (test for excess errors)
FAIL: boehm-gc.c/leak_test.c -O2 (test for excess errors)
FAIL: boehm-gc.c/middle.c -O2 (test for excess errors)
FAIL: boehm-gc.c/thread_leak_test.c -O2 (test for excess errors)
FAIL: boehm-gc.lib/staticrootstest.c -O2 (test for excess errors)

		=== boehm-gc Summary ===

# of expected passes		7
# of unexpected failures	5
# of unsupported tests		1
		=== libatomic tests ===


Running target unix

		=== libatomic Summary ===

# of expected passes		44
# of unsupported tests		5
		=== libffi tests ===


Running target unix

		=== libffi Summary ===

# of expected passes		1904
# of unsupported tests		35
		=== libgomp tests ===


Running target unix
FAIL: libgomp.c/target-29.c (internal compiler error)
FAIL: libgomp.c/target-29.c (test for excess errors)
UNRESOLVED: libgomp.c/target-29.c compilation failed to produce executable
FAIL: libgomp.c++/member-5.C execution test
FAIL: libgomp.c++/target-15.C (internal compiler error)
FAIL: libgomp.c++/target-15.C (test for excess errors)
UNRESOLVED: libgomp.c++/target-15.C compilation failed to produce executable
FAIL: libgomp.c++/target-16.C (internal compiler error)
FAIL: libgomp.c++/target-16.C (test for excess errors)
UNRESOLVED: libgomp.c++/target-16.C compilation failed to produce executable
FAIL: libgomp.c++/target-17.C (internal compiler error)
FAIL: libgomp.c++/target-17.C (test for excess errors)
UNRESOLVED: libgomp.c++/target-17.C compilation failed to produce executable
FAIL: libgomp.c++/target-19.C (internal compiler error)
FAIL: libgomp.c++/target-19.C (test for excess errors)
UNRESOLVED: libgomp.c++/target-19.C compilation failed to produce executable
FAIL: libgomp.oacc-c/../libgomp.oacc-c-c++-common/atomic_update-1.c -DACC_DEVICE_TYPE_host=1 -DACC_MEM_SHARED=1  -O2  execution test
FAIL: libgomp.oacc-c/../libgomp.oacc-c-c++-common/reduction-cplx-dbl.c -DACC_DEVICE_TYPE_host=1 -DACC_MEM_SHARED=1  -O2  (test for excess errors)
UNRESOLVED: libgomp.oacc-c/../libgomp.oacc-c-c++-common/reduction-cplx-dbl.c -DACC_DEVICE_TYPE_host=1 -DACC_MEM_SHARED=1  -O2  compilation failed to produce executable
FAIL: libgomp.oacc-c/../libgomp.oacc-c-c++-common/reduction-cplx-flt.c -DACC_DEVICE_TYPE_host=1 -DACC_MEM_SHARED=1  -O2  (test for excess errors)
UNRESOLVED: libgomp.oacc-c/../libgomp.oacc-c-c++-common/reduction-cplx-flt.c -DACC_DEVICE_TYPE_host=1 -DACC_MEM_SHARED=1  -O2  compilation failed to produce executable
FAIL: libgomp.oacc-c++/../libgomp.oacc-c-c++-common/atomic_update-1.c -DACC_DEVICE_TYPE_host=1 -DACC_MEM_SHARED=1  -O2  execution test
FAIL: libgomp.oacc-c++/../libgomp.oacc-c-c++-common/loop-dim-default.c -DACC_DEVICE_TYPE_host=1 -DACC_MEM_SHARED=1  -O2  (test for excess errors)
UNRESOLVED: libgomp.oacc-c++/../libgomp.oacc-c-c++-common/loop-dim-default.c -DACC_DEVICE_TYPE_host=1 -DACC_MEM_SHARED=1  -O2  compilation failed to produce executable

		=== libgomp Summary ===

# of expected passes		4971
# of unexpected failures	16
# of unresolved testcases	8
# of unsupported tests		338
		=== libjava tests ===


Running target unix
FAIL: LargeFile execution - source compiled test
FAIL: LargeFile -findirect-dispatch execution - source compiled test
FAIL: LargeFile -O3 execution - source compiled test
FAIL: LargeFile -O3 -findirect-dispatch execution - source compiled test
XPASS: sourcelocation output - source compiled test
XPASS: sourcelocation -findirect-dispatch output - source compiled test
XPASS: sourcelocation -O3 output - source compiled test
XPASS: sourcelocation -O3 -findirect-dispatch output - source compiled test

		=== libjava Summary ===

# of expected passes		2574
# of unexpected failures	4
# of unexpected successes	4
# of untested testcases		4
		=== libstdc++ tests ===


Running target unix
FAIL: 22_locale/num_put/put/char/14220.cc execution test
FAIL: 22_locale/num_put/put/wchar_t/14220.cc execution test
FAIL: 27_io/basic_ostream/inserters_arithmetic/char/4402.cc execution test
FAIL: 27_io/basic_ostream/inserters_arithmetic/wchar_t/4402.cc execution test
FAIL: 30_threads/call_once/constexpr.cc (test for excess errors)
FAIL: 30_threads/mutex/cons/constexpr.cc (test for excess errors)
FAIL: 30_threads/once_flag/cons/constexpr.cc (test for excess errors)
FAIL: experimental/type_erased_allocator/1.cc (test for excess errors)
FAIL: experimental/type_erased_allocator/1.cc execution test

		=== libstdc++ Summary ===

# of expected passes		9180
# of unexpected failures	9
# of expected failures		67
# of unsupported tests		1052

Compiler version: 6.1.1 20160611 [gcc-6-branch revision 237328] (GCC) 
Platform: hppa2.0w-hp-hpux11.11
configure flags:Test Run By dave on Sun Jun 12 02:51:17  2016


Index Nav: [Date Index] [Subject Index] [Author Index] [Thread Index]
Message Nav: [Date Prev] [Date Next] [Thread Prev] [Thread Next]