This is the mail archive of the gcc-testresults@gcc.gnu.org mailing list for the GCC project.


Index Nav: [Date Index] [Subject Index] [Author Index] [Thread Index]
Message Nav: [Date Prev] [Date Next] [Thread Prev] [Thread Next]
Other format: [Raw text]

Results for 7.0.0 20160612 (experimental) (GCC) testsuite on i686-pc-linux-gnu


LAST_UPDATED: Sun Jun 12 07:08:07 UTC 2016 (/trunk revision 237336)

Native configuration is i686-pc-linux-gnu

		=== g++ tests ===


Running target localhost
FAIL: g++.dg/guality/pr55665.C   -O2  line 23 p == 40
FAIL: g++.dg/guality/pr55665.C   -O3 -g  line 23 p == 40
XPASS: g++.dg/tls/thread_local-order2.C  -std=c++11 execution test
XPASS: g++.dg/tls/thread_local-order2.C  -std=c++14 execution test
FAIL: c-c++-common/ubsan/float-cast-overflow-1.c   -O1  output pattern test
FAIL: c-c++-common/ubsan/float-cast-overflow-1.c   -O2  output pattern test
FAIL: c-c++-common/ubsan/float-cast-overflow-1.c   -O3 -g  output pattern test
FAIL: c-c++-common/ubsan/float-cast-overflow-1.c   -Os  output pattern test
FAIL: c-c++-common/ubsan/float-cast-overflow-10.c   -O2  output pattern test
FAIL: c-c++-common/ubsan/float-cast-overflow-8.c   -O2 -flto -fno-use-linker-plugin -flto-partition=none  output pattern test
FAIL: c-c++-common/ubsan/float-cast-overflow-8.c   -O2 -flto -fuse-linker-plugin -fno-fat-lto-objects  output pattern test
FAIL: c-c++-common/ubsan/overflow-mul-4.c   -O0  output pattern test
FAIL: c-c++-common/ubsan/overflow-mul-4.c   -O2  output pattern test
FAIL: c-c++-common/ubsan/overflow-mul-4.c   -O3 -fomit-frame-pointer -funroll-loops -fpeel-loops -ftracer -finline-functions  output pattern test
FAIL: c-c++-common/ubsan/overflow-mul-4.c   -O3 -g  output pattern test
FAIL: c-c++-common/ubsan/overflow-mul-4.c   -Os  output pattern test
FAIL: c-c++-common/ubsan/overflow-mul-4.c   -O2 -flto -fno-use-linker-plugin -flto-partition=none  output pattern test
FAIL: c-c++-common/ubsan/overflow-mul-4.c   -O2 -flto -fuse-linker-plugin -fno-fat-lto-objects  output pattern test

		=== g++ Summary ===

# of expected passes		102052
# of unexpected failures	16
# of unexpected successes	2
# of expected failures		300
# of unsupported tests		3514
/scratch/gcc/nightly-2016-06-13-mainline/i686-pc-linux-gnu/obj/test-mainline-0-i686-pc-linux-gnu/host-i686-pc-linux-gnu/fsf-mainline/bin/i686-pc-linux-gnu-g++  version 7.0.0 20160612 (experimental) (GCC) 


		=== Summary adjusted for local xfails ===

# of unexpected failures        16
# of expected passes            102052
# of unexpected successes       2
# of expected failures          300
# of unsupported tests          3514
		=== gcc tests ===


Running target localhost
FAIL: gcc.dg/pr71478.c (test for excess errors)
XPASS: gcc.dg/guality/example.c   -O0  execution test
XPASS: gcc.dg/guality/example.c   -O1  execution test
XPASS: gcc.dg/guality/guality.c   -O0  execution test
XPASS: gcc.dg/guality/guality.c   -O1  execution test
XPASS: gcc.dg/guality/guality.c   -O2  execution test
XPASS: gcc.dg/guality/guality.c   -O3 -g  execution test
XPASS: gcc.dg/guality/guality.c   -Os  execution test
XPASS: gcc.dg/guality/guality.c   -O2 -flto -fno-use-linker-plugin -flto-partition=none  execution test
XPASS: gcc.dg/guality/guality.c   -O2 -flto -fuse-linker-plugin -fno-fat-lto-objects  execution test
XPASS: gcc.dg/guality/inline-params.c   -O2  execution test
XPASS: gcc.dg/guality/inline-params.c   -O3 -g  execution test
XPASS: gcc.dg/guality/inline-params.c   -Os  execution test
XPASS: gcc.dg/guality/inline-params.c   -O2 -flto -fno-use-linker-plugin -flto-partition=none  execution test
XPASS: gcc.dg/guality/pr41353-1.c   -O0  line 28 j == 28 + 37
XPASS: gcc.dg/guality/pr41353-1.c   -O1  line 28 j == 28 + 37
XPASS: gcc.dg/guality/pr41353-1.c   -O2  line 28 j == 28 + 37
XPASS: gcc.dg/guality/pr41353-1.c   -O3 -g  line 28 j == 28 + 37
XPASS: gcc.dg/guality/pr41353-1.c   -Os  line 28 j == 28 + 37
XPASS: gcc.dg/guality/pr41353-1.c   -O2 -flto -fno-use-linker-plugin -flto-partition=none  line 28 j == 28 + 37
XPASS: gcc.dg/guality/pr41353-1.c   -O2 -flto -fuse-linker-plugin -fno-fat-lto-objects  line 28 j == 28 + 37
FAIL: gcc.dg/guality/pr41447-1.c   -O2  execution test
FAIL: gcc.dg/guality/pr41447-1.c   -O3 -g  execution test
FAIL: gcc.dg/guality/pr41447-1.c   -O2 -flto -fno-use-linker-plugin -flto-partition=none  execution test
FAIL: gcc.dg/guality/pr41616-1.c   -O2 -flto -fuse-linker-plugin -fno-fat-lto-objects  execution test
FAIL: gcc.dg/guality/pr45882.c   -O2 -flto -fuse-linker-plugin -fno-fat-lto-objects  line 16 d == 112
FAIL: gcc.dg/guality/pr45882.c   -O2 -flto -fuse-linker-plugin -fno-fat-lto-objects  line 16 e == 142
FAIL: gcc.dg/guality/pr54200.c   -O2 -flto -fuse-linker-plugin -fno-fat-lto-objects  line 20 z == 3
FAIL: gcc.dg/guality/pr54519-1.c   -O2 -flto -fno-use-linker-plugin -flto-partition=none  line 20 y == 25
FAIL: gcc.dg/guality/pr54519-1.c   -O2 -flto -fno-use-linker-plugin -flto-partition=none  line 20 z == 6
FAIL: gcc.dg/guality/pr54519-1.c   -O2 -flto -fno-use-linker-plugin -flto-partition=none  line 23 y == 117
FAIL: gcc.dg/guality/pr54519-1.c   -O2 -flto -fno-use-linker-plugin -flto-partition=none  line 23 z == 8
FAIL: gcc.dg/guality/pr54519-2.c   -O2 -flto -fno-use-linker-plugin -flto-partition=none  line 17 y == 25
FAIL: gcc.dg/guality/pr54519-2.c   -O2 -flto -fuse-linker-plugin -fno-fat-lto-objects  line 17 y == 25
FAIL: gcc.dg/guality/pr54519-3.c   -O2 -flto -fno-use-linker-plugin -flto-partition=none  line 20 y == 25
FAIL: gcc.dg/guality/pr54519-3.c   -O2 -flto -fno-use-linker-plugin -flto-partition=none  line 20 z == 6
FAIL: gcc.dg/guality/pr54519-3.c   -O2 -flto -fno-use-linker-plugin -flto-partition=none  line 23 y == 117
FAIL: gcc.dg/guality/pr54519-3.c   -O2 -flto -fno-use-linker-plugin -flto-partition=none  line 23 z == 8
FAIL: gcc.dg/guality/pr54519-3.c   -O2 -flto -fuse-linker-plugin -fno-fat-lto-objects  line 20 y == 25
FAIL: gcc.dg/guality/pr54519-3.c   -O2 -flto -fuse-linker-plugin -fno-fat-lto-objects  line 20 z == 6
FAIL: gcc.dg/guality/pr54519-3.c   -O2 -flto -fuse-linker-plugin -fno-fat-lto-objects  line 23 y == 117
FAIL: gcc.dg/guality/pr54519-3.c   -O2 -flto -fuse-linker-plugin -fno-fat-lto-objects  line 23 z == 8
FAIL: gcc.dg/guality/pr54519-4.c   -O2 -flto -fno-use-linker-plugin -flto-partition=none  line 17 y == 25
FAIL: gcc.dg/guality/pr54519-4.c   -O2 -flto -fuse-linker-plugin -fno-fat-lto-objects  line 17 y == 25
FAIL: gcc.dg/guality/pr54519-5.c   -O2 -flto -fno-use-linker-plugin -flto-partition=none  line 17 y == 25
FAIL: gcc.dg/guality/pr54519-5.c   -O2 -flto -fuse-linker-plugin -fno-fat-lto-objects  line 17 y == 25
FAIL: gcc.dg/guality/pr68860-1.c   -O2 -flto -fno-use-linker-plugin -flto-partition=none  line 14 arg1 == 1
FAIL: gcc.dg/guality/pr68860-1.c   -O2 -flto -fno-use-linker-plugin -flto-partition=none  line 14 arg2 == 2
FAIL: gcc.dg/guality/pr68860-1.c   -O2 -flto -fno-use-linker-plugin -flto-partition=none  line 14 arg3 == 3
FAIL: gcc.dg/guality/pr68860-1.c   -O2 -flto -fno-use-linker-plugin -flto-partition=none  line 14 arg4 == 4
FAIL: gcc.dg/guality/pr68860-1.c   -O2 -flto -fno-use-linker-plugin -flto-partition=none  line 14 arg5 == 5
FAIL: gcc.dg/guality/pr68860-1.c   -O2 -flto -fno-use-linker-plugin -flto-partition=none  line 14 arg6 == 6
FAIL: gcc.dg/guality/pr68860-1.c   -O2 -flto -fno-use-linker-plugin -flto-partition=none  line 16 arg1 == 1
FAIL: gcc.dg/guality/pr68860-1.c   -O2 -flto -fno-use-linker-plugin -flto-partition=none  line 16 arg2 == 2
FAIL: gcc.dg/guality/pr68860-1.c   -O2 -flto -fno-use-linker-plugin -flto-partition=none  line 16 arg3 == 3
FAIL: gcc.dg/guality/pr68860-1.c   -O2 -flto -fno-use-linker-plugin -flto-partition=none  line 16 arg4 == 4
FAIL: gcc.dg/guality/pr68860-1.c   -O2 -flto -fno-use-linker-plugin -flto-partition=none  line 16 arg5 == 5
FAIL: gcc.dg/guality/pr68860-1.c   -O2 -flto -fno-use-linker-plugin -flto-partition=none  line 16 arg6 == 6
FAIL: gcc.dg/guality/pr68860-1.c   -O2 -flto -fuse-linker-plugin -fno-fat-lto-objects  line 14 arg1 == 1
FAIL: gcc.dg/guality/pr68860-1.c   -O2 -flto -fuse-linker-plugin -fno-fat-lto-objects  line 14 arg2 == 2
FAIL: gcc.dg/guality/pr68860-1.c   -O2 -flto -fuse-linker-plugin -fno-fat-lto-objects  line 14 arg3 == 3
FAIL: gcc.dg/guality/pr68860-1.c   -O2 -flto -fuse-linker-plugin -fno-fat-lto-objects  line 14 arg4 == 4
FAIL: gcc.dg/guality/pr68860-1.c   -O2 -flto -fuse-linker-plugin -fno-fat-lto-objects  line 14 arg5 == 5
FAIL: gcc.dg/guality/pr68860-1.c   -O2 -flto -fuse-linker-plugin -fno-fat-lto-objects  line 14 arg6 == 6
FAIL: gcc.dg/guality/pr68860-1.c   -O2 -flto -fuse-linker-plugin -fno-fat-lto-objects  line 16 arg1 == 1
FAIL: gcc.dg/guality/pr68860-1.c   -O2 -flto -fuse-linker-plugin -fno-fat-lto-objects  line 16 arg2 == 2
FAIL: gcc.dg/guality/pr68860-1.c   -O2 -flto -fuse-linker-plugin -fno-fat-lto-objects  line 16 arg3 == 3
FAIL: gcc.dg/guality/pr68860-1.c   -O2 -flto -fuse-linker-plugin -fno-fat-lto-objects  line 16 arg4 == 4
FAIL: gcc.dg/guality/pr68860-1.c   -O2 -flto -fuse-linker-plugin -fno-fat-lto-objects  line 16 arg5 == 5
FAIL: gcc.dg/guality/pr68860-1.c   -O2 -flto -fuse-linker-plugin -fno-fat-lto-objects  line 16 arg6 == 6
FAIL: gcc.dg/guality/vla-1.c   -O1  line 17 sizeof (a) == 6
FAIL: gcc.dg/guality/vla-1.c   -O2  line 17 sizeof (a) == 6
FAIL: gcc.dg/guality/vla-1.c   -O3 -g  line 17 sizeof (a) == 6
FAIL: gcc.dg/guality/vla-1.c   -Os  line 17 sizeof (a) == 6
FAIL: gcc.dg/guality/vla-1.c   -O2 -flto -fno-use-linker-plugin -flto-partition=none  line 17 sizeof (a) == 6
FAIL: gcc.dg/guality/vla-1.c   -O2 -flto -fuse-linker-plugin -fno-fat-lto-objects  line 17 sizeof (a) == 6
ERROR: gcc.dg/tree-ssa/attr-hotcold-2.c: error executing dg-final: syntax error in target selector "profile_estimate"
UNRESOLVED: gcc.dg/tree-ssa/attr-hotcold-2.c: error executing dg-final: syntax error in target selector "profile_estimate"
FAIL: gcc.dg/tree-ssa/pr71179.c (test for excess errors)
FAIL: gcc.dg/tree-ssa/scev-5.c scan-tree-dump-times optimized "&a" 1
FAIL: gcc.dg/tree-ssa/slsr-8.c scan-tree-dump-times optimized " w?\\\\* " 7
FAIL: gcc.dg/tree-ssa/ssa-fre-55.c (test for excess errors)
FAIL: c-c++-common/ubsan/float-cast-overflow-1.c   -O3 -g  output pattern test
FAIL: c-c++-common/ubsan/float-cast-overflow-1.c   -Os  output pattern test
FAIL: c-c++-common/ubsan/float-cast-overflow-1.c   -O2 -flto -fno-use-linker-plugin -flto-partition=none  output pattern test
FAIL: c-c++-common/ubsan/float-cast-overflow-1.c   -O2 -flto -fuse-linker-plugin -fno-fat-lto-objects  output pattern test
FAIL: c-c++-common/ubsan/float-cast-overflow-10.c   -O2  output pattern test
FAIL: c-c++-common/ubsan/float-cast-overflow-10.c   -O2 -flto -fno-use-linker-plugin -flto-partition=none  output pattern test
FAIL: c-c++-common/ubsan/float-cast-overflow-8.c   -O2  output pattern test
FAIL: c-c++-common/ubsan/float-cast-overflow-8.c   -O2 -flto -fno-use-linker-plugin -flto-partition=none  output pattern test
FAIL: c-c++-common/ubsan/float-cast-overflow-8.c   -O2 -flto -fuse-linker-plugin -fno-fat-lto-objects  output pattern test
FAIL: c-c++-common/ubsan/overflow-mul-4.c   -O0  output pattern test
FAIL: c-c++-common/ubsan/overflow-mul-4.c   -O1  output pattern test
FAIL: c-c++-common/ubsan/overflow-mul-4.c   -O2  output pattern test
FAIL: c-c++-common/ubsan/overflow-mul-4.c   -O3 -fomit-frame-pointer -funroll-loops -fpeel-loops -ftracer -finline-functions  output pattern test
FAIL: c-c++-common/ubsan/overflow-mul-4.c   -O3 -g  output pattern test
FAIL: c-c++-common/ubsan/overflow-mul-4.c   -Os  output pattern test
FAIL: c-c++-common/ubsan/overflow-mul-4.c   -O2 -flto -fuse-linker-plugin -fno-fat-lto-objects  output pattern test
FAIL: gcc.dg/vect/pr62171.c scan-tree-dump-times vect "vectorized 1 loops" 1
FAIL: gcc.dg/vect/pr62171.c -flto -ffat-lto-objects  scan-tree-dump-times vect "vectorized 1 loops" 1
FAIL: gcc.target/i386/avx512f-vprord-1.c scan-assembler-times vprord[ \\\\t]+[^{\\n]*%zmm[0-9]+(?:\\n|[ \\\\t]+#) 1
FAIL: gcc.target/i386/avx512f-vprord-1.c scan-assembler-times vprord[ \\\\t]+[^{\\n]*%zmm[0-9]+{%k[1-7]}(?:\\n|[ \\\\t]+#) 1
FAIL: gcc.target/i386/avx512f-vprord-1.c scan-assembler-times vprord[ \\\\t]+[^{\\n]*%zmm[0-9]+{%k[1-7]}{z}(?:\\n|[ \\\\t]+#) 1
FAIL: gcc.target/i386/pr65105-2.c scan-assembler por

		=== gcc Summary ===

# of expected passes		118271
# of unexpected failures	82
# of unexpected successes	20
# of expected failures		317
# of unresolved testcases	1
# of unsupported tests		1797
/scratch/gcc/nightly-2016-06-13-mainline/i686-pc-linux-gnu/obj/test-mainline-0-i686-pc-linux-gnu/host-i686-pc-linux-gnu/fsf-mainline/bin/i686-pc-linux-gnu-gcc  version 7.0.0 20160612 (experimental) (GCC) 


		=== Summary adjusted for local xfails ===

# of errors                     1
# of unexpected failures        82
# of expected passes            118271
# of unexpected successes       20
# of expected failures          317
# of unresolved testcases       1
# of unsupported tests          1797
		=== gfortran tests ===


Running target localhost

		=== gfortran Summary ===

# of expected passes		42302
# of expected failures		78
# of unsupported tests		168
/scratch/gcc/nightly-2016-06-13-mainline/i686-pc-linux-gnu/obj/test-mainline-0-i686-pc-linux-gnu/host-i686-pc-linux-gnu/fsf-mainline/bin/i686-pc-linux-gnu-gfortran  version 7.0.0 20160612 (experimental) (GCC) 


		=== Summary adjusted for local xfails ===

# of expected passes            42302
# of expected failures          78
# of unsupported tests          168
		=== libatomic tests ===


Running target localhost

		=== libatomic Summary ===

# of expected passes		44
# of unsupported tests		5

		=== Summary adjusted for local xfails ===

# of expected passes            44
# of unsupported tests          5
		=== libgomp tests ===


Running target localhost

		=== libgomp Summary ===

# of expected passes		5016
# of unsupported tests		319

		=== Summary adjusted for local xfails ===

# of expected passes            5016
# of unsupported tests          319
		=== libitm tests ===


Running target localhost

		=== libitm Summary ===

# of expected passes		42
# of expected failures		3
# of unsupported tests		1

		=== Summary adjusted for local xfails ===

# of expected passes            42
# of expected failures          3
# of unsupported tests          1
		=== libstdc++ tests ===


Running target localhost

		=== libstdc++ Summary ===

# of expected passes		10406
# of expected failures		66
# of unsupported tests		552

		=== Summary adjusted for local xfails ===

# of expected passes            10406
# of expected failures          66
# of unsupported tests          552
		=== g++ tests ===


Running target localhost/-m64
FAIL: c-c++-common/asan/asan-interface-1.c   -O0  execution test
FAIL: c-c++-common/asan/asan-interface-1.c   -O1  execution test
FAIL: c-c++-common/asan/asan-interface-1.c   -O2  execution test
FAIL: c-c++-common/asan/asan-interface-1.c   -O3 -g  execution test
FAIL: c-c++-common/asan/asan-interface-1.c   -Os  execution test
FAIL: c-c++-common/asan/asan-interface-1.c   -O2 -flto -fno-use-linker-plugin -flto-partition=none  execution test
FAIL: c-c++-common/asan/asan-interface-1.c   -O2 -flto -fuse-linker-plugin -fno-fat-lto-objects  execution test
FAIL: c-c++-common/asan/bitfield-1.c   -O0  output pattern test
FAIL: c-c++-common/asan/bitfield-1.c   -O1  output pattern test
FAIL: c-c++-common/asan/bitfield-1.c   -O2  output pattern test
FAIL: c-c++-common/asan/bitfield-1.c   -O3 -g  output pattern test
FAIL: c-c++-common/asan/bitfield-1.c   -Os  output pattern test
FAIL: c-c++-common/asan/bitfield-1.c   -O2 -flto -fno-use-linker-plugin -flto-partition=none  output pattern test
FAIL: c-c++-common/asan/bitfield-1.c   -O2 -flto -fuse-linker-plugin -fno-fat-lto-objects  output pattern test
FAIL: c-c++-common/asan/bitfield-2.c   -O0  output pattern test
FAIL: c-c++-common/asan/bitfield-2.c   -O1  output pattern test
FAIL: c-c++-common/asan/bitfield-2.c   -O2  output pattern test
FAIL: c-c++-common/asan/bitfield-2.c   -O3 -g  output pattern test
FAIL: c-c++-common/asan/bitfield-2.c   -Os  output pattern test
FAIL: c-c++-common/asan/bitfield-2.c   -O2 -flto -fno-use-linker-plugin -flto-partition=none  output pattern test
FAIL: c-c++-common/asan/bitfield-2.c   -O2 -flto -fuse-linker-plugin -fno-fat-lto-objects  output pattern test
FAIL: c-c++-common/asan/bitfield-3.c   -O0  output pattern test
FAIL: c-c++-common/asan/bitfield-3.c   -O1  output pattern test
FAIL: c-c++-common/asan/bitfield-3.c   -O2  output pattern test
FAIL: c-c++-common/asan/bitfield-3.c   -O3 -g  output pattern test
FAIL: c-c++-common/asan/bitfield-3.c   -Os  output pattern test
FAIL: c-c++-common/asan/bitfield-3.c   -O2 -flto -fno-use-linker-plugin -flto-partition=none  output pattern test
FAIL: c-c++-common/asan/bitfield-3.c   -O2 -flto -fuse-linker-plugin -fno-fat-lto-objects  output pattern test
FAIL: c-c++-common/asan/bitfield-4.c   -O0  output pattern test
FAIL: c-c++-common/asan/bitfield-4.c   -O1  output pattern test
FAIL: c-c++-common/asan/bitfield-4.c   -O2  output pattern test
FAIL: c-c++-common/asan/bitfield-4.c   -O3 -g  output pattern test
FAIL: c-c++-common/asan/bitfield-4.c   -Os  output pattern test
FAIL: c-c++-common/asan/bitfield-4.c   -O2 -flto -fno-use-linker-plugin -flto-partition=none  output pattern test
FAIL: c-c++-common/asan/bitfield-4.c   -O2 -flto -fuse-linker-plugin -fno-fat-lto-objects  output pattern test
FAIL: c-c++-common/asan/bitfield-5.c   -O0  output pattern test
FAIL: c-c++-common/asan/bitfield-5.c   -O1  output pattern test
FAIL: c-c++-common/asan/bitfield-5.c   -O2  output pattern test
FAIL: c-c++-common/asan/bitfield-5.c   -O3 -g  output pattern test
FAIL: c-c++-common/asan/bitfield-5.c   -Os  output pattern test
FAIL: c-c++-common/asan/bitfield-5.c   -O2 -flto -fno-use-linker-plugin -flto-partition=none  output pattern test
FAIL: c-c++-common/asan/bitfield-5.c   -O2 -flto -fuse-linker-plugin -fno-fat-lto-objects  output pattern test
FAIL: c-c++-common/asan/clone-test-1.c   -O0  execution test
FAIL: c-c++-common/asan/clone-test-1.c   -O1  execution test
FAIL: c-c++-common/asan/clone-test-1.c   -O2  execution test
FAIL: c-c++-common/asan/clone-test-1.c   -O3 -fomit-frame-pointer -funroll-loops -fpeel-loops -ftracer -finline-functions  execution test
FAIL: c-c++-common/asan/clone-test-1.c   -O3 -g  execution test
FAIL: c-c++-common/asan/clone-test-1.c   -Os  execution test
FAIL: c-c++-common/asan/clone-test-1.c   -O2 -flto -fno-use-linker-plugin -flto-partition=none  execution test
FAIL: c-c++-common/asan/clone-test-1.c   -O2 -flto -fuse-linker-plugin -fno-fat-lto-objects  execution test
FAIL: c-c++-common/asan/global-overflow-1.c   -O0  output pattern test
FAIL: c-c++-common/asan/global-overflow-1.c   -O1  output pattern test
FAIL: c-c++-common/asan/global-overflow-1.c   -O2  output pattern test
FAIL: c-c++-common/asan/global-overflow-1.c   -O3 -g  output pattern test
FAIL: c-c++-common/asan/global-overflow-1.c   -Os  output pattern test
FAIL: c-c++-common/asan/global-overflow-1.c   -O2 -flto -fno-use-linker-plugin -flto-partition=none  output pattern test
FAIL: c-c++-common/asan/global-overflow-1.c   -O2 -flto -fuse-linker-plugin -fno-fat-lto-objects  output pattern test
FAIL: c-c++-common/asan/halt_on_error-1.c   -O0  execution test
FAIL: c-c++-common/asan/halt_on_error-1.c   -O1  execution test
FAIL: c-c++-common/asan/halt_on_error-1.c   -O2  execution test
FAIL: c-c++-common/asan/halt_on_error-1.c   -O3 -g  execution test
FAIL: c-c++-common/asan/halt_on_error-1.c   -Os  execution test
FAIL: c-c++-common/asan/halt_on_error-1.c   -O2 -flto -fno-use-linker-plugin -flto-partition=none  execution test
FAIL: c-c++-common/asan/halt_on_error-1.c   -O2 -flto -fuse-linker-plugin -fno-fat-lto-objects  execution test
FAIL: c-c++-common/asan/halt_on_error-2.c   -O0  output pattern test
FAIL: c-c++-common/asan/halt_on_error-2.c   -O1  output pattern test
FAIL: c-c++-common/asan/halt_on_error-2.c   -O2  output pattern test
FAIL: c-c++-common/asan/halt_on_error-2.c   -O3 -g  output pattern test
FAIL: c-c++-common/asan/halt_on_error-2.c   -Os  output pattern test
FAIL: c-c++-common/asan/halt_on_error-2.c   -O2 -flto -fno-use-linker-plugin -flto-partition=none  output pattern test
FAIL: c-c++-common/asan/halt_on_error-2.c   -O2 -flto -fuse-linker-plugin -fno-fat-lto-objects  output pattern test
FAIL: c-c++-common/asan/heap-overflow-1.c   -O0  output pattern test
FAIL: c-c++-common/asan/heap-overflow-1.c   -O1  output pattern test
FAIL: c-c++-common/asan/heap-overflow-1.c   -O2  output pattern test
FAIL: c-c++-common/asan/heap-overflow-1.c   -O3 -g  output pattern test
FAIL: c-c++-common/asan/heap-overflow-1.c   -Os  output pattern test
FAIL: c-c++-common/asan/heap-overflow-1.c   -O2 -flto -fno-use-linker-plugin -flto-partition=none  output pattern test
FAIL: c-c++-common/asan/heap-overflow-1.c   -O2 -flto -fuse-linker-plugin -fno-fat-lto-objects  output pattern test
FAIL: c-c++-common/asan/memcmp-1.c   -O0  output pattern test
FAIL: c-c++-common/asan/memcmp-1.c   -O1  output pattern test
FAIL: c-c++-common/asan/memcmp-1.c   -O2  output pattern test
FAIL: c-c++-common/asan/memcmp-1.c   -O3 -g  output pattern test
FAIL: c-c++-common/asan/memcmp-1.c   -Os  output pattern test
FAIL: c-c++-common/asan/memcmp-1.c   -O2 -flto -fno-use-linker-plugin -flto-partition=none  output pattern test
FAIL: c-c++-common/asan/memcmp-1.c   -O2 -flto -fuse-linker-plugin -fno-fat-lto-objects  output pattern test
FAIL: c-c++-common/asan/misalign-1.c   -O0  output pattern test
FAIL: c-c++-common/asan/misalign-1.c   -O1  output pattern test
FAIL: c-c++-common/asan/misalign-1.c   -O2  output pattern test
FAIL: c-c++-common/asan/misalign-1.c   -O3 -g  output pattern test
FAIL: c-c++-common/asan/misalign-1.c   -Os  output pattern test
FAIL: c-c++-common/asan/misalign-1.c   -O2 -flto -fno-use-linker-plugin -flto-partition=none  output pattern test
FAIL: c-c++-common/asan/misalign-1.c   -O2 -flto -fuse-linker-plugin -fno-fat-lto-objects  output pattern test
FAIL: c-c++-common/asan/misalign-2.c   -O0  output pattern test
FAIL: c-c++-common/asan/misalign-2.c   -O1  output pattern test
FAIL: c-c++-common/asan/misalign-2.c   -O2  output pattern test
FAIL: c-c++-common/asan/misalign-2.c   -O3 -g  output pattern test
FAIL: c-c++-common/asan/misalign-2.c   -Os  output pattern test
FAIL: c-c++-common/asan/misalign-2.c   -O2 -flto -fno-use-linker-plugin -flto-partition=none  output pattern test
FAIL: c-c++-common/asan/misalign-2.c   -O2 -flto -fuse-linker-plugin -fno-fat-lto-objects  output pattern test
FAIL: c-c++-common/asan/null-deref-1.c   -O0  output pattern test
FAIL: c-c++-common/asan/null-deref-1.c   -O1  output pattern test
FAIL: c-c++-common/asan/null-deref-1.c   -O2  output pattern test
FAIL: c-c++-common/asan/null-deref-1.c   -O3 -g  output pattern test
FAIL: c-c++-common/asan/null-deref-1.c   -Os  output pattern test
FAIL: c-c++-common/asan/null-deref-1.c   -O2 -flto -fno-use-linker-plugin -flto-partition=none  output pattern test
FAIL: c-c++-common/asan/null-deref-1.c   -O2 -flto -fuse-linker-plugin -fno-fat-lto-objects  output pattern test
FAIL: c-c++-common/asan/pr59063-1.c   -O0  execution test
FAIL: c-c++-common/asan/pr59063-1.c   -O1  execution test
FAIL: c-c++-common/asan/pr59063-1.c   -O2  execution test
FAIL: c-c++-common/asan/pr59063-1.c   -O3 -g  execution test
FAIL: c-c++-common/asan/pr59063-1.c   -Os  execution test
FAIL: c-c++-common/asan/pr59063-1.c   -O2 -flto -fno-use-linker-plugin -flto-partition=none  execution test
FAIL: c-c++-common/asan/pr59063-1.c   -O2 -flto -fuse-linker-plugin -fno-fat-lto-objects  execution test
FAIL: c-c++-common/asan/pr59063-2.c   -O0  execution test
FAIL: c-c++-common/asan/pr59063-2.c   -O1  execution test
FAIL: c-c++-common/asan/pr59063-2.c   -O2  execution test
FAIL: c-c++-common/asan/pr59063-2.c   -O3 -g  execution test
FAIL: c-c++-common/asan/pr59063-2.c   -Os  execution test
FAIL: c-c++-common/asan/pr59063-2.c   -O2 -flto -fno-use-linker-plugin -flto-partition=none  execution test
FAIL: c-c++-common/asan/pr59063-2.c   -O2 -flto -fuse-linker-plugin -fno-fat-lto-objects  execution test
FAIL: c-c++-common/asan/pr61530.c   -O0  output pattern test
FAIL: c-c++-common/asan/pr61530.c   -O1  output pattern test
FAIL: c-c++-common/asan/pr61530.c   -O2  output pattern test
FAIL: c-c++-common/asan/pr61530.c   -O3 -g  output pattern test
FAIL: c-c++-common/asan/pr61530.c   -Os  output pattern test
FAIL: c-c++-common/asan/pr61530.c   -O2 -flto -fno-use-linker-plugin -flto-partition=none  output pattern test
FAIL: c-c++-common/asan/pr61530.c   -O2 -flto -fuse-linker-plugin -fno-fat-lto-objects  output pattern test
FAIL: c-c++-common/asan/pr62089.c   -O0  output pattern test
FAIL: c-c++-common/asan/pr62089.c   -O1  output pattern test
FAIL: c-c++-common/asan/pr62089.c   -O2  output pattern test
FAIL: c-c++-common/asan/pr62089.c   -O3 -g  output pattern test
FAIL: c-c++-common/asan/pr62089.c   -Os  output pattern test
FAIL: c-c++-common/asan/pr62089.c   -O2 -flto -fno-use-linker-plugin -flto-partition=none  output pattern test
FAIL: c-c++-common/asan/pr62089.c   -O2 -flto -fuse-linker-plugin -fno-fat-lto-objects  output pattern test
FAIL: c-c++-common/asan/pr63316.c   -O0  execution test
FAIL: c-c++-common/asan/pr63316.c   -O1  execution test
FAIL: c-c++-common/asan/pr63316.c   -O2  execution test
FAIL: c-c++-common/asan/pr63316.c   -O3 -g  execution test
FAIL: c-c++-common/asan/pr63316.c   -Os  execution test
FAIL: c-c++-common/asan/pr63316.c   -O2 -flto -fno-use-linker-plugin -flto-partition=none  execution test
FAIL: c-c++-common/asan/pr63316.c   -O2 -flto -fuse-linker-plugin -fno-fat-lto-objects  execution test
FAIL: c-c++-common/asan/pr63888.c   -O0  execution test
FAIL: c-c++-common/asan/pr63888.c   -O1  execution test
FAIL: c-c++-common/asan/pr63888.c   -O2  execution test
FAIL: c-c++-common/asan/pr63888.c   -O3 -g  execution test
FAIL: c-c++-common/asan/pr63888.c   -Os  execution test
FAIL: c-c++-common/asan/pr63888.c   -O2 -flto -fno-use-linker-plugin -flto-partition=none  execution test
FAIL: c-c++-common/asan/pr63888.c   -O2 -flto -fuse-linker-plugin -fno-fat-lto-objects  execution test
FAIL: c-c++-common/asan/pr70541.c   -O0  output pattern test
FAIL: c-c++-common/asan/pr70712.c   -O0  execution test
FAIL: c-c++-common/asan/pr70712.c   -O1  execution test
FAIL: c-c++-common/asan/pr70712.c   -O2  execution test
FAIL: c-c++-common/asan/pr70712.c   -O3 -g  execution test
FAIL: c-c++-common/asan/pr70712.c   -Os  execution test
FAIL: c-c++-common/asan/pr70712.c   -O2 -flto -fno-use-linker-plugin -flto-partition=none  execution test
FAIL: c-c++-common/asan/pr70712.c   -O2 -flto -fuse-linker-plugin -fno-fat-lto-objects  execution test
FAIL: c-c++-common/asan/pr71480.c   -O0  execution test
FAIL: c-c++-common/asan/pr71480.c   -O1  execution test
FAIL: c-c++-common/asan/pr71480.c   -O2  execution test
FAIL: c-c++-common/asan/pr71480.c   -O3 -g  execution test
FAIL: c-c++-common/asan/pr71480.c   -Os  execution test
FAIL: c-c++-common/asan/pr71480.c   -O2 -flto -fno-use-linker-plugin -flto-partition=none  execution test
FAIL: c-c++-common/asan/pr71480.c   -O2 -flto -fuse-linker-plugin -fno-fat-lto-objects  execution test
FAIL: c-c++-common/asan/rlimit-mmap-test-1.c   -O0  output pattern test
FAIL: c-c++-common/asan/sanity-check-pure-c-1.c   -O0  output pattern test
FAIL: c-c++-common/asan/sanity-check-pure-c-1.c   -O1  output pattern test
FAIL: c-c++-common/asan/sanity-check-pure-c-1.c   -O2  output pattern test
FAIL: c-c++-common/asan/sanity-check-pure-c-1.c   -O3 -g  output pattern test
FAIL: c-c++-common/asan/sanity-check-pure-c-1.c   -Os  output pattern test
FAIL: c-c++-common/asan/sanity-check-pure-c-1.c   -O2 -flto -fno-use-linker-plugin -flto-partition=none  output pattern test
FAIL: c-c++-common/asan/sanity-check-pure-c-1.c   -O2 -flto -fuse-linker-plugin -fno-fat-lto-objects  output pattern test
FAIL: c-c++-common/asan/sleep-before-dying-1.c   -O2  output pattern test
FAIL: c-c++-common/asan/sleep-before-dying-1.c   -O2 -flto -fno-use-linker-plugin -flto-partition=none  output pattern test
FAIL: c-c++-common/asan/sleep-before-dying-1.c   -O2 -flto -fuse-linker-plugin -fno-fat-lto-objects  output pattern test
FAIL: c-c++-common/asan/stack-overflow-1.c   -O0  output pattern test
FAIL: c-c++-common/asan/stack-overflow-1.c   -O1  output pattern test
FAIL: c-c++-common/asan/stack-overflow-1.c   -O2  output pattern test
FAIL: c-c++-common/asan/stack-overflow-1.c   -O3 -g  output pattern test
FAIL: c-c++-common/asan/stack-overflow-1.c   -Os  output pattern test
FAIL: c-c++-common/asan/stack-overflow-1.c   -O2 -flto -fno-use-linker-plugin -flto-partition=none  output pattern test
FAIL: c-c++-common/asan/stack-overflow-1.c   -O2 -flto -fuse-linker-plugin -fno-fat-lto-objects  output pattern test
FAIL: c-c++-common/asan/strip-path-prefix-1.c   -O2  output pattern test
FAIL: c-c++-common/asan/strip-path-prefix-1.c   -O2 -flto -fno-use-linker-plugin -flto-partition=none  output pattern test
FAIL: c-c++-common/asan/strip-path-prefix-1.c   -O2 -flto -fuse-linker-plugin -fno-fat-lto-objects  output pattern test
FAIL: c-c++-common/asan/strlen-overflow-1.c   -O0  output pattern test
FAIL: c-c++-common/asan/strlen-overflow-1.c   -O1  output pattern test
FAIL: c-c++-common/asan/strlen-overflow-1.c   -O2  output pattern test
FAIL: c-c++-common/asan/strlen-overflow-1.c   -O3 -g  output pattern test
FAIL: c-c++-common/asan/strlen-overflow-1.c   -Os  output pattern test
FAIL: c-c++-common/asan/strncpy-overflow-1.c   -O0  output pattern test
FAIL: c-c++-common/asan/strncpy-overflow-1.c   -O1  output pattern test
FAIL: c-c++-common/asan/strncpy-overflow-1.c   -O2  output pattern test
FAIL: c-c++-common/asan/strncpy-overflow-1.c   -O3 -g  output pattern test
FAIL: c-c++-common/asan/strncpy-overflow-1.c   -Os  output pattern test
FAIL: c-c++-common/asan/strncpy-overflow-1.c   -O2 -flto -fno-use-linker-plugin -flto-partition=none  output pattern test
FAIL: c-c++-common/asan/strncpy-overflow-1.c   -O2 -flto -fuse-linker-plugin -fno-fat-lto-objects  output pattern test
FAIL: c-c++-common/asan/swapcontext-test-1.c   -O0  execution test
FAIL: c-c++-common/asan/swapcontext-test-1.c   -O1  execution test
FAIL: c-c++-common/asan/swapcontext-test-1.c   -O2  execution test
FAIL: c-c++-common/asan/swapcontext-test-1.c   -O3 -fomit-frame-pointer -funroll-loops -fpeel-loops -ftracer -finline-functions  execution test
FAIL: c-c++-common/asan/swapcontext-test-1.c   -O3 -g  execution test
FAIL: c-c++-common/asan/swapcontext-test-1.c   -Os  execution test
FAIL: c-c++-common/asan/swapcontext-test-1.c   -O2 -flto -fno-use-linker-plugin -flto-partition=none  execution test
FAIL: c-c++-common/asan/swapcontext-test-1.c   -O2 -flto -fuse-linker-plugin -fno-fat-lto-objects  execution test
FAIL: c-c++-common/asan/use-after-free-1.c   -O0  output pattern test
FAIL: c-c++-common/asan/use-after-free-1.c   -O1  output pattern test
FAIL: c-c++-common/asan/use-after-free-1.c   -O2  output pattern test
FAIL: c-c++-common/asan/use-after-free-1.c   -O3 -g  output pattern test
FAIL: c-c++-common/asan/use-after-free-1.c   -Os  output pattern test
FAIL: c-c++-common/asan/use-after-free-1.c   -O2 -flto -fno-use-linker-plugin -flto-partition=none  output pattern test
FAIL: c-c++-common/asan/use-after-free-1.c   -O2 -flto -fuse-linker-plugin -fno-fat-lto-objects  output pattern test
FAIL: c-c++-common/asan/use-after-return-1.c   -O0  output pattern test
FAIL: c-c++-common/asan/use-after-return-1.c   -O1  output pattern test
FAIL: c-c++-common/asan/use-after-return-1.c   -O2  output pattern test
FAIL: c-c++-common/asan/use-after-return-1.c   -O3 -g  output pattern test
FAIL: c-c++-common/asan/use-after-return-1.c   -Os  output pattern test
FAIL: c-c++-common/asan/use-after-return-1.c   -O2 -flto -fno-use-linker-plugin -flto-partition=none  output pattern test
FAIL: c-c++-common/asan/use-after-return-1.c   -O2 -flto -fuse-linker-plugin -fno-fat-lto-objects  output pattern test
FAIL: g++.dg/asan/deep-stack-uaf-1.C   -O0  output pattern test
FAIL: g++.dg/asan/deep-stack-uaf-1.C   -O1  output pattern test
FAIL: g++.dg/asan/deep-stack-uaf-1.C   -O2  output pattern test
FAIL: g++.dg/asan/deep-stack-uaf-1.C   -O3 -g  output pattern test
FAIL: g++.dg/asan/deep-stack-uaf-1.C   -Os  output pattern test
FAIL: g++.dg/asan/deep-tail-call-1.C   -O0  output pattern test
FAIL: g++.dg/asan/deep-tail-call-1.C   -O1  output pattern test
FAIL: g++.dg/asan/deep-tail-call-1.C   -O2  output pattern test
FAIL: g++.dg/asan/deep-tail-call-1.C   -O3 -g  output pattern test
FAIL: g++.dg/asan/deep-tail-call-1.C   -Os  output pattern test
FAIL: g++.dg/asan/deep-tail-call-1.C   -O2 -flto -fno-use-linker-plugin -flto-partition=none  output pattern test
FAIL: g++.dg/asan/deep-tail-call-1.C   -O2 -flto -fuse-linker-plugin -fno-fat-lto-objects  output pattern test
FAIL: g++.dg/asan/deep-thread-stack-1.C   -O0  output pattern test
FAIL: g++.dg/asan/deep-thread-stack-1.C   -O1  output pattern test
FAIL: g++.dg/asan/deep-thread-stack-1.C   -O2  output pattern test
FAIL: g++.dg/asan/deep-thread-stack-1.C   -O3 -g  output pattern test
FAIL: g++.dg/asan/deep-thread-stack-1.C   -Os  output pattern test
FAIL: g++.dg/asan/deep-thread-stack-1.C   -O2 -flto -fno-use-linker-plugin -flto-partition=none  output pattern test
FAIL: g++.dg/asan/deep-thread-stack-1.C   -O2 -flto -fuse-linker-plugin -fno-fat-lto-objects  output pattern test
FAIL: g++.dg/asan/default-options-1.C   -O0  execution test
FAIL: g++.dg/asan/default-options-1.C   -O1  execution test
FAIL: g++.dg/asan/default-options-1.C   -O2  execution test
FAIL: g++.dg/asan/default-options-1.C   -O3 -g  execution test
FAIL: g++.dg/asan/default-options-1.C   -Os  execution test
FAIL: g++.dg/asan/default-options-1.C   -O2 -flto -fno-use-linker-plugin -flto-partition=none  execution test
FAIL: g++.dg/asan/default-options-1.C   -O2 -flto -fuse-linker-plugin -fno-fat-lto-objects  execution test
FAIL: g++.dg/asan/interception-failure-test-1.C   -O0  execution test
FAIL: g++.dg/asan/interception-failure-test-1.C   -O1  execution test
FAIL: g++.dg/asan/interception-failure-test-1.C   -O2  execution test
FAIL: g++.dg/asan/interception-failure-test-1.C   -O3 -g  execution test
FAIL: g++.dg/asan/interception-failure-test-1.C   -Os  execution test
FAIL: g++.dg/asan/interception-failure-test-1.C   -O2 -flto -fno-use-linker-plugin -flto-partition=none  execution test
FAIL: g++.dg/asan/interception-failure-test-1.C   -O2 -flto -fuse-linker-plugin -fno-fat-lto-objects  execution test
FAIL: g++.dg/asan/interception-malloc-test-1.C   -O0  output pattern test
FAIL: g++.dg/asan/interception-malloc-test-1.C   -O1  output pattern test
FAIL: g++.dg/asan/interception-malloc-test-1.C   -O2  output pattern test
FAIL: g++.dg/asan/interception-malloc-test-1.C   -O3 -g  output pattern test
FAIL: g++.dg/asan/interception-malloc-test-1.C   -Os  output pattern test
FAIL: g++.dg/asan/interception-malloc-test-1.C   -O2 -flto -fno-use-linker-plugin -flto-partition=none  output pattern test
FAIL: g++.dg/asan/interception-malloc-test-1.C   -O2 -flto -fuse-linker-plugin -fno-fat-lto-objects  output pattern test
FAIL: g++.dg/asan/interception-test-1.C   -O0  output pattern test
FAIL: g++.dg/asan/interception-test-1.C   -O1  output pattern test
FAIL: g++.dg/asan/interception-test-1.C   -O2  output pattern test
FAIL: g++.dg/asan/interception-test-1.C   -O3 -g  output pattern test
FAIL: g++.dg/asan/interception-test-1.C   -Os  output pattern test
FAIL: g++.dg/asan/interception-test-1.C   -O2 -flto -fno-use-linker-plugin -flto-partition=none  output pattern test
FAIL: g++.dg/asan/interception-test-1.C   -O2 -flto -fuse-linker-plugin -fno-fat-lto-objects  output pattern test
FAIL: g++.dg/asan/large-func-test-1.C   -O0  output pattern test
FAIL: g++.dg/asan/large-func-test-1.C   -O1  output pattern test
FAIL: g++.dg/asan/large-func-test-1.C   -O2  output pattern test
FAIL: g++.dg/asan/large-func-test-1.C   -O3 -g  output pattern test
FAIL: g++.dg/asan/large-func-test-1.C   -Os  output pattern test
FAIL: g++.dg/asan/large-func-test-1.C   -O2 -flto -fno-use-linker-plugin -flto-partition=none  output pattern test
FAIL: g++.dg/asan/large-func-test-1.C   -O2 -flto -fuse-linker-plugin -fno-fat-lto-objects  output pattern test
FAIL: g++.dg/asan/pr55617.C   -O0  execution test
FAIL: g++.dg/asan/pr55617.C   -O1  execution test
FAIL: g++.dg/asan/pr55617.C   -O2  execution test
FAIL: g++.dg/asan/pr55617.C   -O3 -g  execution test
FAIL: g++.dg/asan/pr55617.C   -Os  execution test
FAIL: g++.dg/asan/pr55617.C   -O2 -flto -fno-use-linker-plugin -flto-partition=none  execution test
FAIL: g++.dg/asan/pr55617.C   -O2 -flto -fuse-linker-plugin -fno-fat-lto-objects  execution test
FAIL: g++.dg/asan/pr62017.C   -O0  execution test
FAIL: g++.dg/asan/pr62017.C   -O1  execution test
FAIL: g++.dg/asan/pr62017.C   -O2  execution test
FAIL: g++.dg/asan/pr62017.C   -O3 -g  execution test
FAIL: g++.dg/asan/pr62017.C   -Os  execution test
FAIL: g++.dg/asan/pr62017.C   -O2 -flto -fno-use-linker-plugin -flto-partition=none  execution test
FAIL: g++.dg/asan/pr62017.C   -O2 -flto -fuse-linker-plugin -fno-fat-lto-objects  execution test
FAIL: g++.dg/asan/pr69276.C   -O0  output pattern test
FAIL: g++.dg/asan/pr69276.C   -O1  output pattern test
FAIL: g++.dg/asan/pr69276.C   -O2  output pattern test
FAIL: g++.dg/asan/pr69276.C   -O3 -g  output pattern test
FAIL: g++.dg/asan/pr69276.C   -Os  output pattern test
FAIL: g++.dg/asan/pr69276.C   -O2 -flto -fno-use-linker-plugin -flto-partition=none  output pattern test
FAIL: g++.dg/asan/pr69276.C   -O2 -flto -fuse-linker-plugin -fno-fat-lto-objects  output pattern test
FAIL: g++.dg/guality/pr55665.C   -O2  line 23 p == 40
FAIL: g++.dg/guality/pr55665.C   -O3 -g  line 23 p == 40
XPASS: g++.dg/tls/thread_local-order2.C  -std=c++11 execution test
XPASS: g++.dg/tls/thread_local-order2.C  -std=c++14 execution test
FAIL: c-c++-common/ubsan/float-cast-overflow-1.c   -O0  output pattern test
FAIL: c-c++-common/ubsan/float-cast-overflow-1.c   -O1  output pattern test
FAIL: c-c++-common/ubsan/float-cast-overflow-1.c   -O3 -g  output pattern test
FAIL: c-c++-common/ubsan/float-cast-overflow-1.c   -Os  output pattern test
FAIL: c-c++-common/ubsan/float-cast-overflow-1.c   -O2 -flto -fno-use-linker-plugin -flto-partition=none  output pattern test
FAIL: c-c++-common/ubsan/float-cast-overflow-1.c   -O2 -flto -fuse-linker-plugin -fno-fat-lto-objects  output pattern test
FAIL: c-c++-common/ubsan/float-cast-overflow-10.c   -O2  output pattern test
FAIL: c-c++-common/ubsan/float-cast-overflow-10.c   -O2 -flto -fno-use-linker-plugin -flto-partition=none  output pattern test
FAIL: c-c++-common/ubsan/float-cast-overflow-10.c   -O2 -flto -fuse-linker-plugin -fno-fat-lto-objects  output pattern test
FAIL: c-c++-common/ubsan/overflow-mul-4.c   -O0  output pattern test
FAIL: c-c++-common/ubsan/overflow-mul-4.c   -O2  output pattern test
FAIL: c-c++-common/ubsan/overflow-mul-4.c   -O3 -fomit-frame-pointer -funroll-loops -fpeel-loops -ftracer -finline-functions  output pattern test
FAIL: c-c++-common/ubsan/overflow-mul-4.c   -O3 -g  output pattern test
FAIL: c-c++-common/ubsan/overflow-mul-4.c   -Os  output pattern test
FAIL: c-c++-common/ubsan/overflow-mul-4.c   -O2 -flto -fno-use-linker-plugin -flto-partition=none  output pattern test
FAIL: c-c++-common/ubsan/overflow-mul-4.c   -O2 -flto -fuse-linker-plugin -fno-fat-lto-objects  output pattern test

		=== g++ Summary ===

# of expected passes		101954
# of unexpected failures	311
# of unexpected successes	2
# of expected failures		300
# of unsupported tests		3768
/scratch/gcc/nightly-2016-06-13-mainline/i686-pc-linux-gnu/obj/test-mainline-0-i686-pc-linux-gnu/host-i686-pc-linux-gnu/fsf-mainline/bin/i686-pc-linux-gnu-g++  version 7.0.0 20160612 (experimental) (GCC) 


		=== Summary adjusted for local xfails ===

# of unexpected failures        311
# of expected passes            101954
# of unexpected successes       2
# of expected failures          300
# of unsupported tests          3768
		=== gcc tests ===


Running target localhost/-m64
FAIL: c-c++-common/asan/asan-interface-1.c   -O0  execution test
FAIL: c-c++-common/asan/asan-interface-1.c   -O1  execution test
FAIL: c-c++-common/asan/asan-interface-1.c   -O2  execution test
FAIL: c-c++-common/asan/asan-interface-1.c   -O3 -g  execution test
FAIL: c-c++-common/asan/asan-interface-1.c   -Os  execution test
FAIL: c-c++-common/asan/asan-interface-1.c   -O2 -flto -fno-use-linker-plugin -flto-partition=none  execution test
FAIL: c-c++-common/asan/asan-interface-1.c   -O2 -flto -fuse-linker-plugin -fno-fat-lto-objects  execution test
FAIL: c-c++-common/asan/bitfield-1.c   -O0  output pattern test
FAIL: c-c++-common/asan/bitfield-1.c   -O1  output pattern test
FAIL: c-c++-common/asan/bitfield-1.c   -O2  output pattern test
FAIL: c-c++-common/asan/bitfield-1.c   -O3 -g  output pattern test
FAIL: c-c++-common/asan/bitfield-1.c   -Os  output pattern test
FAIL: c-c++-common/asan/bitfield-1.c   -O2 -flto -fno-use-linker-plugin -flto-partition=none  output pattern test
FAIL: c-c++-common/asan/bitfield-1.c   -O2 -flto -fuse-linker-plugin -fno-fat-lto-objects  output pattern test
FAIL: c-c++-common/asan/bitfield-2.c   -O0  output pattern test
FAIL: c-c++-common/asan/bitfield-2.c   -O1  output pattern test
FAIL: c-c++-common/asan/bitfield-2.c   -O2  output pattern test
FAIL: c-c++-common/asan/bitfield-2.c   -O3 -g  output pattern test
FAIL: c-c++-common/asan/bitfield-2.c   -Os  output pattern test
FAIL: c-c++-common/asan/bitfield-2.c   -O2 -flto -fno-use-linker-plugin -flto-partition=none  output pattern test
FAIL: c-c++-common/asan/bitfield-2.c   -O2 -flto -fuse-linker-plugin -fno-fat-lto-objects  output pattern test
FAIL: c-c++-common/asan/bitfield-3.c   -O0  output pattern test
FAIL: c-c++-common/asan/bitfield-3.c   -O1  output pattern test
FAIL: c-c++-common/asan/bitfield-3.c   -O2  output pattern test
FAIL: c-c++-common/asan/bitfield-3.c   -O3 -g  output pattern test
FAIL: c-c++-common/asan/bitfield-3.c   -Os  output pattern test
FAIL: c-c++-common/asan/bitfield-3.c   -O2 -flto -fno-use-linker-plugin -flto-partition=none  output pattern test
FAIL: c-c++-common/asan/bitfield-3.c   -O2 -flto -fuse-linker-plugin -fno-fat-lto-objects  output pattern test
FAIL: c-c++-common/asan/bitfield-4.c   -O0  output pattern test
FAIL: c-c++-common/asan/bitfield-4.c   -O1  output pattern test
FAIL: c-c++-common/asan/bitfield-4.c   -O2  output pattern test
FAIL: c-c++-common/asan/bitfield-4.c   -O3 -g  output pattern test
FAIL: c-c++-common/asan/bitfield-4.c   -Os  output pattern test
FAIL: c-c++-common/asan/bitfield-4.c   -O2 -flto -fno-use-linker-plugin -flto-partition=none  output pattern test
FAIL: c-c++-common/asan/bitfield-4.c   -O2 -flto -fuse-linker-plugin -fno-fat-lto-objects  output pattern test
FAIL: c-c++-common/asan/bitfield-5.c   -O0  output pattern test
FAIL: c-c++-common/asan/bitfield-5.c   -O1  output pattern test
FAIL: c-c++-common/asan/bitfield-5.c   -O2  output pattern test
FAIL: c-c++-common/asan/bitfield-5.c   -O3 -g  output pattern test
FAIL: c-c++-common/asan/bitfield-5.c   -Os  output pattern test
FAIL: c-c++-common/asan/bitfield-5.c   -O2 -flto -fno-use-linker-plugin -flto-partition=none  output pattern test
FAIL: c-c++-common/asan/bitfield-5.c   -O2 -flto -fuse-linker-plugin -fno-fat-lto-objects  output pattern test
FAIL: c-c++-common/asan/clone-test-1.c   -O0  execution test
FAIL: c-c++-common/asan/clone-test-1.c   -O1  execution test
FAIL: c-c++-common/asan/clone-test-1.c   -O2  execution test
FAIL: c-c++-common/asan/clone-test-1.c   -O3 -fomit-frame-pointer -funroll-loops -fpeel-loops -ftracer -finline-functions  execution test
FAIL: c-c++-common/asan/clone-test-1.c   -O3 -g  execution test
FAIL: c-c++-common/asan/clone-test-1.c   -Os  execution test
FAIL: c-c++-common/asan/clone-test-1.c   -O2 -flto -fno-use-linker-plugin -flto-partition=none  execution test
FAIL: c-c++-common/asan/clone-test-1.c   -O2 -flto -fuse-linker-plugin -fno-fat-lto-objects  execution test
FAIL: c-c++-common/asan/global-overflow-1.c   -O0  output pattern test
FAIL: c-c++-common/asan/global-overflow-1.c   -O1  output pattern test
FAIL: c-c++-common/asan/global-overflow-1.c   -O2  output pattern test
FAIL: c-c++-common/asan/global-overflow-1.c   -O3 -g  output pattern test
FAIL: c-c++-common/asan/global-overflow-1.c   -Os  output pattern test
FAIL: c-c++-common/asan/global-overflow-1.c   -O2 -flto -fno-use-linker-plugin -flto-partition=none  output pattern test
FAIL: c-c++-common/asan/global-overflow-1.c   -O2 -flto -fuse-linker-plugin -fno-fat-lto-objects  output pattern test
FAIL: c-c++-common/asan/halt_on_error-1.c   -O0  execution test
FAIL: c-c++-common/asan/halt_on_error-1.c   -O1  execution test
FAIL: c-c++-common/asan/halt_on_error-1.c   -O2  execution test
FAIL: c-c++-common/asan/halt_on_error-1.c   -O3 -g  execution test
FAIL: c-c++-common/asan/halt_on_error-1.c   -Os  execution test
FAIL: c-c++-common/asan/halt_on_error-1.c   -O2 -flto -fno-use-linker-plugin -flto-partition=none  execution test
FAIL: c-c++-common/asan/halt_on_error-1.c   -O2 -flto -fuse-linker-plugin -fno-fat-lto-objects  execution test
FAIL: c-c++-common/asan/halt_on_error-2.c   -O0  output pattern test
FAIL: c-c++-common/asan/halt_on_error-2.c   -O1  output pattern test
FAIL: c-c++-common/asan/halt_on_error-2.c   -O2  output pattern test
FAIL: c-c++-common/asan/halt_on_error-2.c   -O3 -g  output pattern test
FAIL: c-c++-common/asan/halt_on_error-2.c   -Os  output pattern test
FAIL: c-c++-common/asan/halt_on_error-2.c   -O2 -flto -fno-use-linker-plugin -flto-partition=none  output pattern test
FAIL: c-c++-common/asan/halt_on_error-2.c   -O2 -flto -fuse-linker-plugin -fno-fat-lto-objects  output pattern test
FAIL: c-c++-common/asan/heap-overflow-1.c   -O0  output pattern test
FAIL: c-c++-common/asan/heap-overflow-1.c   -O1  output pattern test
FAIL: c-c++-common/asan/heap-overflow-1.c   -O2  output pattern test
FAIL: c-c++-common/asan/heap-overflow-1.c   -O3 -g  output pattern test
FAIL: c-c++-common/asan/heap-overflow-1.c   -Os  output pattern test
FAIL: c-c++-common/asan/heap-overflow-1.c   -O2 -flto -fno-use-linker-plugin -flto-partition=none  output pattern test
FAIL: c-c++-common/asan/heap-overflow-1.c   -O2 -flto -fuse-linker-plugin -fno-fat-lto-objects  output pattern test
FAIL: c-c++-common/asan/memcmp-1.c   -O0  output pattern test
FAIL: c-c++-common/asan/memcmp-1.c   -O1  output pattern test
FAIL: c-c++-common/asan/memcmp-1.c   -O2  output pattern test
FAIL: c-c++-common/asan/memcmp-1.c   -O3 -g  output pattern test
FAIL: c-c++-common/asan/memcmp-1.c   -Os  output pattern test
FAIL: c-c++-common/asan/memcmp-1.c   -O2 -flto -fno-use-linker-plugin -flto-partition=none  output pattern test
FAIL: c-c++-common/asan/memcmp-1.c   -O2 -flto -fuse-linker-plugin -fno-fat-lto-objects  output pattern test
FAIL: c-c++-common/asan/misalign-1.c   -O0  output pattern test
FAIL: c-c++-common/asan/misalign-1.c   -O1  output pattern test
FAIL: c-c++-common/asan/misalign-1.c   -O2  output pattern test
FAIL: c-c++-common/asan/misalign-1.c   -O3 -g  output pattern test
FAIL: c-c++-common/asan/misalign-1.c   -Os  output pattern test
FAIL: c-c++-common/asan/misalign-1.c   -O2 -flto -fno-use-linker-plugin -flto-partition=none  output pattern test
FAIL: c-c++-common/asan/misalign-1.c   -O2 -flto -fuse-linker-plugin -fno-fat-lto-objects  output pattern test
FAIL: c-c++-common/asan/misalign-2.c   -O0  output pattern test
FAIL: c-c++-common/asan/misalign-2.c   -O1  output pattern test
FAIL: c-c++-common/asan/misalign-2.c   -O2  output pattern test
FAIL: c-c++-common/asan/misalign-2.c   -O3 -g  output pattern test
FAIL: c-c++-common/asan/misalign-2.c   -Os  output pattern test
FAIL: c-c++-common/asan/misalign-2.c   -O2 -flto -fno-use-linker-plugin -flto-partition=none  output pattern test
FAIL: c-c++-common/asan/misalign-2.c   -O2 -flto -fuse-linker-plugin -fno-fat-lto-objects  output pattern test
FAIL: c-c++-common/asan/null-deref-1.c   -O0  output pattern test
FAIL: c-c++-common/asan/null-deref-1.c   -O1  output pattern test
FAIL: c-c++-common/asan/null-deref-1.c   -O2  output pattern test
FAIL: c-c++-common/asan/null-deref-1.c   -O3 -g  output pattern test
FAIL: c-c++-common/asan/null-deref-1.c   -Os  output pattern test
FAIL: c-c++-common/asan/null-deref-1.c   -O2 -flto -fno-use-linker-plugin -flto-partition=none  output pattern test
FAIL: c-c++-common/asan/null-deref-1.c   -O2 -flto -fuse-linker-plugin -fno-fat-lto-objects  output pattern test
FAIL: c-c++-common/asan/pr59063-1.c   -O0  execution test
FAIL: c-c++-common/asan/pr59063-1.c   -O1  execution test
FAIL: c-c++-common/asan/pr59063-1.c   -O2  execution test
FAIL: c-c++-common/asan/pr59063-1.c   -O3 -g  execution test
FAIL: c-c++-common/asan/pr59063-1.c   -Os  execution test
FAIL: c-c++-common/asan/pr59063-1.c   -O2 -flto -fno-use-linker-plugin -flto-partition=none  execution test
FAIL: c-c++-common/asan/pr59063-1.c   -O2 -flto -fuse-linker-plugin -fno-fat-lto-objects  execution test
FAIL: c-c++-common/asan/pr59063-2.c   -O0  execution test
FAIL: c-c++-common/asan/pr59063-2.c   -O1  execution test
FAIL: c-c++-common/asan/pr59063-2.c   -O2  execution test
FAIL: c-c++-common/asan/pr59063-2.c   -O3 -g  execution test
FAIL: c-c++-common/asan/pr59063-2.c   -Os  execution test
FAIL: c-c++-common/asan/pr59063-2.c   -O2 -flto -fno-use-linker-plugin -flto-partition=none  execution test
FAIL: c-c++-common/asan/pr59063-2.c   -O2 -flto -fuse-linker-plugin -fno-fat-lto-objects  execution test
FAIL: c-c++-common/asan/pr61530.c   -O0  output pattern test
FAIL: c-c++-common/asan/pr61530.c   -O1  output pattern test
FAIL: c-c++-common/asan/pr61530.c   -O2  output pattern test
FAIL: c-c++-common/asan/pr61530.c   -O3 -g  output pattern test
FAIL: c-c++-common/asan/pr61530.c   -Os  output pattern test
FAIL: c-c++-common/asan/pr61530.c   -O2 -flto -fno-use-linker-plugin -flto-partition=none  output pattern test
FAIL: c-c++-common/asan/pr61530.c   -O2 -flto -fuse-linker-plugin -fno-fat-lto-objects  output pattern test
FAIL: c-c++-common/asan/pr62089.c   -O0  output pattern test
FAIL: c-c++-common/asan/pr62089.c   -O1  output pattern test
FAIL: c-c++-common/asan/pr62089.c   -O2  output pattern test
FAIL: c-c++-common/asan/pr62089.c   -O3 -g  output pattern test
FAIL: c-c++-common/asan/pr62089.c   -Os  output pattern test
FAIL: c-c++-common/asan/pr62089.c   -O2 -flto -fno-use-linker-plugin -flto-partition=none  output pattern test
FAIL: c-c++-common/asan/pr62089.c   -O2 -flto -fuse-linker-plugin -fno-fat-lto-objects  output pattern test
FAIL: c-c++-common/asan/pr63316.c   -O0  execution test
FAIL: c-c++-common/asan/pr63316.c   -O1  execution test
FAIL: c-c++-common/asan/pr63316.c   -O2  execution test
FAIL: c-c++-common/asan/pr63316.c   -O3 -g  execution test
FAIL: c-c++-common/asan/pr63316.c   -Os  execution test
FAIL: c-c++-common/asan/pr63316.c   -O2 -flto -fno-use-linker-plugin -flto-partition=none  execution test
FAIL: c-c++-common/asan/pr63316.c   -O2 -flto -fuse-linker-plugin -fno-fat-lto-objects  execution test
FAIL: c-c++-common/asan/pr63888.c   -O0  execution test
FAIL: c-c++-common/asan/pr63888.c   -O1  execution test
FAIL: c-c++-common/asan/pr63888.c   -O2  execution test
FAIL: c-c++-common/asan/pr63888.c   -O3 -g  execution test
FAIL: c-c++-common/asan/pr63888.c   -Os  execution test
FAIL: c-c++-common/asan/pr63888.c   -O2 -flto -fno-use-linker-plugin -flto-partition=none  execution test
FAIL: c-c++-common/asan/pr63888.c   -O2 -flto -fuse-linker-plugin -fno-fat-lto-objects  execution test
FAIL: c-c++-common/asan/pr70541.c   -O0  output pattern test
FAIL: c-c++-common/asan/pr70712.c   -O0  execution test
FAIL: c-c++-common/asan/pr70712.c   -O1  execution test
FAIL: c-c++-common/asan/pr70712.c   -O2  execution test
FAIL: c-c++-common/asan/pr70712.c   -O3 -g  execution test
FAIL: c-c++-common/asan/pr70712.c   -Os  execution test
FAIL: c-c++-common/asan/pr70712.c   -O2 -flto -fno-use-linker-plugin -flto-partition=none  execution test
FAIL: c-c++-common/asan/pr70712.c   -O2 -flto -fuse-linker-plugin -fno-fat-lto-objects  execution test
FAIL: c-c++-common/asan/pr71480.c   -O0  execution test
FAIL: c-c++-common/asan/pr71480.c   -O1  execution test
FAIL: c-c++-common/asan/pr71480.c   -O2  execution test
FAIL: c-c++-common/asan/pr71480.c   -O3 -g  execution test
FAIL: c-c++-common/asan/pr71480.c   -Os  execution test
FAIL: c-c++-common/asan/pr71480.c   -O2 -flto -fno-use-linker-plugin -flto-partition=none  execution test
FAIL: c-c++-common/asan/pr71480.c   -O2 -flto -fuse-linker-plugin -fno-fat-lto-objects  execution test
FAIL: c-c++-common/asan/rlimit-mmap-test-1.c   -O0  output pattern test
FAIL: c-c++-common/asan/sanity-check-pure-c-1.c   -O0  output pattern test
FAIL: c-c++-common/asan/sanity-check-pure-c-1.c   -O1  output pattern test
FAIL: c-c++-common/asan/sanity-check-pure-c-1.c   -O2  output pattern test
FAIL: c-c++-common/asan/sanity-check-pure-c-1.c   -O3 -g  output pattern test
FAIL: c-c++-common/asan/sanity-check-pure-c-1.c   -Os  output pattern test
FAIL: c-c++-common/asan/sanity-check-pure-c-1.c   -O2 -flto -fno-use-linker-plugin -flto-partition=none  output pattern test
FAIL: c-c++-common/asan/sanity-check-pure-c-1.c   -O2 -flto -fuse-linker-plugin -fno-fat-lto-objects  output pattern test
FAIL: c-c++-common/asan/sleep-before-dying-1.c   -O2  output pattern test
FAIL: c-c++-common/asan/sleep-before-dying-1.c   -O2 -flto -fno-use-linker-plugin -flto-partition=none  output pattern test
FAIL: c-c++-common/asan/sleep-before-dying-1.c   -O2 -flto -fuse-linker-plugin -fno-fat-lto-objects  output pattern test
FAIL: c-c++-common/asan/stack-overflow-1.c   -O0  output pattern test
FAIL: c-c++-common/asan/stack-overflow-1.c   -O1  output pattern test
FAIL: c-c++-common/asan/stack-overflow-1.c   -O2  output pattern test
FAIL: c-c++-common/asan/stack-overflow-1.c   -O3 -g  output pattern test
FAIL: c-c++-common/asan/stack-overflow-1.c   -Os  output pattern test
FAIL: c-c++-common/asan/stack-overflow-1.c   -O2 -flto -fno-use-linker-plugin -flto-partition=none  output pattern test
FAIL: c-c++-common/asan/stack-overflow-1.c   -O2 -flto -fuse-linker-plugin -fno-fat-lto-objects  output pattern test
FAIL: c-c++-common/asan/strip-path-prefix-1.c   -O2  output pattern test
FAIL: c-c++-common/asan/strip-path-prefix-1.c   -O2 -flto -fno-use-linker-plugin -flto-partition=none  output pattern test
FAIL: c-c++-common/asan/strip-path-prefix-1.c   -O2 -flto -fuse-linker-plugin -fno-fat-lto-objects  output pattern test
FAIL: c-c++-common/asan/strlen-overflow-1.c   -O0  output pattern test
FAIL: c-c++-common/asan/strlen-overflow-1.c   -O1  output pattern test
FAIL: c-c++-common/asan/strlen-overflow-1.c   -O2  output pattern test
FAIL: c-c++-common/asan/strlen-overflow-1.c   -O3 -g  output pattern test
FAIL: c-c++-common/asan/strlen-overflow-1.c   -Os  output pattern test
FAIL: c-c++-common/asan/strncpy-overflow-1.c   -O0  output pattern test
FAIL: c-c++-common/asan/strncpy-overflow-1.c   -O1  output pattern test
FAIL: c-c++-common/asan/strncpy-overflow-1.c   -O2  output pattern test
FAIL: c-c++-common/asan/strncpy-overflow-1.c   -O3 -g  output pattern test
FAIL: c-c++-common/asan/strncpy-overflow-1.c   -Os  output pattern test
FAIL: c-c++-common/asan/strncpy-overflow-1.c   -O2 -flto -fno-use-linker-plugin -flto-partition=none  output pattern test
FAIL: c-c++-common/asan/strncpy-overflow-1.c   -O2 -flto -fuse-linker-plugin -fno-fat-lto-objects  output pattern test
FAIL: c-c++-common/asan/swapcontext-test-1.c   -O0  execution test
FAIL: c-c++-common/asan/swapcontext-test-1.c   -O1  execution test
FAIL: c-c++-common/asan/swapcontext-test-1.c   -O2  execution test
FAIL: c-c++-common/asan/swapcontext-test-1.c   -O3 -fomit-frame-pointer -funroll-loops -fpeel-loops -ftracer -finline-functions  execution test
FAIL: c-c++-common/asan/swapcontext-test-1.c   -O3 -g  execution test
FAIL: c-c++-common/asan/swapcontext-test-1.c   -Os  execution test
FAIL: c-c++-common/asan/swapcontext-test-1.c   -O2 -flto -fno-use-linker-plugin -flto-partition=none  execution test
FAIL: c-c++-common/asan/swapcontext-test-1.c   -O2 -flto -fuse-linker-plugin -fno-fat-lto-objects  execution test
FAIL: c-c++-common/asan/use-after-free-1.c   -O0  output pattern test
FAIL: c-c++-common/asan/use-after-free-1.c   -O1  output pattern test
FAIL: c-c++-common/asan/use-after-free-1.c   -O2  output pattern test
FAIL: c-c++-common/asan/use-after-free-1.c   -O3 -g  output pattern test
FAIL: c-c++-common/asan/use-after-free-1.c   -Os  output pattern test
FAIL: c-c++-common/asan/use-after-free-1.c   -O2 -flto -fno-use-linker-plugin -flto-partition=none  output pattern test
FAIL: c-c++-common/asan/use-after-free-1.c   -O2 -flto -fuse-linker-plugin -fno-fat-lto-objects  output pattern test
FAIL: c-c++-common/asan/use-after-return-1.c   -O0  output pattern test
FAIL: c-c++-common/asan/use-after-return-1.c   -O1  output pattern test
FAIL: c-c++-common/asan/use-after-return-1.c   -O2  output pattern test
FAIL: c-c++-common/asan/use-after-return-1.c   -O3 -g  output pattern test
FAIL: c-c++-common/asan/use-after-return-1.c   -Os  output pattern test
FAIL: c-c++-common/asan/use-after-return-1.c   -O2 -flto -fno-use-linker-plugin -flto-partition=none  output pattern test
FAIL: c-c++-common/asan/use-after-return-1.c   -O2 -flto -fuse-linker-plugin -fno-fat-lto-objects  output pattern test
FAIL: gcc.dg/asan/nosanitize-and-inline.c   -O0  execution test
FAIL: gcc.dg/asan/nosanitize-and-inline.c   -O1  execution test
FAIL: gcc.dg/asan/nosanitize-and-inline.c   -O2  execution test
FAIL: gcc.dg/asan/nosanitize-and-inline.c   -O3 -fomit-frame-pointer -funroll-loops -fpeel-loops -ftracer -finline-functions  execution test
FAIL: gcc.dg/asan/nosanitize-and-inline.c   -O3 -g  execution test
FAIL: gcc.dg/asan/nosanitize-and-inline.c   -Os  execution test
FAIL: gcc.dg/asan/nosanitize-and-inline.c   -O2 -flto -fno-use-linker-plugin -flto-partition=none  execution test
FAIL: gcc.dg/asan/nosanitize-and-inline.c   -O2 -flto -fuse-linker-plugin -fno-fat-lto-objects  execution test
XPASS: gcc.dg/guality/example.c   -O0  execution test
XPASS: gcc.dg/guality/example.c   -O1  execution test
XPASS: gcc.dg/guality/example.c   -O2  execution test
XPASS: gcc.dg/guality/example.c   -O2 -flto -fno-use-linker-plugin -flto-partition=none  execution test
XPASS: gcc.dg/guality/guality.c   -O0  execution test
XPASS: gcc.dg/guality/guality.c   -O1  execution test
XPASS: gcc.dg/guality/guality.c   -O2  execution test
XPASS: gcc.dg/guality/guality.c   -O3 -g  execution test
XPASS: gcc.dg/guality/guality.c   -Os  execution test
XPASS: gcc.dg/guality/guality.c   -O2 -flto -fno-use-linker-plugin -flto-partition=none  execution test
XPASS: gcc.dg/guality/guality.c   -O2 -flto -fuse-linker-plugin -fno-fat-lto-objects  execution test
XPASS: gcc.dg/guality/inline-params.c   -O2  execution test
XPASS: gcc.dg/guality/inline-params.c   -O3 -g  execution test
XPASS: gcc.dg/guality/inline-params.c   -Os  execution test
XPASS: gcc.dg/guality/inline-params.c   -O2 -flto -fno-use-linker-plugin -flto-partition=none  execution test
XPASS: gcc.dg/guality/pr41353-1.c   -O0  line 28 j == 28 + 37
XPASS: gcc.dg/guality/pr41353-1.c   -O1  line 28 j == 28 + 37
XPASS: gcc.dg/guality/pr41353-1.c   -O2  line 28 j == 28 + 37
XPASS: gcc.dg/guality/pr41353-1.c   -O3 -g  line 28 j == 28 + 37
XPASS: gcc.dg/guality/pr41353-1.c   -Os  line 28 j == 28 + 37
XPASS: gcc.dg/guality/pr41353-1.c   -O2 -flto -fno-use-linker-plugin -flto-partition=none  line 28 j == 28 + 37
XPASS: gcc.dg/guality/pr41353-1.c   -O2 -flto -fuse-linker-plugin -fno-fat-lto-objects  line 28 j == 28 + 37
FAIL: gcc.dg/guality/pr41616-1.c   -O2 -flto -fuse-linker-plugin -fno-fat-lto-objects  execution test
FAIL: gcc.dg/guality/pr45882.c   -O2 -flto -fuse-linker-plugin -fno-fat-lto-objects  line 16 d == 112
FAIL: gcc.dg/guality/pr45882.c   -O2 -flto -fuse-linker-plugin -fno-fat-lto-objects  line 16 e == 142
FAIL: gcc.dg/guality/pr54200.c   -Os  line 20 z == 3
FAIL: gcc.dg/guality/pr54519-1.c   -O2 -flto -fno-use-linker-plugin -flto-partition=none  line 20 y == 25
FAIL: gcc.dg/guality/pr54519-1.c   -O2 -flto -fno-use-linker-plugin -flto-partition=none  line 20 z == 6
FAIL: gcc.dg/guality/pr54519-1.c   -O2 -flto -fno-use-linker-plugin -flto-partition=none  line 23 y == 117
FAIL: gcc.dg/guality/pr54519-1.c   -O2 -flto -fno-use-linker-plugin -flto-partition=none  line 23 z == 8
FAIL: gcc.dg/guality/pr54519-2.c   -O2 -flto -fno-use-linker-plugin -flto-partition=none  line 17 y == 25
FAIL: gcc.dg/guality/pr54519-2.c   -O2 -flto -fuse-linker-plugin -fno-fat-lto-objects  line 17 y == 25
FAIL: gcc.dg/guality/pr54519-3.c   -O2 -flto -fno-use-linker-plugin -flto-partition=none  line 20 y == 25
FAIL: gcc.dg/guality/pr54519-3.c   -O2 -flto -fno-use-linker-plugin -flto-partition=none  line 20 z == 6
FAIL: gcc.dg/guality/pr54519-3.c   -O2 -flto -fno-use-linker-plugin -flto-partition=none  line 23 y == 117
FAIL: gcc.dg/guality/pr54519-3.c   -O2 -flto -fno-use-linker-plugin -flto-partition=none  line 23 z == 8
FAIL: gcc.dg/guality/pr54519-3.c   -O2 -flto -fuse-linker-plugin -fno-fat-lto-objects  line 20 y == 25
FAIL: gcc.dg/guality/pr54519-3.c   -O2 -flto -fuse-linker-plugin -fno-fat-lto-objects  line 20 z == 6
FAIL: gcc.dg/guality/pr54519-3.c   -O2 -flto -fuse-linker-plugin -fno-fat-lto-objects  line 23 y == 117
FAIL: gcc.dg/guality/pr54519-3.c   -O2 -flto -fuse-linker-plugin -fno-fat-lto-objects  line 23 z == 8
FAIL: gcc.dg/guality/pr54519-4.c   -O2 -flto -fno-use-linker-plugin -flto-partition=none  line 17 y == 25
FAIL: gcc.dg/guality/pr54519-4.c   -O2 -flto -fuse-linker-plugin -fno-fat-lto-objects  line 17 y == 25
FAIL: gcc.dg/guality/pr54519-5.c   -O2 -flto -fno-use-linker-plugin -flto-partition=none  line 17 y == 25
FAIL: gcc.dg/guality/pr54519-5.c   -O2 -flto -fuse-linker-plugin -fno-fat-lto-objects  line 17 y == 25
FAIL: gcc.dg/guality/pr68860-1.c   -O2 -flto -fno-use-linker-plugin -flto-partition=none  line 14 arg1 == 1
FAIL: gcc.dg/guality/pr68860-1.c   -O2 -flto -fno-use-linker-plugin -flto-partition=none  line 14 arg2 == 2
FAIL: gcc.dg/guality/pr68860-1.c   -O2 -flto -fno-use-linker-plugin -flto-partition=none  line 14 arg3 == 3
FAIL: gcc.dg/guality/pr68860-1.c   -O2 -flto -fno-use-linker-plugin -flto-partition=none  line 14 arg4 == 4
FAIL: gcc.dg/guality/pr68860-1.c   -O2 -flto -fno-use-linker-plugin -flto-partition=none  line 14 arg5 == 5
FAIL: gcc.dg/guality/pr68860-1.c   -O2 -flto -fno-use-linker-plugin -flto-partition=none  line 14 arg6 == 6
FAIL: gcc.dg/guality/pr68860-1.c   -O2 -flto -fno-use-linker-plugin -flto-partition=none  line 16 arg1 == 1
FAIL: gcc.dg/guality/pr68860-1.c   -O2 -flto -fno-use-linker-plugin -flto-partition=none  line 16 arg2 == 2
FAIL: gcc.dg/guality/pr68860-1.c   -O2 -flto -fno-use-linker-plugin -flto-partition=none  line 16 arg3 == 3
FAIL: gcc.dg/guality/pr68860-1.c   -O2 -flto -fno-use-linker-plugin -flto-partition=none  line 16 arg4 == 4
FAIL: gcc.dg/guality/pr68860-1.c   -O2 -flto -fno-use-linker-plugin -flto-partition=none  line 16 arg5 == 5
FAIL: gcc.dg/guality/pr68860-1.c   -O2 -flto -fno-use-linker-plugin -flto-partition=none  line 16 arg6 == 6
FAIL: gcc.dg/guality/pr68860-1.c   -O2 -flto -fuse-linker-plugin -fno-fat-lto-objects  line 14 arg1 == 1
FAIL: gcc.dg/guality/pr68860-1.c   -O2 -flto -fuse-linker-plugin -fno-fat-lto-objects  line 14 arg2 == 2
FAIL: gcc.dg/guality/pr68860-1.c   -O2 -flto -fuse-linker-plugin -fno-fat-lto-objects  line 14 arg3 == 3
FAIL: gcc.dg/guality/pr68860-1.c   -O2 -flto -fuse-linker-plugin -fno-fat-lto-objects  line 14 arg4 == 4
FAIL: gcc.dg/guality/pr68860-1.c   -O2 -flto -fuse-linker-plugin -fno-fat-lto-objects  line 14 arg5 == 5
FAIL: gcc.dg/guality/pr68860-1.c   -O2 -flto -fuse-linker-plugin -fno-fat-lto-objects  line 14 arg6 == 6
FAIL: gcc.dg/guality/pr68860-1.c   -O2 -flto -fuse-linker-plugin -fno-fat-lto-objects  line 16 arg1 == 1
FAIL: gcc.dg/guality/pr68860-1.c   -O2 -flto -fuse-linker-plugin -fno-fat-lto-objects  line 16 arg2 == 2
FAIL: gcc.dg/guality/pr68860-1.c   -O2 -flto -fuse-linker-plugin -fno-fat-lto-objects  line 16 arg3 == 3
FAIL: gcc.dg/guality/pr68860-1.c   -O2 -flto -fuse-linker-plugin -fno-fat-lto-objects  line 16 arg4 == 4
FAIL: gcc.dg/guality/pr68860-1.c   -O2 -flto -fuse-linker-plugin -fno-fat-lto-objects  line 16 arg5 == 5
FAIL: gcc.dg/guality/pr68860-1.c   -O2 -flto -fuse-linker-plugin -fno-fat-lto-objects  line 16 arg6 == 6
FAIL: gcc.dg/guality/vla-1.c   -O1  line 17 sizeof (a) == 6
FAIL: gcc.dg/guality/vla-1.c   -O2  line 17 sizeof (a) == 6
FAIL: gcc.dg/guality/vla-1.c   -O3 -g  line 17 sizeof (a) == 6
FAIL: gcc.dg/guality/vla-1.c   -Os  line 17 sizeof (a) == 6
FAIL: gcc.dg/guality/vla-1.c   -O2 -flto -fno-use-linker-plugin -flto-partition=none  line 17 sizeof (a) == 6
FAIL: gcc.dg/guality/vla-1.c   -O2 -flto -fuse-linker-plugin -fno-fat-lto-objects  line 17 sizeof (a) == 6
ERROR: gcc.dg/tree-ssa/attr-hotcold-2.c: error executing dg-final: syntax error in target selector "profile_estimate"
UNRESOLVED: gcc.dg/tree-ssa/attr-hotcold-2.c: error executing dg-final: syntax error in target selector "profile_estimate"
FAIL: gcc.dg/tree-ssa/slsr-8.c scan-tree-dump-times optimized " w?\\\\* " 7
FAIL: c-c++-common/ubsan/float-cast-overflow-1.c   -O2  output pattern test
FAIL: c-c++-common/ubsan/float-cast-overflow-1.c   -O3 -g  output pattern test
FAIL: c-c++-common/ubsan/float-cast-overflow-1.c   -Os  output pattern test
FAIL: c-c++-common/ubsan/float-cast-overflow-1.c   -O2 -flto -fno-use-linker-plugin -flto-partition=none  output pattern test
FAIL: c-c++-common/ubsan/float-cast-overflow-1.c   -O2 -flto -fuse-linker-plugin -fno-fat-lto-objects  output pattern test
FAIL: c-c++-common/ubsan/float-cast-overflow-10.c   -O2 -flto -fno-use-linker-plugin -flto-partition=none  output pattern test
FAIL: c-c++-common/ubsan/overflow-mul-4.c   -O0  output pattern test
FAIL: c-c++-common/ubsan/overflow-mul-4.c   -O1  output pattern test
FAIL: c-c++-common/ubsan/overflow-mul-4.c   -O2  output pattern test
FAIL: c-c++-common/ubsan/overflow-mul-4.c   -O3 -fomit-frame-pointer -funroll-loops -fpeel-loops -ftracer -finline-functions  output pattern test
FAIL: c-c++-common/ubsan/overflow-mul-4.c   -O3 -g  output pattern test
FAIL: c-c++-common/ubsan/overflow-mul-4.c   -Os  output pattern test
FAIL: c-c++-common/ubsan/overflow-mul-4.c   -O2 -flto -fuse-linker-plugin -fno-fat-lto-objects  output pattern test
FAIL: gcc.target/i386/avx512f-vprord-1.c scan-assembler-times vprord[ \\\\t]+[^{\\n]*%zmm[0-9]+(?:\\n|[ \\\\t]+#) 1
FAIL: gcc.target/i386/avx512f-vprord-1.c scan-assembler-times vprord[ \\\\t]+[^{\\n]*%zmm[0-9]+{%k[1-7]}(?:\\n|[ \\\\t]+#) 1
FAIL: gcc.target/i386/avx512f-vprord-1.c scan-assembler-times vprord[ \\\\t]+[^{\\n]*%zmm[0-9]+{%k[1-7]}{z}(?:\\n|[ \\\\t]+#) 1

		=== gcc Summary ===

# of expected passes		119735
# of unexpected failures	295
# of unexpected successes	22
# of expected failures		313
# of unresolved testcases	1
# of unsupported tests		1824
/scratch/gcc/nightly-2016-06-13-mainline/i686-pc-linux-gnu/obj/test-mainline-0-i686-pc-linux-gnu/host-i686-pc-linux-gnu/fsf-mainline/bin/i686-pc-linux-gnu-gcc  version 7.0.0 20160612 (experimental) (GCC) 


		=== Summary adjusted for local xfails ===

# of errors                     1
# of unexpected failures        295
# of expected passes            119735
# of unexpected successes       22
# of expected failures          313
# of unresolved testcases       1
# of unsupported tests          1824
		=== gfortran tests ===


Running target localhost/-m64
FAIL: gfortran.dg/graphite/pr68279.f90   -O  (internal compiler error)
FAIL: gfortran.dg/graphite/pr68279.f90   -O  (test for excess errors)

		=== gfortran Summary ===

# of expected passes		42518
# of unexpected failures	2
# of expected failures		78
# of unsupported tests		65
/scratch/gcc/nightly-2016-06-13-mainline/i686-pc-linux-gnu/obj/test-mainline-0-i686-pc-linux-gnu/host-i686-pc-linux-gnu/fsf-mainline/bin/i686-pc-linux-gnu-gfortran  version 7.0.0 20160612 (experimental) (GCC) 


		=== Summary adjusted for local xfails ===

# of unexpected failures        2
# of expected passes            42518
# of expected failures          78
# of unsupported tests          65
		=== libatomic tests ===


Running target localhost/-m64

		=== libatomic Summary ===

# of expected passes		54

		=== Summary adjusted for local xfails ===

# of expected passes            54
		=== libgomp tests ===


Running target localhost/-m64
FAIL: libgomp.fortran/affinity1.f90   -O2  (test for excess errors)
UNRESOLVED: libgomp.fortran/affinity1.f90   -O2  compilation failed to produce executable
FAIL: libgomp.fortran/affinity2.f90   -O2  (test for excess errors)
UNRESOLVED: libgomp.fortran/affinity2.f90   -O2  compilation failed to produce executable
FAIL: libgomp.fortran/allocatable1.f90   -O0  (test for excess errors)
UNRESOLVED: libgomp.fortran/allocatable1.f90   -O0  compilation failed to produce executable
FAIL: libgomp.fortran/allocatable1.f90   -O1  (test for excess errors)
UNRESOLVED: libgomp.fortran/allocatable1.f90   -O1  compilation failed to produce executable
FAIL: libgomp.fortran/allocatable1.f90   -O2  (test for excess errors)
UNRESOLVED: libgomp.fortran/allocatable1.f90   -O2  compilation failed to produce executable
FAIL: libgomp.fortran/allocatable1.f90   -O3 -fomit-frame-pointer -funroll-loops -fpeel-loops -ftracer -finline-functions  (test for excess errors)
UNRESOLVED: libgomp.fortran/allocatable1.f90   -O3 -fomit-frame-pointer -funroll-loops -fpeel-loops -ftracer -finline-functions  compilation failed to produce executable
FAIL: libgomp.fortran/allocatable1.f90   -O3 -g  (test for excess errors)
UNRESOLVED: libgomp.fortran/allocatable1.f90   -O3 -g  compilation failed to produce executable
FAIL: libgomp.fortran/allocatable1.f90   -Os  (test for excess errors)
UNRESOLVED: libgomp.fortran/allocatable1.f90   -Os  compilation failed to produce executable
FAIL: libgomp.fortran/allocatable11.f90   -O0  (test for excess errors)
UNRESOLVED: libgomp.fortran/allocatable11.f90   -O0  compilation failed to produce executable
FAIL: libgomp.fortran/allocatable11.f90   -O1  (test for excess errors)
UNRESOLVED: libgomp.fortran/allocatable11.f90   -O1  compilation failed to produce executable
FAIL: libgomp.fortran/allocatable11.f90   -O2  (test for excess errors)
UNRESOLVED: libgomp.fortran/allocatable11.f90   -O2  compilation failed to produce executable
FAIL: libgomp.fortran/allocatable11.f90   -O3 -fomit-frame-pointer -funroll-loops -fpeel-loops -ftracer -finline-functions  (test for excess errors)
UNRESOLVED: libgomp.fortran/allocatable11.f90   -O3 -fomit-frame-pointer -funroll-loops -fpeel-loops -ftracer -finline-functions  compilation failed to produce executable
FAIL: libgomp.fortran/allocatable11.f90   -O3 -g  (test for excess errors)
UNRESOLVED: libgomp.fortran/allocatable11.f90   -O3 -g  compilation failed to produce executable
FAIL: libgomp.fortran/allocatable11.f90   -Os  (test for excess errors)
UNRESOLVED: libgomp.fortran/allocatable11.f90   -Os  compilation failed to produce executable
FAIL: libgomp.fortran/allocatable2.f90   -O0  (test for excess errors)
UNRESOLVED: libgomp.fortran/allocatable2.f90   -O0  compilation failed to produce executable
FAIL: libgomp.fortran/allocatable2.f90   -O1  (test for excess errors)
UNRESOLVED: libgomp.fortran/allocatable2.f90   -O1  compilation failed to produce executable
FAIL: libgomp.fortran/allocatable2.f90   -O2  (test for excess errors)
UNRESOLVED: libgomp.fortran/allocatable2.f90   -O2  compilation failed to produce executable
FAIL: libgomp.fortran/allocatable2.f90   -O3 -fomit-frame-pointer -funroll-loops -fpeel-loops -ftracer -finline-functions  (test for excess errors)
UNRESOLVED: libgomp.fortran/allocatable2.f90   -O3 -fomit-frame-pointer -funroll-loops -fpeel-loops -ftracer -finline-functions  compilation failed to produce executable
FAIL: libgomp.fortran/allocatable2.f90   -O3 -g  (test for excess errors)
UNRESOLVED: libgomp.fortran/allocatable2.f90   -O3 -g  compilation failed to produce executable
FAIL: libgomp.fortran/allocatable2.f90   -Os  (test for excess errors)
UNRESOLVED: libgomp.fortran/allocatable2.f90   -Os  compilation failed to produce executable
FAIL: libgomp.fortran/allocatable8.f90   -O0  (test for excess errors)
UNRESOLVED: libgomp.fortran/allocatable8.f90   -O0  compilation failed to produce executable
FAIL: libgomp.fortran/allocatable8.f90   -O1  (test for excess errors)
UNRESOLVED: libgomp.fortran/allocatable8.f90   -O1  compilation failed to produce executable
FAIL: libgomp.fortran/allocatable8.f90   -O2  (test for excess errors)
UNRESOLVED: libgomp.fortran/allocatable8.f90   -O2  compilation failed to produce executable
FAIL: libgomp.fortran/allocatable8.f90   -O3 -fomit-frame-pointer -funroll-loops -fpeel-loops -ftracer -finline-functions  (test for excess errors)
UNRESOLVED: libgomp.fortran/allocatable8.f90   -O3 -fomit-frame-pointer -funroll-loops -fpeel-loops -ftracer -finline-functions  compilation failed to produce executable
FAIL: libgomp.fortran/allocatable8.f90   -O3 -g  (test for excess errors)
UNRESOLVED: libgomp.fortran/allocatable8.f90   -O3 -g  compilation failed to produce executable
FAIL: libgomp.fortran/allocatable8.f90   -Os  (test for excess errors)
UNRESOLVED: libgomp.fortran/allocatable8.f90   -Os  compilation failed to produce executable
FAIL: libgomp.fortran/appendix-a/a.18.1.f90   -O0  (test for excess errors)
UNRESOLVED: libgomp.fortran/appendix-a/a.18.1.f90   -O0  compilation failed to produce executable
FAIL: libgomp.fortran/appendix-a/a.18.1.f90   -O1  (test for excess errors)
UNRESOLVED: libgomp.fortran/appendix-a/a.18.1.f90   -O1  compilation failed to produce executable
FAIL: libgomp.fortran/appendix-a/a.18.1.f90   -O2  (test for excess errors)
UNRESOLVED: libgomp.fortran/appendix-a/a.18.1.f90   -O2  compilation failed to produce executable
FAIL: libgomp.fortran/appendix-a/a.18.1.f90   -O3 -fomit-frame-pointer -funroll-loops -fpeel-loops -ftracer -finline-functions  (test for excess errors)
UNRESOLVED: libgomp.fortran/appendix-a/a.18.1.f90   -O3 -fomit-frame-pointer -funroll-loops -fpeel-loops -ftracer -finline-functions  compilation failed to produce executable
FAIL: libgomp.fortran/appendix-a/a.18.1.f90   -O3 -g  (test for excess errors)
UNRESOLVED: libgomp.fortran/appendix-a/a.18.1.f90   -O3 -g  compilation failed to produce executable
FAIL: libgomp.fortran/appendix-a/a.18.1.f90   -Os  (test for excess errors)
UNRESOLVED: libgomp.fortran/appendix-a/a.18.1.f90   -Os  compilation failed to produce executable
FAIL: libgomp.fortran/appendix-a/a.2.1.f90   -O0  (test for excess errors)
UNRESOLVED: libgomp.fortran/appendix-a/a.2.1.f90   -O0  compilation failed to produce executable
FAIL: libgomp.fortran/appendix-a/a.2.1.f90   -O1  (test for excess errors)
UNRESOLVED: libgomp.fortran/appendix-a/a.2.1.f90   -O1  compilation failed to produce executable
FAIL: libgomp.fortran/appendix-a/a.2.1.f90   -O2  (test for excess errors)
UNRESOLVED: libgomp.fortran/appendix-a/a.2.1.f90   -O2  compilation failed to produce executable
FAIL: libgomp.fortran/appendix-a/a.2.1.f90   -O3 -fomit-frame-pointer -funroll-loops -fpeel-loops -ftracer -finline-functions  (test for excess errors)
UNRESOLVED: libgomp.fortran/appendix-a/a.2.1.f90   -O3 -fomit-frame-pointer -funroll-loops -fpeel-loops -ftracer -finline-functions  compilation failed to produce executable
FAIL: libgomp.fortran/appendix-a/a.2.1.f90   -O3 -g  (test for excess errors)
UNRESOLVED: libgomp.fortran/appendix-a/a.2.1.f90   -O3 -g  compilation failed to produce executable
FAIL: libgomp.fortran/appendix-a/a.2.1.f90   -Os  (test for excess errors)
UNRESOLVED: libgomp.fortran/appendix-a/a.2.1.f90   -Os  compilation failed to produce executable
FAIL: libgomp.fortran/appendix-a/a.33.3.f90   -O  (test for excess errors)
FAIL: libgomp.fortran/appendix-a/a.38.1.f90   -O  (test for excess errors)
FAIL: libgomp.fortran/appendix-a/a.39.1.f90   -O0  (test for excess errors)
UNRESOLVED: libgomp.fortran/appendix-a/a.39.1.f90   -O0  compilation failed to produce executable
FAIL: libgomp.fortran/appendix-a/a.39.1.f90   -O1  (test for excess errors)
UNRESOLVED: libgomp.fortran/appendix-a/a.39.1.f90   -O1  compilation failed to produce executable
FAIL: libgomp.fortran/appendix-a/a.39.1.f90   -O2  (test for excess errors)
UNRESOLVED: libgomp.fortran/appendix-a/a.39.1.f90   -O2  compilation failed to produce executable
FAIL: libgomp.fortran/appendix-a/a.39.1.f90   -O3 -fomit-frame-pointer -funroll-loops -fpeel-loops -ftracer -finline-functions  (test for excess errors)
UNRESOLVED: libgomp.fortran/appendix-a/a.39.1.f90   -O3 -fomit-frame-pointer -funroll-loops -fpeel-loops -ftracer -finline-functions  compilation failed to produce executable
FAIL: libgomp.fortran/appendix-a/a.39.1.f90   -O3 -g  (test for excess errors)
UNRESOLVED: libgomp.fortran/appendix-a/a.39.1.f90   -O3 -g  compilation failed to produce executable
FAIL: libgomp.fortran/appendix-a/a.39.1.f90   -Os  (test for excess errors)
UNRESOLVED: libgomp.fortran/appendix-a/a.39.1.f90   -Os  compilation failed to produce executable
FAIL: libgomp.fortran/appendix-a/a.4.1.f90   -O0  (test for excess errors)
UNRESOLVED: libgomp.fortran/appendix-a/a.4.1.f90   -O0  compilation failed to produce executable
FAIL: libgomp.fortran/appendix-a/a.4.1.f90   -O1  (test for excess errors)
UNRESOLVED: libgomp.fortran/appendix-a/a.4.1.f90   -O1  compilation failed to produce executable
FAIL: libgomp.fortran/appendix-a/a.4.1.f90   -O2  (test for excess errors)
UNRESOLVED: libgomp.fortran/appendix-a/a.4.1.f90   -O2  compilation failed to produce executable
FAIL: libgomp.fortran/appendix-a/a.4.1.f90   -O3 -fomit-frame-pointer -funroll-loops -fpeel-loops -ftracer -finline-functions  (test for excess errors)
UNRESOLVED: libgomp.fortran/appendix-a/a.4.1.f90   -O3 -fomit-frame-pointer -funroll-loops -fpeel-loops -ftracer -finline-functions  compilation failed to produce executable
FAIL: libgomp.fortran/appendix-a/a.4.1.f90   -O3 -g  (test for excess errors)
UNRESOLVED: libgomp.fortran/appendix-a/a.4.1.f90   -O3 -g  compilation failed to produce executable
FAIL: libgomp.fortran/appendix-a/a.4.1.f90   -Os  (test for excess errors)
UNRESOLVED: libgomp.fortran/appendix-a/a.4.1.f90   -Os  compilation failed to produce executable
FAIL: libgomp.fortran/appendix-a/a.40.1.f90   -O  (test for excess errors)
FAIL: libgomp.fortran/appendix-a/a.5.1.f90   -O0  (test for excess errors)
UNRESOLVED: libgomp.fortran/appendix-a/a.5.1.f90   -O0  compilation failed to produce executable
FAIL: libgomp.fortran/appendix-a/a.5.1.f90   -O1  (test for excess errors)
UNRESOLVED: libgomp.fortran/appendix-a/a.5.1.f90   -O1  compilation failed to produce executable
FAIL: libgomp.fortran/appendix-a/a.5.1.f90   -O2  (test for excess errors)
UNRESOLVED: libgomp.fortran/appendix-a/a.5.1.f90   -O2  compilation failed to produce executable
FAIL: libgomp.fortran/appendix-a/a.5.1.f90   -O3 -fomit-frame-pointer -funroll-loops -fpeel-loops -ftracer -finline-functions  (test for excess errors)
UNRESOLVED: libgomp.fortran/appendix-a/a.5.1.f90   -O3 -fomit-frame-pointer -funroll-loops -fpeel-loops -ftracer -finline-functions  compilation failed to produce executable
FAIL: libgomp.fortran/appendix-a/a.5.1.f90   -O3 -g  (test for excess errors)
UNRESOLVED: libgomp.fortran/appendix-a/a.5.1.f90   -O3 -g  compilation failed to produce executable
FAIL: libgomp.fortran/appendix-a/a.5.1.f90   -Os  (test for excess errors)
UNRESOLVED: libgomp.fortran/appendix-a/a.5.1.f90   -Os  compilation failed to produce executable
FAIL: libgomp.fortran/cancel-do-1.f90   -O0  (test for excess errors)
UNRESOLVED: libgomp.fortran/cancel-do-1.f90   -O0  compilation failed to produce executable
FAIL: libgomp.fortran/cancel-do-1.f90   -O1  (test for excess errors)
UNRESOLVED: libgomp.fortran/cancel-do-1.f90   -O1  compilation failed to produce executable
FAIL: libgomp.fortran/cancel-do-1.f90   -O2  (test for excess errors)
UNRESOLVED: libgomp.fortran/cancel-do-1.f90   -O2  compilation failed to produce executable
FAIL: libgomp.fortran/cancel-do-1.f90   -O3 -fomit-frame-pointer -funroll-loops -fpeel-loops -ftracer -finline-functions  (test for excess errors)
UNRESOLVED: libgomp.fortran/cancel-do-1.f90   -O3 -fomit-frame-pointer -funroll-loops -fpeel-loops -ftracer -finline-functions  compilation failed to produce executable
FAIL: libgomp.fortran/cancel-do-1.f90   -O3 -g  (test for excess errors)
UNRESOLVED: libgomp.fortran/cancel-do-1.f90   -O3 -g  compilation failed to produce executable
FAIL: libgomp.fortran/cancel-do-1.f90   -Os  (test for excess errors)
UNRESOLVED: libgomp.fortran/cancel-do-1.f90   -Os  compilation failed to produce executable
FAIL: libgomp.fortran/cancel-do-2.f90   -O0  (test for excess errors)
UNRESOLVED: libgomp.fortran/cancel-do-2.f90   -O0  compilation failed to produce executable
FAIL: libgomp.fortran/cancel-do-2.f90   -O1  (test for excess errors)
UNRESOLVED: libgomp.fortran/cancel-do-2.f90   -O1  compilation failed to produce executable
FAIL: libgomp.fortran/cancel-do-2.f90   -O2  (test for excess errors)
UNRESOLVED: libgomp.fortran/cancel-do-2.f90   -O2  compilation failed to produce executable
FAIL: libgomp.fortran/cancel-do-2.f90   -O3 -fomit-frame-pointer -funroll-loops -fpeel-loops -ftracer -finline-functions  (test for excess errors)
UNRESOLVED: libgomp.fortran/cancel-do-2.f90   -O3 -fomit-frame-pointer -funroll-loops -fpeel-loops -ftracer -finline-functions  compilation failed to produce executable
FAIL: libgomp.fortran/cancel-do-2.f90   -O3 -g  (test for excess errors)
UNRESOLVED: libgomp.fortran/cancel-do-2.f90   -O3 -g  compilation failed to produce executable
FAIL: libgomp.fortran/cancel-do-2.f90   -Os  (test for excess errors)
UNRESOLVED: libgomp.fortran/cancel-do-2.f90   -Os  compilation failed to produce executable
FAIL: libgomp.fortran/cancel-parallel-1.f90   -O0  (test for excess errors)
UNRESOLVED: libgomp.fortran/cancel-parallel-1.f90   -O0  compilation failed to produce executable
FAIL: libgomp.fortran/cancel-parallel-1.f90   -O1  (test for excess errors)
UNRESOLVED: libgomp.fortran/cancel-parallel-1.f90   -O1  compilation failed to produce executable
FAIL: libgomp.fortran/cancel-parallel-1.f90   -O2  (test for excess errors)
UNRESOLVED: libgomp.fortran/cancel-parallel-1.f90   -O2  compilation failed to produce executable
FAIL: libgomp.fortran/cancel-parallel-1.f90   -O3 -fomit-frame-pointer -funroll-loops -fpeel-loops -ftracer -finline-functions  (test for excess errors)
UNRESOLVED: libgomp.fortran/cancel-parallel-1.f90   -O3 -fomit-frame-pointer -funroll-loops -fpeel-loops -ftracer -finline-functions  compilation failed to produce executable
FAIL: libgomp.fortran/cancel-parallel-1.f90   -O3 -g  (test for excess errors)
UNRESOLVED: libgomp.fortran/cancel-parallel-1.f90   -O3 -g  compilation failed to produce executable
FAIL: libgomp.fortran/cancel-parallel-1.f90   -Os  (test for excess errors)
UNRESOLVED: libgomp.fortran/cancel-parallel-1.f90   -Os  compilation failed to produce executable
FAIL: libgomp.fortran/cancel-parallel-3.f90   -O0  (test for excess errors)
UNRESOLVED: libgomp.fortran/cancel-parallel-3.f90   -O0  compilation failed to produce executable
FAIL: libgomp.fortran/cancel-parallel-3.f90   -O1  (test for excess errors)
UNRESOLVED: libgomp.fortran/cancel-parallel-3.f90   -O1  compilation failed to produce executable
FAIL: libgomp.fortran/cancel-parallel-3.f90   -O2  (test for excess errors)
UNRESOLVED: libgomp.fortran/cancel-parallel-3.f90   -O2  compilation failed to produce executable
FAIL: libgomp.fortran/cancel-parallel-3.f90   -O3 -fomit-frame-pointer -funroll-loops -fpeel-loops -ftracer -finline-functions  (test for excess errors)
UNRESOLVED: libgomp.fortran/cancel-parallel-3.f90   -O3 -fomit-frame-pointer -funroll-loops -fpeel-loops -ftracer -finline-functions  compilation failed to produce executable
FAIL: libgomp.fortran/cancel-parallel-3.f90   -O3 -g  (test for excess errors)
UNRESOLVED: libgomp.fortran/cancel-parallel-3.f90   -O3 -g  compilation failed to produce executable
FAIL: libgomp.fortran/cancel-parallel-3.f90   -Os  (test for excess errors)
UNRESOLVED: libgomp.fortran/cancel-parallel-3.f90   -Os  compilation failed to produce executable
FAIL: libgomp.fortran/cancel-sections-1.f90   -O0  (test for excess errors)
UNRESOLVED: libgomp.fortran/cancel-sections-1.f90   -O0  compilation failed to produce executable
FAIL: libgomp.fortran/cancel-sections-1.f90   -O1  (test for excess errors)
UNRESOLVED: libgomp.fortran/cancel-sections-1.f90   -O1  compilation failed to produce executable
FAIL: libgomp.fortran/cancel-sections-1.f90   -O2  (test for excess errors)
UNRESOLVED: libgomp.fortran/cancel-sections-1.f90   -O2  compilation failed to produce executable
FAIL: libgomp.fortran/cancel-sections-1.f90   -O3 -fomit-frame-pointer -funroll-loops -fpeel-loops -ftracer -finline-functions  (test for excess errors)
UNRESOLVED: libgomp.fortran/cancel-sections-1.f90   -O3 -fomit-frame-pointer -funroll-loops -fpeel-loops -ftracer -finline-functions  compilation failed to produce executable
FAIL: libgomp.fortran/cancel-sections-1.f90   -O3 -g  (test for excess errors)
UNRESOLVED: libgomp.fortran/cancel-sections-1.f90   -O3 -g  compilation failed to produce executable
FAIL: libgomp.fortran/cancel-sections-1.f90   -Os  (test for excess errors)
UNRESOLVED: libgomp.fortran/cancel-sections-1.f90   -Os  compilation failed to produce executable
FAIL: libgomp.fortran/cancel-taskgroup-2.f90   -O0  (test for excess errors)
UNRESOLVED: libgomp.fortran/cancel-taskgroup-2.f90   -O0  compilation failed to produce executable
FAIL: libgomp.fortran/cancel-taskgroup-2.f90   -O1  (test for excess errors)
UNRESOLVED: libgomp.fortran/cancel-taskgroup-2.f90   -O1  compilation failed to produce executable
FAIL: libgomp.fortran/cancel-taskgroup-2.f90   -O2  (test for excess errors)
UNRESOLVED: libgomp.fortran/cancel-taskgroup-2.f90   -O2  compilation failed to produce executable
FAIL: libgomp.fortran/cancel-taskgroup-2.f90   -O3 -fomit-frame-pointer -funroll-loops -fpeel-loops -ftracer -finline-functions  (test for excess errors)
UNRESOLVED: libgomp.fortran/cancel-taskgroup-2.f90   -O3 -fomit-frame-pointer -funroll-loops -fpeel-loops -ftracer -finline-functions  compilation failed to produce executable
FAIL: libgomp.fortran/cancel-taskgroup-2.f90   -O3 -g  (test for excess errors)
UNRESOLVED: libgomp.fortran/cancel-taskgroup-2.f90   -O3 -g  compilation failed to produce executable
FAIL: libgomp.fortran/cancel-taskgroup-2.f90   -Os  (test for excess errors)
UNRESOLVED: libgomp.fortran/cancel-taskgroup-2.f90   -Os  compilation failed to produce executable
FAIL: libgomp.fortran/character1.f90   -O0  (test for excess errors)
UNRESOLVED: libgomp.fortran/character1.f90   -O0  compilation failed to produce executable
FAIL: libgomp.fortran/character1.f90   -O1  (test for excess errors)
UNRESOLVED: libgomp.fortran/character1.f90   -O1  compilation failed to produce executable
FAIL: libgomp.fortran/character1.f90   -O2  (test for excess errors)
UNRESOLVED: libgomp.fortran/character1.f90   -O2  compilation failed to produce executable
FAIL: libgomp.fortran/character1.f90   -O3 -fomit-frame-pointer -funroll-loops -fpeel-loops -ftracer -finline-functions  (test for excess errors)
UNRESOLVED: libgomp.fortran/character1.f90   -O3 -fomit-frame-pointer -funroll-loops -fpeel-loops -ftracer -finline-functions  compilation failed to produce executable
FAIL: libgomp.fortran/character1.f90   -O3 -g  (test for excess errors)
UNRESOLVED: libgomp.fortran/character1.f90   -O3 -g  compilation failed to produce executable
FAIL: libgomp.fortran/character1.f90   -Os  (test for excess errors)
UNRESOLVED: libgomp.fortran/character1.f90   -Os  compilation failed to produce executable
FAIL: libgomp.fortran/character2.f90   -O0  (test for excess errors)
UNRESOLVED: libgomp.fortran/character2.f90   -O0  compilation failed to produce executable
FAIL: libgomp.fortran/character2.f90   -O1  (test for excess errors)
UNRESOLVED: libgomp.fortran/character2.f90   -O1  compilation failed to produce executable
FAIL: libgomp.fortran/character2.f90   -O2  (test for excess errors)
UNRESOLVED: libgomp.fortran/character2.f90   -O2  compilation failed to produce executable
FAIL: libgomp.fortran/character2.f90   -O3 -fomit-frame-pointer -funroll-loops -fpeel-loops -ftracer -finline-functions  (test for excess errors)
UNRESOLVED: libgomp.fortran/character2.f90   -O3 -fomit-frame-pointer -funroll-loops -fpeel-loops -ftracer -finline-functions  compilation failed to produce executable
FAIL: libgomp.fortran/character2.f90   -O3 -g  (test for excess errors)
UNRESOLVED: libgomp.fortran/character2.f90   -O3 -g  compilation failed to produce executable
FAIL: libgomp.fortran/character2.f90   -Os  (test for excess errors)
UNRESOLVED: libgomp.fortran/character2.f90   -Os  compilation failed to produce executable
FAIL: libgomp.fortran/crayptr1.f90   -O0  (test for excess errors)
UNRESOLVED: libgomp.fortran/crayptr1.f90   -O0  compilation failed to produce executable
FAIL: libgomp.fortran/crayptr1.f90   -O1  (test for excess errors)
UNRESOLVED: libgomp.fortran/crayptr1.f90   -O1  compilation failed to produce executable
FAIL: libgomp.fortran/crayptr1.f90   -O2  (test for excess errors)
UNRESOLVED: libgomp.fortran/crayptr1.f90   -O2  compilation failed to produce executable
FAIL: libgomp.fortran/crayptr1.f90   -O3 -fomit-frame-pointer -funroll-loops -fpeel-loops -ftracer -finline-functions  (test for excess errors)
UNRESOLVED: libgomp.fortran/crayptr1.f90   -O3 -fomit-frame-pointer -funroll-loops -fpeel-loops -ftracer -finline-functions  compilation failed to produce executable
FAIL: libgomp.fortran/crayptr1.f90   -O3 -g  (test for excess errors)
UNRESOLVED: libgomp.fortran/crayptr1.f90   -O3 -g  compilation failed to produce executable
FAIL: libgomp.fortran/crayptr1.f90   -Os  (test for excess errors)
UNRESOLVED: libgomp.fortran/crayptr1.f90   -Os  compilation failed to produce executable
FAIL: libgomp.fortran/crayptr2.f90   -O0  (test for excess errors)
UNRESOLVED: libgomp.fortran/crayptr2.f90   -O0  compilation failed to produce executable
FAIL: libgomp.fortran/crayptr2.f90   -O1  (test for excess errors)
UNRESOLVED: libgomp.fortran/crayptr2.f90   -O1  compilation failed to produce executable
FAIL: libgomp.fortran/crayptr2.f90   -O2  (test for excess errors)
UNRESOLVED: libgomp.fortran/crayptr2.f90   -O2  compilation failed to produce executable
FAIL: libgomp.fortran/crayptr2.f90   -O3 -fomit-frame-pointer -funroll-loops -fpeel-loops -ftracer -finline-functions  (test for excess errors)
UNRESOLVED: libgomp.fortran/crayptr2.f90   -O3 -fomit-frame-pointer -funroll-loops -fpeel-loops -ftracer -finline-functions  compilation failed to produce executable
FAIL: libgomp.fortran/crayptr2.f90   -O3 -g  (test for excess errors)
UNRESOLVED: libgomp.fortran/crayptr2.f90   -O3 -g  compilation failed to produce executable
FAIL: libgomp.fortran/crayptr2.f90   -Os  (test for excess errors)
UNRESOLVED: libgomp.fortran/crayptr2.f90   -Os  compilation failed to produce executable
FAIL: libgomp.fortran/crayptr3.f90   -O0  (test for excess errors)
UNRESOLVED: libgomp.fortran/crayptr3.f90   -O0  compilation failed to produce executable
FAIL: libgomp.fortran/crayptr3.f90   -O1  (test for excess errors)
UNRESOLVED: libgomp.fortran/crayptr3.f90   -O1  compilation failed to produce executable
FAIL: libgomp.fortran/crayptr3.f90   -O2  (test for excess errors)
UNRESOLVED: libgomp.fortran/crayptr3.f90   -O2  compilation failed to produce executable
FAIL: libgomp.fortran/crayptr3.f90   -O3 -fomit-frame-pointer -funroll-loops -fpeel-loops -ftracer -finline-functions  (test for excess errors)
UNRESOLVED: libgomp.fortran/crayptr3.f90   -O3 -fomit-frame-pointer -funroll-loops -fpeel-loops -ftracer -finline-functions  compilation failed to produce executable
FAIL: libgomp.fortran/crayptr3.f90   -O3 -g  (test for excess errors)
UNRESOLVED: libgomp.fortran/crayptr3.f90   -O3 -g  compilation failed to produce executable
FAIL: libgomp.fortran/crayptr3.f90   -Os  (test for excess errors)
UNRESOLVED: libgomp.fortran/crayptr3.f90   -Os  compilation failed to produce executable
FAIL: libgomp.fortran/jacobi.f   -O0  (test for excess errors)
UNRESOLVED: libgomp.fortran/jacobi.f   -O0  compilation failed to produce executable
FAIL: libgomp.fortran/jacobi.f   -O1  (test for excess errors)
UNRESOLVED: libgomp.fortran/jacobi.f   -O1  compilation failed to produce executable
FAIL: libgomp.fortran/jacobi.f   -O2  (test for excess errors)
UNRESOLVED: libgomp.fortran/jacobi.f   -O2  compilation failed to produce executable
FAIL: libgomp.fortran/jacobi.f   -O3 -fomit-frame-pointer -funroll-loops -fpeel-loops -ftracer -finline-functions  (test for excess errors)
UNRESOLVED: libgomp.fortran/jacobi.f   -O3 -fomit-frame-pointer -funroll-loops -fpeel-loops -ftracer -finline-functions  compilation failed to produce executable
FAIL: libgomp.fortran/jacobi.f   -O3 -g  (test for excess errors)
UNRESOLVED: libgomp.fortran/jacobi.f   -O3 -g  compilation failed to produce executable
FAIL: libgomp.fortran/jacobi.f   -Os  (test for excess errors)
UNRESOLVED: libgomp.fortran/jacobi.f   -Os  compilation failed to produce executable
FAIL: libgomp.fortran/lib1.f90   -O0  (test for excess errors)
UNRESOLVED: libgomp.fortran/lib1.f90   -O0  compilation failed to produce executable
FAIL: libgomp.fortran/lib1.f90   -O1  (test for excess errors)
UNRESOLVED: libgomp.fortran/lib1.f90   -O1  compilation failed to produce executable
FAIL: libgomp.fortran/lib1.f90   -O2  (test for excess errors)
UNRESOLVED: libgomp.fortran/lib1.f90   -O2  compilation failed to produce executable
FAIL: libgomp.fortran/lib1.f90   -O3 -fomit-frame-pointer -funroll-loops -fpeel-loops -ftracer -finline-functions  (test for excess errors)
UNRESOLVED: libgomp.fortran/lib1.f90   -O3 -fomit-frame-pointer -funroll-loops -fpeel-loops -ftracer -finline-functions  compilation failed to produce executable
FAIL: libgomp.fortran/lib1.f90   -O3 -g  (test for excess errors)
UNRESOLVED: libgomp.fortran/lib1.f90   -O3 -g  compilation failed to produce executable
FAIL: libgomp.fortran/lib1.f90   -Os  (test for excess errors)
UNRESOLVED: libgomp.fortran/lib1.f90   -Os  compilation failed to produce executable
FAIL: libgomp.fortran/lib2.f   -O0  (test for excess errors)
UNRESOLVED: libgomp.fortran/lib2.f   -O0  compilation failed to produce executable
FAIL: libgomp.fortran/lib2.f   -O1  (test for excess errors)
UNRESOLVED: libgomp.fortran/lib2.f   -O1  compilation failed to produce executable
FAIL: libgomp.fortran/lib2.f   -O2  (test for excess errors)
UNRESOLVED: libgomp.fortran/lib2.f   -O2  compilation failed to produce executable
FAIL: libgomp.fortran/lib2.f   -O3 -fomit-frame-pointer -funroll-loops -fpeel-loops -ftracer -finline-functions  (test for excess errors)
UNRESOLVED: libgomp.fortran/lib2.f   -O3 -fomit-frame-pointer -funroll-loops -fpeel-loops -ftracer -finline-functions  compilation failed to produce executable
FAIL: libgomp.fortran/lib2.f   -O3 -g  (test for excess errors)
UNRESOLVED: libgomp.fortran/lib2.f   -O3 -g  compilation failed to produce executable
FAIL: libgomp.fortran/lib2.f   -Os  (test for excess errors)
UNRESOLVED: libgomp.fortran/lib2.f   -Os  compilation failed to produce executable
FAIL: libgomp.fortran/lib3.f   -O0  (test for excess errors)
UNRESOLVED: libgomp.fortran/lib3.f   -O0  compilation failed to produce executable
FAIL: libgomp.fortran/lib3.f   -O1  (test for excess errors)
UNRESOLVED: libgomp.fortran/lib3.f   -O1  compilation failed to produce executable
FAIL: libgomp.fortran/lib3.f   -O2  (test for excess errors)
UNRESOLVED: libgomp.fortran/lib3.f   -O2  compilation failed to produce executable
FAIL: libgomp.fortran/lib3.f   -O3 -fomit-frame-pointer -funroll-loops -fpeel-loops -ftracer -finline-functions  (test for excess errors)
UNRESOLVED: libgomp.fortran/lib3.f   -O3 -fomit-frame-pointer -funroll-loops -fpeel-loops -ftracer -finline-functions  compilation failed to produce executable
FAIL: libgomp.fortran/lib3.f   -O3 -g  (test for excess errors)
UNRESOLVED: libgomp.fortran/lib3.f   -O3 -g  compilation failed to produce executable
FAIL: libgomp.fortran/lib3.f   -Os  (test for excess errors)
UNRESOLVED: libgomp.fortran/lib3.f   -Os  compilation failed to produce executable
FAIL: libgomp.fortran/lib4.f90   -O0  (test for excess errors)
UNRESOLVED: libgomp.fortran/lib4.f90   -O0  compilation failed to produce executable
FAIL: libgomp.fortran/lib4.f90   -O1  (test for excess errors)
UNRESOLVED: libgomp.fortran/lib4.f90   -O1  compilation failed to produce executable
FAIL: libgomp.fortran/lib4.f90   -O2  (test for excess errors)
UNRESOLVED: libgomp.fortran/lib4.f90   -O2  compilation failed to produce executable
FAIL: libgomp.fortran/lib4.f90   -O3 -fomit-frame-pointer -funroll-loops -fpeel-loops -ftracer -finline-functions  (test for excess errors)
UNRESOLVED: libgomp.fortran/lib4.f90   -O3 -fomit-frame-pointer -funroll-loops -fpeel-loops -ftracer -finline-functions  compilation failed to produce executable
FAIL: libgomp.fortran/lib4.f90   -O3 -g  (test for excess errors)
UNRESOLVED: libgomp.fortran/lib4.f90   -O3 -g  compilation failed to produce executable
FAIL: libgomp.fortran/lib4.f90   -Os  (test for excess errors)
UNRESOLVED: libgomp.fortran/lib4.f90   -Os  compilation failed to produce executable
FAIL: libgomp.fortran/lock-1.f90   -O0  (test for excess errors)
UNRESOLVED: libgomp.fortran/lock-1.f90   -O0  compilation failed to produce executable
FAIL: libgomp.fortran/lock-1.f90   -O1  (test for excess errors)
UNRESOLVED: libgomp.fortran/lock-1.f90   -O1  compilation failed to produce executable
FAIL: libgomp.fortran/lock-1.f90   -O2  (test for excess errors)
UNRESOLVED: libgomp.fortran/lock-1.f90   -O2  compilation failed to produce executable
FAIL: libgomp.fortran/lock-1.f90   -O3 -fomit-frame-pointer -funroll-loops -fpeel-loops -ftracer -finline-functions  (test for excess errors)
UNRESOLVED: libgomp.fortran/lock-1.f90   -O3 -fomit-frame-pointer -funroll-loops -fpeel-loops -ftracer -finline-functions  compilation failed to produce executable
FAIL: libgomp.fortran/lock-1.f90   -O3 -g  (test for excess errors)
UNRESOLVED: libgomp.fortran/lock-1.f90   -O3 -g  compilation failed to produce executable
FAIL: libgomp.fortran/lock-1.f90   -Os  (test for excess errors)
UNRESOLVED: libgomp.fortran/lock-1.f90   -Os  compilation failed to produce executable
FAIL: libgomp.fortran/lock-2.f90   -O0  (test for excess errors)
UNRESOLVED: libgomp.fortran/lock-2.f90   -O0  compilation failed to produce executable
FAIL: libgomp.fortran/lock-2.f90   -O1  (test for excess errors)
UNRESOLVED: libgomp.fortran/lock-2.f90   -O1  compilation failed to produce executable
FAIL: libgomp.fortran/lock-2.f90   -O2  (test for excess errors)
UNRESOLVED: libgomp.fortran/lock-2.f90   -O2  compilation failed to produce executable
FAIL: libgomp.fortran/lock-2.f90   -O3 -fomit-frame-pointer -funroll-loops -fpeel-loops -ftracer -finline-functions  (test for excess errors)
UNRESOLVED: libgomp.fortran/lock-2.f90   -O3 -fomit-frame-pointer -funroll-loops -fpeel-loops -ftracer -finline-functions  compilation failed to produce executable
FAIL: libgomp.fortran/lock-2.f90   -O3 -g  (test for excess errors)
UNRESOLVED: libgomp.fortran/lock-2.f90   -O3 -g  compilation failed to produce executable
FAIL: libgomp.fortran/lock-2.f90   -Os  (test for excess errors)
UNRESOLVED: libgomp.fortran/lock-2.f90   -Os  compilation failed to produce executable
FAIL: libgomp.fortran/nested1.f90   -O0  (test for excess errors)
UNRESOLVED: libgomp.fortran/nested1.f90   -O0  compilation failed to produce executable
FAIL: libgomp.fortran/nested1.f90   -O1  (test for excess errors)
UNRESOLVED: libgomp.fortran/nested1.f90   -O1  compilation failed to produce executable
FAIL: libgomp.fortran/nested1.f90   -O2  (test for excess errors)
UNRESOLVED: libgomp.fortran/nested1.f90   -O2  compilation failed to produce executable
FAIL: libgomp.fortran/nested1.f90   -O3 -fomit-frame-pointer -funroll-loops -fpeel-loops -ftracer -finline-functions  (test for excess errors)
UNRESOLVED: libgomp.fortran/nested1.f90   -O3 -fomit-frame-pointer -funroll-loops -fpeel-loops -ftracer -finline-functions  compilation failed to produce executable
FAIL: libgomp.fortran/nested1.f90   -O3 -g  (test for excess errors)
UNRESOLVED: libgomp.fortran/nested1.f90   -O3 -g  compilation failed to produce executable
FAIL: libgomp.fortran/nested1.f90   -Os  (test for excess errors)
UNRESOLVED: libgomp.fortran/nested1.f90   -Os  compilation failed to produce executable
FAIL: libgomp.fortran/nestedfn1.f90   -O0  (test for excess errors)
UNRESOLVED: libgomp.fortran/nestedfn1.f90   -O0  compilation failed to produce executable
FAIL: libgomp.fortran/nestedfn1.f90   -O1  (test for excess errors)
UNRESOLVED: libgomp.fortran/nestedfn1.f90   -O1  compilation failed to produce executable
FAIL: libgomp.fortran/nestedfn1.f90   -O2  (test for excess errors)
UNRESOLVED: libgomp.fortran/nestedfn1.f90   -O2  compilation failed to produce executable
FAIL: libgomp.fortran/nestedfn1.f90   -O3 -fomit-frame-pointer -funroll-loops -fpeel-loops -ftracer -finline-functions  (test for excess errors)
UNRESOLVED: libgomp.fortran/nestedfn1.f90   -O3 -fomit-frame-pointer -funroll-loops -fpeel-loops -ftracer -finline-functions  compilation failed to produce executable
FAIL: libgomp.fortran/nestedfn1.f90   -O3 -g  (test for excess errors)
UNRESOLVED: libgomp.fortran/nestedfn1.f90   -O3 -g  compilation failed to produce executable
FAIL: libgomp.fortran/nestedfn1.f90   -Os  (test for excess errors)
UNRESOLVED: libgomp.fortran/nestedfn1.f90   -Os  compilation failed to produce executable
FAIL: libgomp.fortran/nestedfn2.f90   -O0  (test for excess errors)
UNRESOLVED: libgomp.fortran/nestedfn2.f90   -O0  compilation failed to produce executable
FAIL: libgomp.fortran/nestedfn2.f90   -O1  (test for excess errors)
UNRESOLVED: libgomp.fortran/nestedfn2.f90   -O1  compilation failed to produce executable
FAIL: libgomp.fortran/nestedfn2.f90   -O2  (test for excess errors)
UNRESOLVED: libgomp.fortran/nestedfn2.f90   -O2  compilation failed to produce executable
FAIL: libgomp.fortran/nestedfn2.f90   -O3 -fomit-frame-pointer -funroll-loops -fpeel-loops -ftracer -finline-functions  (test for excess errors)
UNRESOLVED: libgomp.fortran/nestedfn2.f90   -O3 -fomit-frame-pointer -funroll-loops -fpeel-loops -ftracer -finline-functions  compilation failed to produce executable
FAIL: libgomp.fortran/nestedfn2.f90   -O3 -g  (test for excess errors)
UNRESOLVED: libgomp.fortran/nestedfn2.f90   -O3 -g  compilation failed to produce executable
FAIL: libgomp.fortran/nestedfn2.f90   -Os  (test for excess errors)
UNRESOLVED: libgomp.fortran/nestedfn2.f90   -Os  compilation failed to produce executable
FAIL: libgomp.fortran/nestedfn3.f90   -O0  (test for excess errors)
UNRESOLVED: libgomp.fortran/nestedfn3.f90   -O0  compilation failed to produce executable
FAIL: libgomp.fortran/nestedfn3.f90   -O1  (test for excess errors)
UNRESOLVED: libgomp.fortran/nestedfn3.f90   -O1  compilation failed to produce executable
FAIL: libgomp.fortran/nestedfn3.f90   -O2  (test for excess errors)
UNRESOLVED: libgomp.fortran/nestedfn3.f90   -O2  compilation failed to produce executable
FAIL: libgomp.fortran/nestedfn3.f90   -O3 -fomit-frame-pointer -funroll-loops -fpeel-loops -ftracer -finline-functions  (test for excess errors)
UNRESOLVED: libgomp.fortran/nestedfn3.f90   -O3 -fomit-frame-pointer -funroll-loops -fpeel-loops -ftracer -finline-functions  compilation failed to produce executable
FAIL: libgomp.fortran/nestedfn3.f90   -O3 -g  (test for excess errors)
UNRESOLVED: libgomp.fortran/nestedfn3.f90   -O3 -g  compilation failed to produce executable
FAIL: libgomp.fortran/nestedfn3.f90   -Os  (test for excess errors)
UNRESOLVED: libgomp.fortran/nestedfn3.f90   -Os  compilation failed to produce executable
FAIL: libgomp.fortran/omp_parse1.f90   -O0  (test for excess errors)
UNRESOLVED: libgomp.fortran/omp_parse1.f90   -O0  compilation failed to produce executable
FAIL: libgomp.fortran/omp_parse1.f90   -O1  (test for excess errors)
UNRESOLVED: libgomp.fortran/omp_parse1.f90   -O1  compilation failed to produce executable
FAIL: libgomp.fortran/omp_parse1.f90   -O2  (test for excess errors)
UNRESOLVED: libgomp.fortran/omp_parse1.f90   -O2  compilation failed to produce executable
FAIL: libgomp.fortran/omp_parse1.f90   -O3 -fomit-frame-pointer -funroll-loops -fpeel-loops -ftracer -finline-functions  (test for excess errors)
UNRESOLVED: libgomp.fortran/omp_parse1.f90   -O3 -fomit-frame-pointer -funroll-loops -fpeel-loops -ftracer -finline-functions  compilation failed to produce executable
FAIL: libgomp.fortran/omp_parse1.f90   -O3 -g  (test for excess errors)
UNRESOLVED: libgomp.fortran/omp_parse1.f90   -O3 -g  compilation failed to produce executable
FAIL: libgomp.fortran/omp_parse1.f90   -Os  (test for excess errors)
UNRESOLVED: libgomp.fortran/omp_parse1.f90   -Os  compilation failed to produce executable
FAIL: libgomp.fortran/omp_parse2.f90   -O0  (test for excess errors)
UNRESOLVED: libgomp.fortran/omp_parse2.f90   -O0  compilation failed to produce executable
FAIL: libgomp.fortran/omp_parse2.f90   -O1  (test for excess errors)
UNRESOLVED: libgomp.fortran/omp_parse2.f90   -O1  compilation failed to produce executable
FAIL: libgomp.fortran/omp_parse2.f90   -O2  (test for excess errors)
UNRESOLVED: libgomp.fortran/omp_parse2.f90   -O2  compilation failed to produce executable
FAIL: libgomp.fortran/omp_parse2.f90   -O3 -fomit-frame-pointer -funroll-loops -fpeel-loops -ftracer -finline-functions  (test for excess errors)
UNRESOLVED: libgomp.fortran/omp_parse2.f90   -O3 -fomit-frame-pointer -funroll-loops -fpeel-loops -ftracer -finline-functions  compilation failed to produce executable
FAIL: libgomp.fortran/omp_parse2.f90   -O3 -g  (test for excess errors)
UNRESOLVED: libgomp.fortran/omp_parse2.f90   -O3 -g  compilation failed to produce executable
FAIL: libgomp.fortran/omp_parse2.f90   -Os  (test for excess errors)
UNRESOLVED: libgomp.fortran/omp_parse2.f90   -Os  compilation failed to produce executable
FAIL: libgomp.fortran/omp_parse3.f90   -O0  (test for excess errors)
UNRESOLVED: libgomp.fortran/omp_parse3.f90   -O0  compilation failed to produce executable
FAIL: libgomp.fortran/omp_parse3.f90   -O1  (test for excess errors)
UNRESOLVED: libgomp.fortran/omp_parse3.f90   -O1  compilation failed to produce executable
FAIL: libgomp.fortran/omp_parse3.f90   -O2  (test for excess errors)
UNRESOLVED: libgomp.fortran/omp_parse3.f90   -O2  compilation failed to produce executable
FAIL: libgomp.fortran/omp_parse3.f90   -O3 -fomit-frame-pointer -funroll-loops -fpeel-loops -ftracer -finline-functions  (test for excess errors)
UNRESOLVED: libgomp.fortran/omp_parse3.f90   -O3 -fomit-frame-pointer -funroll-loops -fpeel-loops -ftracer -finline-functions  compilation failed to produce executable
FAIL: libgomp.fortran/omp_parse3.f90   -O3 -g  (test for excess errors)
UNRESOLVED: libgomp.fortran/omp_parse3.f90   -O3 -g  compilation failed to produce executable
FAIL: libgomp.fortran/omp_parse3.f90   -Os  (test for excess errors)
UNRESOLVED: libgomp.fortran/omp_parse3.f90   -Os  compilation failed to produce executable
FAIL: libgomp.fortran/omp_parse4.f90   -O0  (test for excess errors)
UNRESOLVED: libgomp.fortran/omp_parse4.f90   -O0  compilation failed to produce executable
FAIL: libgomp.fortran/omp_parse4.f90   -O1  (test for excess errors)
UNRESOLVED: libgomp.fortran/omp_parse4.f90   -O1  compilation failed to produce executable
FAIL: libgomp.fortran/omp_parse4.f90   -O2  (test for excess errors)
UNRESOLVED: libgomp.fortran/omp_parse4.f90   -O2  compilation failed to produce executable
FAIL: libgomp.fortran/omp_parse4.f90   -O3 -fomit-frame-pointer -funroll-loops -fpeel-loops -ftracer -finline-functions  (test for excess errors)
UNRESOLVED: libgomp.fortran/omp_parse4.f90   -O3 -fomit-frame-pointer -funroll-loops -fpeel-loops -ftracer -finline-functions  compilation failed to produce executable
FAIL: libgomp.fortran/omp_parse4.f90   -O3 -g  (test for excess errors)
UNRESOLVED: libgomp.fortran/omp_parse4.f90   -O3 -g  compilation failed to produce executable
FAIL: libgomp.fortran/omp_parse4.f90   -Os  (test for excess errors)
UNRESOLVED: libgomp.fortran/omp_parse4.f90   -Os  compilation failed to produce executable
FAIL: libgomp.fortran/openmp_version-1.f   -O0  (test for excess errors)
UNRESOLVED: libgomp.fortran/openmp_version-1.f   -O0  compilation failed to produce executable
FAIL: libgomp.fortran/openmp_version-1.f   -O1  (test for excess errors)
UNRESOLVED: libgomp.fortran/openmp_version-1.f   -O1  compilation failed to produce executable
FAIL: libgomp.fortran/openmp_version-1.f   -O2  (test for excess errors)
UNRESOLVED: libgomp.fortran/openmp_version-1.f   -O2  compilation failed to produce executable
FAIL: libgomp.fortran/openmp_version-1.f   -O3 -fomit-frame-pointer -funroll-loops -fpeel-loops -ftracer -finline-functions  (test for excess errors)
UNRESOLVED: libgomp.fortran/openmp_version-1.f   -O3 -fomit-frame-pointer -funroll-loops -fpeel-loops -ftracer -finline-functions  compilation failed to produce executable
FAIL: libgomp.fortran/openmp_version-1.f   -O3 -g  (test for excess errors)
UNRESOLVED: libgomp.fortran/openmp_version-1.f   -O3 -g  compilation failed to produce executable
FAIL: libgomp.fortran/openmp_version-1.f   -Os  (test for excess errors)
UNRESOLVED: libgomp.fortran/openmp_version-1.f   -Os  compilation failed to produce executable
FAIL: libgomp.fortran/openmp_version-2.f90   -O0  (test for excess errors)
UNRESOLVED: libgomp.fortran/openmp_version-2.f90   -O0  compilation failed to produce executable
FAIL: libgomp.fortran/openmp_version-2.f90   -O1  (test for excess errors)
UNRESOLVED: libgomp.fortran/openmp_version-2.f90   -O1  compilation failed to produce executable
FAIL: libgomp.fortran/openmp_version-2.f90   -O2  (test for excess errors)
UNRESOLVED: libgomp.fortran/openmp_version-2.f90   -O2  compilation failed to produce executable
FAIL: libgomp.fortran/openmp_version-2.f90   -O3 -fomit-frame-pointer -funroll-loops -fpeel-loops -ftracer -finline-functions  (test for excess errors)
UNRESOLVED: libgomp.fortran/openmp_version-2.f90   -O3 -fomit-frame-pointer -funroll-loops -fpeel-loops -ftracer -finline-functions  compilation failed to produce executable
FAIL: libgomp.fortran/openmp_version-2.f90   -O3 -g  (test for excess errors)
UNRESOLVED: libgomp.fortran/openmp_version-2.f90   -O3 -g  compilation failed to produce executable
FAIL: libgomp.fortran/openmp_version-2.f90   -Os  (test for excess errors)
UNRESOLVED: libgomp.fortran/openmp_version-2.f90   -Os  compilation failed to produce executable
FAIL: libgomp.fortran/pr27395-1.f90   -O0  (test for excess errors)
UNRESOLVED: libgomp.fortran/pr27395-1.f90   -O0  compilation failed to produce executable
FAIL: libgomp.fortran/pr27395-1.f90   -O1  (test for excess errors)
UNRESOLVED: libgomp.fortran/pr27395-1.f90   -O1  compilation failed to produce executable
FAIL: libgomp.fortran/pr27395-1.f90   -O2  (test for excess errors)
UNRESOLVED: libgomp.fortran/pr27395-1.f90   -O2  compilation failed to produce executable
FAIL: libgomp.fortran/pr27395-1.f90   -O3 -fomit-frame-pointer -funroll-loops -fpeel-loops -ftracer -finline-functions  (test for excess errors)
UNRESOLVED: libgomp.fortran/pr27395-1.f90   -O3 -fomit-frame-pointer -funroll-loops -fpeel-loops -ftracer -finline-functions  compilation failed to produce executable
FAIL: libgomp.fortran/pr27395-1.f90   -O3 -g  (test for excess errors)
UNRESOLVED: libgomp.fortran/pr27395-1.f90   -O3 -g  compilation failed to produce executable
FAIL: libgomp.fortran/pr27395-1.f90   -Os  (test for excess errors)
UNRESOLVED: libgomp.fortran/pr27395-1.f90   -Os  compilation failed to produce executable
FAIL: libgomp.fortran/pr27395-2.f90   -O0  (test for excess errors)
UNRESOLVED: libgomp.fortran/pr27395-2.f90   -O0  compilation failed to produce executable
FAIL: libgomp.fortran/pr27395-2.f90   -O1  (test for excess errors)
UNRESOLVED: libgomp.fortran/pr27395-2.f90   -O1  compilation failed to produce executable
FAIL: libgomp.fortran/pr27395-2.f90   -O2  (test for excess errors)
UNRESOLVED: libgomp.fortran/pr27395-2.f90   -O2  compilation failed to produce executable
FAIL: libgomp.fortran/pr27395-2.f90   -O3 -fomit-frame-pointer -funroll-loops -fpeel-loops -ftracer -finline-functions  (test for excess errors)
UNRESOLVED: libgomp.fortran/pr27395-2.f90   -O3 -fomit-frame-pointer -funroll-loops -fpeel-loops -ftracer -finline-functions  compilation failed to produce executable
FAIL: libgomp.fortran/pr27395-2.f90   -O3 -g  (test for excess errors)
UNRESOLVED: libgomp.fortran/pr27395-2.f90   -O3 -g  compilation failed to produce executable
FAIL: libgomp.fortran/pr27395-2.f90   -Os  (test for excess errors)
UNRESOLVED: libgomp.fortran/pr27395-2.f90   -Os  compilation failed to produce executable
FAIL: libgomp.fortran/pr32359.f90   -O  (test for excess errors)
FAIL: libgomp.fortran/pr48894.f90   -O0  (test for excess errors)
UNRESOLVED: libgomp.fortran/pr48894.f90   -O0  compilation failed to produce executable
FAIL: libgomp.fortran/pr48894.f90   -O1  (test for excess errors)
UNRESOLVED: libgomp.fortran/pr48894.f90   -O1  compilation failed to produce executable
FAIL: libgomp.fortran/pr48894.f90   -O2  (test for excess errors)
UNRESOLVED: libgomp.fortran/pr48894.f90   -O2  compilation failed to produce executable
FAIL: libgomp.fortran/pr48894.f90   -O3 -fomit-frame-pointer -funroll-loops -fpeel-loops -ftracer -finline-functions  (test for excess errors)
UNRESOLVED: libgomp.fortran/pr48894.f90   -O3 -fomit-frame-pointer -funroll-loops -fpeel-loops -ftracer -finline-functions  compilation failed to produce executable
FAIL: libgomp.fortran/pr48894.f90   -O3 -g  (test for excess errors)
UNRESOLVED: libgomp.fortran/pr48894.f90   -O3 -g  compilation failed to produce executable
FAIL: libgomp.fortran/pr48894.f90   -Os  (test for excess errors)
UNRESOLVED: libgomp.fortran/pr48894.f90   -Os  compilation failed to produce executable
FAIL: libgomp.fortran/reduction1.f90   -O0  (test for excess errors)
UNRESOLVED: libgomp.fortran/reduction1.f90   -O0  compilation failed to produce executable
FAIL: libgomp.fortran/reduction1.f90   -O1  (test for excess errors)
UNRESOLVED: libgomp.fortran/reduction1.f90   -O1  compilation failed to produce executable
FAIL: libgomp.fortran/reduction1.f90   -O2  (test for excess errors)
UNRESOLVED: libgomp.fortran/reduction1.f90   -O2  compilation failed to produce executable
FAIL: libgomp.fortran/reduction1.f90   -O3 -fomit-frame-pointer -funroll-loops -fpeel-loops -ftracer -finline-functions  (test for excess errors)
UNRESOLVED: libgomp.fortran/reduction1.f90   -O3 -fomit-frame-pointer -funroll-loops -fpeel-loops -ftracer -finline-functions  compilation failed to produce executable
FAIL: libgomp.fortran/reduction1.f90   -O3 -g  (test for excess errors)
UNRESOLVED: libgomp.fortran/reduction1.f90   -O3 -g  compilation failed to produce executable
FAIL: libgomp.fortran/reduction1.f90   -Os  (test for excess errors)
UNRESOLVED: libgomp.fortran/reduction1.f90   -Os  compilation failed to produce executable
FAIL: libgomp.fortran/reduction2.f90   -O0  (test for excess errors)
UNRESOLVED: libgomp.fortran/reduction2.f90   -O0  compilation failed to produce executable
FAIL: libgomp.fortran/reduction2.f90   -O1  (test for excess errors)
UNRESOLVED: libgomp.fortran/reduction2.f90   -O1  compilation failed to produce executable
FAIL: libgomp.fortran/reduction2.f90   -O2  (test for excess errors)
UNRESOLVED: libgomp.fortran/reduction2.f90   -O2  compilation failed to produce executable
FAIL: libgomp.fortran/reduction2.f90   -O3 -fomit-frame-pointer -funroll-loops -fpeel-loops -ftracer -finline-functions  (test for excess errors)
UNRESOLVED: libgomp.fortran/reduction2.f90   -O3 -fomit-frame-pointer -funroll-loops -fpeel-loops -ftracer -finline-functions  compilation failed to produce executable
FAIL: libgomp.fortran/reduction2.f90   -O3 -g  (test for excess errors)
UNRESOLVED: libgomp.fortran/reduction2.f90   -O3 -g  compilation failed to produce executable
FAIL: libgomp.fortran/reduction2.f90   -Os  (test for excess errors)
UNRESOLVED: libgomp.fortran/reduction2.f90   -Os  compilation failed to produce executable
FAIL: libgomp.fortran/reduction3.f90   -O0  (test for excess errors)
UNRESOLVED: libgomp.fortran/reduction3.f90   -O0  compilation failed to produce executable
FAIL: libgomp.fortran/reduction3.f90   -O1  (test for excess errors)
UNRESOLVED: libgomp.fortran/reduction3.f90   -O1  compilation failed to produce executable
FAIL: libgomp.fortran/reduction3.f90   -O2  (test for excess errors)
UNRESOLVED: libgomp.fortran/reduction3.f90   -O2  compilation failed to produce executable
FAIL: libgomp.fortran/reduction3.f90   -O3 -fomit-frame-pointer -funroll-loops -fpeel-loops -ftracer -finline-functions  (test for excess errors)
UNRESOLVED: libgomp.fortran/reduction3.f90   -O3 -fomit-frame-pointer -funroll-loops -fpeel-loops -ftracer -finline-functions  compilation failed to produce executable
FAIL: libgomp.fortran/reduction3.f90   -O3 -g  (test for excess errors)
UNRESOLVED: libgomp.fortran/reduction3.f90   -O3 -g  compilation failed to produce executable
FAIL: libgomp.fortran/reduction3.f90   -Os  (test for excess errors)
UNRESOLVED: libgomp.fortran/reduction3.f90   -Os  compilation failed to produce executable
FAIL: libgomp.fortran/reduction4.f90   -O0  (test for excess errors)
UNRESOLVED: libgomp.fortran/reduction4.f90   -O0  compilation failed to produce executable
FAIL: libgomp.fortran/reduction4.f90   -O1  (test for excess errors)
UNRESOLVED: libgomp.fortran/reduction4.f90   -O1  compilation failed to produce executable
FAIL: libgomp.fortran/reduction4.f90   -O2  (test for excess errors)
UNRESOLVED: libgomp.fortran/reduction4.f90   -O2  compilation failed to produce executable
FAIL: libgomp.fortran/reduction4.f90   -O3 -fomit-frame-pointer -funroll-loops -fpeel-loops -ftracer -finline-functions  (test for excess errors)
UNRESOLVED: libgomp.fortran/reduction4.f90   -O3 -fomit-frame-pointer -funroll-loops -fpeel-loops -ftracer -finline-functions  compilation failed to produce executable
FAIL: libgomp.fortran/reduction4.f90   -O3 -g  (test for excess errors)
UNRESOLVED: libgomp.fortran/reduction4.f90   -O3 -g  compilation failed to produce executable
FAIL: libgomp.fortran/reduction4.f90   -Os  (test for excess errors)
UNRESOLVED: libgomp.fortran/reduction4.f90   -Os  compilation failed to produce executable
FAIL: libgomp.fortran/reduction6.f90   -O0  (test for excess errors)
UNRESOLVED: libgomp.fortran/reduction6.f90   -O0  compilation failed to produce executable
FAIL: libgomp.fortran/reduction6.f90   -O1  (test for excess errors)
UNRESOLVED: libgomp.fortran/reduction6.f90   -O1  compilation failed to produce executable
FAIL: libgomp.fortran/reduction6.f90   -O2  (test for excess errors)
UNRESOLVED: libgomp.fortran/reduction6.f90   -O2  compilation failed to produce executable
FAIL: libgomp.fortran/reduction6.f90   -O3 -fomit-frame-pointer -funroll-loops -fpeel-loops -ftracer -finline-functions  (test for excess errors)
UNRESOLVED: libgomp.fortran/reduction6.f90   -O3 -fomit-frame-pointer -funroll-loops -fpeel-loops -ftracer -finline-functions  compilation failed to produce executable
FAIL: libgomp.fortran/reduction6.f90   -O3 -g  (test for excess errors)
UNRESOLVED: libgomp.fortran/reduction6.f90   -O3 -g  compilation failed to produce executable
FAIL: libgomp.fortran/reduction6.f90   -Os  (test for excess errors)
UNRESOLVED: libgomp.fortran/reduction6.f90   -Os  compilation failed to produce executable
FAIL: libgomp.fortran/reference1.f90   -O0  (test for excess errors)
UNRESOLVED: libgomp.fortran/reference1.f90   -O0  compilation failed to produce executable
FAIL: libgomp.fortran/reference1.f90   -O1  (test for excess errors)
UNRESOLVED: libgomp.fortran/reference1.f90   -O1  compilation failed to produce executable
FAIL: libgomp.fortran/reference1.f90   -O2  (test for excess errors)
UNRESOLVED: libgomp.fortran/reference1.f90   -O2  compilation failed to produce executable
FAIL: libgomp.fortran/reference1.f90   -O3 -fomit-frame-pointer -funroll-loops -fpeel-loops -ftracer -finline-functions  (test for excess errors)
UNRESOLVED: libgomp.fortran/reference1.f90   -O3 -fomit-frame-pointer -funroll-loops -fpeel-loops -ftracer -finline-functions  compilation failed to produce executable
FAIL: libgomp.fortran/reference1.f90   -O3 -g  (test for excess errors)
UNRESOLVED: libgomp.fortran/reference1.f90   -O3 -g  compilation failed to produce executable
FAIL: libgomp.fortran/reference1.f90   -Os  (test for excess errors)
UNRESOLVED: libgomp.fortran/reference1.f90   -Os  compilation failed to produce executable
FAIL: libgomp.fortran/retval1.f90   -O0  (test for excess errors)
UNRESOLVED: libgomp.fortran/retval1.f90   -O0  compilation failed to produce executable
FAIL: libgomp.fortran/retval1.f90   -O1  (test for excess errors)
UNRESOLVED: libgomp.fortran/retval1.f90   -O1  compilation failed to produce executable
FAIL: libgomp.fortran/retval1.f90   -O2  (test for excess errors)
UNRESOLVED: libgomp.fortran/retval1.f90   -O2  compilation failed to produce executable
FAIL: libgomp.fortran/retval1.f90   -O3 -fomit-frame-pointer -funroll-loops -fpeel-loops -ftracer -finline-functions  (test for excess errors)
UNRESOLVED: libgomp.fortran/retval1.f90   -O3 -fomit-frame-pointer -funroll-loops -fpeel-loops -ftracer -finline-functions  compilation failed to produce executable
FAIL: libgomp.fortran/retval1.f90   -O3 -g  (test for excess errors)
UNRESOLVED: libgomp.fortran/retval1.f90   -O3 -g  compilation failed to produce executable
FAIL: libgomp.fortran/retval1.f90   -Os  (test for excess errors)
UNRESOLVED: libgomp.fortran/retval1.f90   -Os  compilation failed to produce executable
FAIL: libgomp.fortran/retval2.f90   -O0  (test for excess errors)
UNRESOLVED: libgomp.fortran/retval2.f90   -O0  compilation failed to produce executable
FAIL: libgomp.fortran/retval2.f90   -O1  (test for excess errors)
UNRESOLVED: libgomp.fortran/retval2.f90   -O1  compilation failed to produce executable
FAIL: libgomp.fortran/retval2.f90   -O2  (test for excess errors)
UNRESOLVED: libgomp.fortran/retval2.f90   -O2  compilation failed to produce executable
FAIL: libgomp.fortran/retval2.f90   -O3 -fomit-frame-pointer -funroll-loops -fpeel-loops -ftracer -finline-functions  (test for excess errors)
UNRESOLVED: libgomp.fortran/retval2.f90   -O3 -fomit-frame-pointer -funroll-loops -fpeel-loops -ftracer -finline-functions  compilation failed to produce executable
FAIL: libgomp.fortran/retval2.f90   -O3 -g  (test for excess errors)
UNRESOLVED: libgomp.fortran/retval2.f90   -O3 -g  compilation failed to produce executable
FAIL: libgomp.fortran/retval2.f90   -Os  (test for excess errors)
UNRESOLVED: libgomp.fortran/retval2.f90   -Os  compilation failed to produce executable
FAIL: libgomp.fortran/sharing1.f90   -O0  (test for excess errors)
UNRESOLVED: libgomp.fortran/sharing1.f90   -O0  compilation failed to produce executable
FAIL: libgomp.fortran/sharing1.f90   -O1  (test for excess errors)
UNRESOLVED: libgomp.fortran/sharing1.f90   -O1  compilation failed to produce executable
FAIL: libgomp.fortran/sharing1.f90   -O2  (test for excess errors)
UNRESOLVED: libgomp.fortran/sharing1.f90   -O2  compilation failed to produce executable
FAIL: libgomp.fortran/sharing1.f90   -O3 -fomit-frame-pointer -funroll-loops -fpeel-loops -ftracer -finline-functions  (test for excess errors)
UNRESOLVED: libgomp.fortran/sharing1.f90   -O3 -fomit-frame-pointer -funroll-loops -fpeel-loops -ftracer -finline-functions  compilation failed to produce executable
FAIL: libgomp.fortran/sharing1.f90   -O3 -g  (test for excess errors)
UNRESOLVED: libgomp.fortran/sharing1.f90   -O3 -g  compilation failed to produce executable
FAIL: libgomp.fortran/sharing1.f90   -Os  (test for excess errors)
UNRESOLVED: libgomp.fortran/sharing1.f90   -Os  compilation failed to produce executable
FAIL: libgomp.fortran/sharing2.f90   -O0  (test for excess errors)
UNRESOLVED: libgomp.fortran/sharing2.f90   -O0  compilation failed to produce executable
FAIL: libgomp.fortran/sharing2.f90   -O1  (test for excess errors)
UNRESOLVED: libgomp.fortran/sharing2.f90   -O1  compilation failed to produce executable
FAIL: libgomp.fortran/sharing2.f90   -O2  (test for excess errors)
UNRESOLVED: libgomp.fortran/sharing2.f90   -O2  compilation failed to produce executable
FAIL: libgomp.fortran/sharing2.f90   -O3 -fomit-frame-pointer -funroll-loops -fpeel-loops -ftracer -finline-functions  (test for excess errors)
UNRESOLVED: libgomp.fortran/sharing2.f90   -O3 -fomit-frame-pointer -funroll-loops -fpeel-loops -ftracer -finline-functions  compilation failed to produce executable
FAIL: libgomp.fortran/sharing2.f90   -O3 -g  (test for excess errors)
UNRESOLVED: libgomp.fortran/sharing2.f90   -O3 -g  compilation failed to produce executable
FAIL: libgomp.fortran/sharing2.f90   -Os  (test for excess errors)
UNRESOLVED: libgomp.fortran/sharing2.f90   -Os  compilation failed to produce executable
FAIL: libgomp.fortran/strassen.f90   -O  (test for excess errors)
UNRESOLVED: libgomp.fortran/strassen.f90   -O  compilation failed to produce executable
FAIL: libgomp.fortran/task1.f90   -O0  (test for excess errors)
UNRESOLVED: libgomp.fortran/task1.f90   -O0  compilation failed to produce executable
FAIL: libgomp.fortran/task1.f90   -O1  (test for excess errors)
UNRESOLVED: libgomp.fortran/task1.f90   -O1  compilation failed to produce executable
FAIL: libgomp.fortran/task1.f90   -O2  (test for excess errors)
UNRESOLVED: libgomp.fortran/task1.f90   -O2  compilation failed to produce executable
FAIL: libgomp.fortran/task1.f90   -O3 -fomit-frame-pointer -funroll-loops -fpeel-loops -ftracer -finline-functions  (test for excess errors)
UNRESOLVED: libgomp.fortran/task1.f90   -O3 -fomit-frame-pointer -funroll-loops -fpeel-loops -ftracer -finline-functions  compilation failed to produce executable
FAIL: libgomp.fortran/task1.f90   -O3 -g  (test for excess errors)
UNRESOLVED: libgomp.fortran/task1.f90   -O3 -g  compilation failed to produce executable
FAIL: libgomp.fortran/task1.f90   -Os  (test for excess errors)
UNRESOLVED: libgomp.fortran/task1.f90   -Os  compilation failed to produce executable
FAIL: libgomp.fortran/task2.f90   -O  (test for excess errors)
UNRESOLVED: libgomp.fortran/task2.f90   -O  compilation failed to produce executable
FAIL: libgomp.fortran/task3.f90   -O0  (test for excess errors)
UNRESOLVED: libgomp.fortran/task3.f90   -O0  compilation failed to produce executable
FAIL: libgomp.fortran/task3.f90   -O1  (test for excess errors)
UNRESOLVED: libgomp.fortran/task3.f90   -O1  compilation failed to produce executable
FAIL: libgomp.fortran/task3.f90   -O2  (test for excess errors)
UNRESOLVED: libgomp.fortran/task3.f90   -O2  compilation failed to produce executable
FAIL: libgomp.fortran/task3.f90   -O3 -fomit-frame-pointer -funroll-loops -fpeel-loops -ftracer -finline-functions  (test for excess errors)
UNRESOLVED: libgomp.fortran/task3.f90   -O3 -fomit-frame-pointer -funroll-loops -fpeel-loops -ftracer -finline-functions  compilation failed to produce executable
FAIL: libgomp.fortran/task3.f90   -O3 -g  (test for excess errors)
UNRESOLVED: libgomp.fortran/task3.f90   -O3 -g  compilation failed to produce executable
FAIL: libgomp.fortran/task3.f90   -Os  (test for excess errors)
UNRESOLVED: libgomp.fortran/task3.f90   -Os  compilation failed to produce executable
FAIL: libgomp.fortran/task4.f90   -O0  (test for excess errors)
UNRESOLVED: libgomp.fortran/task4.f90   -O0  compilation failed to produce executable
FAIL: libgomp.fortran/task4.f90   -O1  (test for excess errors)
UNRESOLVED: libgomp.fortran/task4.f90   -O1  compilation failed to produce executable
FAIL: libgomp.fortran/task4.f90   -O2  (test for excess errors)
UNRESOLVED: libgomp.fortran/task4.f90   -O2  compilation failed to produce executable
FAIL: libgomp.fortran/task4.f90   -O3 -fomit-frame-pointer -funroll-loops -fpeel-loops -ftracer -finline-functions  (test for excess errors)
UNRESOLVED: libgomp.fortran/task4.f90   -O3 -fomit-frame-pointer -funroll-loops -fpeel-loops -ftracer -finline-functions  compilation failed to produce executable
FAIL: libgomp.fortran/task4.f90   -O3 -g  (test for excess errors)
UNRESOLVED: libgomp.fortran/task4.f90   -O3 -g  compilation failed to produce executable
FAIL: libgomp.fortran/task4.f90   -Os  (test for excess errors)
UNRESOLVED: libgomp.fortran/task4.f90   -Os  compilation failed to produce executable
FAIL: libgomp.fortran/threadprivate1.f90   -O0  (test for excess errors)
UNRESOLVED: libgomp.fortran/threadprivate1.f90   -O0  compilation failed to produce executable
FAIL: libgomp.fortran/threadprivate1.f90   -O1  (test for excess errors)
UNRESOLVED: libgomp.fortran/threadprivate1.f90   -O1  compilation failed to produce executable
FAIL: libgomp.fortran/threadprivate1.f90   -O2  (test for excess errors)
UNRESOLVED: libgomp.fortran/threadprivate1.f90   -O2  compilation failed to produce executable
FAIL: libgomp.fortran/threadprivate1.f90   -O3 -fomit-frame-pointer -funroll-loops -fpeel-loops -ftracer -finline-functions  (test for excess errors)
UNRESOLVED: libgomp.fortran/threadprivate1.f90   -O3 -fomit-frame-pointer -funroll-loops -fpeel-loops -ftracer -finline-functions  compilation failed to produce executable
FAIL: libgomp.fortran/threadprivate1.f90   -O3 -g  (test for excess errors)
UNRESOLVED: libgomp.fortran/threadprivate1.f90   -O3 -g  compilation failed to produce executable
FAIL: libgomp.fortran/threadprivate1.f90   -Os  (test for excess errors)
UNRESOLVED: libgomp.fortran/threadprivate1.f90   -Os  compilation failed to produce executable
FAIL: libgomp.fortran/threadprivate2.f90   -O0  (test for excess errors)
UNRESOLVED: libgomp.fortran/threadprivate2.f90   -O0  compilation failed to produce executable
FAIL: libgomp.fortran/threadprivate2.f90   -O1  (test for excess errors)
UNRESOLVED: libgomp.fortran/threadprivate2.f90   -O1  compilation failed to produce executable
FAIL: libgomp.fortran/threadprivate2.f90   -O2  (test for excess errors)
UNRESOLVED: libgomp.fortran/threadprivate2.f90   -O2  compilation failed to produce executable
FAIL: libgomp.fortran/threadprivate2.f90   -O3 -fomit-frame-pointer -funroll-loops -fpeel-loops -ftracer -finline-functions  (test for excess errors)
UNRESOLVED: libgomp.fortran/threadprivate2.f90   -O3 -fomit-frame-pointer -funroll-loops -fpeel-loops -ftracer -finline-functions  compilation failed to produce executable
FAIL: libgomp.fortran/threadprivate2.f90   -O3 -g  (test for excess errors)
UNRESOLVED: libgomp.fortran/threadprivate2.f90   -O3 -g  compilation failed to produce executable
FAIL: libgomp.fortran/threadprivate2.f90   -Os  (test for excess errors)
UNRESOLVED: libgomp.fortran/threadprivate2.f90   -Os  compilation failed to produce executable
FAIL: libgomp.fortran/threadprivate3.f90   -O0  (test for excess errors)
UNRESOLVED: libgomp.fortran/threadprivate3.f90   -O0  compilation failed to produce executable
FAIL: libgomp.fortran/threadprivate3.f90   -O1  (test for excess errors)
UNRESOLVED: libgomp.fortran/threadprivate3.f90   -O1  compilation failed to produce executable
FAIL: libgomp.fortran/threadprivate3.f90   -O2  (test for excess errors)
UNRESOLVED: libgomp.fortran/threadprivate3.f90   -O2  compilation failed to produce executable
FAIL: libgomp.fortran/threadprivate3.f90   -O3 -fomit-frame-pointer -funroll-loops -fpeel-loops -ftracer -finline-functions  (test for excess errors)
UNRESOLVED: libgomp.fortran/threadprivate3.f90   -O3 -fomit-frame-pointer -funroll-loops -fpeel-loops -ftracer -finline-functions  compilation failed to produce executable
FAIL: libgomp.fortran/threadprivate3.f90   -O3 -g  (test for excess errors)
UNRESOLVED: libgomp.fortran/threadprivate3.f90   -O3 -g  compilation failed to produce executable
FAIL: libgomp.fortran/threadprivate3.f90   -Os  (test for excess errors)
UNRESOLVED: libgomp.fortran/threadprivate3.f90   -Os  compilation failed to produce executable
FAIL: libgomp.fortran/threadprivate4.f90   -O0  (test for excess errors)
UNRESOLVED: libgomp.fortran/threadprivate4.f90   -O0  compilation failed to produce executable
FAIL: libgomp.fortran/threadprivate4.f90   -O1  (test for excess errors)
UNRESOLVED: libgomp.fortran/threadprivate4.f90   -O1  compilation failed to produce executable
FAIL: libgomp.fortran/threadprivate4.f90   -O2  (test for excess errors)
UNRESOLVED: libgomp.fortran/threadprivate4.f90   -O2  compilation failed to produce executable
FAIL: libgomp.fortran/threadprivate4.f90   -O3 -fomit-frame-pointer -funroll-loops -fpeel-loops -ftracer -finline-functions  (test for excess errors)
UNRESOLVED: libgomp.fortran/threadprivate4.f90   -O3 -fomit-frame-pointer -funroll-loops -fpeel-loops -ftracer -finline-functions  compilation failed to produce executable
FAIL: libgomp.fortran/threadprivate4.f90   -O3 -g  (test for excess errors)
UNRESOLVED: libgomp.fortran/threadprivate4.f90   -O3 -g  compilation failed to produce executable
FAIL: libgomp.fortran/threadprivate4.f90   -Os  (test for excess errors)
UNRESOLVED: libgomp.fortran/threadprivate4.f90   -Os  compilation failed to produce executable
FAIL: libgomp.fortran/use_intrinsic_1.f90   -O  (test for excess errors)
FAIL: libgomp.fortran/vla1.f90   -O0  (test for excess errors)
UNRESOLVED: libgomp.fortran/vla1.f90   -O0  compilation failed to produce executable
FAIL: libgomp.fortran/vla1.f90   -O1  (test for excess errors)
UNRESOLVED: libgomp.fortran/vla1.f90   -O1  compilation failed to produce executable
FAIL: libgomp.fortran/vla1.f90   -O2  (test for excess errors)
UNRESOLVED: libgomp.fortran/vla1.f90   -O2  compilation failed to produce executable
FAIL: libgomp.fortran/vla1.f90   -O3 -fomit-frame-pointer -funroll-loops -fpeel-loops -ftracer -finline-functions  (test for excess errors)
UNRESOLVED: libgomp.fortran/vla1.f90   -O3 -fomit-frame-pointer -funroll-loops -fpeel-loops -ftracer -finline-functions  compilation failed to produce executable
FAIL: libgomp.fortran/vla1.f90   -O3 -g  (test for excess errors)
UNRESOLVED: libgomp.fortran/vla1.f90   -O3 -g  compilation failed to produce executable
FAIL: libgomp.fortran/vla1.f90   -Os  (test for excess errors)
UNRESOLVED: libgomp.fortran/vla1.f90   -Os  compilation failed to produce executable
FAIL: libgomp.fortran/vla2.f90   -O0  (test for excess errors)
UNRESOLVED: libgomp.fortran/vla2.f90   -O0  compilation failed to produce executable
FAIL: libgomp.fortran/vla2.f90   -O1  (test for excess errors)
UNRESOLVED: libgomp.fortran/vla2.f90   -O1  compilation failed to produce executable
FAIL: libgomp.fortran/vla2.f90   -O2  (test for excess errors)
UNRESOLVED: libgomp.fortran/vla2.f90   -O2  compilation failed to produce executable
FAIL: libgomp.fortran/vla2.f90   -O3 -fomit-frame-pointer -funroll-loops -fpeel-loops -ftracer -finline-functions  (test for excess errors)
UNRESOLVED: libgomp.fortran/vla2.f90   -O3 -fomit-frame-pointer -funroll-loops -fpeel-loops -ftracer -finline-functions  compilation failed to produce executable
FAIL: libgomp.fortran/vla2.f90   -O3 -g  (test for excess errors)
UNRESOLVED: libgomp.fortran/vla2.f90   -O3 -g  compilation failed to produce executable
FAIL: libgomp.fortran/vla2.f90   -Os  (test for excess errors)
UNRESOLVED: libgomp.fortran/vla2.f90   -Os  compilation failed to produce executable
FAIL: libgomp.fortran/vla3.f90   -O0  (test for excess errors)
UNRESOLVED: libgomp.fortran/vla3.f90   -O0  compilation failed to produce executable
FAIL: libgomp.fortran/vla3.f90   -O1  (test for excess errors)
UNRESOLVED: libgomp.fortran/vla3.f90   -O1  compilation failed to produce executable
FAIL: libgomp.fortran/vla3.f90   -O2  (test for excess errors)
UNRESOLVED: libgomp.fortran/vla3.f90   -O2  compilation failed to produce executable
FAIL: libgomp.fortran/vla3.f90   -O3 -fomit-frame-pointer -funroll-loops -fpeel-loops -ftracer -finline-functions  (test for excess errors)
UNRESOLVED: libgomp.fortran/vla3.f90   -O3 -fomit-frame-pointer -funroll-loops -fpeel-loops -ftracer -finline-functions  compilation failed to produce executable
FAIL: libgomp.fortran/vla3.f90   -O3 -g  (test for excess errors)
UNRESOLVED: libgomp.fortran/vla3.f90   -O3 -g  compilation failed to produce executable
FAIL: libgomp.fortran/vla3.f90   -Os  (test for excess errors)
UNRESOLVED: libgomp.fortran/vla3.f90   -Os  compilation failed to produce executable
FAIL: libgomp.fortran/vla4.f90   -O0  (test for excess errors)
UNRESOLVED: libgomp.fortran/vla4.f90   -O0  compilation failed to produce executable
FAIL: libgomp.fortran/vla4.f90   -O1  (test for excess errors)
UNRESOLVED: libgomp.fortran/vla4.f90   -O1  compilation failed to produce executable
FAIL: libgomp.fortran/vla4.f90   -O2  (test for excess errors)
UNRESOLVED: libgomp.fortran/vla4.f90   -O2  compilation failed to produce executable
FAIL: libgomp.fortran/vla4.f90   -O3 -fomit-frame-pointer -funroll-loops -fpeel-loops -ftracer -finline-functions  (test for excess errors)
UNRESOLVED: libgomp.fortran/vla4.f90   -O3 -fomit-frame-pointer -funroll-loops -fpeel-loops -ftracer -finline-functions  compilation failed to produce executable
FAIL: libgomp.fortran/vla4.f90   -O3 -g  (test for excess errors)
UNRESOLVED: libgomp.fortran/vla4.f90   -O3 -g  compilation failed to produce executable
FAIL: libgomp.fortran/vla4.f90   -Os  (test for excess errors)
UNRESOLVED: libgomp.fortran/vla4.f90   -Os  compilation failed to produce executable
FAIL: libgomp.fortran/vla5.f90   -O0  (test for excess errors)
UNRESOLVED: libgomp.fortran/vla5.f90   -O0  compilation failed to produce executable
FAIL: libgomp.fortran/vla5.f90   -O1  (test for excess errors)
UNRESOLVED: libgomp.fortran/vla5.f90   -O1  compilation failed to produce executable
FAIL: libgomp.fortran/vla5.f90   -O2  (test for excess errors)
UNRESOLVED: libgomp.fortran/vla5.f90   -O2  compilation failed to produce executable
FAIL: libgomp.fortran/vla5.f90   -O3 -fomit-frame-pointer -funroll-loops -fpeel-loops -ftracer -finline-functions  (test for excess errors)
UNRESOLVED: libgomp.fortran/vla5.f90   -O3 -fomit-frame-pointer -funroll-loops -fpeel-loops -ftracer -finline-functions  compilation failed to produce executable
FAIL: libgomp.fortran/vla5.f90   -O3 -g  (test for excess errors)
UNRESOLVED: libgomp.fortran/vla5.f90   -O3 -g  compilation failed to produce executable
FAIL: libgomp.fortran/vla5.f90   -Os  (test for excess errors)
UNRESOLVED: libgomp.fortran/vla5.f90   -Os  compilation failed to produce executable
FAIL: libgomp.fortran/vla6.f90   -O0  (test for excess errors)
UNRESOLVED: libgomp.fortran/vla6.f90   -O0  compilation failed to produce executable
FAIL: libgomp.fortran/vla6.f90   -O1  (test for excess errors)
UNRESOLVED: libgomp.fortran/vla6.f90   -O1  compilation failed to produce executable
FAIL: libgomp.fortran/vla6.f90   -O2  (test for excess errors)
UNRESOLVED: libgomp.fortran/vla6.f90   -O2  compilation failed to produce executable
FAIL: libgomp.fortran/vla6.f90   -O3 -fomit-frame-pointer -funroll-loops -fpeel-loops -ftracer -finline-functions  (test for excess errors)
UNRESOLVED: libgomp.fortran/vla6.f90   -O3 -fomit-frame-pointer -funroll-loops -fpeel-loops -ftracer -finline-functions  compilation failed to produce executable
FAIL: libgomp.fortran/vla6.f90   -O3 -g  (test for excess errors)
UNRESOLVED: libgomp.fortran/vla6.f90   -O3 -g  compilation failed to produce executable
FAIL: libgomp.fortran/vla6.f90   -Os  (test for excess errors)
UNRESOLVED: libgomp.fortran/vla6.f90   -Os  compilation failed to produce executable
FAIL: libgomp.fortran/vla7.f90   -O0  (test for excess errors)
UNRESOLVED: libgomp.fortran/vla7.f90   -O0  compilation failed to produce executable
FAIL: libgomp.fortran/vla7.f90   -O1  (test for excess errors)
UNRESOLVED: libgomp.fortran/vla7.f90   -O1  compilation failed to produce executable
FAIL: libgomp.fortran/vla7.f90   -O2  (test for excess errors)
UNRESOLVED: libgomp.fortran/vla7.f90   -O2  compilation failed to produce executable
FAIL: libgomp.fortran/vla7.f90   -O3 -fomit-frame-pointer -funroll-loops -fpeel-loops -ftracer -finline-functions  (test for excess errors)
UNRESOLVED: libgomp.fortran/vla7.f90   -O3 -fomit-frame-pointer -funroll-loops -fpeel-loops -ftracer -finline-functions  compilation failed to produce executable
FAIL: libgomp.fortran/vla7.f90   -O3 -g  (test for excess errors)
UNRESOLVED: libgomp.fortran/vla7.f90   -O3 -g  compilation failed to produce executable
FAIL: libgomp.fortran/vla7.f90   -Os  (test for excess errors)
UNRESOLVED: libgomp.fortran/vla7.f90   -Os  compilation failed to produce executable
FAIL: libgomp.fortran/vla8.f90   -O0  (test for excess errors)
UNRESOLVED: libgomp.fortran/vla8.f90   -O0  compilation failed to produce executable
FAIL: libgomp.fortran/vla8.f90   -O1  (test for excess errors)
UNRESOLVED: libgomp.fortran/vla8.f90   -O1  compilation failed to produce executable
FAIL: libgomp.fortran/vla8.f90   -O2  (test for excess errors)
UNRESOLVED: libgomp.fortran/vla8.f90   -O2  compilation failed to produce executable
FAIL: libgomp.fortran/vla8.f90   -O3 -fomit-frame-pointer -funroll-loops -fpeel-loops -ftracer -finline-functions  (test for excess errors)
UNRESOLVED: libgomp.fortran/vla8.f90   -O3 -fomit-frame-pointer -funroll-loops -fpeel-loops -ftracer -finline-functions  compilation failed to produce executable
FAIL: libgomp.fortran/vla8.f90   -O3 -g  (test for excess errors)
UNRESOLVED: libgomp.fortran/vla8.f90   -O3 -g  compilation failed to produce executable
FAIL: libgomp.fortran/vla8.f90   -Os  (test for excess errors)
UNRESOLVED: libgomp.fortran/vla8.f90   -Os  compilation failed to produce executable
FAIL: libgomp.oacc-fortran/acc_on_device-1-1.f90 -DACC_DEVICE_TYPE_host=1 -DACC_MEM_SHARED=1  -O  (test for excess errors)
UNRESOLVED: libgomp.oacc-fortran/acc_on_device-1-1.f90 -DACC_DEVICE_TYPE_host=1 -DACC_MEM_SHARED=1  -O  compilation failed to produce executable
FAIL: libgomp.oacc-fortran/acc_on_device-1-2.f -DACC_DEVICE_TYPE_host=1 -DACC_MEM_SHARED=1  -O  (test for excess errors)
UNRESOLVED: libgomp.oacc-fortran/acc_on_device-1-2.f -DACC_DEVICE_TYPE_host=1 -DACC_MEM_SHARED=1  -O  compilation failed to produce executable
FAIL: libgomp.oacc-fortran/if-1.f90 -DACC_DEVICE_TYPE_host=1 -DACC_MEM_SHARED=1  -O0  (test for excess errors)
UNRESOLVED: libgomp.oacc-fortran/if-1.f90 -DACC_DEVICE_TYPE_host=1 -DACC_MEM_SHARED=1  -O0  compilation failed to produce executable
FAIL: libgomp.oacc-fortran/if-1.f90 -DACC_DEVICE_TYPE_host=1 -DACC_MEM_SHARED=1  -O1  (test for excess errors)
UNRESOLVED: libgomp.oacc-fortran/if-1.f90 -DACC_DEVICE_TYPE_host=1 -DACC_MEM_SHARED=1  -O1  compilation failed to produce executable
FAIL: libgomp.oacc-fortran/if-1.f90 -DACC_DEVICE_TYPE_host=1 -DACC_MEM_SHARED=1  -O2  (test for excess errors)
UNRESOLVED: libgomp.oacc-fortran/if-1.f90 -DACC_DEVICE_TYPE_host=1 -DACC_MEM_SHARED=1  -O2  compilation failed to produce executable
FAIL: libgomp.oacc-fortran/if-1.f90 -DACC_DEVICE_TYPE_host=1 -DACC_MEM_SHARED=1  -O3 -fomit-frame-pointer -funroll-loops -fpeel-loops -ftracer -finline-functions  (test for excess errors)
UNRESOLVED: libgomp.oacc-fortran/if-1.f90 -DACC_DEVICE_TYPE_host=1 -DACC_MEM_SHARED=1  -O3 -fomit-frame-pointer -funroll-loops -fpeel-loops -ftracer -finline-functions  compilation failed to produce executable
FAIL: libgomp.oacc-fortran/if-1.f90 -DACC_DEVICE_TYPE_host=1 -DACC_MEM_SHARED=1  -O3 -g  (test for excess errors)
UNRESOLVED: libgomp.oacc-fortran/if-1.f90 -DACC_DEVICE_TYPE_host=1 -DACC_MEM_SHARED=1  -O3 -g  compilation failed to produce executable
FAIL: libgomp.oacc-fortran/if-1.f90 -DACC_DEVICE_TYPE_host=1 -DACC_MEM_SHARED=1  -Os  (test for excess errors)
UNRESOLVED: libgomp.oacc-fortran/if-1.f90 -DACC_DEVICE_TYPE_host=1 -DACC_MEM_SHARED=1  -Os  compilation failed to produce executable
FAIL: libgomp.oacc-fortran/lib-1.f90 -DACC_DEVICE_TYPE_host=1 -DACC_MEM_SHARED=1  -O  (test for excess errors)
UNRESOLVED: libgomp.oacc-fortran/lib-1.f90 -DACC_DEVICE_TYPE_host=1 -DACC_MEM_SHARED=1  -O  compilation failed to produce executable
FAIL: libgomp.oacc-fortran/lib-2.f -DACC_DEVICE_TYPE_host=1 -DACC_MEM_SHARED=1  -O  (test for excess errors)
UNRESOLVED: libgomp.oacc-fortran/lib-2.f -DACC_DEVICE_TYPE_host=1 -DACC_MEM_SHARED=1  -O  compilation failed to produce executable
FAIL: libgomp.oacc-fortran/lib-4.f90 -DACC_DEVICE_TYPE_host=1 -DACC_MEM_SHARED=1  -O0  (test for excess errors)
UNRESOLVED: libgomp.oacc-fortran/lib-4.f90 -DACC_DEVICE_TYPE_host=1 -DACC_MEM_SHARED=1  -O0  compilation failed to produce executable
FAIL: libgomp.oacc-fortran/lib-4.f90 -DACC_DEVICE_TYPE_host=1 -DACC_MEM_SHARED=1  -O1  (test for excess errors)
UNRESOLVED: libgomp.oacc-fortran/lib-4.f90 -DACC_DEVICE_TYPE_host=1 -DACC_MEM_SHARED=1  -O1  compilation failed to produce executable
FAIL: libgomp.oacc-fortran/lib-4.f90 -DACC_DEVICE_TYPE_host=1 -DACC_MEM_SHARED=1  -O2  (test for excess errors)
UNRESOLVED: libgomp.oacc-fortran/lib-4.f90 -DACC_DEVICE_TYPE_host=1 -DACC_MEM_SHARED=1  -O2  compilation failed to produce executable
FAIL: libgomp.oacc-fortran/lib-4.f90 -DACC_DEVICE_TYPE_host=1 -DACC_MEM_SHARED=1  -O3 -fomit-frame-pointer -funroll-loops -fpeel-loops -ftracer -finline-functions  (test for excess errors)
UNRESOLVED: libgomp.oacc-fortran/lib-4.f90 -DACC_DEVICE_TYPE_host=1 -DACC_MEM_SHARED=1  -O3 -fomit-frame-pointer -funroll-loops -fpeel-loops -ftracer -finline-functions  compilation failed to produce executable
FAIL: libgomp.oacc-fortran/lib-4.f90 -DACC_DEVICE_TYPE_host=1 -DACC_MEM_SHARED=1  -O3 -g  (test for excess errors)
UNRESOLVED: libgomp.oacc-fortran/lib-4.f90 -DACC_DEVICE_TYPE_host=1 -DACC_MEM_SHARED=1  -O3 -g  compilation failed to produce executable
FAIL: libgomp.oacc-fortran/lib-4.f90 -DACC_DEVICE_TYPE_host=1 -DACC_MEM_SHARED=1  -Os  (test for excess errors)
UNRESOLVED: libgomp.oacc-fortran/lib-4.f90 -DACC_DEVICE_TYPE_host=1 -DACC_MEM_SHARED=1  -Os  compilation failed to produce executable
FAIL: libgomp.oacc-fortran/lib-5.f90 -DACC_DEVICE_TYPE_host=1 -DACC_MEM_SHARED=1  -O0  (test for excess errors)
UNRESOLVED: libgomp.oacc-fortran/lib-5.f90 -DACC_DEVICE_TYPE_host=1 -DACC_MEM_SHARED=1  -O0  compilation failed to produce executable
FAIL: libgomp.oacc-fortran/lib-5.f90 -DACC_DEVICE_TYPE_host=1 -DACC_MEM_SHARED=1  -O1  (test for excess errors)
UNRESOLVED: libgomp.oacc-fortran/lib-5.f90 -DACC_DEVICE_TYPE_host=1 -DACC_MEM_SHARED=1  -O1  compilation failed to produce executable
FAIL: libgomp.oacc-fortran/lib-5.f90 -DACC_DEVICE_TYPE_host=1 -DACC_MEM_SHARED=1  -O2  (test for excess errors)
UNRESOLVED: libgomp.oacc-fortran/lib-5.f90 -DACC_DEVICE_TYPE_host=1 -DACC_MEM_SHARED=1  -O2  compilation failed to produce executable
FAIL: libgomp.oacc-fortran/lib-5.f90 -DACC_DEVICE_TYPE_host=1 -DACC_MEM_SHARED=1  -O3 -fomit-frame-pointer -funroll-loops -fpeel-loops -ftracer -finline-functions  (test for excess errors)
UNRESOLVED: libgomp.oacc-fortran/lib-5.f90 -DACC_DEVICE_TYPE_host=1 -DACC_MEM_SHARED=1  -O3 -fomit-frame-pointer -funroll-loops -fpeel-loops -ftracer -finline-functions  compilation failed to produce executable
FAIL: libgomp.oacc-fortran/lib-5.f90 -DACC_DEVICE_TYPE_host=1 -DACC_MEM_SHARED=1  -O3 -g  (test for excess errors)
UNRESOLVED: libgomp.oacc-fortran/lib-5.f90 -DACC_DEVICE_TYPE_host=1 -DACC_MEM_SHARED=1  -O3 -g  compilation failed to produce executable
FAIL: libgomp.oacc-fortran/lib-5.f90 -DACC_DEVICE_TYPE_host=1 -DACC_MEM_SHARED=1  -Os  (test for excess errors)
UNRESOLVED: libgomp.oacc-fortran/lib-5.f90 -DACC_DEVICE_TYPE_host=1 -DACC_MEM_SHARED=1  -Os  compilation failed to produce executable
FAIL: libgomp.oacc-fortran/lib-8.f90 -DACC_DEVICE_TYPE_host=1 -DACC_MEM_SHARED=1  -O0  (test for excess errors)
UNRESOLVED: libgomp.oacc-fortran/lib-8.f90 -DACC_DEVICE_TYPE_host=1 -DACC_MEM_SHARED=1  -O0  compilation failed to produce executable
FAIL: libgomp.oacc-fortran/lib-8.f90 -DACC_DEVICE_TYPE_host=1 -DACC_MEM_SHARED=1  -O1  (test for excess errors)
UNRESOLVED: libgomp.oacc-fortran/lib-8.f90 -DACC_DEVICE_TYPE_host=1 -DACC_MEM_SHARED=1  -O1  compilation failed to produce executable
FAIL: libgomp.oacc-fortran/lib-8.f90 -DACC_DEVICE_TYPE_host=1 -DACC_MEM_SHARED=1  -O2  (test for excess errors)
UNRESOLVED: libgomp.oacc-fortran/lib-8.f90 -DACC_DEVICE_TYPE_host=1 -DACC_MEM_SHARED=1  -O2  compilation failed to produce executable
FAIL: libgomp.oacc-fortran/lib-8.f90 -DACC_DEVICE_TYPE_host=1 -DACC_MEM_SHARED=1  -O3 -fomit-frame-pointer -funroll-loops -fpeel-loops -ftracer -finline-functions  (test for excess errors)
UNRESOLVED: libgomp.oacc-fortran/lib-8.f90 -DACC_DEVICE_TYPE_host=1 -DACC_MEM_SHARED=1  -O3 -fomit-frame-pointer -funroll-loops -fpeel-loops -ftracer -finline-functions  compilation failed to produce executable
FAIL: libgomp.oacc-fortran/lib-8.f90 -DACC_DEVICE_TYPE_host=1 -DACC_MEM_SHARED=1  -O3 -g  (test for excess errors)
UNRESOLVED: libgomp.oacc-fortran/lib-8.f90 -DACC_DEVICE_TYPE_host=1 -DACC_MEM_SHARED=1  -O3 -g  compilation failed to produce executable
FAIL: libgomp.oacc-fortran/lib-8.f90 -DACC_DEVICE_TYPE_host=1 -DACC_MEM_SHARED=1  -Os  (test for excess errors)
UNRESOLVED: libgomp.oacc-fortran/lib-8.f90 -DACC_DEVICE_TYPE_host=1 -DACC_MEM_SHARED=1  -Os  compilation failed to produce executable
FAIL: libgomp.oacc-fortran/openacc_version-2.f90 -DACC_DEVICE_TYPE_host=1 -DACC_MEM_SHARED=1  -O0  (test for excess errors)
UNRESOLVED: libgomp.oacc-fortran/openacc_version-2.f90 -DACC_DEVICE_TYPE_host=1 -DACC_MEM_SHARED=1  -O0  compilation failed to produce executable
FAIL: libgomp.oacc-fortran/openacc_version-2.f90 -DACC_DEVICE_TYPE_host=1 -DACC_MEM_SHARED=1  -O1  (test for excess errors)
UNRESOLVED: libgomp.oacc-fortran/openacc_version-2.f90 -DACC_DEVICE_TYPE_host=1 -DACC_MEM_SHARED=1  -O1  compilation failed to produce executable
FAIL: libgomp.oacc-fortran/openacc_version-2.f90 -DACC_DEVICE_TYPE_host=1 -DACC_MEM_SHARED=1  -O2  (test for excess errors)
UNRESOLVED: libgomp.oacc-fortran/openacc_version-2.f90 -DACC_DEVICE_TYPE_host=1 -DACC_MEM_SHARED=1  -O2  compilation failed to produce executable
FAIL: libgomp.oacc-fortran/openacc_version-2.f90 -DACC_DEVICE_TYPE_host=1 -DACC_MEM_SHARED=1  -O3 -fomit-frame-pointer -funroll-loops -fpeel-loops -ftracer -finline-functions  (test for excess errors)
UNRESOLVED: libgomp.oacc-fortran/openacc_version-2.f90 -DACC_DEVICE_TYPE_host=1 -DACC_MEM_SHARED=1  -O3 -fomit-frame-pointer -funroll-loops -fpeel-loops -ftracer -finline-functions  compilation failed to produce executable
FAIL: libgomp.oacc-fortran/openacc_version-2.f90 -DACC_DEVICE_TYPE_host=1 -DACC_MEM_SHARED=1  -O3 -g  (test for excess errors)
UNRESOLVED: libgomp.oacc-fortran/openacc_version-2.f90 -DACC_DEVICE_TYPE_host=1 -DACC_MEM_SHARED=1  -O3 -g  compilation failed to produce executable
FAIL: libgomp.oacc-fortran/openacc_version-2.f90 -DACC_DEVICE_TYPE_host=1 -DACC_MEM_SHARED=1  -Os  (test for excess errors)
UNRESOLVED: libgomp.oacc-fortran/openacc_version-2.f90 -DACC_DEVICE_TYPE_host=1 -DACC_MEM_SHARED=1  -Os  compilation failed to produce executable
FAIL: libgomp.oacc-fortran/private-variables.f90 -DACC_DEVICE_TYPE_host=1 -DACC_MEM_SHARED=1  -O0  (test for excess errors)
UNRESOLVED: libgomp.oacc-fortran/private-variables.f90 -DACC_DEVICE_TYPE_host=1 -DACC_MEM_SHARED=1  -O0  compilation failed to produce executable
FAIL: libgomp.oacc-fortran/private-variables.f90 -DACC_DEVICE_TYPE_host=1 -DACC_MEM_SHARED=1  -O1  (test for excess errors)
UNRESOLVED: libgomp.oacc-fortran/private-variables.f90 -DACC_DEVICE_TYPE_host=1 -DACC_MEM_SHARED=1  -O1  compilation failed to produce executable
FAIL: libgomp.oacc-fortran/private-variables.f90 -DACC_DEVICE_TYPE_host=1 -DACC_MEM_SHARED=1  -O2  (test for excess errors)
UNRESOLVED: libgomp.oacc-fortran/private-variables.f90 -DACC_DEVICE_TYPE_host=1 -DACC_MEM_SHARED=1  -O2  compilation failed to produce executable
FAIL: libgomp.oacc-fortran/private-variables.f90 -DACC_DEVICE_TYPE_host=1 -DACC_MEM_SHARED=1  -O3 -fomit-frame-pointer -funroll-loops -fpeel-loops -ftracer -finline-functions  (test for excess errors)
UNRESOLVED: libgomp.oacc-fortran/private-variables.f90 -DACC_DEVICE_TYPE_host=1 -DACC_MEM_SHARED=1  -O3 -fomit-frame-pointer -funroll-loops -fpeel-loops -ftracer -finline-functions  compilation failed to produce executable
FAIL: libgomp.oacc-fortran/private-variables.f90 -DACC_DEVICE_TYPE_host=1 -DACC_MEM_SHARED=1  -O3 -g  (test for excess errors)
UNRESOLVED: libgomp.oacc-fortran/private-variables.f90 -DACC_DEVICE_TYPE_host=1 -DACC_MEM_SHARED=1  -O3 -g  compilation failed to produce executable
FAIL: libgomp.oacc-fortran/private-variables.f90 -DACC_DEVICE_TYPE_host=1 -DACC_MEM_SHARED=1  -Os  (test for excess errors)
UNRESOLVED: libgomp.oacc-fortran/private-variables.f90 -DACC_DEVICE_TYPE_host=1 -DACC_MEM_SHARED=1  -Os  compilation failed to produce executable

		=== libgomp Summary ===

# of expected passes		4143
# of unexpected failures	439
# of unresolved testcases	434
# of unsupported tests		319

		=== Summary adjusted for local xfails ===

# of unexpected failures        439
# of expected passes            4143
# of unresolved testcases       434
# of unsupported tests          319
		=== libitm tests ===


Running target localhost/-m64

		=== libitm Summary ===

# of expected passes		42
# of expected failures		3
# of unsupported tests		1

		=== Summary adjusted for local xfails ===

# of expected passes            42
# of expected failures          3
# of unsupported tests          1
		=== libstdc++ tests ===


Running target localhost/-m64

		=== libstdc++ Summary ===

# of expected passes		10406
# of expected failures		66
# of unsupported tests		552

		=== Summary adjusted for local xfails ===

# of expected passes            10406
# of expected failures          66
# of unsupported tests          552

Compiler version: 7.0.0 20160612 (experimental) (GCC) 
Platform: i686-pc-linux-gnu
configure flags: --build=i686-pc-linux-gnu --host=i686-pc-linux-gnu --target=i686-pc-linux-gnu --enable-threads --disable-libmudflap --disable-libssp --disable-libstdcxx-pch --enable-targets=all --with-gnu-as --with-gnu-ld --enable-languages=c,c++,fortran --enable-shared --enable-lto --disable-nls --prefix=/scratch/gcc/nightly-2016-06-13-mainline/i686-pc-linux-gnu/install --with-gmp=/scratch/gcc/nightly-2016-06-13-mainline/i686-pc-linux-gnu/obj/pkg-mainline-0-i686-pc-linux-gnu/fsf-mainline-0-i686-pc-linux-gnu.extras/host-libs-i686-pc-linux-gnu/usr --with-mpfr=/scratch/gcc/nightly-2016-06-13-mainline/i686-pc-linux-gnu/obj/pkg-mainline-0-i686-pc-linux-gnu/fsf-mainline-0-i686-pc-linux-gnu.extras/host-libs-i686-pc-linux-gnu/usr --with-mpc=/scratch/gcc/nightly-2016-06-13-mainline/i686-pc-linux-gnu/obj/pkg-mainline-0-i686-pc-linux-gnu/fsf-mainline-0-i686-pc-linux-gnu.extras/host-libs-i686-pc-linux-gnu/usr --with-isl=/scratch/gcc/nightly-2016-06-13-mainline/i686-pc-linux-gnu/obj/pkg-mainlin
 e-0-i686-pc-linux-gnu/fsf-mainline-0-i686-pc-linux-gnu.extras/host-libs-i686-pc-linux-gnu/usr --enable-libgomp --enable-libitm --enable-libatomic --disable-libssp --disable-libcc1 --with-python-dir=i686-pc-linux-gnu/share/gdb/python --with-build-time-tools=/scratch/gcc/nightly-2016-06-13-mainline/i686-pc-linux-gnu/install/i686-pc-linux-gnu/bin --with-build-time-tools=/scratch/gcc/nightly-2016-06-13-mainline/i686-pc-linux-gnu/install/i686-pc-linux-gnu/bin SED=sed


Index Nav: [Date Index] [Subject Index] [Author Index] [Thread Index]
Message Nav: [Date Prev] [Date Next] [Thread Prev] [Thread Next]