This is the mail archive of the gcc-testresults@gcc.gnu.org mailing list for the GCC project.


Index Nav: [Date Index] [Subject Index] [Author Index] [Thread Index]
Message Nav: [Date Prev] [Date Next] [Thread Prev] [Thread Next]
Other format: [Raw text]

Results for 6.1.1 20160609 [gcc-6-branch revision 237280] (GCC) testsuite on hppa64-hp-hpux11.11


Native configuration is hppa64-hp-hpux11.11

		=== g++ tests ===


Running target unix
WARNING: program timed out.
FAIL: g++.old-deja/g++.abi/vtable2.C  -std=gnu++98 execution test
FAIL: g++.old-deja/g++.abi/vtable2.C  -std=gnu++11 execution test
FAIL: g++.old-deja/g++.abi/vtable2.C  -std=gnu++14 execution test

		=== g++ Summary ===

# of expected passes		90452
# of unexpected failures	3
# of expected failures		305
# of unsupported tests		4150
/mnt/gnu/gcc/objdir-test/gcc/testsuite/g++/../../xg++  version 6.1.1 20160609 [gcc-6-branch revision 237280] (GCC) 

		=== gcc tests ===


Running target unix
FAIL: gcc.dg/atomic/c11-atomic-exec-5.c   -O0  execution test
FAIL: gcc.dg/atomic/c11-atomic-exec-5.c   -O1  execution test
FAIL: gcc.dg/atomic/c11-atomic-exec-5.c   -O2  execution test
FAIL: gcc.dg/atomic/c11-atomic-exec-5.c   -O3 -fomit-frame-pointer -funroll-loops -fpeel-loops -ftracer -finline-functions  execution test
FAIL: gcc.dg/atomic/c11-atomic-exec-5.c   -O3 -g  execution test
FAIL: gcc.dg/atomic/c11-atomic-exec-5.c   -Os  execution test
FAIL: gcc.dg/atomic/c11-atomic-exec-5.c   -O2 -flto -flto-partition=none  execution test
FAIL: gcc.dg/atomic/c11-atomic-exec-5.c   -O2 -flto  execution test
XPASS: gcc.dg/sibcall-3.c execution test
XPASS: gcc.dg/sibcall-4.c execution test
FAIL: gcc.dg/graphite/scop-19.c scan-tree-dump-times graphite "number of SCoPs: 0" 1
WARNING: program timed out.
FAIL: gcc.dg/tree-ssa/sra-17.c scan-tree-dump-times esra "Removing load: a = \\\\*.?L.?C.?.?.?0;" 1
FAIL: gcc.dg/tree-ssa/sra-17.c scan-tree-dump-times esra "SR\\\\.[0-9_]+ = \\\\*.?L.?C.?.?.?0\\\\[" 4
FAIL: gcc.dg/tree-ssa/sra-18.c scan-tree-dump-times esra "Removing load: a = \\\\*.?L.?C.?.?.?0;" 1
FAIL: gcc.dg/tree-ssa/sra-18.c scan-tree-dump-times esra "SR\\\\.[0-9_]+ = \\\\*.?L.?C.?.?.?0\\\\.b\\\\[0\\\\]\\\\.f\\\\[0\\\\]\\\\.x" 1
FAIL: gcc.dg/tree-ssa/sra-18.c scan-tree-dump-times esra "SR\\\\.[0-9_]+ = \\\\*.?L.?C.?.?.?0\\\\.b\\\\[0\\\\]\\\\.f\\\\[1\\\\]\\\\.x" 1
FAIL: gcc.dg/tree-ssa/sra-18.c scan-tree-dump-times esra "SR\\\\.[0-9_]+ = \\\\*.?L.?C.?.?.?0\\\\.b\\\\[1\\\\]\\\\.f\\\\[0\\\\]\\\\.x" 1
FAIL: gcc.dg/tree-ssa/sra-18.c scan-tree-dump-times esra "SR\\\\.[0-9_]+ = \\\\*.?L.?C.?.?.?0\\\\.b\\\\[1\\\\]\\\\.f\\\\[1\\\\]\\\\.x" 1

		=== gcc Summary ===

# of expected passes		82539
# of unexpected failures	16
# of unexpected successes	2
# of expected failures		153
# of unsupported tests		1895
/mnt/gnu/gcc/objdir-test/gcc/xgcc  version 6.1.1 20160609 [gcc-6-branch revision 237280] (GCC) 

		=== gfortran tests ===


Running target unix
FAIL: gfortran.dg/coarray/event_2.f90 -fcoarray=lib  -O2  -lcaf_single -latomic execution test
WARNING: program timed out.
FAIL: gfortran.dg/minlocval_3.f90   -O3 -fomit-frame-pointer -funroll-loops -fpeel-loops -ftracer -finline-functions  (test for excess errors)
UNRESOLVED: gfortran.dg/minlocval_3.f90   -O3 -fomit-frame-pointer -funroll-loops -fpeel-loops -ftracer -finline-functions  compilation failed to produce executable

		=== gfortran Summary ===

# of expected passes		40947
# of unexpected failures	2
# of expected failures		90
# of unresolved testcases	1
# of unsupported tests		328
/mnt/gnu/gcc/objdir-test/gcc/testsuite/gfortran/../../gfortran  version 6.1.1 20160609 [gcc-6-branch revision 237280] (GCC) 

		=== obj-c++ tests ===


Running target unix

		=== obj-c++ Summary ===

# of expected passes		1446
# of expected failures		10
# of unsupported tests		77
/mnt/gnu/gcc/objdir-test/gcc/testsuite/obj-c++/../../xg++  version 6.1.1 20160609 [gcc-6-branch revision 237280] (GCC) 

		=== objc tests ===


Running target unix

		=== objc Summary ===

# of expected passes		2787
# of unsupported tests		69
/mnt/gnu/gcc/objdir-test/gcc/xgcc  version 6.1.1 20160609 [gcc-6-branch revision 237280] (GCC) 

		=== libatomic tests ===


Running target unix

		=== libatomic Summary ===

# of expected passes		44
# of unsupported tests		5
		=== libgomp tests ===


Running target unix
FAIL: libgomp.oacc-c/../libgomp.oacc-c-c++-common/reduction-cplx-dbl.c -DACC_DEVICE_TYPE_host=1 -DACC_MEM_SHARED=1  -O2  (test for excess errors)
UNRESOLVED: libgomp.oacc-c/../libgomp.oacc-c-c++-common/reduction-cplx-dbl.c -DACC_DEVICE_TYPE_host=1 -DACC_MEM_SHARED=1  -O2  compilation failed to produce executable
FAIL: libgomp.oacc-c/../libgomp.oacc-c-c++-common/reduction-cplx-flt.c -DACC_DEVICE_TYPE_host=1 -DACC_MEM_SHARED=1  -O2  (test for excess errors)
UNRESOLVED: libgomp.oacc-c/../libgomp.oacc-c-c++-common/reduction-cplx-flt.c -DACC_DEVICE_TYPE_host=1 -DACC_MEM_SHARED=1  -O2  compilation failed to produce executable
FAIL: libgomp.oacc-c++/../libgomp.oacc-c-c++-common/loop-dim-default.c -DACC_DEVICE_TYPE_host=1 -DACC_MEM_SHARED=1  -O2  (test for excess errors)
UNRESOLVED: libgomp.oacc-c++/../libgomp.oacc-c-c++-common/loop-dim-default.c -DACC_DEVICE_TYPE_host=1 -DACC_MEM_SHARED=1  -O2  compilation failed to produce executable

		=== libgomp Summary ===

# of expected passes		4946
# of unexpected failures	3
# of unresolved testcases	3
# of unsupported tests		331
		=== libstdc++ tests ===


Running target unix
FAIL: 22_locale/num_put/put/char/14220.cc execution test
FAIL: 22_locale/num_put/put/wchar_t/14220.cc execution test
FAIL: 27_io/basic_ostream/inserters_arithmetic/char/4402.cc execution test
FAIL: 27_io/basic_ostream/inserters_arithmetic/wchar_t/4402.cc execution test
FAIL: 30_threads/call_once/constexpr.cc (test for excess errors)
FAIL: 30_threads/mutex/cons/constexpr.cc (test for excess errors)
FAIL: 30_threads/once_flag/cons/constexpr.cc (test for excess errors)
FAIL: experimental/type_erased_allocator/1.cc (test for excess errors)
FAIL: experimental/type_erased_allocator/1.cc execution test

		=== libstdc++ Summary ===

# of expected passes		9163
# of unexpected failures	9
# of expected failures		67
# of unsupported tests		1039

Compiler version: 6.1.1 20160609 [gcc-6-branch revision 237280] (GCC) 
Platform: hppa64-hp-hpux11.11
configure flags:Test Run By dave on Fri Jun 10 16:29:06 2016


Index Nav: [Date Index] [Subject Index] [Author Index] [Thread Index]
Message Nav: [Date Prev] [Date Next] [Thread Prev] [Thread Next]