This is the mail archive of the gcc-testresults@gcc.gnu.org mailing list for the GCC project.


Index Nav: [Date Index] [Subject Index] [Author Index] [Thread Index]
Message Nav: [Date Prev] [Date Next] [Thread Prev] [Thread Next]
Other format: [Raw text]

Results for 6.1.1 20160610 [gcc-6-branch revision 237293] (GCC) testsuite on sparc-sun-solaris2.12


LAST_UPDATED: Fri Jun 10 09:40:13 UTC 2016 (revision 237293)

		=== acats tests ===

		=== acats Summary ===
# of expected passes		2320
# of unexpected failures	0
Native configuration is sparc-sun-solaris2.12

		=== g++ tests ===


Running target unix

		=== g++ Summary for unix ===

# of expected passes		92664
# of expected failures		311
# of unsupported tests		3899

Running target unix/-m64

		=== g++ Summary for unix/-m64 ===

# of expected passes		94536
# of expected failures		311
# of unsupported tests		3876

		=== g++ Summary ===

# of expected passes		187200
# of expected failures		622
# of unsupported tests		7775
/var/gcc/regression/gcc-6-branch/12-gcc/build/gcc/testsuite/g++/../../xg++  version 6.1.1 20160610 [gcc-6-branch revision 237293] (GCC) 

		=== gcc tests ===


Running target unix
FAIL: gcc.dg/simulate-thread/atomic-other-int.c   -O2 -g  thread simulation test
FAIL: gcc.dg/simulate-thread/atomic-other-int.c   -O3 -g  thread simulation test
FAIL: gcc.dg/simulate-thread/speculative-store-4.c   -O0 -g  thread simulation test
FAIL: gcc.dg/simulate-thread/speculative-store-4.c   -O2 -g  thread simulation test
FAIL: gcc.dg/simulate-thread/speculative-store-4.c   -O3 -g  thread simulation test
FAIL: gcc.dg/simulate-thread/speculative-store.c   -O0 -g  thread simulation test

		=== gcc Summary for unix ===

# of expected passes		88164
# of unexpected failures	6
# of expected failures		342
# of unsupported tests		2132

Running target unix/-m64

		=== gcc Summary for unix/-m64 ===

# of expected passes		89095
# of expected failures		330
# of unsupported tests		1989

		=== gcc Summary ===

# of expected passes		177259
# of unexpected failures	6
# of expected failures		672
# of unsupported tests		4121
/var/gcc/regression/gcc-6-branch/12-gcc/build/gcc/xgcc  version 6.1.1 20160610 [gcc-6-branch revision 237293] (GCC) 

		=== gfortran tests ===


Running target unix
FAIL: gfortran.dg/coarray/event_1.f90 -fcoarray=lib  -O2  -lcaf_single -latomic execution test
FAIL: gfortran.dg/coarray/event_2.f90 -fcoarray=lib  -O2  -lcaf_single -latomic execution test

		=== gfortran Summary for unix ===

# of expected passes		42061
# of unexpected failures	2
# of expected failures		74
# of unsupported tests		228

Running target unix/-m64
FAIL: gfortran.dg/coarray/event_1.f90 -fcoarray=lib  -O2  -lcaf_single -latomic execution test
FAIL: gfortran.dg/coarray/event_2.f90 -fcoarray=lib  -O2  -lcaf_single -latomic execution test

		=== gfortran Summary for unix/-m64 ===

# of expected passes		42308
# of unexpected failures	2
# of expected failures		74
# of unsupported tests		107

		=== gfortran Summary ===

# of expected passes		84369
# of unexpected failures	4
# of expected failures		148
# of unsupported tests		335
/var/gcc/regression/gcc-6-branch/12-gcc/build/gcc/testsuite/gfortran/../../gfortran  version 6.1.1 20160610 [gcc-6-branch revision 237293] (GCC) 

		=== gnat tests ===


Running target unix

		=== gnat Summary for unix ===

# of expected passes		2467
# of expected failures		22
# of unsupported tests		21

Running target unix/-m64

		=== gnat Summary for unix/-m64 ===

# of expected passes		2467
# of expected failures		22
# of unsupported tests		21

		=== gnat Summary ===

# of expected passes		4934
# of expected failures		44
# of unsupported tests		42
/var/gcc/regression/gcc-6-branch/12-gcc/build/gcc/gnatmake version 6.1.1 20160610 [gcc-6-branch revision 237293]

		=== go tests ===


Running target unix
FAIL: go.test/test/fixedbugs/issue4562.go execution,  -O2 -g 
FAIL: go.test/test/nil.go execution,  -O2 -g 

		=== go Summary for unix ===

# of expected passes		7361
# of unexpected failures	2
# of expected failures		1
# of untested testcases		11
# of unsupported tests		3

Running target unix/-m64
FAIL: go.test/test/fixedbugs/issue4562.go execution,  -O2 -g 
FAIL: go.test/test/nil.go execution,  -O2 -g 

		=== go Summary for unix/-m64 ===

# of expected passes		7241
# of unexpected failures	2
# of expected failures		1
# of untested testcases		11
# of unsupported tests		3

		=== go Summary ===

# of expected passes		14602
# of unexpected failures	4
# of expected failures		2
# of untested testcases		22
# of unsupported tests		6
		=== obj-c++ tests ===


Running target unix

		=== obj-c++ Summary for unix ===

# of expected passes		1454
# of expected failures		2
# of unsupported tests		77

Running target unix/-m64

		=== obj-c++ Summary for unix/-m64 ===

# of expected passes		1446
# of expected failures		10
# of unsupported tests		77

		=== obj-c++ Summary ===

# of expected passes		2900
# of expected failures		12
# of unsupported tests		154
/var/gcc/regression/gcc-6-branch/12-gcc/build/gcc/testsuite/obj-c++/../../xg++  version 6.1.1 20160610 [gcc-6-branch revision 237293] (GCC) 

		=== objc tests ===


Running target unix

		=== objc Summary for unix ===

# of expected passes		2789
# of unsupported tests		68

Running target unix/-m64

		=== objc Summary for unix/-m64 ===

# of expected passes		2789
# of unsupported tests		68

		=== objc Summary ===

# of expected passes		5578
# of unsupported tests		136
/var/gcc/regression/gcc-6-branch/12-gcc/build/gcc/xgcc  version 6.1.1 20160610 [gcc-6-branch revision 237293] (GCC) 

		=== boehm-gc tests ===


Running target unix

		=== boehm-gc Summary for unix ===

# of expected passes		12
# of unsupported tests		1

Running target unix/-m64

		=== boehm-gc Summary for unix/-m64 ===

# of expected passes		12
# of unsupported tests		1

		=== boehm-gc Summary ===

# of expected passes		24
# of unsupported tests		2
		=== libatomic tests ===


Running target unix

		=== libatomic Summary for unix ===

# of expected passes		44
# of unsupported tests		5

Running target unix/-m64

		=== libatomic Summary for unix/-m64 ===

# of expected passes		54

		=== libatomic Summary ===

# of expected passes		98
# of unsupported tests		5
		=== libffi tests ===


Running target unix

		=== libffi Summary for unix ===

# of expected passes		2214

Running target unix/-m64

		=== libffi Summary for unix/-m64 ===

# of expected passes		2214

		=== libffi Summary ===

# of expected passes		4428
		=== libgo tests ===


Running target unix
FAIL: reflect
FAIL: go/build

		=== libgo Summary for unix ===

# of expected passes		132
# of unexpected failures	2

Running target unix/-m64
FAIL: go/build

		=== libgo Summary for unix/-m64 ===

# of expected passes		133
# of unexpected failures	1

		=== libgo Summary ===

# of expected passes		265
# of unexpected failures	3
/var/gcc/regression/gcc-6-branch/12-gcc/build/./gcc/gccgo version 6.1.1 20160610 [gcc-6-branch revision 237293] (GCC)

		=== libgomp tests ===


Running target unix

		=== libgomp Summary for unix ===

# of expected passes		4970
# of unsupported tests		322

Running target unix/-m64

		=== libgomp Summary for unix/-m64 ===

# of expected passes		4970
# of unsupported tests		322

		=== libgomp Summary ===

# of expected passes		9940
# of unsupported tests		644
		=== libitm tests ===


Running target unix

		=== libitm Summary for unix ===

# of expected passes		42
# of expected failures		3
# of unsupported tests		1

Running target unix/-m64

		=== libitm Summary for unix/-m64 ===

# of expected passes		42
# of expected failures		3
# of unsupported tests		1

		=== libitm Summary ===

# of expected passes		84
# of expected failures		6
# of unsupported tests		2
		=== libjava tests ===


Running target unix

		=== libjava Summary for unix ===

# of expected passes		2582
# of expected failures		4

Running target unix/-m64

		=== libjava Summary for unix/-m64 ===

# of expected passes		2582
# of expected failures		4

		=== libjava Summary ===

# of expected passes		5164
# of expected failures		8
		=== libstdc++ tests ===


Running target unix
FAIL: experimental/filesystem/operations/copy.cc execution test
FAIL: experimental/filesystem/operations/copy_file.cc execution test

		=== libstdc++ Summary for unix ===

# of expected passes		9853
# of unexpected failures	2
# of expected failures		68
# of unsupported tests		695

Running target unix/-m64
FAIL: experimental/filesystem/operations/copy.cc execution test
FAIL: experimental/filesystem/operations/copy_file.cc execution test

		=== libstdc++ Summary for unix/-m64 ===

# of expected passes		9853
# of unexpected failures	2
# of expected failures		68
# of unsupported tests		695

		=== libstdc++ Summary ===

# of expected passes		19706
# of unexpected failures	4
# of expected failures		136
# of unsupported tests		1390

Compiler version: 6.1.1 20160610 [gcc-6-branch revision 237293] (GCC) 
Platform: sparc-sun-solaris2.12
configure flags: --prefix=/vol/gcc --target=sparc-sun-solaris2.12 --enable-objc-gc --with-as=/usr/ccs/bin/as --without-gnu-as --with-gmp-include=/vol/gcc/include --with-gmp-lib=/vol/gcc/lib --with-mpfr-include=/vol/gcc/include --with-mpfr-lib=/vol/gcc/lib --with-mpc-include=/vol/gcc/include --with-mpc-lib=/vol/gcc/lib --enable-languages=all,ada,obj-c++,go --with-isl-include=/vol/gcc/include --with-isl-lib=/vol/gcc/lib
BOOT_CFLAGS=-g -O2


Index Nav: [Date Index] [Subject Index] [Author Index] [Thread Index]
Message Nav: [Date Prev] [Date Next] [Thread Prev] [Thread Next]