This is the mail archive of the gcc-testresults@gcc.gnu.org mailing list for the GCC project.


Index Nav: [Date Index] [Subject Index] [Author Index] [Thread Index]
Message Nav: [Date Prev] [Date Next] [Thread Prev] [Thread Next]
Other format: [Raw text]

Results for 7.0.0 20160607 (experimental) [trunk revision 237173] (GCC) testsuite on hppa-unknown-linux-gnu


LAST_UPDATED: Tue Jun  7 12:02:00 UTC 2016 (revision 237173)

		=== acats tests ===

		=== acats Summary ===
# of expected passes		2320
# of unexpected failures	0
Native configuration is hppa-unknown-linux-gnu

		=== gcc tests ===


Running target unix
FAIL: gcc.dg/atomic/c11-atomic-exec-5.c   -O0  execution test
FAIL: gcc.dg/atomic/c11-atomic-exec-5.c   -O1  execution test
FAIL: gcc.dg/atomic/c11-atomic-exec-5.c   -O2  execution test
FAIL: gcc.dg/atomic/c11-atomic-exec-5.c   -O2 -flto -fno-use-linker-plugin -flto-partition=none  execution test
FAIL: gcc.dg/atomic/c11-atomic-exec-5.c   -O2 -flto -fuse-linker-plugin -fno-fat-lto-objects  execution test
FAIL: gcc.dg/atomic/c11-atomic-exec-5.c   -O3 -fomit-frame-pointer -funroll-loops -fpeel-loops -ftracer -finline-functions  execution test
FAIL: gcc.dg/atomic/c11-atomic-exec-5.c   -O3 -g  execution test
FAIL: gcc.dg/atomic/c11-atomic-exec-5.c   -Os  execution test
FAIL: gcc.dg/20021014-1.c execution test
FAIL: gcc.dg/aru-2.c execution test
FAIL: gcc.dg/nest.c execution test
FAIL: gcc.dg/nested-func-4.c execution test
FAIL: gcc.dg/pr32450.c execution test
FAIL: gcc.dg/pr43643.c execution test
FAIL: c-c++-common/gomp/clauses-2.c  (test for errors, line 51)
FAIL: c-c++-common/gomp/clauses-2.c (test for excess errors)
XPASS: gcc.dg/guality/example.c   -O0  execution test
XPASS: gcc.dg/guality/guality.c   -O0  execution test
XPASS: gcc.dg/guality/inline-params.c   -O2  execution test
XPASS: gcc.dg/guality/inline-params.c   -O2 -flto -fno-use-linker-plugin -flto-partition=none  execution test
XPASS: gcc.dg/guality/inline-params.c   -O3 -g  execution test
XPASS: gcc.dg/guality/inline-params.c   -Os  execution test
FAIL: gcc.dg/guality/nrv-1.c   -O2  line 20 a2.i[0] == 42
FAIL: gcc.dg/guality/nrv-1.c   -O2 -flto -fno-use-linker-plugin -flto-partition=none  line 20 a2.i[0] == 42
FAIL: gcc.dg/guality/nrv-1.c   -O2 -flto -fuse-linker-plugin -fno-fat-lto-objects  line 20 a2.i[0] == 42
FAIL: gcc.dg/guality/nrv-1.c   -O3 -g  line 20 a2.i[0] == 42
FAIL: gcc.dg/guality/nrv-1.c   -Os  line 20 a2.i[0] == 42
FAIL: gcc.dg/guality/pr36728-1.c   -O1  line 16 arg5 == 5
FAIL: gcc.dg/guality/pr36728-1.c   -O1  line 16 arg6 == 6
FAIL: gcc.dg/guality/pr36728-1.c   -O1  line 16 arg7 == 30
FAIL: gcc.dg/guality/pr36728-1.c   -O1  line 18 arg5 == 5
FAIL: gcc.dg/guality/pr36728-1.c   -O1  line 18 arg6 == 6
FAIL: gcc.dg/guality/pr36728-1.c   -O1  line 18 arg7 == 30
FAIL: gcc.dg/guality/pr36728-1.c   -O2  line 16 arg5 == 5
FAIL: gcc.dg/guality/pr36728-1.c   -O2  line 16 arg6 == 6
FAIL: gcc.dg/guality/pr36728-1.c   -O2  line 16 arg7 == 30
FAIL: gcc.dg/guality/pr36728-1.c   -O2  line 16 y == 2
FAIL: gcc.dg/guality/pr36728-1.c   -O2  line 18 arg5 == 5
FAIL: gcc.dg/guality/pr36728-1.c   -O2  line 18 arg6 == 6
FAIL: gcc.dg/guality/pr36728-1.c   -O2  line 18 arg7 == 30
FAIL: gcc.dg/guality/pr36728-1.c   -O2 -flto -fno-use-linker-plugin -flto-partition=none  line 16 arg5 == 5
FAIL: gcc.dg/guality/pr36728-1.c   -O2 -flto -fno-use-linker-plugin -flto-partition=none  line 16 arg6 == 6
FAIL: gcc.dg/guality/pr36728-1.c   -O2 -flto -fno-use-linker-plugin -flto-partition=none  line 16 arg7 == 30
FAIL: gcc.dg/guality/pr36728-1.c   -O2 -flto -fno-use-linker-plugin -flto-partition=none  line 16 y == 2
FAIL: gcc.dg/guality/pr36728-1.c   -O2 -flto -fno-use-linker-plugin -flto-partition=none  line 18 arg5 == 5
FAIL: gcc.dg/guality/pr36728-1.c   -O2 -flto -fno-use-linker-plugin -flto-partition=none  line 18 arg6 == 6
FAIL: gcc.dg/guality/pr36728-1.c   -O2 -flto -fno-use-linker-plugin -flto-partition=none  line 18 arg7 == 30
FAIL: gcc.dg/guality/pr36728-1.c   -O2 -flto -fuse-linker-plugin -fno-fat-lto-objects  line 16 y == 2
FAIL: gcc.dg/guality/pr36728-1.c   -O3 -g  line 16 y == 2
FAIL: gcc.dg/guality/pr36728-1.c   -Os  line 16 arg5 == 5
FAIL: gcc.dg/guality/pr36728-1.c   -Os  line 16 arg6 == 6
FAIL: gcc.dg/guality/pr36728-1.c   -Os  line 16 arg7 == 30
FAIL: gcc.dg/guality/pr36728-1.c   -Os  line 16 y == 2
FAIL: gcc.dg/guality/pr36728-1.c   -Os  line 18 arg5 == 5
FAIL: gcc.dg/guality/pr36728-1.c   -Os  line 18 arg6 == 6
FAIL: gcc.dg/guality/pr36728-1.c   -Os  line 18 arg7 == 30
FAIL: gcc.dg/guality/pr36728-2.c   -O1  line 16 arg5 == 5
FAIL: gcc.dg/guality/pr36728-2.c   -O1  line 16 arg6 == 6
FAIL: gcc.dg/guality/pr36728-2.c   -O1  line 16 arg7 == 30
FAIL: gcc.dg/guality/pr36728-2.c   -O1  line 18 arg5 == 5
FAIL: gcc.dg/guality/pr36728-2.c   -O1  line 18 arg6 == 6
FAIL: gcc.dg/guality/pr36728-2.c   -O1  line 18 arg7 == 30
FAIL: gcc.dg/guality/pr36728-2.c   -O2  line 16 arg5 == 5
FAIL: gcc.dg/guality/pr36728-2.c   -O2  line 16 arg6 == 6
FAIL: gcc.dg/guality/pr36728-2.c   -O2  line 16 arg7 == 30
FAIL: gcc.dg/guality/pr36728-2.c   -O2  line 18 arg5 == 5
FAIL: gcc.dg/guality/pr36728-2.c   -O2  line 18 arg6 == 6
FAIL: gcc.dg/guality/pr36728-2.c   -O2  line 18 arg7 == 30
FAIL: gcc.dg/guality/pr36728-2.c   -O2 -flto -fno-use-linker-plugin -flto-partition=none  line 16 arg5 == 5
FAIL: gcc.dg/guality/pr36728-2.c   -O2 -flto -fno-use-linker-plugin -flto-partition=none  line 16 arg6 == 6
FAIL: gcc.dg/guality/pr36728-2.c   -O2 -flto -fno-use-linker-plugin -flto-partition=none  line 16 arg7 == 30
FAIL: gcc.dg/guality/pr36728-2.c   -O2 -flto -fno-use-linker-plugin -flto-partition=none  line 18 arg5 == 5
FAIL: gcc.dg/guality/pr36728-2.c   -O2 -flto -fno-use-linker-plugin -flto-partition=none  line 18 arg6 == 6
FAIL: gcc.dg/guality/pr36728-2.c   -O2 -flto -fno-use-linker-plugin -flto-partition=none  line 18 arg7 == 30
FAIL: gcc.dg/guality/pr36728-2.c   -O2 -flto -fuse-linker-plugin -fno-fat-lto-objects  line 16 arg1 == 1
FAIL: gcc.dg/guality/pr36728-2.c   -O2 -flto -fuse-linker-plugin -fno-fat-lto-objects  line 16 arg2 == 2
FAIL: gcc.dg/guality/pr36728-2.c   -O2 -flto -fuse-linker-plugin -fno-fat-lto-objects  line 16 arg3 == 3
FAIL: gcc.dg/guality/pr36728-2.c   -O2 -flto -fuse-linker-plugin -fno-fat-lto-objects  line 16 arg4 == 4
FAIL: gcc.dg/guality/pr36728-2.c   -O2 -flto -fuse-linker-plugin -fno-fat-lto-objects  line 16 arg5 == 5
FAIL: gcc.dg/guality/pr36728-2.c   -O2 -flto -fuse-linker-plugin -fno-fat-lto-objects  line 16 arg6 == 6
FAIL: gcc.dg/guality/pr36728-2.c   -O2 -flto -fuse-linker-plugin -fno-fat-lto-objects  line 16 arg7 == 30
FAIL: gcc.dg/guality/pr36728-2.c   -O2 -flto -fuse-linker-plugin -fno-fat-lto-objects  line 18 arg1 == 1
FAIL: gcc.dg/guality/pr36728-2.c   -O2 -flto -fuse-linker-plugin -fno-fat-lto-objects  line 18 arg2 == 2
FAIL: gcc.dg/guality/pr36728-2.c   -O2 -flto -fuse-linker-plugin -fno-fat-lto-objects  line 18 arg3 == 3
FAIL: gcc.dg/guality/pr36728-2.c   -O2 -flto -fuse-linker-plugin -fno-fat-lto-objects  line 18 arg4 == 4
FAIL: gcc.dg/guality/pr36728-2.c   -O2 -flto -fuse-linker-plugin -fno-fat-lto-objects  line 18 arg5 == 5
FAIL: gcc.dg/guality/pr36728-2.c   -O2 -flto -fuse-linker-plugin -fno-fat-lto-objects  line 18 arg6 == 6
FAIL: gcc.dg/guality/pr36728-2.c   -O2 -flto -fuse-linker-plugin -fno-fat-lto-objects  line 18 arg7 == 30
FAIL: gcc.dg/guality/pr36728-2.c   -O3 -g  line 16 arg1 == 1
FAIL: gcc.dg/guality/pr36728-2.c   -O3 -g  line 16 arg2 == 2
FAIL: gcc.dg/guality/pr36728-2.c   -O3 -g  line 16 arg3 == 3
FAIL: gcc.dg/guality/pr36728-2.c   -O3 -g  line 16 arg4 == 4
FAIL: gcc.dg/guality/pr36728-2.c   -O3 -g  line 16 arg5 == 5
FAIL: gcc.dg/guality/pr36728-2.c   -O3 -g  line 16 arg6 == 6
FAIL: gcc.dg/guality/pr36728-2.c   -O3 -g  line 16 arg7 == 30
FAIL: gcc.dg/guality/pr36728-2.c   -O3 -g  line 18 arg1 == 1
FAIL: gcc.dg/guality/pr36728-2.c   -O3 -g  line 18 arg2 == 2
FAIL: gcc.dg/guality/pr36728-2.c   -O3 -g  line 18 arg3 == 3
FAIL: gcc.dg/guality/pr36728-2.c   -O3 -g  line 18 arg4 == 4
FAIL: gcc.dg/guality/pr36728-2.c   -O3 -g  line 18 arg5 == 5
FAIL: gcc.dg/guality/pr36728-2.c   -O3 -g  line 18 arg6 == 6
FAIL: gcc.dg/guality/pr36728-2.c   -O3 -g  line 18 arg7 == 30
FAIL: gcc.dg/guality/pr36728-2.c   -Os  line 16 arg5 == 5
FAIL: gcc.dg/guality/pr36728-2.c   -Os  line 16 arg6 == 6
FAIL: gcc.dg/guality/pr36728-2.c   -Os  line 16 arg7 == 30
FAIL: gcc.dg/guality/pr36728-2.c   -Os  line 16 y == 2
FAIL: gcc.dg/guality/pr36728-2.c   -Os  line 18 arg5 == 5
FAIL: gcc.dg/guality/pr36728-2.c   -Os  line 18 arg6 == 6
FAIL: gcc.dg/guality/pr36728-2.c   -Os  line 18 arg7 == 30
FAIL: gcc.dg/guality/pr36728-3.c   -O1  line 14 arg5 == 5
FAIL: gcc.dg/guality/pr36728-3.c   -O1  line 14 arg6 == 6
FAIL: gcc.dg/guality/pr36728-3.c   -O1  line 14 arg7 == 30
FAIL: gcc.dg/guality/pr36728-3.c   -O1  line 16 arg5 == 5
FAIL: gcc.dg/guality/pr36728-3.c   -O1  line 16 arg6 == 6
FAIL: gcc.dg/guality/pr36728-3.c   -O1  line 16 arg7 == 30
FAIL: gcc.dg/guality/pr36728-3.c   -O2  line 14 arg5 == 5
FAIL: gcc.dg/guality/pr36728-3.c   -O2  line 14 arg6 == 6
FAIL: gcc.dg/guality/pr36728-3.c   -O2  line 14 arg7 == 30
FAIL: gcc.dg/guality/pr36728-3.c   -O2  line 16 arg5 == 5
FAIL: gcc.dg/guality/pr36728-3.c   -O2  line 16 arg6 == 6
FAIL: gcc.dg/guality/pr36728-3.c   -O2  line 16 arg7 == 30
FAIL: gcc.dg/guality/pr36728-3.c   -O2 -flto -fno-use-linker-plugin -flto-partition=none  line 14 arg5 == 5
FAIL: gcc.dg/guality/pr36728-3.c   -O2 -flto -fno-use-linker-plugin -flto-partition=none  line 14 arg6 == 6
FAIL: gcc.dg/guality/pr36728-3.c   -O2 -flto -fno-use-linker-plugin -flto-partition=none  line 14 arg7 == 30
FAIL: gcc.dg/guality/pr36728-3.c   -O2 -flto -fno-use-linker-plugin -flto-partition=none  line 16 arg5 == 5
FAIL: gcc.dg/guality/pr36728-3.c   -O2 -flto -fno-use-linker-plugin -flto-partition=none  line 16 arg6 == 6
FAIL: gcc.dg/guality/pr36728-3.c   -O2 -flto -fno-use-linker-plugin -flto-partition=none  line 16 arg7 == 30
FAIL: gcc.dg/guality/pr36728-3.c   -Os  line 14 arg5 == 5
FAIL: gcc.dg/guality/pr36728-3.c   -Os  line 14 arg6 == 6
FAIL: gcc.dg/guality/pr36728-3.c   -Os  line 14 arg7 == 30
FAIL: gcc.dg/guality/pr36728-3.c   -Os  line 16 arg5 == 5
FAIL: gcc.dg/guality/pr36728-3.c   -Os  line 16 arg6 == 6
FAIL: gcc.dg/guality/pr36728-3.c   -Os  line 16 arg7 == 30
FAIL: gcc.dg/guality/pr36728-4.c   -O1  line 14 arg5 == 5
FAIL: gcc.dg/guality/pr36728-4.c   -O1  line 14 arg6 == 6
FAIL: gcc.dg/guality/pr36728-4.c   -O1  line 14 arg7 == 30
FAIL: gcc.dg/guality/pr36728-4.c   -O1  line 16 arg5 == 5
FAIL: gcc.dg/guality/pr36728-4.c   -O1  line 16 arg6 == 6
FAIL: gcc.dg/guality/pr36728-4.c   -O1  line 16 arg7 == 30
FAIL: gcc.dg/guality/pr36728-4.c   -O2  line 14 arg5 == 5
FAIL: gcc.dg/guality/pr36728-4.c   -O2  line 14 arg6 == 6
FAIL: gcc.dg/guality/pr36728-4.c   -O2  line 14 arg7 == 30
FAIL: gcc.dg/guality/pr36728-4.c   -O2  line 16 arg5 == 5
FAIL: gcc.dg/guality/pr36728-4.c   -O2  line 16 arg6 == 6
FAIL: gcc.dg/guality/pr36728-4.c   -O2  line 16 arg7 == 30
FAIL: gcc.dg/guality/pr36728-4.c   -O2 -flto -fno-use-linker-plugin -flto-partition=none  line 14 arg5 == 5
FAIL: gcc.dg/guality/pr36728-4.c   -O2 -flto -fno-use-linker-plugin -flto-partition=none  line 14 arg6 == 6
FAIL: gcc.dg/guality/pr36728-4.c   -O2 -flto -fno-use-linker-plugin -flto-partition=none  line 14 arg7 == 30
FAIL: gcc.dg/guality/pr36728-4.c   -O2 -flto -fno-use-linker-plugin -flto-partition=none  line 16 arg5 == 5
FAIL: gcc.dg/guality/pr36728-4.c   -O2 -flto -fno-use-linker-plugin -flto-partition=none  line 16 arg6 == 6
FAIL: gcc.dg/guality/pr36728-4.c   -O2 -flto -fno-use-linker-plugin -flto-partition=none  line 16 arg7 == 30
FAIL: gcc.dg/guality/pr36728-4.c   -Os  line 14 arg5 == 5
FAIL: gcc.dg/guality/pr36728-4.c   -Os  line 14 arg6 == 6
FAIL: gcc.dg/guality/pr36728-4.c   -Os  line 14 arg7 == 30
FAIL: gcc.dg/guality/pr36728-4.c   -Os  line 16 arg5 == 5
FAIL: gcc.dg/guality/pr36728-4.c   -Os  line 16 arg6 == 6
FAIL: gcc.dg/guality/pr36728-4.c   -Os  line 16 arg7 == 30
XPASS: gcc.dg/guality/pr41353-1.c   -O0  line 28 j == 28 + 37
FAIL: gcc.dg/guality/pr41404-1.c   -O2 -flto -fuse-linker-plugin -fno-fat-lto-objects  line 10 *foo == 'f'
FAIL: gcc.dg/guality/pr41404-1.c   -O2 -flto -fuse-linker-plugin -fno-fat-lto-objects  line 14 *foo == 'b'
FAIL: gcc.dg/guality/pr41404-1.c   -O2 -flto -fuse-linker-plugin -fno-fat-lto-objects  line 24 *foo == 'f'
FAIL: gcc.dg/guality/pr41447-1.c   -O1  execution test
FAIL: gcc.dg/guality/pr41447-1.c   -O2  execution test
FAIL: gcc.dg/guality/pr41447-1.c   -O2 -flto -fno-use-linker-plugin -flto-partition=none  execution test
FAIL: gcc.dg/guality/pr41447-1.c   -O3 -g  execution test
FAIL: gcc.dg/guality/pr41447-1.c   -Os  execution test
FAIL: gcc.dg/guality/pr41616-1.c   -O1  execution test
FAIL: gcc.dg/guality/pr41616-1.c   -O2  execution test
FAIL: gcc.dg/guality/pr41616-1.c   -O2 -flto -fno-use-linker-plugin -flto-partition=none  execution test
FAIL: gcc.dg/guality/pr41616-1.c   -O2 -flto -fuse-linker-plugin -fno-fat-lto-objects  execution test
FAIL: gcc.dg/guality/pr41616-1.c   -O3 -g  execution test
FAIL: gcc.dg/guality/pr41616-1.c   -Os  execution test
FAIL: gcc.dg/guality/pr45882.c   -O2 -flto -fuse-linker-plugin -fno-fat-lto-objects  line 16 d == 112
FAIL: gcc.dg/guality/pr45882.c   -O2 -flto -fuse-linker-plugin -fno-fat-lto-objects  line 16 e == 142
FAIL: gcc.dg/guality/pr54200.c   -Os  line 20 z == 3
FAIL: gcc.dg/guality/pr54519-1.c   -O2  line 20 y == 25
FAIL: gcc.dg/guality/pr54519-1.c   -O2  line 23 y == 117
FAIL: gcc.dg/guality/pr54519-1.c   -O2 -flto -fno-use-linker-plugin -flto-partition=none  line 20 y == 25
FAIL: gcc.dg/guality/pr54519-1.c   -O2 -flto -fno-use-linker-plugin -flto-partition=none  line 20 z == 6
FAIL: gcc.dg/guality/pr54519-1.c   -O2 -flto -fno-use-linker-plugin -flto-partition=none  line 23 y == 117
FAIL: gcc.dg/guality/pr54519-1.c   -O2 -flto -fno-use-linker-plugin -flto-partition=none  line 23 z == 8
FAIL: gcc.dg/guality/pr54519-1.c   -Os  line 20 y == 25
FAIL: gcc.dg/guality/pr54519-1.c   -Os  line 23 y == 117
FAIL: gcc.dg/guality/pr54519-2.c   -O1  line 17 y == 25
FAIL: gcc.dg/guality/pr54519-2.c   -O2  line 17 y == 25
FAIL: gcc.dg/guality/pr54519-2.c   -O2 -flto -fno-use-linker-plugin -flto-partition=none  line 17 y == 25
FAIL: gcc.dg/guality/pr54519-2.c   -O2 -flto -fuse-linker-plugin -fno-fat-lto-objects  line 17 y == 25
FAIL: gcc.dg/guality/pr54519-2.c   -Os  line 17 y == 25
FAIL: gcc.dg/guality/pr54519-3.c   -O1  line 20 z == 6
FAIL: gcc.dg/guality/pr54519-3.c   -O1  line 23 z == 8
FAIL: gcc.dg/guality/pr54519-3.c   -O2  line 20 z == 6
FAIL: gcc.dg/guality/pr54519-3.c   -O2  line 23 z == 8
FAIL: gcc.dg/guality/pr54519-3.c   -O2 -flto -fno-use-linker-plugin -flto-partition=none  line 20 y == 25
FAIL: gcc.dg/guality/pr54519-3.c   -O2 -flto -fno-use-linker-plugin -flto-partition=none  line 20 z == 6
FAIL: gcc.dg/guality/pr54519-3.c   -O2 -flto -fno-use-linker-plugin -flto-partition=none  line 23 y == 117
FAIL: gcc.dg/guality/pr54519-3.c   -O2 -flto -fno-use-linker-plugin -flto-partition=none  line 23 z == 8
FAIL: gcc.dg/guality/pr54519-3.c   -O2 -flto -fuse-linker-plugin -fno-fat-lto-objects  line 20 y == 25
FAIL: gcc.dg/guality/pr54519-3.c   -O2 -flto -fuse-linker-plugin -fno-fat-lto-objects  line 20 z == 6
FAIL: gcc.dg/guality/pr54519-3.c   -O2 -flto -fuse-linker-plugin -fno-fat-lto-objects  line 23 y == 117
FAIL: gcc.dg/guality/pr54519-3.c   -O2 -flto -fuse-linker-plugin -fno-fat-lto-objects  line 23 z == 8
FAIL: gcc.dg/guality/pr54519-3.c   -O3 -g  line 20 z == 6
FAIL: gcc.dg/guality/pr54519-3.c   -O3 -g  line 23 z == 8
FAIL: gcc.dg/guality/pr54519-3.c   -Os  line 20 z == 6
FAIL: gcc.dg/guality/pr54519-3.c   -Os  line 23 z == 8
FAIL: gcc.dg/guality/pr54519-4.c   -O1  line 17 y == 25
FAIL: gcc.dg/guality/pr54519-4.c   -O2  line 17 y == 25
FAIL: gcc.dg/guality/pr54519-4.c   -O2 -flto -fno-use-linker-plugin -flto-partition=none  line 17 y == 25
FAIL: gcc.dg/guality/pr54519-4.c   -O2 -flto -fuse-linker-plugin -fno-fat-lto-objects  line 17 y == 25
FAIL: gcc.dg/guality/pr54519-4.c   -O3 -g  line 17 y == 25
FAIL: gcc.dg/guality/pr54519-4.c   -Os  line 17 y == 25
FAIL: gcc.dg/guality/pr54519-5.c   -O2 -flto -fno-use-linker-plugin -flto-partition=none  line 17 y == 25
FAIL: gcc.dg/guality/pr54519-5.c   -O2 -flto -fuse-linker-plugin -fno-fat-lto-objects  line 17 y == 25
FAIL: gcc.dg/guality/pr68860-1.c   -O1  line 14 arg5 == 5
FAIL: gcc.dg/guality/pr68860-1.c   -O1  line 14 arg6 == 6
FAIL: gcc.dg/guality/pr68860-1.c   -O1  line 14 arg7 == 30
FAIL: gcc.dg/guality/pr68860-1.c   -O1  line 14 arg8 == 7
FAIL: gcc.dg/guality/pr68860-1.c   -O1  line 16 arg5 == 5
FAIL: gcc.dg/guality/pr68860-1.c   -O1  line 16 arg6 == 6
FAIL: gcc.dg/guality/pr68860-1.c   -O1  line 16 arg7 == 30
FAIL: gcc.dg/guality/pr68860-1.c   -O1  line 16 arg8 == 7
FAIL: gcc.dg/guality/pr68860-1.c   -O2 -flto -fno-use-linker-plugin -flto-partition=none  line 14 arg1 == 1
FAIL: gcc.dg/guality/pr68860-1.c   -O2 -flto -fno-use-linker-plugin -flto-partition=none  line 14 arg2 == 2
FAIL: gcc.dg/guality/pr68860-1.c   -O2 -flto -fno-use-linker-plugin -flto-partition=none  line 14 arg3 == 3
FAIL: gcc.dg/guality/pr68860-1.c   -O2 -flto -fno-use-linker-plugin -flto-partition=none  line 14 arg4 == 4
FAIL: gcc.dg/guality/pr68860-1.c   -O2 -flto -fno-use-linker-plugin -flto-partition=none  line 14 arg5 == 5
FAIL: gcc.dg/guality/pr68860-1.c   -O2 -flto -fno-use-linker-plugin -flto-partition=none  line 14 arg6 == 6
FAIL: gcc.dg/guality/pr68860-1.c   -O2 -flto -fno-use-linker-plugin -flto-partition=none  line 16 arg1 == 1
FAIL: gcc.dg/guality/pr68860-1.c   -O2 -flto -fno-use-linker-plugin -flto-partition=none  line 16 arg2 == 2
FAIL: gcc.dg/guality/pr68860-1.c   -O2 -flto -fno-use-linker-plugin -flto-partition=none  line 16 arg3 == 3
FAIL: gcc.dg/guality/pr68860-1.c   -O2 -flto -fno-use-linker-plugin -flto-partition=none  line 16 arg4 == 4
FAIL: gcc.dg/guality/pr68860-1.c   -O2 -flto -fno-use-linker-plugin -flto-partition=none  line 16 arg5 == 5
FAIL: gcc.dg/guality/pr68860-1.c   -O2 -flto -fno-use-linker-plugin -flto-partition=none  line 16 arg6 == 6
FAIL: gcc.dg/guality/pr68860-1.c   -O2 -flto -fuse-linker-plugin -fno-fat-lto-objects  line 14 arg1 == 1
FAIL: gcc.dg/guality/pr68860-1.c   -O2 -flto -fuse-linker-plugin -fno-fat-lto-objects  line 14 arg2 == 2
FAIL: gcc.dg/guality/pr68860-1.c   -O2 -flto -fuse-linker-plugin -fno-fat-lto-objects  line 14 arg3 == 3
FAIL: gcc.dg/guality/pr68860-1.c   -O2 -flto -fuse-linker-plugin -fno-fat-lto-objects  line 14 arg4 == 4
FAIL: gcc.dg/guality/pr68860-1.c   -O2 -flto -fuse-linker-plugin -fno-fat-lto-objects  line 14 arg5 == 5
FAIL: gcc.dg/guality/pr68860-1.c   -O2 -flto -fuse-linker-plugin -fno-fat-lto-objects  line 14 arg6 == 6
FAIL: gcc.dg/guality/pr68860-1.c   -O2 -flto -fuse-linker-plugin -fno-fat-lto-objects  line 16 arg1 == 1
FAIL: gcc.dg/guality/pr68860-1.c   -O2 -flto -fuse-linker-plugin -fno-fat-lto-objects  line 16 arg2 == 2
FAIL: gcc.dg/guality/pr68860-1.c   -O2 -flto -fuse-linker-plugin -fno-fat-lto-objects  line 16 arg3 == 3
FAIL: gcc.dg/guality/pr68860-1.c   -O2 -flto -fuse-linker-plugin -fno-fat-lto-objects  line 16 arg4 == 4
FAIL: gcc.dg/guality/pr68860-1.c   -O2 -flto -fuse-linker-plugin -fno-fat-lto-objects  line 16 arg5 == 5
FAIL: gcc.dg/guality/pr68860-1.c   -O2 -flto -fuse-linker-plugin -fno-fat-lto-objects  line 16 arg6 == 6
FAIL: gcc.dg/guality/pr68860-2.c   -O1  line 14 arg5 == 5
FAIL: gcc.dg/guality/pr68860-2.c   -O1  line 14 arg6 == 6
FAIL: gcc.dg/guality/pr68860-2.c   -O1  line 14 arg7 == 30
FAIL: gcc.dg/guality/pr68860-2.c   -O1  line 14 arg8 == 7
FAIL: gcc.dg/guality/pr68860-2.c   -O1  line 16 arg5 == 5
FAIL: gcc.dg/guality/pr68860-2.c   -O1  line 16 arg6 == 6
FAIL: gcc.dg/guality/pr68860-2.c   -O1  line 16 arg7 == 30
FAIL: gcc.dg/guality/pr68860-2.c   -O1  line 16 arg8 == 7
FAIL: gcc.dg/guality/pr68860-2.c   -O2  line 14 arg5 == 5
FAIL: gcc.dg/guality/pr68860-2.c   -O2  line 14 arg6 == 6
FAIL: gcc.dg/guality/pr68860-2.c   -O2  line 14 arg7 == 30
FAIL: gcc.dg/guality/pr68860-2.c   -O2  line 14 arg8 == 7
FAIL: gcc.dg/guality/pr68860-2.c   -O2  line 16 arg5 == 5
FAIL: gcc.dg/guality/pr68860-2.c   -O2  line 16 arg6 == 6
FAIL: gcc.dg/guality/pr68860-2.c   -O2  line 16 arg7 == 30
FAIL: gcc.dg/guality/pr68860-2.c   -O2  line 16 arg8 == 7
FAIL: gcc.dg/guality/pr68860-2.c   -O2 -flto -fno-use-linker-plugin -flto-partition=none  line 14 arg5 == 5
FAIL: gcc.dg/guality/pr68860-2.c   -O2 -flto -fno-use-linker-plugin -flto-partition=none  line 14 arg6 == 6
FAIL: gcc.dg/guality/pr68860-2.c   -O2 -flto -fno-use-linker-plugin -flto-partition=none  line 14 arg7 == 30
FAIL: gcc.dg/guality/pr68860-2.c   -O2 -flto -fno-use-linker-plugin -flto-partition=none  line 14 arg8 == 7
FAIL: gcc.dg/guality/pr68860-2.c   -O2 -flto -fno-use-linker-plugin -flto-partition=none  line 16 arg5 == 5
FAIL: gcc.dg/guality/pr68860-2.c   -O2 -flto -fno-use-linker-plugin -flto-partition=none  line 16 arg6 == 6
FAIL: gcc.dg/guality/pr68860-2.c   -O2 -flto -fno-use-linker-plugin -flto-partition=none  line 16 arg7 == 30
FAIL: gcc.dg/guality/pr68860-2.c   -O2 -flto -fno-use-linker-plugin -flto-partition=none  line 16 arg8 == 7
FAIL: gcc.dg/guality/pr68860-2.c   -Os  line 14 arg5 == 5
FAIL: gcc.dg/guality/pr68860-2.c   -Os  line 14 arg6 == 6
FAIL: gcc.dg/guality/pr68860-2.c   -Os  line 14 arg7 == 30
FAIL: gcc.dg/guality/pr68860-2.c   -Os  line 14 arg8 == 7
FAIL: gcc.dg/guality/pr68860-2.c   -Os  line 16 arg5 == 5
FAIL: gcc.dg/guality/pr68860-2.c   -Os  line 16 arg6 == 6
FAIL: gcc.dg/guality/pr68860-2.c   -Os  line 16 arg7 == 30
FAIL: gcc.dg/guality/pr68860-2.c   -Os  line 16 arg8 == 7
FAIL: gcc.dg/guality/pr69947.c   -O1  line 14 b[4] == 'e'
FAIL: gcc.dg/guality/pr69947.c   -O1  line 14 c[2] == 'o'
FAIL: gcc.dg/guality/pr69947.c   -O2  line 14 b[4] == 'e'
FAIL: gcc.dg/guality/pr69947.c   -O2  line 14 c[2] == 'o'
FAIL: gcc.dg/guality/pr69947.c   -O2 -flto -fno-use-linker-plugin -flto-partition=none  line 14 b[4] == 'e'
FAIL: gcc.dg/guality/pr69947.c   -O2 -flto -fuse-linker-plugin -fno-fat-lto-objects  line 14 b[4] == 'e'
FAIL: gcc.dg/guality/pr69947.c   -O3 -g  line 14 b[4] == 'e'
FAIL: gcc.dg/guality/pr69947.c   -O3 -g  line 14 c[2] == 'o'
FAIL: gcc.dg/guality/pr69947.c   -Os  line 14 b[4] == 'e'
FAIL: gcc.dg/guality/pr69947.c   -Os  line 14 c[2] == 'o'
FAIL: gcc.dg/guality/sra-1.c   -O1  line 43 a.j == 14
FAIL: gcc.dg/guality/sra-1.c   -O2  line 43 a.j == 14
FAIL: gcc.dg/guality/sra-1.c   -O2 -flto -fno-use-linker-plugin -flto-partition=none  line 43 a.j == 14
FAIL: gcc.dg/guality/sra-1.c   -O2 -flto -fuse-linker-plugin -fno-fat-lto-objects  line 43 a.j == 14
FAIL: gcc.dg/guality/sra-1.c   -O3 -g  line 43 a.j == 14
FAIL: gcc.dg/guality/sra-1.c   -Os  line 43 a.j == 14
FAIL: gcc.dg/guality/vla-1.c   -O1  line 17 sizeof (a) == 6
FAIL: gcc.dg/guality/vla-1.c   -O2  line 17 sizeof (a) == 6
FAIL: gcc.dg/guality/vla-1.c   -O2 -flto -fno-use-linker-plugin -flto-partition=none  line 17 sizeof (a) == 6
FAIL: gcc.dg/guality/vla-1.c   -O2 -flto -fuse-linker-plugin -fno-fat-lto-objects  line 17 sizeof (a) == 6
FAIL: gcc.dg/guality/vla-1.c   -O3 -g  line 17 sizeof (a) == 6
FAIL: gcc.dg/guality/vla-1.c   -Os  line 17 sizeof (a) == 6
FAIL: gcc.dg/ipa/ipcp-cstagg-7.c scan-ipa-dump-times cp "Discovered an indirect call to a known target" 3
FAIL: gcc.dg/plugin/must-tail-call-1.c -fplugin=./must_tail_call_plugin.so (test for excess errors)
FAIL: gcc.dg/plugin/must-tail-call-2.c -fplugin=./must_tail_call_plugin.so  (test for errors, line 32)
FAIL: gcc.dg/plugin/must-tail-call-2.c -fplugin=./must_tail_call_plugin.so  (test for errors, line 39)
FAIL: gcc.dg/plugin/must-tail-call-2.c -fplugin=./must_tail_call_plugin.so  (test for errors, line 57)
FAIL: gcc.dg/plugin/must-tail-call-2.c -fplugin=./must_tail_call_plugin.so (test for excess errors)
XPASS: gcc.dg/tree-ssa/loop-1.c scan-assembler-times foo 5
FAIL: gcc.dg/tree-ssa/scev-4.c scan-tree-dump-times optimized "&a" 1
FAIL: gcc.dg/tree-ssa/scev-5.c scan-tree-dump-times optimized "&a" 1

		=== gcc Summary ===

# of expected passes		88529
# of unexpected failures	299
# of unexpected successes	8
# of expected failures		160
# of unsupported tests		1776
/home/dave/gnu/gcc/objdir/gcc/xgcc  version 7.0.0 20160607 (experimental) [trunk revision 237173] (GCC) 

		=== gfortran tests ===


Running target unix

		=== gfortran Summary ===

# of expected passes		41304
# of expected failures		73
# of unsupported tests		323
/home/dave/gnu/gcc/objdir/gcc/gfortran  version 7.0.0 20160607 (experimental) [trunk revision 237173] (GCC) 

		=== g++ tests ===


Running target unix
FAIL: c-c++-common/gomp/clauses-2.c  -std=c++11  (test for errors, line 51)
FAIL: c-c++-common/gomp/clauses-2.c  -std=c++11 (test for excess errors)
FAIL: c-c++-common/gomp/clauses-2.c  -std=c++14  (test for errors, line 51)
FAIL: c-c++-common/gomp/clauses-2.c  -std=c++14 (test for excess errors)
FAIL: c-c++-common/gomp/clauses-2.c  -std=c++98  (test for errors, line 51)
FAIL: c-c++-common/gomp/clauses-2.c  -std=c++98 (test for excess errors)
FAIL: g++.dg/gomp/pr33372-2.C  -std=gnu++11 (internal compiler error)
FAIL: g++.dg/gomp/pr33372-2.C  -std=gnu++11 (test for excess errors)
FAIL: g++.dg/guality/pr55665.C   -O2  line 23 p == 40
FAIL: g++.dg/guality/pr55665.C   -O3 -g  line 23 p == 40
XPASS: g++.dg/tls/thread_local-order2.C  -std=c++11 execution test
XPASS: g++.dg/tls/thread_local-order2.C  -std=c++14 execution test
FAIL: g++.old-deja/g++.abi/vtable2.C  -std=gnu++11 execution test
FAIL: g++.old-deja/g++.abi/vtable2.C  -std=gnu++14 execution test
FAIL: g++.old-deja/g++.abi/vtable2.C  -std=gnu++98 execution test
FAIL: g++.old-deja/g++.law/profile1.C  -std=gnu++11 execution test
FAIL: g++.old-deja/g++.law/profile1.C  -std=gnu++14 execution test
FAIL: g++.old-deja/g++.law/profile1.C  -std=gnu++98 execution test

		=== g++ Summary ===

# of expected passes		93674
# of unexpected failures	16
# of unexpected successes	2
# of expected failures		299
# of unsupported tests		3885
/home/dave/gnu/gcc/objdir/gcc/xg++  version 7.0.0 20160607 (experimental) [trunk revision 237173] (GCC) 

		=== gnat tests ===


Running target unix

		=== gnat Summary ===

# of expected passes		2476
# of expected failures		22
# of unsupported tests		19
/home/dave/gnu/gcc/objdir/gcc/gnatmake version 7.0.0 20160607 (experimental) [trunk revision 237173]

		=== obj-c++ tests ===


Running target unix

		=== obj-c++ Summary ===

# of expected passes		1454
# of expected failures		2
# of unsupported tests		77
/home/dave/gnu/gcc/objdir/gcc/xg++  version 7.0.0 20160607 (experimental) [trunk revision 237173] (GCC) 

		=== objc tests ===


Running target unix

		=== objc Summary ===

# of expected passes		2789
# of unsupported tests		68
/home/dave/gnu/gcc/objdir/gcc/xgcc  version 7.0.0 20160607 (experimental) [trunk revision 237173] (GCC) 

		=== boehm-gc tests ===


Running target unix

		=== boehm-gc Summary ===

# of expected passes		12
# of unsupported tests		1
		=== libatomic tests ===


Running target unix

		=== libatomic Summary ===

# of expected passes		44
# of unsupported tests		5
		=== libffi tests ===


Running target unix

		=== libffi Summary ===

# of expected passes		1914
# of unsupported tests		30
		=== libgomp tests ===


Running target unix
FAIL: libgomp.c/target-29.c (internal compiler error)
FAIL: libgomp.c/target-29.c (test for excess errors)
UNRESOLVED: libgomp.c/target-29.c compilation failed to produce executable
FAIL: libgomp.c++/member-5.C execution test
FAIL: libgomp.c++/target-15.C (internal compiler error)
FAIL: libgomp.c++/target-15.C (test for excess errors)
UNRESOLVED: libgomp.c++/target-15.C compilation failed to produce executable
FAIL: libgomp.c++/target-16.C (internal compiler error)
FAIL: libgomp.c++/target-16.C (test for excess errors)
UNRESOLVED: libgomp.c++/target-16.C compilation failed to produce executable
FAIL: libgomp.c++/target-17.C (internal compiler error)
FAIL: libgomp.c++/target-17.C (test for excess errors)
UNRESOLVED: libgomp.c++/target-17.C compilation failed to produce executable
FAIL: libgomp.c++/target-19.C (internal compiler error)
FAIL: libgomp.c++/target-19.C (test for excess errors)
UNRESOLVED: libgomp.c++/target-19.C compilation failed to produce executable

		=== libgomp Summary ===

# of expected passes		4855
# of unexpected failures	11
# of unresolved testcases	5
# of unsupported tests		368
		=== libjava tests ===


Running target unix

		=== libjava Summary ===

# of expected passes		2606
# of expected failures		4
		=== libstdc++ tests ===


Running target unix
FAIL: 22_locale/numpunct/members/char/3.cc execution test
FAIL: 22_locale/time_get/get_date/wchar_t/4.cc execution test
FAIL: 30_threads/condition_variable/54185.cc execution test
FAIL: ext/rope/pthread7-rope.cc execution test
WARNING: program timed out.
WARNING: program timed out.
FAIL: libstdc++-prettyprinters/libfundts.cc print ab
FAIL: libstdc++-prettyprinters/libfundts.cc print ai
FAIL: libstdc++-prettyprinters/libfundts.cc print am
FAIL: libstdc++-prettyprinters/libfundts.cc print ap
FAIL: libstdc++-prettyprinters/libfundts.cc print as
FAIL: libstdc++-prettyprinters/libfundts.cc print as2

		=== libstdc++ Summary ===

# of expected passes		11007
# of unexpected failures	10
# of expected failures		66
# of unsupported tests		266

Compiler version: 7.0.0 20160607 (experimental) [trunk revision 237173] (GCC) 
Platform: hppa-unknown-linux-gnu
configure flags: --with-gnu-as --with-gnu-ld --enable-shared --enable-multiarch --enable-linker-build-id --build=hppa-linux-gnu --host=hppa-linux-gnu --target=hppa-linux-gnu --prefix=/home/dave/opt/gnu/gcc/gcc-7 --with-local-prefix=/home/dave/opt/gnu --enable-threads=posix --enable-__cxa_atexit --build=hppa-linux-gnu --enable-clocale=gnu --enable-java-gc=boehm --enable-languages=c,c++,objc,fortran,obj-c++,java,ada,lto


Index Nav: [Date Index] [Subject Index] [Author Index] [Thread Index]
Message Nav: [Date Prev] [Date Next] [Thread Prev] [Thread Next]