This is the mail archive of the gcc-testresults@gcc.gnu.org mailing list for the GCC project.


Index Nav: [Date Index] [Subject Index] [Author Index] [Thread Index]
Message Nav: [Date Prev] [Date Next] [Thread Prev] [Thread Next]
Other format: [Raw text]

Results for 7.0.0 20160607 (experimental) (GCC) testsuite on spu-unknown-elf


GCC Version:      7.0.0, SVN revision: 237189
Newlib Version:   commit ffac52c1ab65ac733a22876178e0b6925403feab
Binutils Version: commit 3b67f09464f771466473e64d44aa258f832d8b2d


build host info: 
$ uname -s -r -m -p -i -o
Linux 2.6.18-410.el5 ppc64 ppc64 ppc64 GNU/Linux

$ gcc -v
Using built-in specs.
Target: ppc64-redhat-linux
Configured with: ../configure --prefix=/usr --mandir=/usr/share/man --infodir=/usr/share/info --enable-shared --enable-threads=posix --enable-checking=release --with-system-zlib --enable-__cxa_atexit --disable-libunwind-exceptions --enable-libgcj-multifile --enable-languages=c,c++,objc,obj-c++,java,fortran --enable-java-awt=gtk --disable-dssi --disable-plugin --with-java-home=/usr/lib/jvm/java-1.4.2-gcj-1.4.2.0/jre --enable-secureplt --with-long-double-128 --host=ppc64-redhat-linux --build=ppc64-redhat-linux --target=ppc64-redhat-linux --with-cpu=default32
Thread model: posix
gcc version 4.1.2 20080704 (Red Hat 4.1.2-55)

$ ld -v
GNU ld version 2.17.50.0.6-26.el5 20061020



############################################################
# GCC test suite results                                   #
############################################################
Target is spu-unknown-elf

		=== g++ tests ===


Running target cell-native
FAIL: c-c++-common/pr60156.c  -std=gnu++98  (test for warnings, line 6)
FAIL: c-c++-common/pr60156.c  -std=gnu++11  (test for warnings, line 6)
FAIL: c-c++-common/pr60156.c  -std=gnu++14  (test for warnings, line 6)
FAIL: c-c++-common/pr69669.c  -std=gnu++98  scan-rtl-dump-times final "mem:QI" 1
FAIL: c-c++-common/pr69669.c  -std=gnu++11  scan-rtl-dump-times final "mem:QI" 1
FAIL: c-c++-common/pr69669.c  -std=gnu++14  scan-rtl-dump-times final "mem:QI" 1
FAIL: g++.dg/Wno-frame-address.C  -std=gnu++98 (test for excess errors)
FAIL: g++.dg/Wno-frame-address.C  -std=gnu++11 (test for excess errors)
FAIL: g++.dg/Wno-frame-address.C  -std=gnu++14 (test for excess errors)
FAIL: g++.dg/abi/scoped1.C  -std=gnu++11 execution test
FAIL: g++.dg/abi/scoped1.C  -std=gnu++14 execution test
FAIL: g++.dg/cpp1y/vla-initlist1.C  -std=gnu++11 execution test
FAIL: g++.dg/cpp1y/vla-initlist1.C  -std=gnu++14 execution test
FAIL: g++.dg/pr49718.C  -std=gnu++98  scan-assembler-times __cyg_profile_func_enter 1
FAIL: g++.dg/pr49718.C  -std=gnu++11  scan-assembler-times __cyg_profile_func_enter 1
FAIL: g++.dg/pr49718.C  -std=gnu++14  scan-assembler-times __cyg_profile_func_enter 1
UNRESOLVED: g++.dg/lto/20091022-2 cp_lto_20091022-2_0.o-cp_lto_20091022-2_0.o execute -O3 -flto -Winline
UNRESOLVED: g++.dg/lto/20091219 cp_lto_20091219_0.o-cp_lto_20091219_0.o execute -O3 -flto
FAIL: g++.dg/lto/pr69589 cp_lto_pr69589_0.o assemble, -rdynamic
FAIL: g++.dg/lto/pr69589 cp_lto_pr69589_1.o assemble, -rdynamic
UNRESOLVED: g++.dg/lto/pr69589 cp_lto_pr69589_0.o-cp_lto_pr69589_1.o link -rdynamic
UNRESOLVED: g++.dg/lto/pr69589 cp_lto_pr69589_0.o-cp_lto_pr69589_1.o execute -rdynamic
FAIL: g++.dg/vect/pr36648.cc  -std=c++98  scan-tree-dump-times vect "vectorized 1 loops" 1
FAIL: g++.dg/vect/pr36648.cc  -std=c++98  scan-tree-dump-times vect "vectorizing stmts using SLP" 1
FAIL: g++.dg/vect/pr36648.cc  -std=c++11  scan-tree-dump-times vect "vectorized 1 loops" 1
FAIL: g++.dg/vect/pr36648.cc  -std=c++11  scan-tree-dump-times vect "vectorizing stmts using SLP" 1
FAIL: g++.dg/vect/pr36648.cc  -std=c++14  scan-tree-dump-times vect "vectorized 1 loops" 1
FAIL: g++.dg/vect/pr36648.cc  -std=c++14  scan-tree-dump-times vect "vectorizing stmts using SLP" 1
FAIL: g++.old-deja/g++.mike/for3.C  -std=gnu++98  (test for warnings, line 5)
FAIL: g++.old-deja/g++.mike/for3.C  -std=gnu++11  (test for warnings, line 5)
FAIL: g++.old-deja/g++.mike/for3.C  -std=gnu++14  (test for warnings, line 5)

		=== g++ Summary ===

# of expected passes		86040
# of unexpected failures	27
# of expected failures		253
# of unresolved testcases	4
# of unsupported tests		4160
/home/uweigand/dailybuild/spu-tc-2016-06-07/gcc-build/gcc/testsuite/g++/../../xg++  version 7.0.0 20160607 (experimental) (GCC) 

		=== gcc tests ===


Running target cell-native
FAIL: gcc.c-torture/compile/limits-exprparen.c   -O0  (internal compiler error)
FAIL: gcc.c-torture/compile/limits-exprparen.c   -O0  (test for excess errors)
FAIL: gcc.c-torture/compile/limits-exprparen.c   -O1  (internal compiler error)
FAIL: gcc.c-torture/compile/limits-exprparen.c   -O1  (test for excess errors)
FAIL: gcc.c-torture/compile/limits-exprparen.c   -O2  (internal compiler error)
FAIL: gcc.c-torture/compile/limits-exprparen.c   -O2  (test for excess errors)
FAIL: gcc.c-torture/compile/limits-exprparen.c   -O3 -g  (internal compiler error)
FAIL: gcc.c-torture/compile/limits-exprparen.c   -O3 -g  (test for excess errors)
FAIL: gcc.c-torture/compile/limits-exprparen.c   -Os  (internal compiler error)
FAIL: gcc.c-torture/compile/limits-exprparen.c   -Os  (test for excess errors)
FAIL: gcc.c-torture/compile/limits-exprparen.c   -O2 -flto -fno-use-linker-plugin -flto-partition=none  (internal compiler error)
FAIL: gcc.c-torture/compile/limits-exprparen.c   -O2 -flto -fno-use-linker-plugin -flto-partition=none  (test for excess errors)
FAIL: gcc.c-torture/compile/limits-exprparen.c   -O2 -flto -fuse-linker-plugin -fno-fat-lto-objects  (internal compiler error)
FAIL: gcc.c-torture/compile/limits-exprparen.c   -O2 -flto -fuse-linker-plugin -fno-fat-lto-objects  (test for excess errors)
FAIL: gcc.c-torture/compile/pr33614.c   -O1  (internal compiler error)
FAIL: gcc.c-torture/compile/pr33614.c   -O1  (test for excess errors)
FAIL: gcc.c-torture/compile/pr33614.c   -O2  (internal compiler error)
FAIL: gcc.c-torture/compile/pr33614.c   -O2  (test for excess errors)
FAIL: gcc.c-torture/compile/pr33614.c   -O3 -fomit-frame-pointer -funroll-loops -fpeel-loops -ftracer -finline-functions  (internal compiler error)
FAIL: gcc.c-torture/compile/pr33614.c   -O3 -fomit-frame-pointer -funroll-loops -fpeel-loops -ftracer -finline-functions  (test for excess errors)
FAIL: gcc.c-torture/compile/pr33614.c   -O3 -g  (internal compiler error)
FAIL: gcc.c-torture/compile/pr33614.c   -O3 -g  (test for excess errors)
FAIL: gcc.c-torture/compile/pr33614.c   -Os  (internal compiler error)
FAIL: gcc.c-torture/compile/pr33614.c   -Os  (test for excess errors)
FAIL: gcc.c-torture/compile/pr33614.c   -O2 -flto -fno-use-linker-plugin -flto-partition=none  (internal compiler error)
FAIL: gcc.c-torture/compile/pr33614.c   -O2 -flto -fno-use-linker-plugin -flto-partition=none  (test for excess errors)
FAIL: gcc.c-torture/execute/pr67929_1.c   -O0  execution test
FAIL: gcc.c-torture/execute/pr67929_1.c   -O1  execution test
FAIL: gcc.c-torture/execute/pr67929_1.c   -O2  execution test
FAIL: gcc.c-torture/execute/pr67929_1.c   -O3 -g  execution test
FAIL: gcc.c-torture/execute/pr67929_1.c   -Os  execution test
FAIL: gcc.c-torture/execute/pr67929_1.c   -O2 -flto -fno-use-linker-plugin -flto-partition=none  execution test
FAIL: gcc.c-torture/execute/pr67929_1.c   -O2 -flto -fuse-linker-plugin -fno-fat-lto-objects  execution test
FAIL: c-c++-common/pr60156.c  -Wc++-compat   (test for warnings, line 6)
FAIL: c-c++-common/pr69669.c  -Wc++-compat   scan-rtl-dump-times final "mem:QI" 1
FAIL: gcc.dg/20141029-1.c scan-rtl-dump-times final "mem/v(/.)*:HI" 4
FAIL: gcc.dg/Wno-frame-address.c (test for excess errors)
FAIL: gcc.dg/builtins-1.c inf (test for warnings, line 147)
FAIL: gcc.dg/builtins-1.c (test for excess errors)
FAIL: gcc.dg/c11-complex-1.c execution test
FAIL: gcc.dg/c11-true_min-1.c execution test
FAIL: gcc.dg/pr23623.c scan-rtl-dump-times final "mem/v(/.)*:SI" 12
FAIL: gcc.dg/pr61077.c return (test for warnings, line 6)
FAIL: gcc.dg/pr61077.c parameter (test for warnings, line 6)
FAIL: gcc.dg/pr61077.c parameter (test for warnings, line 6)
FAIL: gcc.dg/pr63594-1.c (internal compiler error)
FAIL: gcc.dg/pr63594-1.c (test for excess errors)
FAIL: gcc.dg/pr63594-2.c (internal compiler error)
FAIL: gcc.dg/pr63594-2.c (test for excess errors)
WARNING: gcc.dg/pr63594-2.c compilation failed to produce executable
FAIL: gcc.dg/pr70017.c  (test for warnings, line 20)
FAIL: gcc.dg/sms-7.c scan-rtl-dump-times sms "SMS succeeded" 1
FAIL: gcc.dg/store-motion-fgcse-sm.c scan-rtl-dump store_motion "STORE_MOTION of f, .* basic blocks, 1 insns deleted, 1 insns created"
FAIL: gcc.dg/ipa/iinline-attr.c scan-ipa-dump inline "hooray[^\\\\n]*inline copy in test"
FAIL: gcc.dg/ipa/propalign-5.c scan-ipa-dump cp "Alignment 2"
FAIL: gcc.dg/lto/pr54709 c_lto_pr54709_0.o-c_lto_pr54709_1.o link,  -fPIC -fvisibility=hidden -flto 
UNRESOLVED: gcc.dg/lto/pr54709 c_lto_pr54709_0.o-c_lto_pr54709_1.o execute  -fPIC -fvisibility=hidden -flto 
FAIL: gcc.dg/lto/pr61526 c_lto_pr61526_0.o-c_lto_pr61526_1.o link,  -fPIC -flto -flto-partition=1to1 
UNRESOLVED: gcc.dg/lto/pr61526 c_lto_pr61526_0.o-c_lto_pr61526_1.o execute  -fPIC -flto -flto-partition=1to1 
FAIL: gcc.dg/lto/pr64415 c_lto_pr64415_0.o-c_lto_pr64415_1.o link,  -O -flto -fpic 
UNRESOLVED: gcc.dg/lto/pr64415 c_lto_pr64415_0.o-c_lto_pr64415_1.o execute  -O -flto -fpic 
FAIL: gcc.dg/plugin/must-tail-call-2.c -fplugin=./must_tail_call_plugin.so  (test for errors, line 17)
FAIL: gcc.dg/plugin/must-tail-call-2.c -fplugin=./must_tail_call_plugin.so  (test for errors, line 32)
FAIL: gcc.dg/plugin/must-tail-call-2.c -fplugin=./must_tail_call_plugin.so (test for excess errors)
FAIL: gcc.dg/sso/p13.c   -O0  output pattern test, is My_R1    : da 0f 49 40 da 0f 49 c0
FAIL: gcc.dg/sso/p13.c   -O1 -fno-inline  output pattern test, is My_R1    : da 0f 49 40 da 0f 49 c0
FAIL: gcc.dg/sso/p13.c   -O2  output pattern test, is My_R1    : da 0f 49 40 da 0f 49 c0
FAIL: gcc.dg/sso/p13.c   -O3 -finline-functions  output pattern test, is My_R1    : da 0f 49 40 da 0f 49 c0
FAIL: gcc.dg/sso/p13.c   -Os  output pattern test, is My_R1    : da 0f 49 40 da 0f 49 c0
FAIL: gcc.dg/sso/p13.c   -Og -g  output pattern test, is My_R1    : da 0f 49 40 da 0f 49 c0
FAIL: gcc.dg/sso/p4.c   -O0  output pattern test, is My_R1    : da 0f 49 40
FAIL: gcc.dg/sso/p4.c   -O1 -fno-inline  output pattern test, is My_R1    : da 0f 49 40
FAIL: gcc.dg/sso/p4.c   -O2  output pattern test, is My_R1    : da 0f 49 40
FAIL: gcc.dg/sso/p4.c   -O3 -finline-functions  output pattern test, is My_R1    : da 0f 49 40
FAIL: gcc.dg/sso/p4.c   -Os  output pattern test, is My_R1    : da 0f 49 40
FAIL: gcc.dg/sso/p4.c   -Og -g  output pattern test, is My_R1    : da 0f 49 40
FAIL: gcc.dg/sso/q13.c   -O0  output pattern test, is A1 : da 0f 49 40 da 0f 49 c0
FAIL: gcc.dg/sso/q13.c   -O1 -fno-inline  output pattern test, is A1 : da 0f 49 40 da 0f 49 c0
FAIL: gcc.dg/sso/q13.c   -O2  output pattern test, is A1 : da 0f 49 40 da 0f 49 c0
FAIL: gcc.dg/sso/q13.c   -O3 -finline-functions  output pattern test, is A1 : da 0f 49 40 da 0f 49 c0
FAIL: gcc.dg/sso/q13.c   -Os  output pattern test, is A1 : da 0f 49 40 da 0f 49 c0
FAIL: gcc.dg/sso/q13.c   -Og -g  output pattern test, is A1 : da 0f 49 40 da 0f 49 c0
FAIL: gcc.dg/sso/q4.c   -O0  output pattern test, is A1 : da 0f 49 40
FAIL: gcc.dg/sso/q4.c   -O1 -fno-inline  output pattern test, is A1 : da 0f 49 40
FAIL: gcc.dg/sso/q4.c   -O2  output pattern test, is A1 : da 0f 49 40
FAIL: gcc.dg/sso/q4.c   -O3 -finline-functions  output pattern test, is A1 : da 0f 49 40
FAIL: gcc.dg/sso/q4.c   -Os  output pattern test, is A1 : da 0f 49 40
FAIL: gcc.dg/sso/q4.c   -Og -g  output pattern test, is A1 : da 0f 49 40
FAIL: gcc.dg/sso/t13.c   -O0  output pattern test, is Local_R1 : ed 87 84 40 da 0f 09 c0
FAIL: gcc.dg/sso/t13.c   -O1 -fno-inline  output pattern test, is Local_R1 : ed 87 84 40 da 0f 09 c0
FAIL: gcc.dg/sso/t13.c   -O2  output pattern test, is Local_R1 : ed 87 84 40 da 0f 09 c0
FAIL: gcc.dg/sso/t13.c   -O3 -finline-functions  output pattern test, is Local_R1 : ed 87 84 40 da 0f 09 c0
FAIL: gcc.dg/sso/t13.c   -Os  output pattern test, is Local_R1 : ed 87 84 40 da 0f 09 c0
FAIL: gcc.dg/sso/t13.c   -Og -g  output pattern test, is Local_R1 : ed 87 84 40 da 0f 09 c0
FAIL: gcc.dg/sso/t4.c   -O0  output pattern test, is Local_R1 : ed 87 84 40
FAIL: gcc.dg/sso/t4.c   -O1 -fno-inline  output pattern test, is Local_R1 : ed 87 84 40
FAIL: gcc.dg/sso/t4.c   -O2  output pattern test, is Local_R1 : ed 87 84 40
FAIL: gcc.dg/sso/t4.c   -O3 -finline-functions  output pattern test, is Local_R1 : ed 87 84 40
FAIL: gcc.dg/sso/t4.c   -Os  output pattern test, is Local_R1 : ed 87 84 40
FAIL: gcc.dg/sso/t4.c   -Og -g  output pattern test, is Local_R1 : ed 87 84 40
FAIL: gcc.dg/torture/builtin-attr-1.c   -O0  INF unsupported (test for warnings, line 342)
FAIL: gcc.dg/torture/builtin-attr-1.c   -O0  (test for excess errors)
FAIL: gcc.dg/torture/builtin-attr-1.c   -O1  INF unsupported (test for warnings, line 342)
FAIL: gcc.dg/torture/builtin-attr-1.c   -O1  (test for excess errors)
FAIL: gcc.dg/torture/builtin-attr-1.c   -O2  INF unsupported (test for warnings, line 342)
FAIL: gcc.dg/torture/builtin-attr-1.c   -O2  (test for excess errors)
FAIL: gcc.dg/torture/builtin-attr-1.c   -O3 -g  INF unsupported (test for warnings, line 342)
FAIL: gcc.dg/torture/builtin-attr-1.c   -O3 -g  (test for excess errors)
FAIL: gcc.dg/torture/builtin-attr-1.c   -Os  INF unsupported (test for warnings, line 342)
FAIL: gcc.dg/torture/builtin-attr-1.c   -Os  (test for excess errors)
FAIL: gcc.dg/torture/builtin-attr-1.c   -O2 -flto -fno-use-linker-plugin -flto-partition=none  INF unsupported (test for warnings, line 342)
FAIL: gcc.dg/torture/builtin-attr-1.c   -O2 -flto -fno-use-linker-plugin -flto-partition=none  (test for excess errors)
FAIL: gcc.dg/torture/builtin-attr-1.c   -O2 -flto -fuse-linker-plugin -fno-fat-lto-objects  INF unsupported (test for warnings, line 342)
FAIL: gcc.dg/torture/builtin-attr-1.c   -O2 -flto -fuse-linker-plugin -fno-fat-lto-objects  (test for excess errors)
FAIL: gcc.dg/torture/c99-contract-1.c   -O0  execution test
FAIL: gcc.dg/torture/c99-contract-1.c   -O1  execution test
FAIL: gcc.dg/torture/c99-contract-1.c   -O2  execution test
FAIL: gcc.dg/torture/c99-contract-1.c   -O3 -g  execution test
FAIL: gcc.dg/torture/c99-contract-1.c   -Os  execution test
FAIL: gcc.dg/torture/c99-contract-1.c   -O2 -flto -fno-use-linker-plugin -flto-partition=none  execution test
FAIL: gcc.dg/torture/c99-contract-1.c   -O2 -flto -fuse-linker-plugin -fno-fat-lto-objects  execution test
FAIL: gcc.dg/torture/pr56443.c   -O0  execution test
FAIL: gcc.dg/torture/pr56443.c   -Os  execution test
FAIL: gcc.dg/tree-prof/time-profiler-2.c compilation,  -fprofile-generate -D_PROFILE_GENERATE
UNRESOLVED: gcc.dg/tree-prof/time-profiler-2.c execution,    -fprofile-generate -D_PROFILE_GENERATE
UNRESOLVED: gcc.dg/tree-prof/time-profiler-2.c compilation,  -fprofile-use -D_PROFILE_USE
UNRESOLVED: gcc.dg/tree-prof/time-profiler-2.c execution,    -fprofile-use -D_PROFILE_USE
ERROR: gcc.dg/tree-ssa/attr-hotcold-2.c: error executing dg-final: syntax error in target selector "profile_estimate"
UNRESOLVED: gcc.dg/tree-ssa/attr-hotcold-2.c: error executing dg-final: syntax error in target selector "profile_estimate"
FAIL: gcc.dg/tree-ssa/coalesce-1.c scan-rtl-dump-not expand "partition copy"
FAIL: gcc.dg/tree-ssa/ifc-pr56541.c scan-tree-dump-times ifcvt "Applying if-conversion" 1
FAIL: gcc.dg/tree-ssa/scev-3.c scan-tree-dump-times optimized "&a" 1
FAIL: gcc.dg/tree-ssa/scev-4.c scan-tree-dump-times optimized "&a" 1
FAIL: gcc.dg/tree-ssa/scev-5.c scan-tree-dump-times optimized "&a" 1
FAIL: gcc.dg/tree-ssa/slsr-13.c scan-tree-dump-times optimized " \\\\* 4" 2
FAIL: gcc.dg/tree-ssa/slsr-13.c scan-tree-dump-times optimized " \\\\* 5" 0
FAIL: gcc.dg/tree-ssa/slsr-8.c scan-tree-dump-times optimized " w?\\\\* " 7
FAIL: gcc.dg/tree-ssa/ssa-dom-cse-5.c scan-tree-dump-times dom2 "return 3;" 1
FAIL: gcc.dg/tree-ssa/vrp98.c scan-tree-dump-not vrp1 "Folded into: if \\\\(_[0-9]+ == 2\\\\)"
FAIL: gcc.dg/vect/costmodel/spu/costmodel-vect-31a.c scan-tree-dump-times vect "vectorization not profitable" 1
FAIL: gcc.dg/vect/costmodel/spu/costmodel-vect-33.c scan-tree-dump-times vect "vectorization not profitable" 1
FAIL: gcc.dg/vect/bb-slp-32.c scan-tree-dump slp2 "vectorization is not profitable"
FAIL: gcc.dg/vect/bb-slp-32.c -flto -ffat-lto-objects  scan-tree-dump slp2 "vectorization is not profitable"
FAIL: gcc.dg/vect/bb-slp-pr65935.c -flto -ffat-lto-objects  scan-tree-dump-times slp1 "basic block vectorized" 1
FAIL: gcc.dg/vect/bb-slp-pr65935.c scan-tree-dump-times slp1 "basic block vectorized" 1
FAIL: gcc.dg/vect/bb-slp-pr69907.c -flto -ffat-lto-objects  scan-tree-dump slp1 "BB vectorization with gaps at the end of a load is not supported"
FAIL: gcc.dg/vect/bb-slp-pr69907.c scan-tree-dump slp1 "BB vectorization with gaps at the end of a load is not supported"
FAIL: gcc.dg/vect/no-tree-sra-bb-slp-pr50730.c scan-tree-dump-times slp2 "basic block vectorized" 1
FAIL: gcc.dg/vect/no-vfa-vect-depend-2.c scan-tree-dump-times vect "vectorized 1 loops" 1
FAIL: gcc.dg/vect/no-vfa-vect-depend-3.c scan-tree-dump-times vect "vectorized 1 loops" 4
FAIL: gcc.dg/vect/pr56541.c scan-tree-dump-times vect "vectorized 1 loops" 1
FAIL: gcc.dg/vect/pr56541.c -flto -ffat-lto-objects  scan-tree-dump-times vect "vectorized 1 loops" 1
FAIL: gcc.dg/vect/pr61680.c execution test
FAIL: gcc.dg/vect/pr61680.c -flto -ffat-lto-objects execution test
FAIL: gcc.dg/vect/pr62171.c -flto -ffat-lto-objects  scan-tree-dump-times vect "vectorized 1 loops" 1
FAIL: gcc.dg/vect/pr62171.c scan-tree-dump-times vect "vectorized 1 loops" 1
FAIL: gcc.dg/vect/pr71264.c scan-tree-dump vect "vectorized 1 loops in function"
FAIL: gcc.dg/vect/pr71264.c -flto -ffat-lto-objects  scan-tree-dump vect "vectorized 1 loops in function"
FAIL: gcc.dg/vect/slp-10.c scan-tree-dump-times vect "vectorized 2 loops" 1
FAIL: gcc.dg/vect/slp-10.c scan-tree-dump-times vect "vectorizing stmts using SLP" 2
FAIL: gcc.dg/vect/slp-10.c -flto -ffat-lto-objects  scan-tree-dump-times vect "vectorized 2 loops" 1
FAIL: gcc.dg/vect/slp-10.c -flto -ffat-lto-objects  scan-tree-dump-times vect "vectorizing stmts using SLP" 2
FAIL: gcc.dg/vect/slp-11c.c scan-tree-dump-times vect "vectorized 0 loops" 1
FAIL: gcc.dg/vect/slp-11c.c -flto -ffat-lto-objects  scan-tree-dump-times vect "vectorized 0 loops" 1
FAIL: gcc.dg/vect/slp-33.c -flto -ffat-lto-objects  scan-tree-dump-times vect "vectorized 2 loops" 1
FAIL: gcc.dg/vect/slp-33.c -flto -ffat-lto-objects  scan-tree-dump-times vect "vectorizing stmts using SLP" 2
FAIL: gcc.dg/vect/slp-33.c scan-tree-dump-times vect "vectorized 2 loops" 1
FAIL: gcc.dg/vect/slp-33.c scan-tree-dump-times vect "vectorizing stmts using SLP" 2
FAIL: gcc.dg/vect/vect-31.c -flto -ffat-lto-objects  scan-tree-dump-times vect "vectorized 4 loops" 1
FAIL: gcc.dg/vect/vect-31.c scan-tree-dump-times vect "vectorized 4 loops" 1

		=== gcc Summary ===

# of expected passes		86408
# of unexpected failures	161
# of expected failures		266
# of unresolved testcases	7
# of unsupported tests		1942
/home/uweigand/dailybuild/spu-tc-2016-06-07/gcc-build/gcc/xgcc  version 7.0.0 20160607 (experimental) (GCC) 

		=== gfortran tests ===


Running target cell-native
FAIL: gfortran.dg/coarray/coindexed_1.f90 -fcoarray=lib  -O2  -lcaf_single  (test for excess errors)
WARNING: gfortran.dg/coarray/coindexed_1.f90 -fcoarray=lib  -O2  -lcaf_single  compilation failed to produce executable
WARNING: program timed out.
FAIL: gfortran.dg/array_constructor_45.f90   -O0  execution test
FAIL: gfortran.dg/bind_c_array_params_2.f90   -O   scan-assembler-times [ \\t][\$,_0-9]*myBindC 1
FAIL: gfortran.dg/cray_pointers_8.f90   -O2  execution test
FAIL: gfortran.dg/cray_pointers_8.f90   -O3 -fomit-frame-pointer -funroll-loops -fpeel-loops -ftracer -finline-functions  execution test
FAIL: gfortran.dg/cray_pointers_8.f90   -O3 -g  execution test
FAIL: gfortran.dg/cray_pointers_8.f90   -Os  execution test
XPASS: gfortran.dg/default_format_denormal_1.f90   -O0  execution test
XPASS: gfortran.dg/default_format_denormal_1.f90   -O1  execution test
XPASS: gfortran.dg/default_format_denormal_1.f90   -O2  execution test
XPASS: gfortran.dg/default_format_denormal_1.f90   -O3 -fomit-frame-pointer -funroll-loops -fpeel-loops -ftracer -finline-functions  execution test
XPASS: gfortran.dg/default_format_denormal_1.f90   -O3 -g  execution test
XPASS: gfortran.dg/default_format_denormal_1.f90   -Os  execution test
FAIL: gfortran.dg/fmt_g0_6.f08   -O2  execution test
FAIL: gfortran.dg/fmt_g0_6.f08   -O3 -fomit-frame-pointer -funroll-loops -fpeel-loops -ftracer -finline-functions  execution test
FAIL: gfortran.dg/fmt_g0_6.f08   -O3 -g  execution test
FAIL: gfortran.dg/fmt_g0_6.f08   -Os  execution test
FAIL: gfortran.dg/minlocval_3.f90   -O1  execution test
FAIL: gfortran.dg/minlocval_3.f90   -O2  execution test
FAIL: gfortran.dg/minlocval_3.f90   -O3 -fomit-frame-pointer -funroll-loops -fpeel-loops -ftracer -finline-functions  execution test
FAIL: gfortran.dg/minlocval_3.f90   -O3 -g  execution test
FAIL: gfortran.dg/minlocval_3.f90   -Os  execution test
FAIL: gfortran.dg/namelist_87.f90   -O0  execution test
FAIL: gfortran.dg/namelist_87.f90   -O1  execution test
FAIL: gfortran.dg/namelist_87.f90   -O2  execution test
FAIL: gfortran.dg/namelist_87.f90   -O3 -fomit-frame-pointer -funroll-loops -fpeel-loops -ftracer -finline-functions  execution test
FAIL: gfortran.dg/namelist_87.f90   -O3 -g  execution test
FAIL: gfortran.dg/namelist_87.f90   -Os  execution test
FAIL: gfortran.dg/read_dir.f90   -O0  execution test
FAIL: gfortran.dg/read_dir.f90   -O1  execution test
FAIL: gfortran.dg/read_dir.f90   -O2  execution test
FAIL: gfortran.dg/read_dir.f90   -O3 -fomit-frame-pointer -funroll-loops -fpeel-loops -ftracer -finline-functions  execution test
FAIL: gfortran.dg/read_dir.f90   -O3 -g  execution test
FAIL: gfortran.dg/read_dir.f90   -Os  execution test
FAIL: gfortran.dg/secnds-1.f   -O2  execution test
FAIL: gfortran.dg/secnds-1.f   -O3 -fomit-frame-pointer -funroll-loops -fpeel-loops -ftracer -finline-functions  execution test
FAIL: gfortran.dg/secnds-1.f   -O3 -g  execution test
FAIL: gfortran.dg/secnds-1.f   -Os  execution test
FAIL: gfortran.dg/sms-2.f90   -O3 -fomit-frame-pointer -funroll-loops -fpeel-loops -ftracer -finline-functions  (test for excess errors)
WARNING: gfortran.dg/sms-2.f90   -O3 -fomit-frame-pointer -funroll-loops -fpeel-loops -ftracer -finline-functions  compilation failed to produce executable
WARNING: program timed out.
WARNING: program timed out.
WARNING: program timed out.
WARNING: program timed out.
WARNING: program timed out.
FAIL: gfortran.dg/vect/fast-math-pr37021.f90   -O   scan-tree-dump vect "vectorized 2 loops"
FAIL: gfortran.dg/vect/fast-math-rnflow-trs2a2.f90   -O   scan-tree-dump-times vect "vectorized 2 loops" 1
FAIL: gfortran.dg/vect/pr62283-2.f   -O   scan-tree-dump slp2 "basic block vectorized"
FAIL: gfortran.dg/vect/vect-8.f90   -O   scan-tree-dump-times vect "vectorized 20 loops" 1

		=== gfortran Summary ===

# of expected passes		39538
# of unexpected failures	37
# of unexpected successes	6
# of expected failures		96
# of unsupported tests		470
/home/uweigand/dailybuild/spu-tc-2016-06-07/gcc-build/gcc/testsuite/gfortran/../../gfortran  version 7.0.0 20160607 (experimental) (GCC) 


Compiler version: 7.0.0 20160607 (experimental) (GCC) 
Platform: spu-unknown-elf
configure flags: --target=spu --disable-nls --disable-libsanitizer --enable-languages=c,c++,fortran --enable-version-specific-runtime-libs --with-gmp=/home/uweigand/dailybuild/prereqs/install --with-mpfr=/home/uweigand/dailybuild/prereqs/install --with-mpc=/home/uweigand/dailybuild/prereqs/install --prefix=/home/uweigand/dailybuild/spu-tc-2016-06-07/spu-toolchain

############################################################
# Binutils test suite results                              #
############################################################
Target is spu-unknown-elf
Host   is powerpc64-unknown-linux-gnu

		=== binutils tests ===


Running target unix
WARNING: Assuming target board is the local machine (which is probably wrong).
FAIL: simple objcopy of executable

		=== binutils Summary ===

# of expected passes		134
# of unexpected failures	1
# of unsupported tests		7
Host   is powerpc64-unknown-linux-gnu

		=== gas tests ===


Running target unix
WARNING: Assuming target board is the local machine (which is probably wrong).

		=== gas Summary ===

# of expected passes		142
# of unsupported tests		2
Host   is powerpc64-unknown-linux-gnu

		=== ld tests ===


Running target unix
WARNING: Assuming target board is the local machine (which is probably wrong).
FAIL: --gc-sections with --defsym

		=== ld Summary ===

# of expected passes		300
# of unexpected failures	1
# of expected failures		5
# of untested testcases		1
# of unsupported tests		15

Platform: spu-unknown-elf
configure flags: --disable-initfini-array --disable-gdb --disable-libdecnumber --disable-readline --disable-sim --target=spu --prefix=/home/uweigand/dailybuild/spu-tc-2016-06-07/spu-toolchain

############################################################
# GDB test suite results                                   #
############################################################
Target is spu-unknown-elf
Host   is powerpc64-unknown-linux-gnu

		=== gdb tests ===


Running target cell-native
ERROR: tcl error sourcing /home/uweigand/dailybuild/spu-tc-2016-06-07/binutils-gdb-head/binutils-gdb/gdb/testsuite/gdb.ada/O2_float_param.exp.
ERROR: wrong # args: should be "catch command ?varName?"
ERROR: tcl error sourcing /home/uweigand/dailybuild/spu-tc-2016-06-07/binutils-gdb-head/binutils-gdb/gdb/testsuite/gdb.ada/access_to_packed_array.exp.
ERROR: wrong # args: should be "catch command ?varName?"
ERROR: tcl error sourcing /home/uweigand/dailybuild/spu-tc-2016-06-07/binutils-gdb-head/binutils-gdb/gdb/testsuite/gdb.ada/addr_arith.exp.
ERROR: wrong # args: should be "catch command ?varName?"
ERROR: tcl error sourcing /home/uweigand/dailybuild/spu-tc-2016-06-07/binutils-gdb-head/binutils-gdb/gdb/testsuite/gdb.ada/aliased_array.exp.
ERROR: wrong # args: should be "catch command ?varName?"
ERROR: tcl error sourcing /home/uweigand/dailybuild/spu-tc-2016-06-07/binutils-gdb-head/binutils-gdb/gdb/testsuite/gdb.ada/arr_arr.exp.
ERROR: wrong # args: should be "catch command ?varName?"
ERROR: tcl error sourcing /home/uweigand/dailybuild/spu-tc-2016-06-07/binutils-gdb-head/binutils-gdb/gdb/testsuite/gdb.ada/array_bounds.exp.
ERROR: wrong # args: should be "catch command ?varName?"
ERROR: tcl error sourcing /home/uweigand/dailybuild/spu-tc-2016-06-07/binutils-gdb-head/binutils-gdb/gdb/testsuite/gdb.ada/array_char_idx.exp.
ERROR: wrong # args: should be "catch command ?varName?"
ERROR: tcl error sourcing /home/uweigand/dailybuild/spu-tc-2016-06-07/binutils-gdb-head/binutils-gdb/gdb/testsuite/gdb.ada/array_of_variable_length.exp.
ERROR: wrong # args: should be "catch command ?varName?"
ERROR: tcl error sourcing /home/uweigand/dailybuild/spu-tc-2016-06-07/binutils-gdb-head/binutils-gdb/gdb/testsuite/gdb.ada/array_ptr_renaming.exp.
ERROR: wrong # args: should be "catch command ?varName?"
ERROR: tcl error sourcing /home/uweigand/dailybuild/spu-tc-2016-06-07/binutils-gdb-head/binutils-gdb/gdb/testsuite/gdb.ada/array_return.exp.
ERROR: wrong # args: should be "catch command ?varName?"
ERROR: tcl error sourcing /home/uweigand/dailybuild/spu-tc-2016-06-07/binutils-gdb-head/binutils-gdb/gdb/testsuite/gdb.ada/array_subscript_addr.exp.
ERROR: wrong # args: should be "catch command ?varName?"
ERROR: tcl error sourcing /home/uweigand/dailybuild/spu-tc-2016-06-07/binutils-gdb-head/binutils-gdb/gdb/testsuite/gdb.ada/arraydim.exp.
ERROR: wrong # args: should be "catch command ?varName?"
ERROR: tcl error sourcing /home/uweigand/dailybuild/spu-tc-2016-06-07/binutils-gdb-head/binutils-gdb/gdb/testsuite/gdb.ada/arrayidx.exp.
ERROR: wrong # args: should be "catch command ?varName?"
ERROR: tcl error sourcing /home/uweigand/dailybuild/spu-tc-2016-06-07/binutils-gdb-head/binutils-gdb/gdb/testsuite/gdb.ada/arrayparam.exp.
ERROR: wrong # args: should be "catch command ?varName?"
ERROR: tcl error sourcing /home/uweigand/dailybuild/spu-tc-2016-06-07/binutils-gdb-head/binutils-gdb/gdb/testsuite/gdb.ada/arrayptr.exp.
ERROR: wrong # args: should be "catch command ?varName?"
ERROR: tcl error sourcing /home/uweigand/dailybuild/spu-tc-2016-06-07/binutils-gdb-head/binutils-gdb/gdb/testsuite/gdb.ada/atomic_enum.exp.
ERROR: wrong # args: should be "catch command ?varName?"
ERROR: tcl error sourcing /home/uweigand/dailybuild/spu-tc-2016-06-07/binutils-gdb-head/binutils-gdb/gdb/testsuite/gdb.ada/attr_ref_and_charlit.exp.
ERROR: wrong # args: should be "catch command ?varName?"
ERROR: tcl error sourcing /home/uweigand/dailybuild/spu-tc-2016-06-07/binutils-gdb-head/binutils-gdb/gdb/testsuite/gdb.ada/bad-task-bp-keyword.exp.
ERROR: wrong # args: should be "catch command ?varName?"
ERROR: tcl error sourcing /home/uweigand/dailybuild/spu-tc-2016-06-07/binutils-gdb-head/binutils-gdb/gdb/testsuite/gdb.ada/bp_enum_homonym.exp.
ERROR: wrong # args: should be "catch command ?varName?"
ERROR: tcl error sourcing /home/uweigand/dailybuild/spu-tc-2016-06-07/binutils-gdb-head/binutils-gdb/gdb/testsuite/gdb.ada/bp_on_var.exp.
ERROR: wrong # args: should be "catch command ?varName?"
ERROR: tcl error sourcing /home/uweigand/dailybuild/spu-tc-2016-06-07/binutils-gdb-head/binutils-gdb/gdb/testsuite/gdb.ada/bp_range_type.exp.
ERROR: wrong # args: should be "catch command ?varName?"
ERROR: tcl error sourcing /home/uweigand/dailybuild/spu-tc-2016-06-07/binutils-gdb-head/binutils-gdb/gdb/testsuite/gdb.ada/bp_reset.exp.
ERROR: wrong # args: should be "catch command ?varName?"
ERROR: tcl error sourcing /home/uweigand/dailybuild/spu-tc-2016-06-07/binutils-gdb-head/binutils-gdb/gdb/testsuite/gdb.ada/byte_packed_arr.exp.
ERROR: wrong # args: should be "catch command ?varName?"
ERROR: tcl error sourcing /home/uweigand/dailybuild/spu-tc-2016-06-07/binutils-gdb-head/binutils-gdb/gdb/testsuite/gdb.ada/call_pn.exp.
ERROR: wrong # args: should be "catch command ?varName?"
ERROR: tcl error sourcing /home/uweigand/dailybuild/spu-tc-2016-06-07/binutils-gdb-head/binutils-gdb/gdb/testsuite/gdb.ada/catch_ex.exp.
ERROR: wrong # args: should be "catch command ?varName?"
ERROR: tcl error sourcing /home/uweigand/dailybuild/spu-tc-2016-06-07/binutils-gdb-head/binutils-gdb/gdb/testsuite/gdb.ada/char_enum.exp.
ERROR: wrong # args: should be "catch command ?varName?"
ERROR: tcl error sourcing /home/uweigand/dailybuild/spu-tc-2016-06-07/binutils-gdb-head/binutils-gdb/gdb/testsuite/gdb.ada/char_param.exp.
ERROR: wrong # args: should be "catch command ?varName?"
ERROR: tcl error sourcing /home/uweigand/dailybuild/spu-tc-2016-06-07/binutils-gdb-head/binutils-gdb/gdb/testsuite/gdb.ada/complete.exp.
ERROR: wrong # args: should be "catch command ?varName?"
ERROR: tcl error sourcing /home/uweigand/dailybuild/spu-tc-2016-06-07/binutils-gdb-head/binutils-gdb/gdb/testsuite/gdb.ada/cond_lang.exp.
ERROR: wrong # args: should be "catch command ?varName?"
ERROR: tcl error sourcing /home/uweigand/dailybuild/spu-tc-2016-06-07/binutils-gdb-head/binutils-gdb/gdb/testsuite/gdb.ada/disc_arr_bound.exp.
ERROR: wrong # args: should be "catch command ?varName?"
ERROR: tcl error sourcing /home/uweigand/dailybuild/spu-tc-2016-06-07/binutils-gdb-head/binutils-gdb/gdb/testsuite/gdb.ada/dot_all.exp.
ERROR: wrong # args: should be "catch command ?varName?"
ERROR: tcl error sourcing /home/uweigand/dailybuild/spu-tc-2016-06-07/binutils-gdb-head/binutils-gdb/gdb/testsuite/gdb.ada/dyn_arrayidx.exp.
ERROR: wrong # args: should be "catch command ?varName?"
ERROR: tcl error sourcing /home/uweigand/dailybuild/spu-tc-2016-06-07/binutils-gdb-head/binutils-gdb/gdb/testsuite/gdb.ada/dyn_loc.exp.
ERROR: wrong # args: should be "catch command ?varName?"
ERROR: tcl error sourcing /home/uweigand/dailybuild/spu-tc-2016-06-07/binutils-gdb-head/binutils-gdb/gdb/testsuite/gdb.ada/enum_idx_packed.exp.
ERROR: wrong # args: should be "catch command ?varName?"
ERROR: tcl error sourcing /home/uweigand/dailybuild/spu-tc-2016-06-07/binutils-gdb-head/binutils-gdb/gdb/testsuite/gdb.ada/exec_changed.exp.
ERROR: wrong # args: should be "catch command ?varName?"
ERROR: tcl error sourcing /home/uweigand/dailybuild/spu-tc-2016-06-07/binutils-gdb-head/binutils-gdb/gdb/testsuite/gdb.ada/expr_delims.exp.
ERROR: wrong # args: should be "catch command ?varName?"
ERROR: tcl error sourcing /home/uweigand/dailybuild/spu-tc-2016-06-07/binutils-gdb-head/binutils-gdb/gdb/testsuite/gdb.ada/exprs.exp.
ERROR: wrong # args: should be "catch command ?varName?"
ERROR: tcl error sourcing /home/uweigand/dailybuild/spu-tc-2016-06-07/binutils-gdb-head/binutils-gdb/gdb/testsuite/gdb.ada/fin_fun_out.exp.
ERROR: wrong # args: should be "catch command ?varName?"
ERROR: tcl error sourcing /home/uweigand/dailybuild/spu-tc-2016-06-07/binutils-gdb-head/binutils-gdb/gdb/testsuite/gdb.ada/fixed_cmp.exp.
ERROR: wrong # args: should be "catch command ?varName?"
ERROR: tcl error sourcing /home/uweigand/dailybuild/spu-tc-2016-06-07/binutils-gdb-head/binutils-gdb/gdb/testsuite/gdb.ada/fixed_points.exp.
ERROR: wrong # args: should be "catch command ?varName?"
ERROR: tcl error sourcing /home/uweigand/dailybuild/spu-tc-2016-06-07/binutils-gdb-head/binutils-gdb/gdb/testsuite/gdb.ada/float_param.exp.
ERROR: wrong # args: should be "catch command ?varName?"
ERROR: tcl error sourcing /home/uweigand/dailybuild/spu-tc-2016-06-07/binutils-gdb-head/binutils-gdb/gdb/testsuite/gdb.ada/formatted_ref.exp.
ERROR: wrong # args: should be "catch command ?varName?"
ERROR: tcl error sourcing /home/uweigand/dailybuild/spu-tc-2016-06-07/binutils-gdb-head/binutils-gdb/gdb/testsuite/gdb.ada/frame_args.exp.
ERROR: wrong # args: should be "catch command ?varName?"
ERROR: tcl error sourcing /home/uweigand/dailybuild/spu-tc-2016-06-07/binutils-gdb-head/binutils-gdb/gdb/testsuite/gdb.ada/fullname_bp.exp.
ERROR: wrong # args: should be "catch command ?varName?"
ERROR: tcl error sourcing /home/uweigand/dailybuild/spu-tc-2016-06-07/binutils-gdb-head/binutils-gdb/gdb/testsuite/gdb.ada/fun_addr.exp.
ERROR: wrong # args: should be "catch command ?varName?"
ERROR: tcl error sourcing /home/uweigand/dailybuild/spu-tc-2016-06-07/binutils-gdb-head/binutils-gdb/gdb/testsuite/gdb.ada/fun_in_declare.exp.
ERROR: wrong # args: should be "catch command ?varName?"
ERROR: tcl error sourcing /home/uweigand/dailybuild/spu-tc-2016-06-07/binutils-gdb-head/binutils-gdb/gdb/testsuite/gdb.ada/fun_overload_menu.exp.
ERROR: wrong # args: should be "catch command ?varName?"
ERROR: tcl error sourcing /home/uweigand/dailybuild/spu-tc-2016-06-07/binutils-gdb-head/binutils-gdb/gdb/testsuite/gdb.ada/fun_renaming.exp.
ERROR: wrong # args: should be "catch command ?varName?"
ERROR: tcl error sourcing /home/uweigand/dailybuild/spu-tc-2016-06-07/binutils-gdb-head/binutils-gdb/gdb/testsuite/gdb.ada/funcall_char.exp.
ERROR: wrong # args: should be "catch command ?varName?"
ERROR: tcl error sourcing /home/uweigand/dailybuild/spu-tc-2016-06-07/binutils-gdb-head/binutils-gdb/gdb/testsuite/gdb.ada/funcall_param.exp.
ERROR: wrong # args: should be "catch command ?varName?"
ERROR: tcl error sourcing /home/uweigand/dailybuild/spu-tc-2016-06-07/binutils-gdb-head/binutils-gdb/gdb/testsuite/gdb.ada/funcall_ref.exp.
ERROR: wrong # args: should be "catch command ?varName?"
ERROR: tcl error sourcing /home/uweigand/dailybuild/spu-tc-2016-06-07/binutils-gdb-head/binutils-gdb/gdb/testsuite/gdb.ada/homonym.exp.
ERROR: wrong # args: should be "catch command ?varName?"
ERROR: tcl error sourcing /home/uweigand/dailybuild/spu-tc-2016-06-07/binutils-gdb-head/binutils-gdb/gdb/testsuite/gdb.ada/info_exc.exp.
ERROR: wrong # args: should be "catch command ?varName?"
ERROR: tcl error sourcing /home/uweigand/dailybuild/spu-tc-2016-06-07/binutils-gdb-head/binutils-gdb/gdb/testsuite/gdb.ada/info_locals_renaming.exp.
ERROR: wrong # args: should be "catch command ?varName?"
ERROR: tcl error sourcing /home/uweigand/dailybuild/spu-tc-2016-06-07/binutils-gdb-head/binutils-gdb/gdb/testsuite/gdb.ada/int_deref.exp.
ERROR: wrong # args: should be "catch command ?varName?"
ERROR: tcl error sourcing /home/uweigand/dailybuild/spu-tc-2016-06-07/binutils-gdb-head/binutils-gdb/gdb/testsuite/gdb.ada/interface.exp.
ERROR: wrong # args: should be "catch command ?varName?"
ERROR: tcl error sourcing /home/uweigand/dailybuild/spu-tc-2016-06-07/binutils-gdb-head/binutils-gdb/gdb/testsuite/gdb.ada/iwide.exp.
ERROR: wrong # args: should be "catch command ?varName?"
ERROR: tcl error sourcing /home/uweigand/dailybuild/spu-tc-2016-06-07/binutils-gdb-head/binutils-gdb/gdb/testsuite/gdb.ada/lang_switch.exp.
ERROR: wrong # args: should be "catch command ?varName?"
ERROR: tcl error sourcing /home/uweigand/dailybuild/spu-tc-2016-06-07/binutils-gdb-head/binutils-gdb/gdb/testsuite/gdb.ada/mi_catch_ex.exp.
ERROR: wrong # args: should be "catch command ?varName?"
ERROR: tcl error sourcing /home/uweigand/dailybuild/spu-tc-2016-06-07/binutils-gdb-head/binutils-gdb/gdb/testsuite/gdb.ada/mi_dyn_arr.exp.
ERROR: wrong # args: should be "catch command ?varName?"
ERROR: tcl error sourcing /home/uweigand/dailybuild/spu-tc-2016-06-07/binutils-gdb-head/binutils-gdb/gdb/testsuite/gdb.ada/mi_ex_cond.exp.
ERROR: wrong # args: should be "catch command ?varName?"
ERROR: tcl error sourcing /home/uweigand/dailybuild/spu-tc-2016-06-07/binutils-gdb-head/binutils-gdb/gdb/testsuite/gdb.ada/mi_exc_info.exp.
ERROR: wrong # args: should be "catch command ?varName?"
ERROR: tcl error sourcing /home/uweigand/dailybuild/spu-tc-2016-06-07/binutils-gdb-head/binutils-gdb/gdb/testsuite/gdb.ada/mi_interface.exp.
ERROR: wrong # args: should be "catch command ?varName?"
ERROR: tcl error sourcing /home/uweigand/dailybuild/spu-tc-2016-06-07/binutils-gdb-head/binutils-gdb/gdb/testsuite/gdb.ada/mi_task_arg.exp.
ERROR: wrong # args: should be "catch command ?varName?"
ERROR: tcl error sourcing /home/uweigand/dailybuild/spu-tc-2016-06-07/binutils-gdb-head/binutils-gdb/gdb/testsuite/gdb.ada/mi_task_info.exp.
ERROR: wrong # args: should be "catch command ?varName?"
ERROR: tcl error sourcing /home/uweigand/dailybuild/spu-tc-2016-06-07/binutils-gdb-head/binutils-gdb/gdb/testsuite/gdb.ada/mi_var_array.exp.
ERROR: wrong # args: should be "catch command ?varName?"
ERROR: tcl error sourcing /home/uweigand/dailybuild/spu-tc-2016-06-07/binutils-gdb-head/binutils-gdb/gdb/testsuite/gdb.ada/mod_from_name.exp.
ERROR: wrong # args: should be "catch command ?varName?"
ERROR: tcl error sourcing /home/uweigand/dailybuild/spu-tc-2016-06-07/binutils-gdb-head/binutils-gdb/gdb/testsuite/gdb.ada/n_arr_bound.exp.
ERROR: wrong # args: should be "catch command ?varName?"
ERROR: tcl error sourcing /home/uweigand/dailybuild/spu-tc-2016-06-07/binutils-gdb-head/binutils-gdb/gdb/testsuite/gdb.ada/nested.exp.
ERROR: wrong # args: should be "catch command ?varName?"
ERROR: tcl error sourcing /home/uweigand/dailybuild/spu-tc-2016-06-07/binutils-gdb-head/binutils-gdb/gdb/testsuite/gdb.ada/null_array.exp.
ERROR: wrong # args: should be "catch command ?varName?"
ERROR: tcl error sourcing /home/uweigand/dailybuild/spu-tc-2016-06-07/binutils-gdb-head/binutils-gdb/gdb/testsuite/gdb.ada/null_record.exp.
ERROR: wrong # args: should be "catch command ?varName?"
ERROR: tcl error sourcing /home/uweigand/dailybuild/spu-tc-2016-06-07/binutils-gdb-head/binutils-gdb/gdb/testsuite/gdb.ada/operator_bp.exp.
ERROR: wrong # args: should be "catch command ?varName?"
ERROR: tcl error sourcing /home/uweigand/dailybuild/spu-tc-2016-06-07/binutils-gdb-head/binutils-gdb/gdb/testsuite/gdb.ada/optim_drec.exp.
ERROR: wrong # args: should be "catch command ?varName?"
ERROR: tcl error sourcing /home/uweigand/dailybuild/spu-tc-2016-06-07/binutils-gdb-head/binutils-gdb/gdb/testsuite/gdb.ada/out_of_line_in_inlined.exp.
ERROR: wrong # args: should be "catch command ?varName?"
ERROR: tcl error sourcing /home/uweigand/dailybuild/spu-tc-2016-06-07/binutils-gdb-head/binutils-gdb/gdb/testsuite/gdb.ada/packed_array.exp.
ERROR: wrong # args: should be "catch command ?varName?"
ERROR: tcl error sourcing /home/uweigand/dailybuild/spu-tc-2016-06-07/binutils-gdb-head/binutils-gdb/gdb/testsuite/gdb.ada/packed_tagged.exp.
ERROR: wrong # args: should be "catch command ?varName?"
ERROR: tcl error sourcing /home/uweigand/dailybuild/spu-tc-2016-06-07/binutils-gdb-head/binutils-gdb/gdb/testsuite/gdb.ada/pckd_arr_ren.exp.
ERROR: wrong # args: should be "catch command ?varName?"
ERROR: tcl error sourcing /home/uweigand/dailybuild/spu-tc-2016-06-07/binutils-gdb-head/binutils-gdb/gdb/testsuite/gdb.ada/pckd_neg.exp.
ERROR: wrong # args: should be "catch command ?varName?"
ERROR: tcl error sourcing /home/uweigand/dailybuild/spu-tc-2016-06-07/binutils-gdb-head/binutils-gdb/gdb/testsuite/gdb.ada/pkd_arr_elem.exp.
ERROR: wrong # args: should be "catch command ?varName?"
ERROR: tcl error sourcing /home/uweigand/dailybuild/spu-tc-2016-06-07/binutils-gdb-head/binutils-gdb/gdb/testsuite/gdb.ada/pp-rec-component.exp.
ERROR: wrong # args: should be "catch command ?varName?"
ERROR: tcl error sourcing /home/uweigand/dailybuild/spu-tc-2016-06-07/binutils-gdb-head/binutils-gdb/gdb/testsuite/gdb.ada/print_chars.exp.
ERROR: wrong # args: should be "catch command ?varName?"
ERROR: tcl error sourcing /home/uweigand/dailybuild/spu-tc-2016-06-07/binutils-gdb-head/binutils-gdb/gdb/testsuite/gdb.ada/print_pc.exp.
ERROR: wrong # args: should be "catch command ?varName?"
ERROR: tcl error sourcing /home/uweigand/dailybuild/spu-tc-2016-06-07/binutils-gdb-head/binutils-gdb/gdb/testsuite/gdb.ada/ptr_typedef.exp.
ERROR: wrong # args: should be "catch command ?varName?"
ERROR: tcl error sourcing /home/uweigand/dailybuild/spu-tc-2016-06-07/binutils-gdb-head/binutils-gdb/gdb/testsuite/gdb.ada/ptype_field.exp.
ERROR: wrong # args: should be "catch command ?varName?"
ERROR: tcl error sourcing /home/uweigand/dailybuild/spu-tc-2016-06-07/binutils-gdb-head/binutils-gdb/gdb/testsuite/gdb.ada/ptype_tagged_param.exp.
ERROR: wrong # args: should be "catch command ?varName?"
ERROR: tcl error sourcing /home/uweigand/dailybuild/spu-tc-2016-06-07/binutils-gdb-head/binutils-gdb/gdb/testsuite/gdb.ada/py_range.exp.
ERROR: wrong # args: should be "catch command ?varName?"
ERROR: tcl error sourcing /home/uweigand/dailybuild/spu-tc-2016-06-07/binutils-gdb-head/binutils-gdb/gdb/testsuite/gdb.ada/rdv_wait.exp.
ERROR: wrong # args: should be "catch command ?varName?"
ERROR: tcl error sourcing /home/uweigand/dailybuild/spu-tc-2016-06-07/binutils-gdb-head/binutils-gdb/gdb/testsuite/gdb.ada/rec_comp.exp.
ERROR: wrong # args: should be "catch command ?varName?"
ERROR: tcl error sourcing /home/uweigand/dailybuild/spu-tc-2016-06-07/binutils-gdb-head/binutils-gdb/gdb/testsuite/gdb.ada/rec_return.exp.
ERROR: wrong # args: should be "catch command ?varName?"
ERROR: tcl error sourcing /home/uweigand/dailybuild/spu-tc-2016-06-07/binutils-gdb-head/binutils-gdb/gdb/testsuite/gdb.ada/ref_param.exp.
ERROR: wrong # args: should be "catch command ?varName?"
ERROR: tcl error sourcing /home/uweigand/dailybuild/spu-tc-2016-06-07/binutils-gdb-head/binutils-gdb/gdb/testsuite/gdb.ada/ref_tick_size.exp.
ERROR: wrong # args: should be "catch command ?varName?"
ERROR: tcl error sourcing /home/uweigand/dailybuild/spu-tc-2016-06-07/binutils-gdb-head/binutils-gdb/gdb/testsuite/gdb.ada/same_enum.exp.
ERROR: wrong # args: should be "catch command ?varName?"
ERROR: tcl error sourcing /home/uweigand/dailybuild/spu-tc-2016-06-07/binutils-gdb-head/binutils-gdb/gdb/testsuite/gdb.ada/set_pckd_arr_elt.exp.
ERROR: wrong # args: should be "catch command ?varName?"
ERROR: tcl error sourcing /home/uweigand/dailybuild/spu-tc-2016-06-07/binutils-gdb-head/binutils-gdb/gdb/testsuite/gdb.ada/set_wstr.exp.
ERROR: wrong # args: should be "catch command ?varName?"
ERROR: tcl error sourcing /home/uweigand/dailybuild/spu-tc-2016-06-07/binutils-gdb-head/binutils-gdb/gdb/testsuite/gdb.ada/small_reg_param.exp.
ERROR: wrong # args: should be "catch command ?varName?"
ERROR: tcl error sourcing /home/uweigand/dailybuild/spu-tc-2016-06-07/binutils-gdb-head/binutils-gdb/gdb/testsuite/gdb.ada/start.exp.
ERROR: wrong # args: should be "catch command ?varName?"
ERROR: tcl error sourcing /home/uweigand/dailybuild/spu-tc-2016-06-07/binutils-gdb-head/binutils-gdb/gdb/testsuite/gdb.ada/str_ref_cmp.exp.
ERROR: wrong # args: should be "catch command ?varName?"
ERROR: tcl error sourcing /home/uweigand/dailybuild/spu-tc-2016-06-07/binutils-gdb-head/binutils-gdb/gdb/testsuite/gdb.ada/str_uninit.exp.
ERROR: wrong # args: should be "catch command ?varName?"
ERROR: tcl error sourcing /home/uweigand/dailybuild/spu-tc-2016-06-07/binutils-gdb-head/binutils-gdb/gdb/testsuite/gdb.ada/sym_print_name.exp.
ERROR: wrong # args: should be "catch command ?varName?"
ERROR: tcl error sourcing /home/uweigand/dailybuild/spu-tc-2016-06-07/binutils-gdb-head/binutils-gdb/gdb/testsuite/gdb.ada/taft_type.exp.
ERROR: wrong # args: should be "catch command ?varName?"
ERROR: tcl error sourcing /home/uweigand/dailybuild/spu-tc-2016-06-07/binutils-gdb-head/binutils-gdb/gdb/testsuite/gdb.ada/tagged.exp.
ERROR: wrong # args: should be "catch command ?varName?"
ERROR: tcl error sourcing /home/uweigand/dailybuild/spu-tc-2016-06-07/binutils-gdb-head/binutils-gdb/gdb/testsuite/gdb.ada/tagged_access.exp.
ERROR: wrong # args: should be "catch command ?varName?"
ERROR: tcl error sourcing /home/uweigand/dailybuild/spu-tc-2016-06-07/binutils-gdb-head/binutils-gdb/gdb/testsuite/gdb.ada/tagged_not_init.exp.
ERROR: wrong # args: should be "catch command ?varName?"
ERROR: tcl error sourcing /home/uweigand/dailybuild/spu-tc-2016-06-07/binutils-gdb-head/binutils-gdb/gdb/testsuite/gdb.ada/task_bp.exp.
ERROR: wrong # args: should be "catch command ?varName?"
ERROR: tcl error sourcing /home/uweigand/dailybuild/spu-tc-2016-06-07/binutils-gdb-head/binutils-gdb/gdb/testsuite/gdb.ada/tasks.exp.
ERROR: wrong # args: should be "catch command ?varName?"
ERROR: tcl error sourcing /home/uweigand/dailybuild/spu-tc-2016-06-07/binutils-gdb-head/binutils-gdb/gdb/testsuite/gdb.ada/tick_last_segv.exp.
ERROR: wrong # args: should be "catch command ?varName?"
ERROR: tcl error sourcing /home/uweigand/dailybuild/spu-tc-2016-06-07/binutils-gdb-head/binutils-gdb/gdb/testsuite/gdb.ada/tick_length_array_enum_idx.exp.
ERROR: wrong # args: should be "catch command ?varName?"
ERROR: tcl error sourcing /home/uweigand/dailybuild/spu-tc-2016-06-07/binutils-gdb-head/binutils-gdb/gdb/testsuite/gdb.ada/type_coercion.exp.
ERROR: wrong # args: should be "catch command ?varName?"
ERROR: tcl error sourcing /home/uweigand/dailybuild/spu-tc-2016-06-07/binutils-gdb-head/binutils-gdb/gdb/testsuite/gdb.ada/unc_arr_ptr_in_var_rec.exp.
ERROR: wrong # args: should be "catch command ?varName?"
ERROR: tcl error sourcing /home/uweigand/dailybuild/spu-tc-2016-06-07/binutils-gdb-head/binutils-gdb/gdb/testsuite/gdb.ada/uninitialized_vars.exp.
ERROR: wrong # args: should be "catch command ?varName?"
ERROR: tcl error sourcing /home/uweigand/dailybuild/spu-tc-2016-06-07/binutils-gdb-head/binutils-gdb/gdb/testsuite/gdb.ada/var_arr_attrs.exp.
ERROR: wrong # args: should be "catch command ?varName?"
ERROR: tcl error sourcing /home/uweigand/dailybuild/spu-tc-2016-06-07/binutils-gdb-head/binutils-gdb/gdb/testsuite/gdb.ada/var_arr_typedef.exp.
ERROR: wrong # args: should be "catch command ?varName?"
ERROR: tcl error sourcing /home/uweigand/dailybuild/spu-tc-2016-06-07/binutils-gdb-head/binutils-gdb/gdb/testsuite/gdb.ada/var_rec_arr.exp.
ERROR: wrong # args: should be "catch command ?varName?"
ERROR: tcl error sourcing /home/uweigand/dailybuild/spu-tc-2016-06-07/binutils-gdb-head/binutils-gdb/gdb/testsuite/gdb.ada/variant_record_packed_array.exp.
ERROR: wrong # args: should be "catch command ?varName?"
ERROR: tcl error sourcing /home/uweigand/dailybuild/spu-tc-2016-06-07/binutils-gdb-head/binutils-gdb/gdb/testsuite/gdb.ada/watch_arg.exp.
ERROR: wrong # args: should be "catch command ?varName?"
ERROR: tcl error sourcing /home/uweigand/dailybuild/spu-tc-2016-06-07/binutils-gdb-head/binutils-gdb/gdb/testsuite/gdb.ada/whatis_array_val.exp.
ERROR: wrong # args: should be "catch command ?varName?"
ERROR: tcl error sourcing /home/uweigand/dailybuild/spu-tc-2016-06-07/binutils-gdb-head/binutils-gdb/gdb/testsuite/gdb.ada/widewide.exp.
ERROR: wrong # args: should be "catch command ?varName?"
ERROR: tcl error sourcing /home/uweigand/dailybuild/spu-tc-2016-06-07/binutils-gdb-head/binutils-gdb/gdb/testsuite/gdb.ada/win_fu_syms.exp.
ERROR: wrong # args: should be "catch command ?varName?"
FAIL: gdb.base/annota1.exp: backtrace from shlibrary (timeout)
FAIL: gdb.base/attach-wait-input.exp: editing on: attach and print (timeout)
FAIL: gdb.base/attach-wait-input.exp: editing off: attach and print (timeout)
FAIL: gdb.base/auto-connect-native-target.exp: kill: start
FAIL: gdb.base/auto-connect-native-target.exp: detach: start
FAIL: gdb.base/auto-connect-native-target.exp: run to exit: start
FAIL: gdb.base/auto-connect-native-target.exp: run to exit: c (the program is no longer running)
FAIL: gdb.base/auto-connect-native-target.exp: disconnect: start
FAIL: gdb.base/bg-execution-repeat.exp: c&: c&
FAIL: gdb.base/bg-execution-repeat.exp: c&: breakpoint hit 1 (timeout)
FAIL: gdb.base/bg-execution-repeat.exp: c&: repeat bg command
FAIL: gdb.base/bg-execution-repeat.exp: c&: breakpoint hit 2 (timeout)
FAIL: gdb.base/bg-execution-repeat.exp: c 1&: c 1&
FAIL: gdb.base/bg-execution-repeat.exp: c 1&: breakpoint hit 1 (timeout)
FAIL: gdb.base/bg-execution-repeat.exp: c 1&: repeat bg command
FAIL: gdb.base/bg-execution-repeat.exp: c 1&: breakpoint hit 2 (timeout)
FAIL: gdb.base/code_elim.exp: single psymtabs: test eliminated var my_global_symbol
FAIL: gdb.base/code_elim.exp: single psymtabs: test eliminated var my_static_symbol
FAIL: gdb.base/code_elim.exp: single psymtabs: test eliminated var my_global_func
FAIL: gdb.base/code_elim.exp: single symtabs: test eliminated var my_global_symbol
FAIL: gdb.base/code_elim.exp: single symtabs: test eliminated var my_static_symbol
FAIL: gdb.base/code_elim.exp: single symtabs: test eliminated var my_global_func
FAIL: gdb.base/code_elim.exp: order1: my_global_symbol has null address
FAIL: gdb.base/code_elim.exp: order1: my_static_symbol has null address
FAIL: gdb.base/command-line-input.exp: print 1\\\\n + 2
FAIL: gdb.base/command-line-input.exp: print 1\\\\n2
FAIL: gdb.base/dprintf-detach.exp: bai=on ds=gdb dd=on: get inferior process ID
FAIL: gdb.base/dprintf-detach.exp: bai=on ds=gdb dd=off: get inferior process ID
FAIL: gdb.base/dprintf-detach.exp: bai=on ds=call dd=on: get inferior process ID
FAIL: gdb.base/dprintf-detach.exp: bai=on ds=call dd=off: get inferior process ID
FAIL: gdb.base/dprintf-detach.exp: bai=on ds=agent dd=on: get inferior process ID
FAIL: gdb.base/dprintf-detach.exp: bai=on ds=agent dd=off: get inferior process ID
FAIL: gdb.base/dprintf-detach.exp: bai=off ds=gdb dd=on: get inferior process ID
FAIL: gdb.base/dprintf-detach.exp: bai=off ds=gdb dd=off: get inferior process ID
FAIL: gdb.base/dprintf-detach.exp: bai=off ds=call dd=on: get inferior process ID
FAIL: gdb.base/dprintf-detach.exp: bai=off ds=call dd=off: get inferior process ID
FAIL: gdb.base/dprintf-detach.exp: bai=off ds=agent dd=on: get inferior process ID
FAIL: gdb.base/dprintf-detach.exp: bai=off ds=agent dd=off: get inferior process ID
FAIL: gdb.base/dprintf-non-stop.exp: Can't run to main
FAIL: gdb.base/gnu_vector.exp: call add_singlevecs
FAIL: gdb.base/hook-stop.exp: hook-stop runs continue&: inferior exits normally (timeout)
FAIL: gdb.base/hook-stop.exp: hook-stop runs continue&: info threads
FAIL: gdb.base/kill-detach-inferiors-cmd.exp: start
FAIL: gdb.base/kill-detach-inferiors-cmd.exp: attach to pid (timeout)
FAIL: gdb.base/kill-detach-inferiors-cmd.exp: kill inferiors 1 2 (timeout)
FAIL: gdb.base/kill-detach-inferiors-cmd.exp: inferior 1 (timeout)
FAIL: gdb.base/kill-detach-inferiors-cmd.exp: kill (timeout)
FAIL: gdb.base/kill-detach-inferiors-cmd.exp: detach inferiors 3 (timeout)
FAIL: gdb.base/kill-detach-inferiors-cmd.exp: kill inferiors 1 2 3 (timeout)
FAIL: gdb.base/kill-detach-inferiors-cmd.exp: detach inferiors 1 2 3 (timeout)
FAIL: gdb.base/kill-detach-inferiors-cmd.exp: kill inferiors 10 (timeout)
FAIL: gdb.base/nostdlib.exp: continue to marker (the program exited)
FAIL: gdb.base/paginate-after-ctrl-c-running.exp: ctrlc target running: got prompt
FAIL: gdb.base/paginate-bg-execution.exp: paginate: continue&
FAIL: gdb.base/paginate-bg-execution.exp: paginate: pagination handled, breakpoint hit (timeout)
FAIL: gdb.base/paginate-bg-execution.exp: cancel with ctrl-c: continue&
FAIL: gdb.base/paginate-bg-execution.exp: cancel with ctrl-c: continue& paginates (timeout)
FAIL: gdb.base/paginate-bg-execution.exp: cancel with quit: continue&
FAIL: gdb.base/paginate-bg-execution.exp: cancel with quit: continue& paginates (timeout)
FAIL: gdb.base/paginate-bg-execution.exp: cancel with quit: cancel pagination (got interactive prompt)
FAIL: gdb.base/run-after-attach.exp: attach to process (timeout)
FAIL: gdb.base/run-after-attach.exp: kill process (timeout)
FAIL: gdb.base/run-after-attach.exp: restart process (timeout)
FAIL: gdb.base/run-after-attach.exp: attempt kill via quit (timeout)
FAIL: gdb.base/sss-bp-on-user-bp-2.exp: continue to breakpoint: run past setup (the program exited)
FAIL: gdb.base/sss-bp-on-user-bp-2.exp: stepi_del_break (the program is no longer running)
FAIL: gdb.base/sss-bp-on-user-bp-2.exp: si& finished (timeout)
FAIL: gdb.base/store.exp: continue to add_charest
FAIL: gdb.base/store.exp: continue to add_short
FAIL: gdb.base/store.exp: continue to add_int
FAIL: gdb.base/store.exp: continue to add_long
FAIL: gdb.base/store.exp: continue to add_float
FAIL: gdb.base/store.exp: continue to add_double
FAIL: gdb.base/store.exp: continue to add_doublest
FAIL: gdb.base/testenv.exp: Test with one TEST_GDB var
FAIL: gdb.base/testenv.exp: Test with two TEST_GDB var
FAIL: gdb.base/testenv.exp: Test with one TEST_GDB var, after unset
FAIL: gdb.base/testenv.exp: Test with TEST_GDB_GLOBAL
FAIL: gdb.base/vla-datatypes.exp: print float_vla
FAIL: gdb.base/watchpoint-reuse-slot.exp: always-inserted off: watch x watch: : width 1, iter 0: base + 0: watch *(buf.byte + 0 + 0)@1
FAIL: gdb.base/watchpoint-reuse-slot.exp: always-inserted off: watch x watch: : width 1, iter 0: base + 1: watch *(buf.byte + 0 + 1)@1
FAIL: gdb.base/watchpoint-reuse-slot.exp: always-inserted off: watch x watch: : width 1, iter 1: base + 0: watch *(buf.byte + 1 + 0)@1
FAIL: gdb.base/watchpoint-reuse-slot.exp: always-inserted off: watch x watch: : width 1, iter 1: base + 1: watch *(buf.byte + 1 + 1)@1
FAIL: gdb.base/watchpoint-reuse-slot.exp: always-inserted off: watch x watch: : width 1, iter 2: base + 0: watch *(buf.byte + 2 + 0)@1
FAIL: gdb.base/watchpoint-reuse-slot.exp: always-inserted off: watch x watch: : width 1, iter 2: base + 1: watch *(buf.byte + 2 + 1)@1
FAIL: gdb.base/watchpoint-reuse-slot.exp: always-inserted off: watch x watch: : width 1, iter 3: base + 0: watch *(buf.byte + 3 + 0)@1
FAIL: gdb.base/watchpoint-reuse-slot.exp: always-inserted off: watch x watch: : width 1, iter 3: base + 1: watch *(buf.byte + 3 + 1)@1
FAIL: gdb.base/watchpoint-reuse-slot.exp: always-inserted off: watch x watch: : width 2, iter 0: base + 0: watch *(buf.byte + 0 + 0)@2
FAIL: gdb.base/watchpoint-reuse-slot.exp: always-inserted off: watch x watch: : width 2, iter 0: base + 1: watch *(buf.byte + 0 + 1)@2
FAIL: gdb.base/watchpoint-reuse-slot.exp: always-inserted off: watch x watch: : width 2, iter 1: base + 0: watch *(buf.byte + 1 + 0)@2
FAIL: gdb.base/watchpoint-reuse-slot.exp: always-inserted off: watch x watch: : width 2, iter 1: base + 1: watch *(buf.byte + 1 + 1)@2
FAIL: gdb.base/watchpoint-reuse-slot.exp: always-inserted off: watch x watch: : width 2, iter 2: base + 0: watch *(buf.byte + 2 + 0)@2
FAIL: gdb.base/watchpoint-reuse-slot.exp: always-inserted off: watch x watch: : width 2, iter 2: base + 1: watch *(buf.byte + 2 + 1)@2
FAIL: gdb.base/watchpoint-reuse-slot.exp: always-inserted off: watch x watch: : width 2, iter 3: base + 0: watch *(buf.byte + 3 + 0)@2
FAIL: gdb.base/watchpoint-reuse-slot.exp: always-inserted off: watch x watch: : width 2, iter 3: base + 1: watch *(buf.byte + 3 + 1)@2
FAIL: gdb.base/watchpoint-reuse-slot.exp: always-inserted off: watch x watch: : width 3, iter 0: base + 0: watch *(buf.byte + 0 + 0)@3
FAIL: gdb.base/watchpoint-reuse-slot.exp: always-inserted off: watch x watch: : width 3, iter 0: base + 1: watch *(buf.byte + 0 + 1)@3
FAIL: gdb.base/watchpoint-reuse-slot.exp: always-inserted off: watch x watch: : width 3, iter 1: base + 0: watch *(buf.byte + 1 + 0)@3
FAIL: gdb.base/watchpoint-reuse-slot.exp: always-inserted off: watch x watch: : width 3, iter 1: base + 1: watch *(buf.byte + 1 + 1)@3
FAIL: gdb.base/watchpoint-reuse-slot.exp: always-inserted off: watch x watch: : width 3, iter 2: base + 0: watch *(buf.byte + 2 + 0)@3
FAIL: gdb.base/watchpoint-reuse-slot.exp: always-inserted off: watch x watch: : width 3, iter 2: base + 1: watch *(buf.byte + 2 + 1)@3
FAIL: gdb.base/watchpoint-reuse-slot.exp: always-inserted off: watch x watch: : width 3, iter 3: base + 0: watch *(buf.byte + 3 + 0)@3
FAIL: gdb.base/watchpoint-reuse-slot.exp: always-inserted off: watch x watch: : width 3, iter 3: base + 1: watch *(buf.byte + 3 + 1)@3
FAIL: gdb.base/watchpoint-reuse-slot.exp: always-inserted on: watch x watch: : width 1, iter 0: base + 0: watch *(buf.byte + 0 + 0)@1
FAIL: gdb.base/watchpoint-reuse-slot.exp: always-inserted on: watch x watch: : width 1, iter 0: base + 1: watch *(buf.byte + 0 + 1)@1
FAIL: gdb.base/watchpoint-reuse-slot.exp: always-inserted on: watch x watch: : width 1, iter 1: base + 0: watch *(buf.byte + 1 + 0)@1
FAIL: gdb.base/watchpoint-reuse-slot.exp: always-inserted on: watch x watch: : width 1, iter 1: base + 1: watch *(buf.byte + 1 + 1)@1
FAIL: gdb.base/watchpoint-reuse-slot.exp: always-inserted on: watch x watch: : width 1, iter 2: base + 0: watch *(buf.byte + 2 + 0)@1
FAIL: gdb.base/watchpoint-reuse-slot.exp: always-inserted on: watch x watch: : width 1, iter 2: base + 1: watch *(buf.byte + 2 + 1)@1
FAIL: gdb.base/watchpoint-reuse-slot.exp: always-inserted on: watch x watch: : width 1, iter 3: base + 0: watch *(buf.byte + 3 + 0)@1
FAIL: gdb.base/watchpoint-reuse-slot.exp: always-inserted on: watch x watch: : width 1, iter 3: base + 1: watch *(buf.byte + 3 + 1)@1
FAIL: gdb.base/watchpoint-reuse-slot.exp: always-inserted on: watch x watch: : width 2, iter 0: base + 0: watch *(buf.byte + 0 + 0)@2
FAIL: gdb.base/watchpoint-reuse-slot.exp: always-inserted on: watch x watch: : width 2, iter 0: base + 1: watch *(buf.byte + 0 + 1)@2
FAIL: gdb.base/watchpoint-reuse-slot.exp: always-inserted on: watch x watch: : width 2, iter 1: base + 0: watch *(buf.byte + 1 + 0)@2
FAIL: gdb.base/watchpoint-reuse-slot.exp: always-inserted on: watch x watch: : width 2, iter 1: base + 1: watch *(buf.byte + 1 + 1)@2
FAIL: gdb.base/watchpoint-reuse-slot.exp: always-inserted on: watch x watch: : width 2, iter 2: base + 0: watch *(buf.byte + 2 + 0)@2
FAIL: gdb.base/watchpoint-reuse-slot.exp: always-inserted on: watch x watch: : width 2, iter 2: base + 1: watch *(buf.byte + 2 + 1)@2
FAIL: gdb.base/watchpoint-reuse-slot.exp: always-inserted on: watch x watch: : width 2, iter 3: base + 0: watch *(buf.byte + 3 + 0)@2
FAIL: gdb.base/watchpoint-reuse-slot.exp: always-inserted on: watch x watch: : width 2, iter 3: base + 1: watch *(buf.byte + 3 + 1)@2
FAIL: gdb.base/watchpoint-reuse-slot.exp: always-inserted on: watch x watch: : width 3, iter 0: base + 0: watch *(buf.byte + 0 + 0)@3
FAIL: gdb.base/watchpoint-reuse-slot.exp: always-inserted on: watch x watch: : width 3, iter 0: base + 1: watch *(buf.byte + 0 + 1)@3
FAIL: gdb.base/watchpoint-reuse-slot.exp: always-inserted on: watch x watch: : width 3, iter 1: base + 0: watch *(buf.byte + 1 + 0)@3
FAIL: gdb.base/watchpoint-reuse-slot.exp: always-inserted on: watch x watch: : width 3, iter 1: base + 1: watch *(buf.byte + 1 + 1)@3
FAIL: gdb.base/watchpoint-reuse-slot.exp: always-inserted on: watch x watch: : width 3, iter 2: base + 0: watch *(buf.byte + 2 + 0)@3
FAIL: gdb.base/watchpoint-reuse-slot.exp: always-inserted on: watch x watch: : width 3, iter 2: base + 1: watch *(buf.byte + 2 + 1)@3
FAIL: gdb.base/watchpoint-reuse-slot.exp: always-inserted on: watch x watch: : width 3, iter 3: base + 0: watch *(buf.byte + 3 + 0)@3
FAIL: gdb.base/watchpoint-reuse-slot.exp: always-inserted on: watch x watch: : width 3, iter 3: base + 1: watch *(buf.byte + 3 + 1)@3
FAIL: gdb.base/watchpoint-stops-at-right-insn.exp: always-inserted off: set hardware watchpoint on global variable
FAIL: gdb.base/watchpoint-stops-at-right-insn.exp: always-inserted off: hardware watchpoint triggers
FAIL: gdb.base/watchpoint-stops-at-right-insn.exp: always-inserted on: set hardware watchpoint on global variable
FAIL: gdb.base/watchpoint-stops-at-right-insn.exp: always-inserted on: hardware watchpoint triggers
FAIL: gdb.base/watchpoint.exp: watch foo2
FAIL: gdb.base/watchpoint.exp: continue with watch foo2
FAIL: gdb.base/watchpoint.exp: watch foo4
FAIL: gdb.base/watchpoint.exp: continue with watch foo4
FAIL: gdb.cp/no-dmgl-verbose.exp: setting breakpoint at 'f(std::string)'
FAIL: gdb.cp/nsalias.exp: list outer::inner::innermost::foo
FAIL: gdb.cp/nsalias.exp: list outer::inner::Innermost::foo
FAIL: gdb.cp/nsalias.exp: list outer::Inner::innermost::foo
FAIL: gdb.cp/nsalias.exp: list outer::Inner::Innermost::foo
FAIL: gdb.cp/nsalias.exp: list Outer::inner::innermost::foo
FAIL: gdb.cp/nsalias.exp: list Outer::inner::Innermost::foo
FAIL: gdb.cp/nsalias.exp: list Outer::Inner::innermost::foo
FAIL: gdb.cp/nsalias.exp: list Outer::Inner::Innermost::foo
FAIL: gdb.cp/nsalias.exp: list oi1::innermost::foo
FAIL: gdb.cp/nsalias.exp: list oi1::Innermost::foo
FAIL: gdb.cp/nsalias.exp: list oi2::innermost::foo
FAIL: gdb.cp/nsalias.exp: list oi2::Innermost::foo
FAIL: gdb.cp/nsalias.exp: list oi3::innermost::foo
FAIL: gdb.cp/nsalias.exp: list oi3::Innermost::foo
FAIL: gdb.dwarf2/bad-regnum.exp: info addr foo1
FAIL: gdb.dwarf2/dw2-dir-file-name.exp: compdir_missing__ldir_missing__file_basename: continue to breakpoint: compdir_missing__ldir_missing__file_basename
FAIL: gdb.dwarf2/dw2-dir-file-name.exp: compdir_missing__ldir_missing__file_basename: absolute
FAIL: gdb.dwarf2/dw2-dir-file-name.exp: compdir_missing__ldir_missing__file_basename: basename
FAIL: gdb.dwarf2/dw2-dir-file-name.exp: compdir_missing__ldir_missing__file_basename: relative
FAIL: gdb.dwarf2/dw2-dir-file-name.exp: compdir_missing__ldir_missing__file_relative: continue to breakpoint: compdir_missing__ldir_missing__file_relative
FAIL: gdb.dwarf2/dw2-dir-file-name.exp: compdir_missing__ldir_missing__file_relative: absolute
FAIL: gdb.dwarf2/dw2-dir-file-name.exp: compdir_missing__ldir_missing__file_relative: basename
FAIL: gdb.dwarf2/dw2-dir-file-name.exp: compdir_missing__ldir_missing__file_relative: relative
FAIL: gdb.dwarf2/dw2-dir-file-name.exp: compdir_missing__ldir_missing__file_absolute: continue to breakpoint: compdir_missing__ldir_missing__file_absolute
FAIL: gdb.dwarf2/dw2-dir-file-name.exp: compdir_missing__ldir_missing__file_absolute: absolute
FAIL: gdb.dwarf2/dw2-dir-file-name.exp: compdir_missing__ldir_missing__file_absolute: basename
FAIL: gdb.dwarf2/dw2-dir-file-name.exp: compdir_missing__ldir_missing__file_absolute: relative
FAIL: gdb.dwarf2/dw2-dir-file-name.exp: compdir_missing__ldir_relative_file_basename: continue to breakpoint: compdir_missing__ldir_relative_file_basename
FAIL: gdb.dwarf2/dw2-dir-file-name.exp: compdir_missing__ldir_relative_file_basename: absolute
FAIL: gdb.dwarf2/dw2-dir-file-name.exp: compdir_missing__ldir_relative_file_basename: basename
FAIL: gdb.dwarf2/dw2-dir-file-name.exp: compdir_missing__ldir_relative_file_basename: relative
FAIL: gdb.dwarf2/dw2-dir-file-name.exp: compdir_missing__ldir_relative_file_relative: continue to breakpoint: compdir_missing__ldir_relative_file_relative
FAIL: gdb.dwarf2/dw2-dir-file-name.exp: compdir_missing__ldir_relative_file_relative: absolute
FAIL: gdb.dwarf2/dw2-dir-file-name.exp: compdir_missing__ldir_relative_file_relative: basename
FAIL: gdb.dwarf2/dw2-dir-file-name.exp: compdir_missing__ldir_relative_file_relative: relative
FAIL: gdb.dwarf2/dw2-dir-file-name.exp: compdir_missing__ldir_relative_file_absolute: continue to breakpoint: compdir_missing__ldir_relative_file_absolute
FAIL: gdb.dwarf2/dw2-dir-file-name.exp: compdir_missing__ldir_relative_file_absolute: absolute
FAIL: gdb.dwarf2/dw2-dir-file-name.exp: compdir_missing__ldir_relative_file_absolute: basename
FAIL: gdb.dwarf2/dw2-dir-file-name.exp: compdir_missing__ldir_relative_file_absolute: relative
FAIL: gdb.dwarf2/dw2-dir-file-name.exp: compdir_missing__ldir_absolute_file_basename: continue to breakpoint: compdir_missing__ldir_absolute_file_basename
FAIL: gdb.dwarf2/dw2-dir-file-name.exp: compdir_missing__ldir_absolute_file_basename: absolute
FAIL: gdb.dwarf2/dw2-dir-file-name.exp: compdir_missing__ldir_absolute_file_basename: basename
FAIL: gdb.dwarf2/dw2-dir-file-name.exp: compdir_missing__ldir_absolute_file_basename: relative
FAIL: gdb.dwarf2/dw2-dir-file-name.exp: compdir_missing__ldir_absolute_file_relative: continue to breakpoint: compdir_missing__ldir_absolute_file_relative
FAIL: gdb.dwarf2/dw2-dir-file-name.exp: compdir_missing__ldir_absolute_file_relative: absolute
FAIL: gdb.dwarf2/dw2-dir-file-name.exp: compdir_missing__ldir_absolute_file_relative: basename
FAIL: gdb.dwarf2/dw2-dir-file-name.exp: compdir_missing__ldir_absolute_file_relative: relative
FAIL: gdb.dwarf2/dw2-dir-file-name.exp: compdir_missing__ldir_absolute_file_absolute_same: continue to breakpoint: compdir_missing__ldir_absolute_file_absolute_same
FAIL: gdb.dwarf2/dw2-dir-file-name.exp: compdir_missing__ldir_absolute_file_absolute_same: absolute
FAIL: gdb.dwarf2/dw2-dir-file-name.exp: compdir_missing__ldir_absolute_file_absolute_same: basename
FAIL: gdb.dwarf2/dw2-dir-file-name.exp: compdir_missing__ldir_absolute_file_absolute_same: relative
FAIL: gdb.dwarf2/dw2-dir-file-name.exp: compdir_missing__ldir_absolute_file_absolute_different: continue to breakpoint: compdir_missing__ldir_absolute_file_absolute_different
FAIL: gdb.dwarf2/dw2-dir-file-name.exp: compdir_missing__ldir_absolute_file_absolute_different: absolute
FAIL: gdb.dwarf2/dw2-dir-file-name.exp: compdir_missing__ldir_absolute_file_absolute_different: basename
FAIL: gdb.dwarf2/dw2-dir-file-name.exp: compdir_missing__ldir_absolute_file_absolute_different: relative
FAIL: gdb.dwarf2/dw2-dir-file-name.exp: compdir_relative_ldir_missing__file_basename: continue to breakpoint: compdir_relative_ldir_missing__file_basename
FAIL: gdb.dwarf2/dw2-dir-file-name.exp: compdir_relative_ldir_missing__file_basename: absolute
FAIL: gdb.dwarf2/dw2-dir-file-name.exp: compdir_relative_ldir_missing__file_basename: basename
FAIL: gdb.dwarf2/dw2-dir-file-name.exp: compdir_relative_ldir_missing__file_basename: relative
FAIL: gdb.dwarf2/dw2-dir-file-name.exp: compdir_relative_ldir_missing__file_relative: continue to breakpoint: compdir_relative_ldir_missing__file_relative
FAIL: gdb.dwarf2/dw2-dir-file-name.exp: compdir_relative_ldir_missing__file_relative: absolute
FAIL: gdb.dwarf2/dw2-dir-file-name.exp: compdir_relative_ldir_missing__file_relative: basename
FAIL: gdb.dwarf2/dw2-dir-file-name.exp: compdir_relative_ldir_missing__file_relative: relative
FAIL: gdb.dwarf2/dw2-dir-file-name.exp: compdir_relative_ldir_missing__file_absolute: continue to breakpoint: compdir_relative_ldir_missing__file_absolute
FAIL: gdb.dwarf2/dw2-dir-file-name.exp: compdir_relative_ldir_missing__file_absolute: absolute
FAIL: gdb.dwarf2/dw2-dir-file-name.exp: compdir_relative_ldir_missing__file_absolute: basename
FAIL: gdb.dwarf2/dw2-dir-file-name.exp: compdir_relative_ldir_missing__file_absolute: relative
FAIL: gdb.dwarf2/dw2-dir-file-name.exp: compdir_relative_ldir_relative_file_basename: continue to breakpoint: compdir_relative_ldir_relative_file_basename
FAIL: gdb.dwarf2/dw2-dir-file-name.exp: compdir_relative_ldir_relative_file_basename: absolute
FAIL: gdb.dwarf2/dw2-dir-file-name.exp: compdir_relative_ldir_relative_file_basename: basename
FAIL: gdb.dwarf2/dw2-dir-file-name.exp: compdir_relative_ldir_relative_file_basename: relative
FAIL: gdb.dwarf2/dw2-dir-file-name.exp: compdir_relative_ldir_relative_file_relative: continue to breakpoint: compdir_relative_ldir_relative_file_relative
FAIL: gdb.dwarf2/dw2-dir-file-name.exp: compdir_relative_ldir_relative_file_relative: absolute
FAIL: gdb.dwarf2/dw2-dir-file-name.exp: compdir_relative_ldir_relative_file_relative: basename
FAIL: gdb.dwarf2/dw2-dir-file-name.exp: compdir_relative_ldir_relative_file_relative: relative
FAIL: gdb.dwarf2/dw2-dir-file-name.exp: compdir_relative_ldir_relative_file_absolute: continue to breakpoint: compdir_relative_ldir_relative_file_absolute
FAIL: gdb.dwarf2/dw2-dir-file-name.exp: compdir_relative_ldir_relative_file_absolute: absolute
FAIL: gdb.dwarf2/dw2-dir-file-name.exp: compdir_relative_ldir_relative_file_absolute: basename
FAIL: gdb.dwarf2/dw2-dir-file-name.exp: compdir_relative_ldir_relative_file_absolute: relative
FAIL: gdb.dwarf2/dw2-dir-file-name.exp: compdir_relative_ldir_absolute_file_basename: continue to breakpoint: compdir_relative_ldir_absolute_file_basename
FAIL: gdb.dwarf2/dw2-dir-file-name.exp: compdir_relative_ldir_absolute_file_basename: absolute
FAIL: gdb.dwarf2/dw2-dir-file-name.exp: compdir_relative_ldir_absolute_file_basename: basename
FAIL: gdb.dwarf2/dw2-dir-file-name.exp: compdir_relative_ldir_absolute_file_basename: relative
FAIL: gdb.dwarf2/dw2-dir-file-name.exp: compdir_relative_ldir_absolute_file_relative: continue to breakpoint: compdir_relative_ldir_absolute_file_relative
FAIL: gdb.dwarf2/dw2-dir-file-name.exp: compdir_relative_ldir_absolute_file_relative: absolute
FAIL: gdb.dwarf2/dw2-dir-file-name.exp: compdir_relative_ldir_absolute_file_relative: basename
FAIL: gdb.dwarf2/dw2-dir-file-name.exp: compdir_relative_ldir_absolute_file_relative: relative
FAIL: gdb.dwarf2/dw2-dir-file-name.exp: compdir_relative_ldir_absolute_file_absolute_same: continue to breakpoint: compdir_relative_ldir_absolute_file_absolute_same
FAIL: gdb.dwarf2/dw2-dir-file-name.exp: compdir_relative_ldir_absolute_file_absolute_same: absolute
FAIL: gdb.dwarf2/dw2-dir-file-name.exp: compdir_relative_ldir_absolute_file_absolute_same: basename
FAIL: gdb.dwarf2/dw2-dir-file-name.exp: compdir_relative_ldir_absolute_file_absolute_same: relative
FAIL: gdb.dwarf2/dw2-dir-file-name.exp: compdir_relative_ldir_absolute_file_absolute_different: continue to breakpoint: compdir_relative_ldir_absolute_file_absolute_different
FAIL: gdb.dwarf2/dw2-dir-file-name.exp: compdir_relative_ldir_absolute_file_absolute_different: absolute
FAIL: gdb.dwarf2/dw2-dir-file-name.exp: compdir_relative_ldir_absolute_file_absolute_different: basename
FAIL: gdb.dwarf2/dw2-dir-file-name.exp: compdir_relative_ldir_absolute_file_absolute_different: relative
FAIL: gdb.dwarf2/dw2-dir-file-name.exp: compdir_absolute_ldir_missing__file_basename: continue to breakpoint: compdir_absolute_ldir_missing__file_basename
FAIL: gdb.dwarf2/dw2-dir-file-name.exp: compdir_absolute_ldir_missing__file_basename: absolute
FAIL: gdb.dwarf2/dw2-dir-file-name.exp: compdir_absolute_ldir_missing__file_basename: basename
FAIL: gdb.dwarf2/dw2-dir-file-name.exp: compdir_absolute_ldir_missing__file_basename: relative
FAIL: gdb.dwarf2/dw2-dir-file-name.exp: compdir_absolute_ldir_missing__file_relative: continue to breakpoint: compdir_absolute_ldir_missing__file_relative
FAIL: gdb.dwarf2/dw2-dir-file-name.exp: compdir_absolute_ldir_missing__file_relative: absolute
FAIL: gdb.dwarf2/dw2-dir-file-name.exp: compdir_absolute_ldir_missing__file_relative: basename
FAIL: gdb.dwarf2/dw2-dir-file-name.exp: compdir_absolute_ldir_missing__file_relative: relative
FAIL: gdb.dwarf2/dw2-dir-file-name.exp: compdir_absolute_ldir_missing__file_absolute_same: continue to breakpoint: compdir_absolute_ldir_missing__file_absolute_same
FAIL: gdb.dwarf2/dw2-dir-file-name.exp: compdir_absolute_ldir_missing__file_absolute_same: absolute
FAIL: gdb.dwarf2/dw2-dir-file-name.exp: compdir_absolute_ldir_missing__file_absolute_same: basename
FAIL: gdb.dwarf2/dw2-dir-file-name.exp: compdir_absolute_ldir_missing__file_absolute_same: relative
FAIL: gdb.dwarf2/dw2-dir-file-name.exp: compdir_absolute_ldir_missing__file_absolute_different: continue to breakpoint: compdir_absolute_ldir_missing__file_absolute_different
FAIL: gdb.dwarf2/dw2-dir-file-name.exp: compdir_absolute_ldir_missing__file_absolute_different: absolute
FAIL: gdb.dwarf2/dw2-dir-file-name.exp: compdir_absolute_ldir_missing__file_absolute_different: basename
FAIL: gdb.dwarf2/dw2-dir-file-name.exp: compdir_absolute_ldir_missing__file_absolute_different: relative
FAIL: gdb.dwarf2/dw2-dir-file-name.exp: compdir_absolute_ldir_relative_file_basename: continue to breakpoint: compdir_absolute_ldir_relative_file_basename
FAIL: gdb.dwarf2/dw2-dir-file-name.exp: compdir_absolute_ldir_relative_file_basename: absolute
FAIL: gdb.dwarf2/dw2-dir-file-name.exp: compdir_absolute_ldir_relative_file_basename: basename
FAIL: gdb.dwarf2/dw2-dir-file-name.exp: compdir_absolute_ldir_relative_file_basename: relative
FAIL: gdb.dwarf2/dw2-dir-file-name.exp: compdir_absolute_ldir_relative_file_relative: continue to breakpoint: compdir_absolute_ldir_relative_file_relative
FAIL: gdb.dwarf2/dw2-dir-file-name.exp: compdir_absolute_ldir_relative_file_relative: absolute
FAIL: gdb.dwarf2/dw2-dir-file-name.exp: compdir_absolute_ldir_relative_file_relative: basename
FAIL: gdb.dwarf2/dw2-dir-file-name.exp: compdir_absolute_ldir_relative_file_relative: relative
FAIL: gdb.dwarf2/dw2-dir-file-name.exp: compdir_absolute_ldir_relative_file_absolute_same: continue to breakpoint: compdir_absolute_ldir_relative_file_absolute_same
FAIL: gdb.dwarf2/dw2-dir-file-name.exp: compdir_absolute_ldir_relative_file_absolute_same: absolute
FAIL: gdb.dwarf2/dw2-dir-file-name.exp: compdir_absolute_ldir_relative_file_absolute_same: basename
FAIL: gdb.dwarf2/dw2-dir-file-name.exp: compdir_absolute_ldir_relative_file_absolute_same: relative
FAIL: gdb.dwarf2/dw2-dir-file-name.exp: compdir_absolute_ldir_relative_file_absolute_different: continue to breakpoint: compdir_absolute_ldir_relative_file_absolute_different
FAIL: gdb.dwarf2/dw2-dir-file-name.exp: compdir_absolute_ldir_relative_file_absolute_different: absolute
FAIL: gdb.dwarf2/dw2-dir-file-name.exp: compdir_absolute_ldir_relative_file_absolute_different: basename
FAIL: gdb.dwarf2/dw2-dir-file-name.exp: compdir_absolute_ldir_relative_file_absolute_different: relative
FAIL: gdb.dwarf2/dw2-dir-file-name.exp: compdir_absolute_ldir_absolute_file_basename_same: continue to breakpoint: compdir_absolute_ldir_absolute_file_basename_same
FAIL: gdb.dwarf2/dw2-dir-file-name.exp: compdir_absolute_ldir_absolute_file_basename_same: absolute
FAIL: gdb.dwarf2/dw2-dir-file-name.exp: compdir_absolute_ldir_absolute_file_basename_same: basename
FAIL: gdb.dwarf2/dw2-dir-file-name.exp: compdir_absolute_ldir_absolute_file_basename_same: relative
FAIL: gdb.dwarf2/dw2-dir-file-name.exp: compdir_absolute_ldir_absolute_file_relative_different: continue to breakpoint: compdir_absolute_ldir_absolute_file_relative_different
FAIL: gdb.dwarf2/dw2-dir-file-name.exp: compdir_absolute_ldir_absolute_file_relative_different: absolute
FAIL: gdb.dwarf2/dw2-dir-file-name.exp: compdir_absolute_ldir_absolute_file_relative_different: basename
FAIL: gdb.dwarf2/dw2-dir-file-name.exp: compdir_absolute_ldir_absolute_file_relative_different: relative
FAIL: gdb.dwarf2/dw2-dir-file-name.exp: compdir_absolute_ldir_absolute_file_absolute_same: continue to breakpoint: compdir_absolute_ldir_absolute_file_absolute_same
FAIL: gdb.dwarf2/dw2-dir-file-name.exp: compdir_absolute_ldir_absolute_file_absolute_same: absolute
FAIL: gdb.dwarf2/dw2-dir-file-name.exp: compdir_absolute_ldir_absolute_file_absolute_same: basename
FAIL: gdb.dwarf2/dw2-dir-file-name.exp: compdir_absolute_ldir_absolute_file_absolute_same: relative
FAIL: gdb.dwarf2/dw2-dir-file-name.exp: compdir_absolute_ldir_absolute_file_absolute_different: continue to breakpoint: compdir_absolute_ldir_absolute_file_absolute_different
FAIL: gdb.dwarf2/dw2-dir-file-name.exp: compdir_absolute_ldir_absolute_file_absolute_different: absolute
FAIL: gdb.dwarf2/dw2-dir-file-name.exp: compdir_absolute_ldir_absolute_file_absolute_different: basename
FAIL: gdb.dwarf2/dw2-dir-file-name.exp: compdir_absolute_ldir_absolute_file_absolute_different: relative
FAIL: gdb.dwarf2/dw2-var-zero-addr.exp: print &var
FAIL: gdb.dwarf2/dw2-var-zero-addr.exp: readnow: print &var
FAIL: gdb.dwarf2/implptrpiece.exp: print/d p[-1]
FAIL: gdb.linespec/explicit.exp: complete unique function name (timeout)
FAIL: gdb.linespec/explicit.exp: complete non-unique function name (timeout)
FAIL: gdb.linespec/explicit.exp: complete non-existant function name (timeout)
FAIL: gdb.linespec/explicit.exp: complete unique file name (timeout)
FAIL: gdb.linespec/explicit.exp: complete non-unique file name (timeout)
FAIL: gdb.linespec/explicit.exp: complete non-existant file name (timeout)
FAIL: gdb.linespec/explicit.exp: complete filename and unique function name
FAIL: gdb.linespec/explicit.exp: delete complete filename and unique function name breakpoint
FAIL: gdb.mi/gdb2549.exp: register values x
FAIL: gdb.mi/gdb2549.exp: register values f
FAIL: gdb.mi/gdb2549.exp: register values d
FAIL: gdb.mi/gdb2549.exp: register values o
FAIL: gdb.mi/gdb2549.exp: register values t
FAIL: gdb.mi/mi-async-run.exp: send interrupt command (timeout)
FAIL: gdb.mi/mi-async-run.exp: expect interrupt (timeout)
FAIL: gdb.mi/mi-cmd-param-changed.exp: cmd param: "set scheduler-locking on"
FAIL: gdb.mi/mi-cmd-param-changed.exp: cmd param: "set scheduler-locking off"
FAIL: gdb.mi/mi-cmd-param-changed.exp: cmd param: "set scheduler-locking step"
FAIL: gdb.mi/mi-cmd-param-changed.exp: cmd param: interpreter-exec "set scheduler-locking on"
FAIL: gdb.mi/mi-cmd-param-changed.exp: cmd param: interpreter-exec "set scheduler-locking off"
FAIL: gdb.mi/mi-cmd-param-changed.exp: cmd param: interpreter-exec "set scheduler-locking step"
FAIL: gdb.mi/mi-cmd-param-changed.exp: cmd param: "set scheduler-locking on" no event (requested by MI)
FAIL: gdb.mi/mi-cmd-param-changed.exp: cmd param: "set scheduler-locking step" no event (requested by MI interp)
FAIL: gdb.mi/mi-cmd-param-changed.exp: cmd param: "set scheduler-locking stepr" no event
ERROR: Process no longer exists
UNRESOLVED: gdb.mi/mi-logging.exp: redirect logging off
FAIL: gdb.mi/mi-logging.exp: Redirect log file contents
FAIL: gdb.modula2/unbounded-array.exp: print unbounded array contents
FAIL: gdb.multi/dummy-frame-restore.exp: Can't run to f2
FAIL: gdb.opt/inline-cmds.exp: finish from func1
FAIL: gdb.opt/inline-cmds.exp: step into finish marker
FAIL: gdb.opt/inline-cmds.exp: enter inlined_fn from noinline
FAIL: gdb.opt/inline-cmds.exp: backtrace at inlined_fn from noinline
FAIL: gdb.opt/inline-cmds.exp: inlined_fn from noinline inlined
FAIL: gdb.opt/inline-cmds.exp: up to noinline
FAIL: gdb.opt/inline-cmds.exp: noinline from outer_inline1 not inlined
FAIL: gdb.opt/inline-cmds.exp: outer_inline2 inlined
FAIL: gdb.opt/inline-cmds.exp: up from outer_inline2
FAIL: gdb.python/py-breakpoint.exp: python gdb.Breakpoint("  *{}".format(str(main_addr)))
FAIL: gdb.python/py-framefilter-mi.exp: Load python file
FAIL: gdb.python/py-framefilter-mi.exp: stack-list-locals --all-values frame filters enabled
FAIL: gdb.python/py-framefilter-mi.exp: filtered stack listing
FAIL: gdb.python/py-framefilter-mi.exp: filtered stack list 0 3
FAIL: gdb.python/py-framefilter-mi.exp: filtered stack list 22 24
FAIL: gdb.python/py-framefilter-mi.exp: stack-list-arguments 0
FAIL: gdb.python/py-framefilter-mi.exp: stack-list-arguments 0 0 3
FAIL: gdb.python/py-framefilter-mi.exp: stack-list-arguments 0 22 27
FAIL: gdb.python/py-framefilter-mi.exp: stack-list-arguments 1
FAIL: gdb.python/py-framefilter-mi.exp: stack-list-arguments 1 0 3
FAIL: gdb.python/py-framefilter-mi.exp: stack-list-arguments 1 22 27
FAIL: gdb.python/py-framefilter-mi.exp: stack-list-arguments 2
FAIL: gdb.python/py-framefilter-mi.exp: stack-list-arguments 2 0 3
FAIL: gdb.python/py-framefilter-mi.exp: stack-list-arguments 2 22 27
FAIL: gdb.python/py-framefilter-mi.exp: stack-list-locals 0
FAIL: gdb.python/py-framefilter-mi.exp: stack-list-locals 1
FAIL: gdb.python/py-framefilter-mi.exp: stack-list-locals 2
FAIL: gdb.python/py-framefilter-mi.exp: stack-list-variables 0
FAIL: gdb.python/py-framefilter.exp: Load python file
FAIL: gdb.python/py-framefilter.exp: bt full with filters
FAIL: gdb.python/py-framefilter.exp: info frame filter before setting priority
FAIL: gdb.python/py-framefilter.exp: show frame-filter priority global Elider before setting
FAIL: gdb.python/py-framefilter.exp: set frame-filter priotiy global Elider 1000
FAIL: gdb.python/py-framefilter.exp: show frame-filter priority global Elider after setting
FAIL: gdb.python/py-framefilter.exp: info frame filter after setting priority
FAIL: gdb.python/py-framefilter.exp: info frame filter before disable frame filter
FAIL: gdb.python/py-framefilter.exp: disable frame-filter global Elider
FAIL: gdb.python/py-framefilter.exp: info frame filter after disable frame filter
FAIL: gdb.python/py-framefilter.exp: enable frame-filter global Elider
FAIL: gdb.python/py-framefilter.exp: info frame filter after reenabling frame filter
FAIL: gdb.python/py-framefilter.exp: bt with frame filters
FAIL: gdb.python/py-framefilter.exp: disable frame-filter global Reverse
FAIL: gdb.python/py-framefilter.exp: enable frame-filter global Error
FAIL: gdb.python/py-framefilter.exp: bt 1 with Error filter
FAIL: gdb.python/py-framefilter.exp: Load python file for no debuginfo tests
FAIL: gdb.python/py-framefilter.exp: disable frame-filter global Reverse for no debuginfo
FAIL: gdb.python/py-pp-integral.exp: source py-pp-integral.py
FAIL: gdb.python/py-pp-integral.exp: print *t
FAIL: gdb.python/py-pp-re-notag.exp: source py-pp-re-notag.py
FAIL: gdb.python/py-pp-re-notag.exp: print *t
FAIL: gdb.python/py-sync-interp.exp: attach and where (timeout)
FAIL: gdb.python/py-unwind-maint.exp: Show all unwinders (pattern 1)
FAIL: gdb.python/py-unwind-maint.exp: Unwinder disabled
FAIL: gdb.python/py-unwind-maint.exp: Show with global unwinder disabled (pattern 1)
FAIL: gdb.python/py-unwind-maint.exp: Global unwinder disabled (pattern 1)
FAIL: gdb.python/py-value-cc.exp: u's second field via field
FAIL: gdb.python/py-value.exp: use value as string index
FAIL: gdb.python/py-value.exp: use value as tuple index
FAIL: gdb.python/py-value.exp: use value as array index
FAIL: gdb.python/python.exp: python interactive help: python; help(); end
FAIL: gdb.python/python.exp: pythonX.Y/lib-dynload/*.so
FAIL: gdb.python/python.exp: Test decode_line func1 line number
FAIL: gdb.server/connect-stopped-target.exp: non-stop=on: connect and print pc
FAIL: gdb.server/connect-stopped-target.exp: non-stop=on: print pc again
WARNING: Can\`t communicate to remote target.
WARNING: Can\`t communicate to remote target.
WARNING: Can\`t communicate to remote target.
WARNING: Can\`t communicate to remote target.
FAIL: gdb.server/ext-attach.exp: attach to remote program 1
FAIL: gdb.server/ext-attach.exp: detach
FAIL: gdb.server/ext-attach.exp: attach to remote program 2
FAIL: gdb.server/ext-restart.exp: run to main
FAIL: gdb.server/ext-restart.exp: monitor exit
FAIL: gdb.server/ext-run.exp: continue to main
FAIL: gdb.server/ext-run.exp: load new file without any gdbserver inferior
FAIL: gdb.server/ext-run.exp: monitor exit
FAIL: gdb.server/ext-wrapper.exp: run to marker (timeout)
FAIL: gdb.server/ext-wrapper.exp: print d (timeout)
FAIL: gdb.server/ext-wrapper.exp: restart: set remote run-packet off (timeout)
FAIL: gdb.server/ext-wrapper.exp: restart: set remote exec-file (timeout)
FAIL: gdb.server/ext-wrapper.exp: restart: run to marker (timeout)
FAIL: gdb.server/ext-wrapper.exp: restart: print d (timeout)
FAIL: gdb.server/ext-wrapper.exp: kill (timeout)
FAIL: gdb.server/ext-wrapper.exp: monitor exit (timeout)
FAIL: gdb.server/no-thread-db.exp: libthread-db is now unresolvable
FAIL: gdb.server/no-thread-db.exp: print foo
FAIL: gdb.server/non-existing-program.exp: gdbserver exits cleanly
ERROR: tcl error sourcing /home/uweigand/dailybuild/spu-tc-2016-06-07/binutils-gdb-head/binutils-gdb/gdb/testsuite/gdb.server/wrapper.exp.
ERROR: Timeout waiting for gdbserver response.
FAIL: gdb.trace/entry-values.exp: disassemble bar
FAIL: gdb.trace/entry-values.exp: Find the call or branch instruction offset in bar

		=== gdb Summary ===

# of expected passes		18618
# of unexpected failures	394
# of expected failures		28
# of unknown successes		1
# of known failures		45
# of unresolved testcases	1
# of untested testcases		167
# of unsupported tests		160
/home/uweigand/dailybuild/spu-tc-2016-06-07/gdb-build/gdb/testsuite/../../gdb/gdb version  144, -nw -nx -data-directory /home/uweigand/dailybuild/spu-tc-2016-06-07/gdb-build/gdb/testsuite/../data-directory 


Platform: spu-unknown-elf
configure flags: --disable-binutils --disable-gas --disable-ld --disable-gprof --target=spu --with-expat --disable-nls --disable-install-libbfd --prefix=/home/uweigand/dailybuild/spu-tc-2016-06-07/spu-toolchain

############################################################
# PPU-GDB test suite results (gdb.cell only)               #
############################################################
Native configuration is powerpc64-unknown-linux-gnu

		=== gdb tests ===


Running target unix/-m32

		=== gdb Summary for unix/-m32 ===

# of unsupported tests		1

Running target unix/-m64

		=== gdb Summary for unix/-m64 ===

# of unsupported tests		1

		=== gdb Summary ===

# of unsupported tests		36
/home/uweigand/dailybuild/spu-tc-2016-06-07/ppu-gdb-build/gdb/testsuite/../../gdb/gdb version  144, -nw -nx -data-directory /home/uweigand/dailybuild/spu-tc-2016-06-07/ppu-gdb-build/gdb/testsuite/../data-directory 

		=== sim tests ===


Running target unix/-m32

		=== sim Summary for unix/-m32 ===


Running target unix/-m64

		=== sim Summary for unix/-m64 ===


		=== sim Summary ===


Platform: powerpc64-unknown-linux-gnu
configure flags: --disable-binutils --disable-gas --disable-ld --disable-gprof --enable-targets=spu --with-expat --disable-nls --disable-install-libbfd --prefix=/home/uweigand/dailybuild/spu-tc-2016-06-07/spu-toolchain


Index Nav: [Date Index] [Subject Index] [Author Index] [Thread Index]
Message Nav: [Date Prev] [Date Next] [Thread Prev] [Thread Next]