This is the mail archive of the gcc-testresults@gcc.gnu.org mailing list for the GCC project.


Index Nav: [Date Index] [Subject Index] [Author Index] [Thread Index]
Message Nav: [Date Prev] [Date Next] [Thread Prev] [Thread Next]
Other format: [Raw text]

Results for 7.0.0 20160603 (experimental) [trunk revision 237058] (GCC) testsuite on sparcv9-sun-solaris2.11


LAST_UPDATED: Fri Jun  3 09:34:25 UTC 2016 (revision 237058)

		=== acats tests ===

		=== acats Summary ===
# of expected passes		2320
# of unexpected failures	0
Native configuration is sparcv9-sun-solaris2.11

		=== g++ tests ===


Running target unix

		=== g++ Summary for unix ===

# of expected passes		97781
# of expected failures		316
# of unsupported tests		3970

Running target unix/-m32

		=== g++ Summary for unix/-m32 ===

# of expected passes		95909
# of expected failures		316
# of unsupported tests		3993

		=== g++ Summary ===

# of expected passes		193690
# of expected failures		632
# of unsupported tests		7963
/var/gcc/regression/trunk/11-gcc-64/build/gcc/testsuite/g++/../../xg++  version 7.0.0 20160603 (experimental) [trunk revision 237058] (GCC) 

		=== gcc tests ===


Running target unix
FAIL: gcc.dg/visibility-22.c execution test
FAIL: gcc.dg/plugin/must-tail-call-1.c -fplugin=./must_tail_call_plugin.so (test for excess errors)
FAIL: gcc.dg/plugin/must-tail-call-2.c -fplugin=./must_tail_call_plugin.so  (test for errors, line 32)
FAIL: gcc.dg/plugin/must-tail-call-2.c -fplugin=./must_tail_call_plugin.so  (test for errors, line 39)
FAIL: gcc.dg/plugin/must-tail-call-2.c -fplugin=./must_tail_call_plugin.so  (test for errors, line 48)
FAIL: gcc.dg/plugin/must-tail-call-2.c -fplugin=./must_tail_call_plugin.so  (test for errors, line 57)
FAIL: gcc.dg/plugin/must-tail-call-2.c -fplugin=./must_tail_call_plugin.so (test for excess errors)
FAIL: gcc.dg/tree-ssa/scev-3.c scan-tree-dump-times optimized "&a" 1
FAIL: gcc.dg/tree-ssa/scev-4.c scan-tree-dump-times optimized "&a" 1
FAIL: gcc.dg/tree-ssa/scev-5.c scan-tree-dump-times optimized "&a" 1
FAIL: gcc.dg/vect/pr60092-2.c -flto -ffat-lto-objects  scan-tree-dump vect "LOOP VECTORIZED"
FAIL: gcc.dg/vect/pr60092-2.c scan-tree-dump vect "LOOP VECTORIZED"
FAIL: gcc.dg/vect/pr60092.c -flto -ffat-lto-objects  scan-tree-dump vect "LOOP VECTORIZED"
FAIL: gcc.dg/vect/pr60092.c scan-tree-dump vect "LOOP VECTORIZED"
FAIL: gcc.dg/vect/pr71264.c -flto -ffat-lto-objects  scan-tree-dump vect "vectorized 1 loops in function"
FAIL: gcc.dg/vect/pr71264.c scan-tree-dump vect "vectorized 1 loops in function"
FAIL: gcc.dg/vect/slp-23.c -flto -ffat-lto-objects  scan-tree-dump-times vect "vectorizing stmts using SLP" 1
FAIL: gcc.dg/vect/slp-23.c scan-tree-dump-times vect "vectorizing stmts using SLP" 1
FAIL: gcc.dg/vect/slp-35.c -flto -ffat-lto-objects  scan-tree-dump-times vect "vectorized 1 loops" 1
FAIL: gcc.dg/vect/slp-35.c -flto -ffat-lto-objects  scan-tree-dump-times vect "vectorizing stmts using SLP" 1
FAIL: gcc.dg/vect/slp-35.c scan-tree-dump-times vect "vectorized 1 loops" 1
FAIL: gcc.dg/vect/slp-35.c scan-tree-dump-times vect "vectorizing stmts using SLP" 1
FAIL: gcc.dg/vect/vect-23.c -flto -ffat-lto-objects  scan-tree-dump-times vect "vectorized 3 loops" 1
FAIL: gcc.dg/vect/vect-23.c scan-tree-dump-times vect "vectorized 3 loops" 1

		=== gcc Summary for unix ===

# of expected passes		92116
# of unexpected failures	24
# of expected failures		346
# of unsupported tests		2018

Running target unix/-m32
FAIL: gcc.dg/pr44023.c (test for excess errors)
FAIL: gcc.dg/visibility-22.c execution test
FAIL: gcc.dg/plugin/must-tail-call-1.c -fplugin=./must_tail_call_plugin.so (test for excess errors)
FAIL: gcc.dg/plugin/must-tail-call-2.c -fplugin=./must_tail_call_plugin.so  (test for errors, line 32)
FAIL: gcc.dg/plugin/must-tail-call-2.c -fplugin=./must_tail_call_plugin.so  (test for errors, line 39)
FAIL: gcc.dg/plugin/must-tail-call-2.c -fplugin=./must_tail_call_plugin.so  (test for errors, line 48)
FAIL: gcc.dg/plugin/must-tail-call-2.c -fplugin=./must_tail_call_plugin.so  (test for errors, line 57)
FAIL: gcc.dg/plugin/must-tail-call-2.c -fplugin=./must_tail_call_plugin.so (test for excess errors)
FAIL: gcc.dg/simulate-thread/atomic-other-int.c   -O2 -g  thread simulation test
FAIL: gcc.dg/simulate-thread/atomic-other-int.c   -O3 -g  thread simulation test
FAIL: gcc.dg/simulate-thread/speculative-store-4.c   -O0 -g  thread simulation test
FAIL: gcc.dg/simulate-thread/speculative-store.c   -O0 -g  thread simulation test
FAIL: gcc.dg/tree-ssa/scev-3.c scan-tree-dump-times optimized "&a" 1
FAIL: gcc.dg/tree-ssa/scev-4.c scan-tree-dump-times optimized "&a" 1
FAIL: gcc.dg/tree-ssa/scev-5.c scan-tree-dump-times optimized "&a" 1
FAIL: gcc.dg/vect/pr60092-2.c -flto -ffat-lto-objects  scan-tree-dump vect "LOOP VECTORIZED"
FAIL: gcc.dg/vect/pr60092-2.c scan-tree-dump vect "LOOP VECTORIZED"
FAIL: gcc.dg/vect/pr60092.c -flto -ffat-lto-objects  scan-tree-dump vect "LOOP VECTORIZED"
FAIL: gcc.dg/vect/pr60092.c scan-tree-dump vect "LOOP VECTORIZED"
FAIL: gcc.dg/vect/pr71264.c -flto -ffat-lto-objects  scan-tree-dump vect "vectorized 1 loops in function"
FAIL: gcc.dg/vect/pr71264.c scan-tree-dump vect "vectorized 1 loops in function"
FAIL: gcc.dg/vect/slp-23.c -flto -ffat-lto-objects  scan-tree-dump-times vect "vectorizing stmts using SLP" 1
FAIL: gcc.dg/vect/slp-23.c scan-tree-dump-times vect "vectorizing stmts using SLP" 1
FAIL: gcc.dg/vect/slp-35.c -flto -ffat-lto-objects  scan-tree-dump-times vect "vectorized 1 loops" 1
FAIL: gcc.dg/vect/slp-35.c -flto -ffat-lto-objects  scan-tree-dump-times vect "vectorizing stmts using SLP" 1
FAIL: gcc.dg/vect/slp-35.c scan-tree-dump-times vect "vectorized 1 loops" 1
FAIL: gcc.dg/vect/slp-35.c scan-tree-dump-times vect "vectorizing stmts using SLP" 1
FAIL: gcc.dg/vect/vect-23.c -flto -ffat-lto-objects  scan-tree-dump-times vect "vectorized 3 loops" 1
FAIL: gcc.dg/vect/vect-23.c scan-tree-dump-times vect "vectorized 3 loops" 1

		=== gcc Summary for unix/-m32 ===

# of expected passes		91186
# of unexpected failures	29
# of expected failures		358
# of unsupported tests		2161

		=== gcc Summary ===

# of expected passes		183302
# of unexpected failures	53
# of expected failures		704
# of unsupported tests		4179
/var/gcc/regression/trunk/11-gcc-64/build/gcc/xgcc  version 7.0.0 20160603 (experimental) [trunk revision 237058] (GCC) 

		=== gfortran tests ===


Running target unix
FAIL: gfortran.dg/coarray/event_1.f90 -fcoarray=lib  -O2  -lcaf_single -latomic execution test
FAIL: gfortran.dg/coarray/event_2.f90 -fcoarray=lib  -O2  -lcaf_single -latomic execution test
FAIL: gfortran.dg/graphite/pr68279.f90   -O  (internal compiler error)
FAIL: gfortran.dg/graphite/pr68279.f90   -O  (test for excess errors)

		=== gfortran Summary for unix ===

# of expected passes		42339
# of unexpected failures	4
# of expected failures		74
# of unsupported tests		107

Running target unix/-m32
FAIL: gfortran.dg/coarray/event_1.f90 -fcoarray=lib  -O2  -lcaf_single -latomic execution test
FAIL: gfortran.dg/coarray/event_2.f90 -fcoarray=lib  -O2  -lcaf_single -latomic execution test

		=== gfortran Summary for unix/-m32 ===

# of expected passes		42093
# of unexpected failures	2
# of expected failures		74
# of unsupported tests		228

		=== gfortran Summary ===

# of expected passes		84432
# of unexpected failures	6
# of expected failures		148
# of unsupported tests		335
/var/gcc/regression/trunk/11-gcc-64/build/gcc/testsuite/gfortran/../../gfortran  version 7.0.0 20160603 (experimental) [trunk revision 237058] (GCC) 

		=== gnat tests ===


Running target unix/-m32

		=== gnat Summary for unix/-m32 ===

# of expected passes		2473
# of expected failures		22
# of unsupported tests		21

Running target unix

		=== gnat Summary for unix ===

# of expected passes		2473
# of expected failures		22
# of unsupported tests		21

		=== gnat Summary ===

# of expected passes		4946
# of expected failures		44
# of unsupported tests		42
/var/gcc/regression/trunk/11-gcc-64/build/gcc/gnatmake version 7.0.0 20160603 (experimental) [trunk revision 237058]

		=== go tests ===


Running target unix
FAIL: ./bug449-out.go compilation,  -O0 -g -fno-var-tracking-assignments 
FAIL: go.test/test/fixedbugs/issue4562.go execution,  -O2 -g 
FAIL: go.test/test/nil.go execution,  -O2 -g 
WARNING: program timed out.

		=== go Summary for unix ===

# of expected passes		7239
# of unexpected failures	3
# of expected failures		1
# of untested testcases		12
# of unsupported tests		3

Running target unix/-m32
FAIL: ./bug449-out.go compilation,  -O0 -g -fno-var-tracking-assignments 
FAIL: go.test/test/fixedbugs/issue4562.go execution,  -O2 -g 
FAIL: go.test/test/nil.go execution,  -O2 -g 
WARNING: program timed out.

		=== go Summary for unix/-m32 ===

# of expected passes		7359
# of unexpected failures	3
# of expected failures		1
# of untested testcases		12
# of unsupported tests		3

		=== go Summary ===

# of expected passes		14598
# of unexpected failures	6
# of expected failures		2
# of untested testcases		24
# of unsupported tests		6
		=== obj-c++ tests ===


Running target unix/-m32

		=== obj-c++ Summary for unix/-m32 ===

# of expected passes		1454
# of expected failures		2
# of unsupported tests		77

Running target unix

		=== obj-c++ Summary for unix ===

# of expected passes		1446
# of expected failures		10
# of unsupported tests		77

		=== obj-c++ Summary ===

# of expected passes		2900
# of expected failures		12
# of unsupported tests		154
/var/gcc/regression/trunk/11-gcc-64/build/gcc/testsuite/obj-c++/../../xg++  version 7.0.0 20160603 (experimental) [trunk revision 237058] (GCC) 

		=== objc tests ===


Running target unix

		=== objc Summary for unix ===

# of expected passes		2789
# of unsupported tests		68

Running target unix/-m32

		=== objc Summary for unix/-m32 ===

# of expected passes		2789
# of unsupported tests		68

		=== objc Summary ===

# of expected passes		5578
# of unsupported tests		136
/var/gcc/regression/trunk/11-gcc-64/build/gcc/xgcc  version 7.0.0 20160603 (experimental) [trunk revision 237058] (GCC) 

		=== boehm-gc tests ===


Running target unix/-m32

		=== boehm-gc Summary for unix/-m32 ===

# of expected passes		12
# of unsupported tests		1

Running target unix

		=== boehm-gc Summary for unix ===

# of expected passes		12
# of unsupported tests		1

		=== boehm-gc Summary ===

# of expected passes		24
# of unsupported tests		2
		=== libatomic tests ===


Running target unix/-m32

		=== libatomic Summary for unix/-m32 ===

# of expected passes		44
# of unsupported tests		5

Running target unix

		=== libatomic Summary for unix ===

# of expected passes		54

		=== libatomic Summary ===

# of expected passes		98
# of unsupported tests		5
		=== libffi tests ===


Running target unix/-m32

		=== libffi Summary for unix/-m32 ===

# of expected passes		2214

Running target unix

		=== libffi Summary for unix ===

# of expected passes		2214

		=== libffi Summary ===

# of expected passes		4428
		=== libgo tests ===


Running target unix
FAIL: go/build
FAIL: runtime/pprof

		=== libgo Summary for unix ===

# of expected passes		132
# of unexpected failures	2

Running target unix/-m32
FAIL: reflect
FAIL: go/build

		=== libgo Summary for unix/-m32 ===

# of expected passes		132
# of unexpected failures	2

		=== libgo Summary ===

# of expected passes		264
# of unexpected failures	4
		=== libgomp tests ===


Running target unix/-m32

		=== libgomp Summary for unix/-m32 ===

# of expected passes		4846
# of unsupported tests		370

Running target unix

		=== libgomp Summary for unix ===

# of expected passes		4846
# of unsupported tests		370

		=== libgomp Summary ===

# of expected passes		9692
# of unsupported tests		740
		=== libitm tests ===


Running target unix/-m32

		=== libitm Summary for unix/-m32 ===

# of expected passes		42
# of expected failures		3
# of unsupported tests		1

Running target unix

		=== libitm Summary for unix ===

# of expected passes		42
# of expected failures		3
# of unsupported tests		1

		=== libitm Summary ===

# of expected passes		84
# of expected failures		6
# of unsupported tests		2
		=== libjava tests ===


Running target unix/-m32
WARNING: program timed out.
FAIL: Thread_Wait -findirect-dispatch execution - source compiled test

		=== libjava Summary for unix/-m32 ===

# of expected passes		2604
# of unexpected failures	1
# of expected failures		4
# of untested testcases		1

Running target unix

		=== libjava Summary for unix ===

# of expected passes		2606
# of expected failures		4

		=== libjava Summary ===

# of expected passes		5210
# of unexpected failures	1
# of expected failures		8
# of untested testcases		1
		=== libstdc++ tests ===


Running target unix

		=== libstdc++ Summary for unix ===

# of expected passes		9859
# of expected failures		67
# of unsupported tests		698

Running target unix/-m32

		=== libstdc++ Summary for unix/-m32 ===

# of expected passes		9859
# of expected failures		67
# of unsupported tests		698

		=== libstdc++ Summary ===

# of expected passes		19718
# of expected failures		134
# of unsupported tests		1396

Compiler version: 7.0.0 20160603 (experimental) [trunk revision 237058] (GCC) 
Platform: sparcv9-sun-solaris2.11
configure flags: --prefix=/vol/gcc --target=sparcv9-sun-solaris2.11 --enable-objc-gc --enable-libmudflap --with-as=/usr/ccs/bin/as --without-gnu-as --with-gmp-include=/vol/gcc/include --with-gmp-lib=/vol/gcc/lib/sparcv9 --with-mpfr-include=/vol/gcc/include --with-mpfr-lib=/vol/gcc/lib/sparcv9 --with-mpc-include=/vol/gcc/include --with-mpc-lib=/vol/gcc/lib/sparcv9 --enable-languages=all,ada,obj-c++,go --with-isl-include=/vol/gcc/include --with-isl-lib=/vol/gcc/lib/sparcv9 --build=sparcv9-sun-solaris2.11 --host=sparcv9-sun-solaris2.11
BOOT_CFLAGS=-g -O2


Index Nav: [Date Index] [Subject Index] [Author Index] [Thread Index]
Message Nav: [Date Prev] [Date Next] [Thread Prev] [Thread Next]