This is the mail archive of the gcc-testresults@gcc.gnu.org mailing list for the GCC project.


Index Nav: [Date Index] [Subject Index] [Author Index] [Thread Index]
Message Nav: [Date Prev] [Date Next] [Thread Prev] [Thread Next]
Other format: [Raw text]

Results for 5.3.1 20160602 [gcc-5-branch revision 237037] (GCC) testsuite on powerpc64-unknown-linux-gnu


Linux 2.6.32-573.22.1.el6.ppc64 ppc64
GNU ld version 2.20.51.0.2-5.43.el6 20100205
GNU assembler version 2.20.51.0.2-5.43.el6 20100205
GNU Make 3.81

DejaGnu:
	Expect version is	5.44.1.15
	Tcl version is		8.5
	Framework version is	1.4.4

64-bit

LAST_UPDATED: Thu Jun  2 14:07:04 UTC 2016 (revision 237037)

Native configuration is powerpc64-unknown-linux-gnu

		=== g++ tests ===


Running target unix
FAIL: c-c++-common/asan/null-deref-1.c   -O2  output pattern test, is ASAN:SIGSEGV
FAIL: c-c++-common/asan/null-deref-1.c   -O2 -flto  output pattern test, is ASAN:SIGSEGV
FAIL: c-c++-common/asan/null-deref-1.c   -O2 -flto -flto-partition=none  output pattern test, is ASAN:SIGSEGV
FAIL: c-c++-common/asan/null-deref-1.c   -O3 -fomit-frame-pointer  output pattern test, is ASAN:SIGSEGV
FAIL: c-c++-common/asan/null-deref-1.c   -O3 -g  output pattern test, is ASAN:SIGSEGV
FAIL: c-c++-common/asan/swapcontext-test-1.c   -O0  execution test
FAIL: c-c++-common/asan/swapcontext-test-1.c   -O1  execution test
FAIL: c-c++-common/asan/swapcontext-test-1.c   -O2  execution test
FAIL: c-c++-common/asan/swapcontext-test-1.c   -O2 -flto  (test for excess errors)
FAIL: c-c++-common/asan/swapcontext-test-1.c   -O2 -flto  execution test
FAIL: c-c++-common/asan/swapcontext-test-1.c   -O2 -flto -flto-partition=none  (test for excess errors)
FAIL: c-c++-common/asan/swapcontext-test-1.c   -O2 -flto -flto-partition=none  execution test
FAIL: c-c++-common/asan/swapcontext-test-1.c   -O3 -fomit-frame-pointer  execution test
FAIL: c-c++-common/asan/swapcontext-test-1.c   -O3 -fomit-frame-pointer -funroll-all-loops -finline-functions  execution test
FAIL: c-c++-common/asan/swapcontext-test-1.c   -O3 -fomit-frame-pointer -funroll-loops  execution test
FAIL: c-c++-common/asan/swapcontext-test-1.c   -O3 -g  execution test
FAIL: c-c++-common/asan/swapcontext-test-1.c   -Os  execution test
FAIL: c-c++-common/ubsan/float-cast-overflow-8.c   -O2  output pattern test, is gcc/libsanitizer/ubsan/ubsan_handlers.cc:300: runtime error: value 0 is outside the range of representable values of type 'signed char'
FAIL: c-c++-common/ubsan/float-cast-overflow-8.c   -O2 -flto  output pattern test, is gcc/libsanitizer/ubsan/ubsan_handlers.cc:300: runtime error: value 0 is outside the range of representable values of type 'signed char'
FAIL: c-c++-common/ubsan/float-cast-overflow-8.c   -O2 -flto -flto-partition=none  output pattern test, is gcc/libsanitizer/ubsan/ubsan_handlers.cc:300: runtime error: value 0 is outside the range of representable values of type 'signed char'
FAIL: g++.dg/vect/pr36648.cc  -std=c++11  scan-tree-dump-times vect "vectorized 1 loops" 1
FAIL: g++.dg/vect/pr36648.cc  -std=c++11  scan-tree-dump-times vect "vectorizing stmts using SLP" 1
FAIL: g++.dg/vect/pr36648.cc  -std=c++14  scan-tree-dump-times vect "vectorized 1 loops" 1
FAIL: g++.dg/vect/pr36648.cc  -std=c++14  scan-tree-dump-times vect "vectorizing stmts using SLP" 1
FAIL: g++.dg/vect/pr36648.cc  -std=c++98  scan-tree-dump-times vect "vectorized 1 loops" 1
FAIL: g++.dg/vect/pr36648.cc  -std=c++98  scan-tree-dump-times vect "vectorizing stmts using SLP" 1

		=== g++ Summary ===

# of expected passes		89867
# of unexpected failures	26
# of expected failures		346
# of unsupported tests		4041
/home/gccbuild/build/nightly/build-gcc-5/gcc/testsuite/g++/../../xg++  version 5.3.1 20160602 [gcc-5-branch revision 237037] (GCC) 

		=== gcc tests ===


Running target unix
FAIL: c-c++-common/asan/misalign-1.c   -O0  output pattern test, is =================================================================
FAIL: c-c++-common/asan/misalign-1.c   -O1  output pattern test, is =================================================================
FAIL: c-c++-common/asan/misalign-1.c   -O2  output pattern test, is =================================================================
FAIL: c-c++-common/asan/misalign-1.c   -O2 -flto  output pattern test, is =================================================================
FAIL: c-c++-common/asan/misalign-1.c   -O2 -flto -flto-partition=none  output pattern test, is =================================================================
FAIL: c-c++-common/asan/misalign-1.c   -O3 -fomit-frame-pointer  output pattern test, is =================================================================
FAIL: c-c++-common/asan/misalign-1.c   -O3 -g  output pattern test, is =================================================================
FAIL: c-c++-common/asan/misalign-1.c   -Os  output pattern test, is =================================================================
FAIL: c-c++-common/asan/misalign-2.c   -O0  output pattern test, is =================================================================
FAIL: c-c++-common/asan/misalign-2.c   -O1  output pattern test, is =================================================================
FAIL: c-c++-common/asan/misalign-2.c   -O2  output pattern test, is =================================================================
FAIL: c-c++-common/asan/misalign-2.c   -O2 -flto  output pattern test, is =================================================================
FAIL: c-c++-common/asan/misalign-2.c   -O2 -flto -flto-partition=none  output pattern test, is =================================================================
FAIL: c-c++-common/asan/misalign-2.c   -O3 -fomit-frame-pointer  output pattern test, is =================================================================
FAIL: c-c++-common/asan/misalign-2.c   -O3 -g  output pattern test, is =================================================================
FAIL: c-c++-common/asan/misalign-2.c   -Os  output pattern test, is =================================================================
FAIL: c-c++-common/asan/null-deref-1.c   -O0  output pattern test, is ASAN:SIGSEGV
FAIL: c-c++-common/asan/null-deref-1.c   -O1  output pattern test, is ASAN:SIGSEGV
FAIL: c-c++-common/asan/null-deref-1.c   -O2  output pattern test, is ASAN:SIGSEGV
FAIL: c-c++-common/asan/null-deref-1.c   -O2 -flto  output pattern test, is ASAN:SIGSEGV
FAIL: c-c++-common/asan/null-deref-1.c   -O2 -flto -flto-partition=none  output pattern test, is ASAN:SIGSEGV
FAIL: c-c++-common/asan/null-deref-1.c   -O3 -fomit-frame-pointer  output pattern test, is ASAN:SIGSEGV
FAIL: c-c++-common/asan/null-deref-1.c   -O3 -g  output pattern test, is ASAN:SIGSEGV
FAIL: c-c++-common/asan/null-deref-1.c   -Os  output pattern test, is ASAN:SIGSEGV
FAIL: gcc.dg/sms-4.c scan-rtl-dump-times sms "SMS succeeded" 1
FAIL: gcc.dg/tree-ssa/ivopts-lt-2.c scan-tree-dump-times ivopts "PHI <p_" 1
FAIL: gcc.dg/tree-ssa/ivopts-lt-2.c scan-tree-dump-times ivopts "PHI" 1
FAIL: gcc.dg/tree-ssa/ivopts-lt-2.c scan-tree-dump-times ivopts "p_[0-9]* <" 1
FAIL: c-c++-common/ubsan/float-cast-overflow-8.c   -O2  output pattern test, is gcc/libsanitizer/ubsan/ubsan_handlers.cc:300: runtime error: value 0 is outside the range of representable values of type 'signed char'
FAIL: c-c++-common/ubsan/float-cast-overflow-8.c   -O2 -flto  output pattern test, is gcc/libsanitizer/ubsan/ubsan_handlers.cc:300: runtime error: value 0 is outside the range of representable values of type 'signed char'
FAIL: c-c++-common/ubsan/float-cast-overflow-8.c   -O2 -flto -flto-partition=none  output pattern test, is gcc/libsanitizer/ubsan/ubsan_handlers.cc:300: runtime error: value 0 is outside the range of representable values of type 'signed char'
FAIL: gcc.dg/vect/costmodel/ppc/costmodel-vect-33.c scan-tree-dump-times vect "vectorization not profitable" 1
FAIL: gcc.dg/vect/no-vfa-vect-depend-2.c scan-tree-dump-times vect "vectorized 1 loops" 1
FAIL: gcc.dg/vect/no-vfa-vect-depend-3.c scan-tree-dump-times vect "vectorized 1 loops" 4
FAIL: gcc.dg/vect/vect-31.c -flto -ffat-lto-objects  scan-tree-dump-times vect "vectorized 4 loops" 1
FAIL: gcc.dg/vect/vect-31.c scan-tree-dump-times vect "vectorized 4 loops" 1

		=== gcc Summary ===

# of expected passes		101316
# of unexpected failures	36
# of expected failures		248
# of unsupported tests		2115
/home/gccbuild/build/nightly/build-gcc-5/gcc/xgcc  version 5.3.1 20160602 [gcc-5-branch revision 237037] (GCC) 

		=== gfortran tests ===


Running target unix
FAIL: gfortran.dg/default_format_denormal_2.f90   -O0  execution test
FAIL: gfortran.dg/default_format_denormal_2.f90   -O1  execution test
FAIL: gfortran.dg/default_format_denormal_2.f90   -O2  execution test
FAIL: gfortran.dg/default_format_denormal_2.f90   -O3 -fomit-frame-pointer  execution test
FAIL: gfortran.dg/default_format_denormal_2.f90   -O3 -fomit-frame-pointer -funroll-all-loops -finline-functions  execution test
FAIL: gfortran.dg/default_format_denormal_2.f90   -O3 -fomit-frame-pointer -funroll-loops  execution test
FAIL: gfortran.dg/default_format_denormal_2.f90   -O3 -g  execution test
FAIL: gfortran.dg/default_format_denormal_2.f90   -Os  execution test
XPASS: gfortran.dg/nint_2.f90   -O0  execution test

		=== gfortran Summary ===

# of expected passes		49490
# of unexpected failures	8
# of unexpected successes	1
# of expected failures		81
# of unsupported tests		100
/home/gccbuild/build/nightly/build-gcc-5/gcc/testsuite/gfortran/../../gfortran  version 5.3.1 20160602 [gcc-5-branch revision 237037] (GCC) 

		=== go tests ===


Running target unix
FAIL: go.test/test/235.go execution,  -O2 -g 
FAIL: go.test/test/ken/cplx2.go execution,  -O2 -g 

		=== go Summary ===

# of expected passes		7238
# of unexpected failures	2
# of expected failures		1
# of untested testcases		11
# of unsupported tests		3
/home/gccbuild/build/nightly/build-gcc-5/gcc/testsuite/go/../../gccgo  version 5.3.1 20160602 [gcc-5-branch revision 237037] (GCC) 

		=== obj-c++ tests ===


Running target unix

		=== obj-c++ Summary ===

# of expected passes		1445
# of expected failures		10
# of unsupported tests		86
/home/gccbuild/build/nightly/build-gcc-5/gcc/testsuite/obj-c++/../../xg++  version 5.3.1 20160602 [gcc-5-branch revision 237037] (GCC) 

		=== objc tests ===


Running target unix

		=== objc Summary ===

# of expected passes		3016
# of unsupported tests		74
/home/gccbuild/build/nightly/build-gcc-5/gcc/xgcc  version 5.3.1 20160602 [gcc-5-branch revision 237037] (GCC) 

		=== boehm-gc tests ===


Running target unix

		=== boehm-gc Summary ===

# of expected passes		12
# of unsupported tests		1
		=== libatomic tests ===


Running target unix

		=== libatomic Summary ===

# of expected passes		54
		=== libffi tests ===


Running target unix

		=== libffi Summary ===

# of expected passes		1934
# of unsupported tests		28
		=== libgo tests ===


Running target unix
FAIL: math
FAIL: runtime

		=== libgo Summary for unix ===

# of expected passes		122
# of unexpected failures	2

Running target unix/-m32
FAIL: math
FAIL: net
FAIL: runtime
FAIL: sync/atomic

		=== libgo Summary for unix/-m32 ===

# of expected passes		120
# of unexpected failures	4

		=== libgo Summary ===

# of expected passes		242
# of unexpected failures	6
/home/gccbuild/build/nightly/build-gcc-5/./gcc/gccgo version 5.3.1 20160602 [gcc-5-branch revision 237037] (GCC)

		=== libgomp tests ===


Running target unix
FAIL: libgomp.c/for-3.c execution test
FAIL: libgomp.fortran/collapse3.f90   -O0  execution test

		=== libgomp Summary ===

# of expected passes		5808
# of unexpected failures	2
# of unsupported tests		296
		=== libitm tests ===


Running target unix

		=== libitm Summary ===

# of expected passes		26
# of expected failures		3
# of unsupported tests		1
		=== libjava tests ===


Running target unix
FAIL: getlocalvartable output
FAIL: StackTrace2 output - source compiled test
FAIL: StackTrace2 -findirect-dispatch output - source compiled test
FAIL: StackTrace2 -O3 output - source compiled test
XPASS: sourcelocation -O3 -findirect-dispatch output - source compiled test

		=== libjava Summary ===

# of expected passes		2578
# of unexpected failures	4
# of unexpected successes	1
# of expected failures		3
		=== libstdc++ tests ===


Running target unix

		=== libstdc++ Summary ===

# of expected passes		10477
# of expected failures		65
# of unsupported tests		240

Compiler version: 5.3.1 20160602 [gcc-5-branch revision 237037] (GCC) 
Platform: powerpc64-unknown-linux-gnu
configure flags: --prefix=/opt/gcc-nightly/5 --with-as=/usr/bin/as --with-ld=/usr/bin/ld --enable-languages=c,c++,fortran,objc,obj-c++,java,go --with-cpu=power7 --enable-lto --enable-decimal-float --with-long-double-128


Index Nav: [Date Index] [Subject Index] [Author Index] [Thread Index]
Message Nav: [Date Prev] [Date Next] [Thread Prev] [Thread Next]