This is the mail archive of the gcc-testresults@gcc.gnu.org mailing list for the GCC project.


Index Nav: [Date Index] [Subject Index] [Author Index] [Thread Index]
Message Nav: [Date Prev] [Date Next] [Thread Prev] [Thread Next]
Other format: [Raw text]

Results for 6.1.1 20160601 [gcc-6-branch revision 237003] (GCC) testsuite on powerpc64-unknown-linux-gnu


Linux 2.6.32-573.22.1.el6.ppc64 ppc64
GNU ld version 2.20.51.0.2-5.43.el6 20100205
GNU assembler version 2.20.51.0.2-5.43.el6 20100205
GNU Make 3.81

DejaGnu:
	Expect version is	5.44.1.15
	Tcl version is		8.5
	Framework version is	1.4.4

64-bit

LAST_UPDATED: Wed Jun  1 18:41:04 UTC 2016 (revision 237003)

Native configuration is powerpc64-unknown-linux-gnu

		=== g++ tests ===


Running target unix
FAIL: c-c++-common/asan/null-deref-1.c   -O2  output pattern test, is ASAN:DEADLYSIGNAL
FAIL: c-c++-common/asan/null-deref-1.c   -O2 -flto  output pattern test, is ASAN:DEADLYSIGNAL
FAIL: c-c++-common/asan/null-deref-1.c   -O2 -flto -flto-partition=none  output pattern test, is ASAN:DEADLYSIGNAL
FAIL: c-c++-common/asan/null-deref-1.c   -O3 -g  output pattern test, is ASAN:DEADLYSIGNAL
FAIL: c-c++-common/asan/swapcontext-test-1.c   -O0  execution test
FAIL: c-c++-common/asan/swapcontext-test-1.c   -O1  execution test
FAIL: c-c++-common/asan/swapcontext-test-1.c   -O2  execution test
FAIL: c-c++-common/asan/swapcontext-test-1.c   -O2 -flto  execution test
FAIL: c-c++-common/asan/swapcontext-test-1.c   -O2 -flto -flto-partition=none  execution test
FAIL: c-c++-common/asan/swapcontext-test-1.c   -O3 -fomit-frame-pointer -funroll-loops -fpeel-loops -ftracer -finline-functions  execution test
FAIL: c-c++-common/asan/swapcontext-test-1.c   -O3 -g  execution test
FAIL: c-c++-common/asan/swapcontext-test-1.c   -Os  execution test
ERROR: g++.dg/cpp1y/lambda-generic-static1.C  -std=c++11: syntax error in target selector "target c++1y" for " dg-do 2 run { target c++1y } "
UNRESOLVED: g++.dg/cpp1y/lambda-generic-static1.C  -std=c++11: syntax error in target selector "target c++1y" for " dg-do 2 run { target c++1y } "
ERROR: g++.dg/cpp1y/lambda-generic-static1.C  -std=c++14: syntax error in target selector "target c++1y" for " dg-do 2 run { target c++1y } "
UNRESOLVED: g++.dg/cpp1y/lambda-generic-static1.C  -std=c++14: syntax error in target selector "target c++1y" for " dg-do 2 run { target c++1y } "
ERROR: g++.dg/cpp1y/lambda-generic-static1.C  -std=c++98: syntax error in target selector "target c++1y" for " dg-do 2 run { target c++1y } "
UNRESOLVED: g++.dg/cpp1y/lambda-generic-static1.C  -std=c++98: syntax error in target selector "target c++1y" for " dg-do 2 run { target c++1y } "
ERROR: g++.dg/cpp1y/lambda-generic-static2.C  -std=c++11: syntax error in target selector "target c++1y" for " dg-do 2 run { target c++1y } "
UNRESOLVED: g++.dg/cpp1y/lambda-generic-static2.C  -std=c++11: syntax error in target selector "target c++1y" for " dg-do 2 run { target c++1y } "
ERROR: g++.dg/cpp1y/lambda-generic-static2.C  -std=c++14: syntax error in target selector "target c++1y" for " dg-do 2 run { target c++1y } "
UNRESOLVED: g++.dg/cpp1y/lambda-generic-static2.C  -std=c++14: syntax error in target selector "target c++1y" for " dg-do 2 run { target c++1y } "
ERROR: g++.dg/cpp1y/lambda-generic-static2.C  -std=c++98: syntax error in target selector "target c++1y" for " dg-do 2 run { target c++1y } "
UNRESOLVED: g++.dg/cpp1y/lambda-generic-static2.C  -std=c++98: syntax error in target selector "target c++1y" for " dg-do 2 run { target c++1y } "
FAIL: g++.dg/vect/pr36648.cc  -std=c++11  scan-tree-dump-times vect "vectorized 1 loops" 1
FAIL: g++.dg/vect/pr36648.cc  -std=c++11  scan-tree-dump-times vect "vectorizing stmts using SLP" 1
FAIL: g++.dg/vect/pr36648.cc  -std=c++14  scan-tree-dump-times vect "vectorized 1 loops" 1
FAIL: g++.dg/vect/pr36648.cc  -std=c++14  scan-tree-dump-times vect "vectorizing stmts using SLP" 1
FAIL: g++.dg/vect/pr36648.cc  -std=c++98  scan-tree-dump-times vect "vectorized 1 loops" 1
FAIL: g++.dg/vect/pr36648.cc  -std=c++98  scan-tree-dump-times vect "vectorizing stmts using SLP" 1

		=== g++ Summary ===

# of expected passes		100047
# of unexpected failures	18
# of expected failures		310
# of unresolved testcases	6
# of unsupported tests		3998
/home/gccbuild/build/nightly/build-gcc-6/gcc/testsuite/g++/../../xg++  version 6.1.1 20160601 [gcc-6-branch revision 237003] (GCC) 

		=== gcc tests ===


Running target unix
FAIL: c-c++-common/asan/misalign-1.c   -O0  output pattern test, is =================================================================
FAIL: c-c++-common/asan/misalign-1.c   -O1  output pattern test, is =================================================================
FAIL: c-c++-common/asan/misalign-1.c   -O2  output pattern test, is =================================================================
FAIL: c-c++-common/asan/misalign-1.c   -O2 -flto  output pattern test, is =================================================================
FAIL: c-c++-common/asan/misalign-1.c   -O2 -flto -flto-partition=none  output pattern test, is =================================================================
FAIL: c-c++-common/asan/misalign-1.c   -O3 -g  output pattern test, is =================================================================
FAIL: c-c++-common/asan/misalign-1.c   -Os  output pattern test, is =================================================================
FAIL: c-c++-common/asan/misalign-2.c   -O0  output pattern test, is =================================================================
FAIL: c-c++-common/asan/misalign-2.c   -O1  output pattern test, is =================================================================
FAIL: c-c++-common/asan/misalign-2.c   -O2  output pattern test, is =================================================================
FAIL: c-c++-common/asan/misalign-2.c   -O2 -flto  output pattern test, is =================================================================
FAIL: c-c++-common/asan/misalign-2.c   -O2 -flto -flto-partition=none  output pattern test, is =================================================================
FAIL: c-c++-common/asan/misalign-2.c   -O3 -g  output pattern test, is =================================================================
FAIL: c-c++-common/asan/misalign-2.c   -Os  output pattern test, is =================================================================
FAIL: c-c++-common/asan/null-deref-1.c   -O0  output pattern test, is ASAN:DEADLYSIGNAL
FAIL: c-c++-common/asan/null-deref-1.c   -O1  output pattern test, is ASAN:DEADLYSIGNAL
FAIL: c-c++-common/asan/null-deref-1.c   -O2  output pattern test, is ASAN:DEADLYSIGNAL
FAIL: c-c++-common/asan/null-deref-1.c   -O2 -flto  output pattern test, is ASAN:DEADLYSIGNAL
FAIL: c-c++-common/asan/null-deref-1.c   -O2 -flto -flto-partition=none  output pattern test, is ASAN:DEADLYSIGNAL
FAIL: c-c++-common/asan/null-deref-1.c   -O3 -g  output pattern test, is ASAN:DEADLYSIGNAL
FAIL: c-c++-common/asan/null-deref-1.c   -Os  output pattern test, is ASAN:DEADLYSIGNAL
FAIL: c-c++-common/asan/swapcontext-test-1.c   -O0  execution test
FAIL: c-c++-common/asan/swapcontext-test-1.c   -O1  execution test
FAIL: c-c++-common/asan/swapcontext-test-1.c   -O2  execution test
FAIL: c-c++-common/asan/swapcontext-test-1.c   -O2 -flto  execution test
FAIL: c-c++-common/asan/swapcontext-test-1.c   -O2 -flto -flto-partition=none  execution test
FAIL: c-c++-common/asan/swapcontext-test-1.c   -O3 -fomit-frame-pointer -funroll-loops -fpeel-loops -ftracer -finline-functions  execution test
FAIL: c-c++-common/asan/swapcontext-test-1.c   -O3 -g  execution test
FAIL: c-c++-common/asan/swapcontext-test-1.c   -Os  execution test
FAIL: gcc.dg/loop-8.c scan-rtl-dump-times loop2_invariant "Decided" 1
FAIL: gcc.dg/sms-4.c scan-rtl-dump-times sms "SMS succeeded" 1
FAIL: gcc.dg/uninit-22.c (test for excess errors)
FAIL: gcc.dg/ipa/iinline-attr.c scan-ipa-dump inline "hooray[^\\\\n]*inline copy in test"
FAIL: gcc.dg/tree-ssa/ivopts-lt-2.c scan-tree-dump-times ivopts "PHI <p_" 1
FAIL: gcc.dg/tree-ssa/ivopts-lt-2.c scan-tree-dump-times ivopts "PHI" 1
FAIL: gcc.dg/tree-ssa/ivopts-lt-2.c scan-tree-dump-times ivopts "p_[0-9]* <" 1
XPASS: gcc.dg/tree-ssa/ssa-dom-cse-2.c scan-tree-dump optimized "return 28;"
FAIL: gcc.dg/vect/costmodel/ppc/costmodel-vect-33.c scan-tree-dump-times vect "vectorization not profitable" 1
FAIL: gcc.dg/vect/bb-slp-pr65935.c -flto -ffat-lto-objects  scan-tree-dump-times slp1 "basic block vectorized" 1
FAIL: gcc.dg/vect/bb-slp-pr65935.c scan-tree-dump-times slp1 "basic block vectorized" 1
FAIL: gcc.dg/vect/bb-slp-pr69907.c -flto -ffat-lto-objects  scan-tree-dump slp1 "BB vectorization with gaps at the end of a load is not supported"
FAIL: gcc.dg/vect/bb-slp-pr69907.c scan-tree-dump slp1 "BB vectorization with gaps at the end of a load is not supported"
FAIL: gcc.dg/vect/no-tree-sra-bb-slp-pr50730.c scan-tree-dump-times slp2 "basic block vectorized" 1
FAIL: gcc.dg/vect/no-vfa-vect-depend-2.c scan-tree-dump-times vect "vectorized 1 loops" 1
FAIL: gcc.dg/vect/no-vfa-vect-depend-3.c scan-tree-dump-times vect "vectorized 1 loops" 4
FAIL: gcc.dg/vect/pr46032.c -flto -ffat-lto-objects  scan-tree-dump-times vect "note: vectorized 1 loop" 1
FAIL: gcc.dg/vect/pr46032.c scan-tree-dump-times vect "note: vectorized 1 loop" 1
FAIL: gcc.dg/vect/vect-31.c -flto -ffat-lto-objects  scan-tree-dump-times vect "vectorized 4 loops" 1
FAIL: gcc.dg/vect/vect-31.c scan-tree-dump-times vect "vectorized 4 loops" 1
FAIL: gcc.target/powerpc/vsx-elemrev-4.c (test for excess errors)
UNRESOLVED: gcc.target/powerpc/vsx-elemrev-4.c scan-assembler-times lxvx 40
UNRESOLVED: gcc.target/powerpc/vsx-elemrev-4.c scan-assembler-times stxvx 40

		=== gcc Summary ===

# of expected passes		98244
# of unexpected failures	49
# of unexpected successes	1
# of expected failures		284
# of unresolved testcases	2
# of unsupported tests		1973
/home/gccbuild/build/nightly/build-gcc-6/gcc/xgcc  version 6.1.1 20160601 [gcc-6-branch revision 237003] (GCC) 

		=== gfortran tests ===


Running target unix
XPASS: gfortran.dg/nint_2.f90   -O0  execution test
FAIL: gfortran.dg/ieee/large_2.f90   -O0  execution test
FAIL: gfortran.dg/ieee/large_2.f90   -O1  execution test
FAIL: gfortran.dg/ieee/large_2.f90   -O2  execution test
FAIL: gfortran.dg/ieee/large_2.f90   -O3 -fomit-frame-pointer -funroll-loops -fpeel-loops -ftracer -finline-functions  execution test
FAIL: gfortran.dg/ieee/large_2.f90   -O3 -g  execution test
FAIL: gfortran.dg/ieee/large_2.f90   -Os  execution test
FAIL: gfortran.dg/vect/fast-math-pr37021.f90   -O   scan-tree-dump vect "vectorized 2 loops"
FAIL: gfortran.dg/vect/pr52580.f   -O   scan-tree-dump-times vect "LOOP VECTORIZED" 1
FAIL: gfortran.dg/vect/pr62283-2.f   -O   scan-tree-dump slp2 "basic block vectorized"
FAIL: gfortran.dg/vect/vect-8.f90   -O   scan-tree-dump-times vect "vectorized 20 loops" 1
FAIL: gfortran.dg/vect/vect-gems.f90   -O   scan-tree-dump-times vect "vectorized 1 loops" 1

		=== gfortran Summary ===

# of expected passes		42232
# of unexpected failures	11
# of unexpected successes	1
# of expected failures		80
# of unsupported tests		82
/home/gccbuild/build/nightly/build-gcc-6/gcc/testsuite/gfortran/../../gfortran  version 6.1.1 20160601 [gcc-6-branch revision 237003] (GCC) 

		=== go tests ===


Running target unix
FAIL: go.test/test/ken/cplx2.go execution,  -O2 -g 

		=== go Summary ===

# of expected passes		7242
# of unexpected failures	1
# of expected failures		1
# of untested testcases		11
# of unsupported tests		3
/home/gccbuild/build/nightly/build-gcc-6/gcc/testsuite/go/../../gccgo  version 6.1.1 20160601 [gcc-6-branch revision 237003] (GCC) 

		=== obj-c++ tests ===


Running target unix

		=== obj-c++ Summary ===

# of expected passes		1446
# of expected failures		10
# of unsupported tests		77
/home/gccbuild/build/nightly/build-gcc-6/gcc/testsuite/obj-c++/../../xg++  version 6.1.1 20160601 [gcc-6-branch revision 237003] (GCC) 

		=== objc tests ===


Running target unix

		=== objc Summary ===

# of expected passes		2789
# of unsupported tests		68
/home/gccbuild/build/nightly/build-gcc-6/gcc/xgcc  version 6.1.1 20160601 [gcc-6-branch revision 237003] (GCC) 

		=== boehm-gc tests ===


Running target unix

		=== boehm-gc Summary ===

# of expected passes		12
# of unsupported tests		1
		=== libatomic tests ===


Running target unix

		=== libatomic Summary ===

# of expected passes		54
		=== libffi tests ===


Running target unix

		=== libffi Summary ===

# of expected passes		1934
# of unsupported tests		28
		=== libgo tests ===


Running target unix
FAIL: runtime

		=== libgo Summary for unix ===

# of expected passes		133
# of unexpected failures	1

Running target unix/-m32
FAIL: runtime
FAIL: sync/atomic

		=== libgo Summary for unix/-m32 ===

# of expected passes		132
# of unexpected failures	2

		=== libgo Summary ===

# of expected passes		265
# of unexpected failures	3
/home/gccbuild/build/nightly/build-gcc-6/./gcc/gccgo version 6.1.1 20160601 [gcc-6-branch revision 237003] (GCC)

		=== libgomp tests ===


Running target unix
FAIL: libgomp.fortran/examples-4/declare_target-3.f90   -O1  execution test

		=== libgomp Summary ===

# of expected passes		4927
# of unexpected failures	1
# of unsupported tests		320
		=== libitm tests ===


Running target unix

		=== libitm Summary ===

# of expected passes		42
# of expected failures		3
# of unsupported tests		1
		=== libjava tests ===


Running target unix
FAIL: getlocalvartable output
FAIL: StackTrace2 output - source compiled test
FAIL: StackTrace2 -findirect-dispatch output - source compiled test
FAIL: StackTrace2 -O3 output - source compiled test
XPASS: sourcelocation -O3 -findirect-dispatch output - source compiled test

		=== libjava Summary ===

# of expected passes		2578
# of unexpected failures	4
# of unexpected successes	1
# of expected failures		3
		=== libstdc++ tests ===


Running target unix
XPASS: 26_numerics/complex/13450.cc execution test
XPASS: 26_numerics/complex/pow.cc execution test
XPASS: 26_numerics/complex/value_operations/1.cc execution test

		=== libstdc++ Summary ===

# of expected passes		11009
# of unexpected successes	3
# of expected failures		67
# of unsupported tests		242

Compiler version: 6.1.1 20160601 [gcc-6-branch revision 237003] (GCC) 
Platform: powerpc64-unknown-linux-gnu
configure flags: --prefix=/opt/gcc-nightly/6 --with-as=/usr/bin/as --with-ld=/usr/bin/ld --enable-languages=c,c++,fortran,objc,obj-c++,java,go --with-cpu=power7 --enable-lto --enable-decimal-float --with-long-double-128


Index Nav: [Date Index] [Subject Index] [Author Index] [Thread Index]
Message Nav: [Date Prev] [Date Next] [Thread Prev] [Thread Next]