This is the mail archive of the
gcc-testresults@gcc.gnu.org
mailing list for the GCC project.
Results for 7.0.0 20160520 (experimental) (GCC) testsuite on x86_64-pc-linux-gnu
- From: ataignu at gmail dot com
- To: gcc-testresults at gcc dot gnu dot org
- Date: Fri, 20 May 2016 10:36:40 -0700
- Subject: Results for 7.0.0 20160520 (experimental) (GCC) testsuite on x86_64-pc-linux-gnu
- Authentication-results: sourceware.org; auth=none
Native configuration is x86_64-pc-linux-gnu
=== gcc tests ===
Running target unix
FAIL: gcc.dg/tree-ssa/slsr-30.c (internal compiler error)
FAIL: gcc.dg/tree-ssa/slsr-30.c (test for excess errors)
FAIL: gcc.target/i386/avx512f-vprord-1.c scan-assembler-times vprord[ \\\\t]+[^{\\n]*%zmm[0-9]+(?:\\n|[ \\\\t]+#) 1
FAIL: gcc.target/i386/avx512f-vprord-1.c scan-assembler-times vprord[ \\\\t]+[^{\\n]*%zmm[0-9]+{%k[1-7]}(?:\\n|[ \\\\t]+#) 1
FAIL: gcc.target/i386/avx512f-vprord-1.c scan-assembler-times vprord[ \\\\t]+[^{\\n]*%zmm[0-9]+{%k[1-7]}{z}(?:\\n|[ \\\\t]+#) 1
=== gcc Summary ===
# of expected passes 117862
# of unexpected failures 5
# of expected failures 317
# of unsupported tests 1717
/hdd/share/software/gcc/build/gcc/xgcc version 7.0.0 20160520 (experimental) (GCC)
=== g++ tests ===
Running target unix
XPASS: g++.dg/tls/thread_local-order2.C -std=c++11 execution test
XPASS: g++.dg/tls/thread_local-order2.C -std=c++14 execution test
=== g++ Summary ===
# of expected passes 105448
# of unexpected successes 2
# of expected failures 308
# of unsupported tests 3721
/hdd/share/software/gcc/build/gcc/testsuite/g++/../../xg++ version 7.0.0 20160520 (experimental) (GCC)
=== libatomic tests ===
Running target unix
=== libatomic Summary ===
# of expected passes 54
=== libgomp tests ===
Running target unix
=== libgomp Summary ===
# of expected passes 1798
# of unsupported tests 155
=== libitm tests ===
Running target unix
=== libitm Summary ===
# of expected passes 42
# of expected failures 3
# of unsupported tests 1
=== libstdc++ tests ===
Running target unix
=== libstdc++ Summary ===
# of expected passes 10638
# of expected failures 66
# of unsupported tests 549
Compiler version: 7.0.0 20160520 (experimental) (GCC)
Platform: x86_64-pc-linux-gnu
configure flags: --prefix=/share/software/gcc/build/../installed --enable-languages=c,c++ --disable-multilib