This is the mail archive of the
gcc-testresults@gcc.gnu.org
mailing list for the GCC project.
Results for 7.0.0 20160518 (experimental) (GCC) testsuite on x86_64-pc-linux-gnu
- From: ataignu at gmail dot com
- To: gcc-testresults at gcc dot gnu dot org
- Date: Wed, 18 May 2016 10:51:07 -0700
- Subject: Results for 7.0.0 20160518 (experimental) (GCC) testsuite on x86_64-pc-linux-gnu
- Authentication-results: sourceware.org; auth=none
Native configuration is x86_64-pc-linux-gnu
=== gcc tests ===
Running target unix
FAIL: gcc.dg/cleanup-10.c execution test
FAIL: gcc.dg/cleanup-11.c execution test
FAIL: gcc.dg/cleanup-8.c execution test
FAIL: gcc.dg/cleanup-9.c execution test
WARNING: program timed out.
WARNING: program timed out.
WARNING: program timed out.
WARNING: program timed out.
FAIL: gcc.dg/tree-ssa/slsr-30.c (internal compiler error)
FAIL: gcc.dg/tree-ssa/slsr-30.c (test for excess errors)
FAIL: gcc.target/i386/avx512f-vprord-1.c scan-assembler-times vprord[ \\\\t]+[^{\\n]*%zmm[0-9]+(?:\\n|[ \\\\t]+#) 1
FAIL: gcc.target/i386/avx512f-vprord-1.c scan-assembler-times vprord[ \\\\t]+[^{\\n]*%zmm[0-9]+{%k[1-7]}(?:\\n|[ \\\\t]+#) 1
FAIL: gcc.target/i386/avx512f-vprord-1.c scan-assembler-times vprord[ \\\\t]+[^{\\n]*%zmm[0-9]+{%k[1-7]}{z}(?:\\n|[ \\\\t]+#) 1
FAIL: gcc.target/i386/cleanup-1.c execution test
FAIL: gcc.target/i386/cleanup-2.c execution test
=== gcc Summary ===
# of expected passes 112833
# of unexpected failures 11
# of expected failures 317
# of unsupported tests 2231
/hdd/share/software/gcc/build/gcc/xgcc version 7.0.0 20160518 (experimental) (GCC)
=== g++ tests ===
Running target unix
FAIL: g++.dg/cilk-plus/CK/catch_exc.cc -O1 -fcilkplus execution test
FAIL: g++.dg/cilk-plus/CK/catch_exc.cc -O3 -fcilkplus execution test
FAIL: g++.dg/cilk-plus/CK/catch_exc.cc -g -O2 -fcilkplus execution test
FAIL: g++.dg/cilk-plus/CK/catch_exc.cc -g -fcilkplus execution test
FAIL: g++.dg/compat/eh/ctor1 cp_compat_x_tst.o-cp_compat_y_tst.o execute
FAIL: g++.dg/compat/eh/unexpected1 cp_compat_x_tst.o-cp_compat_y_tst.o execute
FAIL: g++.dg/compat/init/array5 cp_compat_x_tst.o-cp_compat_y_tst.o execute
FAIL: g++.dg/cpp0x/bad_array_new2.C -std=c++11 execution test
FAIL: g++.dg/cpp0x/bad_array_new2.C -std=c++14 execution test
FAIL: g++.dg/cpp0x/initlist90.C -std=c++11 execution test
FAIL: g++.dg/cpp0x/initlist90.C -std=c++14 execution test
FAIL: g++.dg/eh/ctor1.C -std=c++11 execution test
FAIL: g++.dg/eh/ctor1.C -std=c++14 execution test
FAIL: g++.dg/eh/ctor1.C -std=c++98 execution test
FAIL: g++.dg/eh/delayslot1.C -std=gnu++11 execution test
FAIL: g++.dg/eh/delayslot1.C -std=gnu++14 execution test
FAIL: g++.dg/eh/delayslot1.C -std=gnu++98 execution test
FAIL: g++.dg/eh/delete1.C -std=c++11 execution test
FAIL: g++.dg/eh/delete1.C -std=c++14 execution test
FAIL: g++.dg/eh/delete1.C -std=c++98 execution test
FAIL: g++.dg/eh/spec7.C -std=gnu++11 execution test
FAIL: g++.dg/eh/spec7.C -std=gnu++14 execution test
FAIL: g++.dg/eh/spec7.C -std=gnu++98 execution test
FAIL: g++.dg/eh/uncaught4.C -std=c++11 execution test
FAIL: g++.dg/eh/uncaught4.C -std=c++14 execution test
FAIL: g++.dg/eh/uncaught4.C -std=c++98 execution test
FAIL: g++.dg/eh/unexpected1.C -std=c++11 execution test
FAIL: g++.dg/eh/unexpected1.C -std=c++14 execution test
FAIL: g++.dg/eh/unexpected1.C -std=c++98 execution test
FAIL: g++.dg/ext/cleanup-10.C -std=gnu++11 execution test
FAIL: g++.dg/ext/cleanup-10.C -std=gnu++14 execution test
FAIL: g++.dg/ext/cleanup-10.C -std=gnu++98 execution test
FAIL: g++.dg/ext/cleanup-11.C -std=gnu++11 execution test
FAIL: g++.dg/ext/cleanup-11.C -std=gnu++14 execution test
FAIL: g++.dg/ext/cleanup-11.C -std=gnu++98 execution test
FAIL: g++.dg/ext/cleanup-8.C -std=gnu++11 execution test
FAIL: g++.dg/ext/cleanup-8.C -std=gnu++14 execution test
FAIL: g++.dg/ext/cleanup-8.C -std=gnu++98 execution test
FAIL: g++.dg/ext/cleanup-9.C -std=gnu++11 execution test
FAIL: g++.dg/ext/cleanup-9.C -std=gnu++14 execution test
FAIL: g++.dg/ext/cleanup-9.C -std=gnu++98 execution test
FAIL: g++.dg/init/array16.C -std=gnu++11 execution test
FAIL: g++.dg/init/array16.C -std=gnu++14 execution test
FAIL: g++.dg/init/array16.C -std=gnu++98 execution test
FAIL: g++.dg/init/array5.C -std=c++11 execution test
FAIL: g++.dg/init/array5.C -std=c++14 execution test
FAIL: g++.dg/init/array5.C -std=c++98 execution test
FAIL: g++.dg/init/ctor1.C -std=c++11 execution test
FAIL: g++.dg/init/ctor1.C -std=c++14 execution test
FAIL: g++.dg/init/ctor1.C -std=c++98 execution test
FAIL: g++.dg/ipa/pr63838.C -std=gnu++11 execution test
FAIL: g++.dg/ipa/pr63838.C -std=gnu++14 execution test
FAIL: g++.dg/ipa/pr63838.C -std=gnu++98 execution test
FAIL: g++.dg/opt/eh3.C -std=gnu++11 execution test
FAIL: g++.dg/opt/eh3.C -std=gnu++14 execution test
FAIL: g++.dg/opt/eh3.C -std=gnu++98 execution test
FAIL: g++.dg/opt/pr23478.C -std=gnu++11 execution test
FAIL: g++.dg/opt/pr23478.C -std=gnu++14 execution test
FAIL: g++.dg/opt/pr23478.C -std=gnu++98 execution test
WARNING: program timed out.
WARNING: program timed out.
WARNING: program timed out.
WARNING: program timed out.
WARNING: program timed out.
WARNING: program timed out.
WARNING: program timed out.
WARNING: program timed out.
WARNING: program timed out.
WARNING: program timed out.
WARNING: program timed out.
WARNING: program timed out.
XPASS: g++.dg/tls/thread_local-order2.C -std=c++11 execution test
XPASS: g++.dg/tls/thread_local-order2.C -std=c++14 execution test
FAIL: g++.dg/ubsan/vptr-11.C -O0 execution test
FAIL: g++.dg/ubsan/vptr-11.C -Os execution test
FAIL: g++.old-deja/g++.abi/cxa_vec.C -std=gnu++11 execution test
FAIL: g++.old-deja/g++.abi/cxa_vec.C -std=gnu++14 execution test
FAIL: g++.old-deja/g++.abi/cxa_vec.C -std=gnu++98 execution test
FAIL: g++.old-deja/g++.eh/fntry1.C -std=c++11 execution test
FAIL: g++.old-deja/g++.eh/fntry1.C -std=c++14 execution test
FAIL: g++.old-deja/g++.eh/fntry1.C -std=c++98 execution test
FAIL: g++.old-deja/g++.eh/spec2.C -std=c++11 execution test
FAIL: g++.old-deja/g++.eh/spec2.C -std=c++14 execution test
FAIL: g++.old-deja/g++.eh/spec2.C -std=c++98 execution test
FAIL: g++.old-deja/g++.eh/spec3.C -std=c++11 execution test
FAIL: g++.old-deja/g++.eh/spec3.C -std=c++14 execution test
FAIL: g++.old-deja/g++.eh/spec3.C -std=c++98 execution test
FAIL: g++.old-deja/g++.eh/vbase1.C -std=c++11 execution test
FAIL: g++.old-deja/g++.eh/vbase1.C -std=c++14 execution test
FAIL: g++.old-deja/g++.eh/vbase1.C -std=c++98 execution test
FAIL: g++.old-deja/g++.eh/vbase2.C -std=c++11 execution test
FAIL: g++.old-deja/g++.eh/vbase2.C -std=c++14 execution test
FAIL: g++.old-deja/g++.eh/vbase2.C -std=c++98 execution test
FAIL: g++.old-deja/g++.mike/eh16.C -std=gnu++11 execution test
FAIL: g++.old-deja/g++.mike/eh16.C -std=gnu++14 execution test
FAIL: g++.old-deja/g++.mike/eh16.C -std=gnu++98 execution test
FAIL: g++.old-deja/g++.mike/eh17.C -std=gnu++11 execution test
FAIL: g++.old-deja/g++.mike/eh17.C -std=gnu++14 execution test
FAIL: g++.old-deja/g++.mike/eh17.C -std=gnu++98 execution test
FAIL: g++.old-deja/g++.mike/eh23.C -std=gnu++11 execution test
FAIL: g++.old-deja/g++.mike/eh23.C -std=gnu++14 execution test
FAIL: g++.old-deja/g++.mike/eh23.C -std=gnu++98 execution test
FAIL: g++.old-deja/g++.mike/eh33.C -std=gnu++11 execution test
FAIL: g++.old-deja/g++.mike/eh33.C -std=gnu++14 execution test
FAIL: g++.old-deja/g++.mike/eh33.C -std=gnu++98 execution test
FAIL: g++.old-deja/g++.mike/eh39.C -std=gnu++11 execution test
FAIL: g++.old-deja/g++.mike/eh39.C -std=gnu++14 execution test
FAIL: g++.old-deja/g++.mike/eh39.C -std=gnu++98 execution test
FAIL: g++.old-deja/g++.mike/eh40.C -std=gnu++11 execution test
FAIL: g++.old-deja/g++.mike/eh40.C -std=gnu++14 execution test
FAIL: g++.old-deja/g++.mike/eh40.C -std=gnu++98 execution test
FAIL: g++.old-deja/g++.mike/eh41.C -std=gnu++11 execution test
FAIL: g++.old-deja/g++.mike/eh41.C -std=gnu++14 execution test
FAIL: g++.old-deja/g++.mike/eh41.C -std=gnu++98 execution test
FAIL: g++.old-deja/g++.mike/eh50.C -std=gnu++11 execution test
FAIL: g++.old-deja/g++.mike/eh50.C -std=gnu++14 execution test
FAIL: g++.old-deja/g++.mike/eh50.C -std=gnu++98 execution test
FAIL: g++.old-deja/g++.mike/eh51.C -std=gnu++11 execution test
FAIL: g++.old-deja/g++.mike/eh51.C -std=gnu++14 execution test
FAIL: g++.old-deja/g++.mike/eh51.C -std=gnu++98 execution test
FAIL: g++.old-deja/g++.other/init7.C -std=c++11 execution test
FAIL: g++.old-deja/g++.other/init7.C -std=c++14 execution test
FAIL: g++.old-deja/g++.other/init7.C -std=c++98 execution test
FAIL: g++.old-deja/g++.other/singleton.C -std=c++11 execution test
FAIL: g++.old-deja/g++.other/singleton.C -std=c++14 execution test
FAIL: g++.old-deja/g++.other/singleton.C -std=c++98 execution test
FAIL: g++.old-deja/g++.robertl/eh990323-1.C -std=c++11 execution test
FAIL: g++.old-deja/g++.robertl/eh990323-1.C -std=c++14 execution test
FAIL: g++.old-deja/g++.robertl/eh990323-1.C -std=c++98 execution test
FAIL: g++.old-deja/g++.robertl/eh990323-5.C -std=c++11 execution test
FAIL: g++.old-deja/g++.robertl/eh990323-5.C -std=c++14 execution test
FAIL: g++.old-deja/g++.robertl/eh990323-5.C -std=c++98 execution test
=== g++ Summary ===
# of expected passes 105296
# of unexpected failures 118
# of unexpected successes 2
# of expected failures 308
# of unsupported tests 3718
/hdd/share/software/gcc/build/gcc/testsuite/g++/../../xg++ version 7.0.0 20160518 (experimental) (GCC)
=== libatomic tests ===
Running target unix
=== libatomic Summary ===
# of expected passes 54
=== libgomp tests ===
Running target unix
=== libgomp Summary ===
# of expected passes 1798
# of unsupported tests 155
=== libitm tests ===
Running target unix
FAIL: libitm.c++/eh-1.C execution test
=== libitm Summary ===
# of expected passes 41
# of unexpected failures 1
# of expected failures 3
# of unsupported tests 1
=== libstdc++ tests ===
Running target unix
FAIL: 18_support/exception_ptr/lifespan.cc execution test
FAIL: 18_support/nested_exception/rethrow_if_nested.cc execution test
FAIL: 20_util/function/63840.cc execution test
FAIL: 21_strings/basic_string/numeric_conversions/char/stod.cc execution test
FAIL: 21_strings/basic_string/numeric_conversions/char/stof.cc execution test
FAIL: 21_strings/basic_string/numeric_conversions/char/stoi.cc execution test
FAIL: 21_strings/basic_string/numeric_conversions/char/stol.cc execution test
FAIL: 21_strings/basic_string/numeric_conversions/char/stold.cc execution test
FAIL: 21_strings/basic_string/numeric_conversions/char/stoll.cc execution test
FAIL: 21_strings/basic_string/numeric_conversions/char/stoul.cc execution test
FAIL: 21_strings/basic_string/numeric_conversions/char/stoull.cc execution test
FAIL: 21_strings/basic_string/numeric_conversions/wchar_t/stod.cc execution test
FAIL: 21_strings/basic_string/numeric_conversions/wchar_t/stof.cc execution test
FAIL: 21_strings/basic_string/numeric_conversions/wchar_t/stoi.cc execution test
FAIL: 21_strings/basic_string/numeric_conversions/wchar_t/stol.cc execution test
FAIL: 21_strings/basic_string/numeric_conversions/wchar_t/stold.cc execution test
FAIL: 21_strings/basic_string/numeric_conversions/wchar_t/stoll.cc execution test
FAIL: 21_strings/basic_string/numeric_conversions/wchar_t/stoul.cc execution test
FAIL: 21_strings/basic_string/numeric_conversions/wchar_t/stoull.cc execution test
FAIL: 22_locale/numpunct/members/pod/2.cc execution test
FAIL: 23_containers/bitset/to_ulong/1.cc execution test
FAIL: 23_containers/deque/cons/2.cc execution test
FAIL: 23_containers/deque/requirements/exception/basic.cc execution test
FAIL: 23_containers/deque/requirements/exception/propagation_consistent.cc execution test
FAIL: 23_containers/forward_list/requirements/exception/basic.cc execution test
FAIL: 23_containers/forward_list/requirements/exception/propagation_consistent.cc execution test
FAIL: 23_containers/list/modifiers/insert/25288.cc execution test
FAIL: 23_containers/list/requirements/exception/basic.cc execution test
FAIL: 23_containers/list/requirements/exception/propagation_consistent.cc execution test
FAIL: 23_containers/map/requirements/exception/basic.cc execution test
FAIL: 23_containers/map/requirements/exception/propagation_consistent.cc execution test
FAIL: 23_containers/multimap/requirements/exception/basic.cc execution test
FAIL: 23_containers/multimap/requirements/exception/propagation_consistent.cc execution test
FAIL: 23_containers/multiset/requirements/exception/basic.cc execution test
FAIL: 23_containers/multiset/requirements/exception/propagation_consistent.cc execution test
FAIL: 23_containers/set/requirements/exception/basic.cc execution test
FAIL: 23_containers/set/requirements/exception/propagation_consistent.cc execution test
FAIL: 23_containers/unordered_map/requirements/exception/basic.cc execution test
FAIL: 23_containers/unordered_multimap/requirements/exception/basic.cc execution test
FAIL: 23_containers/unordered_multimap/requirements/exception/propagation_consistent.cc execution test
FAIL: 23_containers/unordered_multiset/insert/hash_policy.cc execution test
FAIL: 23_containers/unordered_multiset/requirements/exception/basic.cc execution test
FAIL: 23_containers/unordered_multiset/requirements/exception/propagation_consistent.cc execution test
FAIL: 23_containers/unordered_set/insert/hash_policy.cc execution test
FAIL: 23_containers/unordered_set/max_load_factor/robustness.cc execution test
FAIL: 23_containers/unordered_set/requirements/exception/basic.cc execution test
FAIL: 23_containers/vector/capacity/2.cc execution test
FAIL: 23_containers/vector/cons/4.cc execution test
FAIL: 23_containers/vector/modifiers/push_back/strong_guarantee.cc execution test
FAIL: 23_containers/vector/requirements/exception/basic.cc execution test
FAIL: 23_containers/vector/requirements/exception/propagation_consistent.cc execution test
FAIL: 25_algorithms/stable_partition/mem_check.cc execution test
FAIL: 25_algorithms/stable_sort/mem_check.cc execution test
FAIL: 27_io/basic_istream/exceptions/char/9561.cc execution test
FAIL: 27_io/basic_istream/exceptions/wchar_t/9561.cc execution test
FAIL: 27_io/basic_istream/extractors_arithmetic/char/exceptions_badbit_throw.cc execution test
FAIL: 27_io/basic_istream/extractors_arithmetic/wchar_t/exceptions_badbit_throw.cc execution test
FAIL: 27_io/basic_istream/extractors_other/char/exceptions_failbit_throw.cc execution test
FAIL: 27_io/basic_istream/extractors_other/pod/3983-3.cc execution test
FAIL: 27_io/basic_istream/extractors_other/wchar_t/exceptions_failbit_throw.cc execution test
FAIL: 27_io/basic_istream/seekg/char/exceptions_badbit_throw.cc execution test
FAIL: 27_io/basic_istream/seekg/wchar_t/exceptions_badbit_throw.cc execution test
FAIL: 27_io/basic_istream/tellg/char/exceptions_badbit_throw.cc execution test
FAIL: 27_io/basic_istream/tellg/wchar_t/exceptions_badbit_throw.cc execution test
FAIL: 27_io/basic_ostream/exceptions/char/9561.cc execution test
FAIL: 27_io/basic_ostream/exceptions/wchar_t/9561.cc execution test
FAIL: 27_io/basic_ostream/flush/char/exceptions_badbit_throw.cc execution test
FAIL: 27_io/basic_ostream/flush/wchar_t/exceptions_badbit_throw.cc execution test
FAIL: 27_io/basic_ostream/inserters_arithmetic/char/9555-oa.cc execution test
FAIL: 27_io/basic_ostream/inserters_arithmetic/char/exceptions_badbit_throw.cc execution test
FAIL: 27_io/basic_ostream/inserters_arithmetic/wchar_t/9555-oa.cc execution test
FAIL: 27_io/basic_ostream/inserters_arithmetic/wchar_t/exceptions_badbit_throw.cc execution test
FAIL: 27_io/basic_ostream/inserters_character/char/9555-oc.cc execution test
FAIL: 27_io/basic_ostream/inserters_character/wchar_t/9555-oc.cc execution test
FAIL: 27_io/basic_ostream/inserters_other/char/exceptions_failbit_throw.cc execution test
FAIL: 27_io/basic_ostream/inserters_other/char/exceptions_null.cc execution test
FAIL: 27_io/basic_ostream/inserters_other/wchar_t/exceptions_failbit_throw.cc execution test
FAIL: 27_io/basic_ostream/inserters_other/wchar_t/exceptions_null.cc execution test
FAIL: 27_io/basic_ostream/put/char/1.cc execution test
FAIL: 27_io/basic_ostream/put/wchar_t/1.cc execution test
FAIL: 27_io/basic_ostream/seekp/char/exceptions_badbit_throw.cc execution test
FAIL: 27_io/basic_ostream/seekp/wchar_t/exceptions_badbit_throw.cc execution test
FAIL: 27_io/basic_ostream/tellp/char/exceptions_badbit_throw.cc execution test
FAIL: 27_io/basic_ostream/tellp/wchar_t/exceptions_badbit_throw.cc execution test
FAIL: 27_io/basic_ostream/write/char/1.cc execution test
FAIL: 27_io/basic_ostream/write/wchar_t/1.cc execution test
FAIL: 28_regex/algorithms/regex_match/basic/empty_range.cc execution test
FAIL: 28_regex/algorithms/regex_match/cstring_bracket_01.cc execution test
FAIL: 28_regex/algorithms/regex_match/ecma/char/61601.cc execution test
FAIL: 28_regex/algorithms/regex_match/ecma/char/backref.cc execution test
FAIL: 28_regex/algorithms/regex_match/ecma/char/hex.cc execution test
FAIL: 28_regex/basic_regex/assign/char/string.cc execution test
FAIL: 28_regex/basic_regex/ctors/basic/string_range_01_02_03.cc execution test
FAIL: 28_regex/basic_regex/ctors/extended/string_range_01_02_03.cc execution test
FAIL: 30_threads/async/except.cc execution test
FAIL: 30_threads/async/forced_unwind.cc execution test
FAIL: 30_threads/lock/4.cc execution test
FAIL: 30_threads/packaged_task/forced_unwind.cc execution test
FAIL: 30_threads/promise/members/set_exception2.cc execution test
FAIL: 30_threads/shared_future/members/get2.cc execution test
FAIL: 30_threads/try_lock/4.cc execution test
FAIL: experimental/filesystem/operations/canonical.cc execution test
FAIL: experimental/filesystem/operations/temp_directory_path.cc execution test
FAIL: experimental/optional/assignment/1.cc execution test
FAIL: experimental/optional/assignment/3.cc execution test
FAIL: ext/enc_filebuf/char/13189.cc execution test
FAIL: ext/enc_filebuf/wchar_t/13189.cc execution test
FAIL: ext/pb_ds/example/hash_illegal_resize.cc execution test
FAIL: ext/pb_ds/regression/hash_map_rand.cc execution test
FAIL: ext/pb_ds/regression/hash_set_rand.cc execution test
FAIL: ext/pb_ds/regression/priority_queue_rand.cc execution test
FAIL: ext/pb_ds/regression/tree_map_rand.cc execution test
FAIL: ext/pb_ds/regression/tree_set_rand.cc execution test
FAIL: ext/pb_ds/regression/trie_map_rand.cc execution test
FAIL: ext/pb_ds/regression/trie_set_rand.cc execution test
FAIL: ext/throw_allocator/check_deallocate_null.cc execution test
FAIL: ext/vstring/requirements/exception/propagation_consistent.cc execution test
FAIL: tr1/3_function_objects/function/63840.cc execution test
=== libstdc++ Summary ===
# of expected passes 10438
# of unexpected failures 118
# of expected failures 66
# of unsupported tests 547
Compiler version: 7.0.0 20160518 (experimental) (GCC)
Platform: x86_64-pc-linux-gnu
configure flags: --prefix=/share/software/gcc/build/../installed --enable-languages=c,c++ --disable-multilib