This is the mail archive of the
gcc-testresults@gcc.gnu.org
mailing list for the GCC project.
Results for 4.9.3 (Debian 4.9.3-14) testsuite on i586-pc-gnu
- From: Matthias Klose <doko at debian dot org>
- To: gcc-testresults at gcc dot gnu dot org
- Cc: debian-gcc at lists dot debian dot org
- Date: Mon, 09 May 2016 17:56:08 +0000
- Subject: Results for 4.9.3 (Debian 4.9.3-14) testsuite on i586-pc-gnu
- Authentication-results: sourceware.org; auth=none
- Reply-to: Matthias Klose <doko at debian dot org>
LAST_UPDATED: Wed Apr 13 11:05:49 UTC 2016 (revision 234931)
Target: i586-gnu
gcc version 4.9.3 (Debian 4.9.3-14)
Native configuration is i586-pc-gnu
=== g++ tests ===
Running target unix
FAIL: g++.dg/cdce3.C -std=gnu++98 execution test
FAIL: g++.dg/cdce3.C -std=gnu++11 execution test
FAIL: g++.dg/cdce3.C -std=gnu++1y execution test
FAIL: g++.dg/eh/sighandle.C -std=gnu++98 execution test
FAIL: g++.dg/eh/sighandle.C -std=gnu++11 execution test
FAIL: g++.dg/eh/sighandle.C -std=gnu++1y execution test
FAIL: g++.dg/ext/cleanup-10.C -std=gnu++98 execution test
FAIL: g++.dg/ext/cleanup-10.C -std=gnu++11 execution test
FAIL: g++.dg/ext/cleanup-10.C -std=gnu++1y execution test
FAIL: g++.dg/ext/cleanup-11.C -std=gnu++98 execution test
FAIL: g++.dg/ext/cleanup-11.C -std=gnu++11 execution test
FAIL: g++.dg/ext/cleanup-11.C -std=gnu++1y execution test
FAIL: g++.dg/ext/cleanup-8.C -std=gnu++98 execution test
FAIL: g++.dg/ext/cleanup-8.C -std=gnu++11 execution test
FAIL: g++.dg/ext/cleanup-8.C -std=gnu++1y execution test
FAIL: g++.dg/ext/cleanup-9.C -std=gnu++98 execution test
FAIL: g++.dg/ext/cleanup-9.C -std=gnu++11 execution test
FAIL: g++.dg/ext/cleanup-9.C -std=gnu++1y execution test
FAIL: g++.dg/ext/sync-4.C -std=gnu++98 execution test
FAIL: g++.dg/ext/sync-4.C -std=gnu++11 execution test
FAIL: g++.dg/ext/sync-4.C -std=gnu++1y execution test
XPASS: g++.dg/tls/thread_local-order2.C -std=c++11 execution test
XPASS: g++.dg/tls/thread_local-order2.C -std=c++1y execution test
FAIL: g++.dg/tls/thread_local3.C -std=gnu++11 execution test
FAIL: g++.dg/tls/thread_local3.C -std=gnu++1y execution test
FAIL: g++.dg/tls/thread_local3g.C -std=gnu++11 execution test
FAIL: g++.dg/tls/thread_local3g.C -std=gnu++1y execution test
FAIL: g++.dg/tls/thread_local4.C -std=gnu++11 execution test
FAIL: g++.dg/tls/thread_local4.C -std=gnu++1y execution test
FAIL: g++.dg/tls/thread_local4g.C -std=gnu++11 execution test
FAIL: g++.dg/tls/thread_local4g.C -std=gnu++1y execution test
FAIL: g++.dg/tls/thread_local5.C -std=gnu++11 execution test
FAIL: g++.dg/tls/thread_local5.C -std=gnu++1y execution test
FAIL: g++.dg/tls/thread_local5g.C -std=gnu++11 execution test
FAIL: g++.dg/tls/thread_local5g.C -std=gnu++1y execution test
FAIL: g++.old-deja/g++.law/profile1.C -std=gnu++98 (test for excess errors)
UNRESOLVED: g++.old-deja/g++.law/profile1.C -std=gnu++98 compilation failed to produce executable
FAIL: g++.old-deja/g++.law/profile1.C -std=gnu++11 (test for excess errors)
UNRESOLVED: g++.old-deja/g++.law/profile1.C -std=gnu++11 compilation failed to produce executable
FAIL: g++.old-deja/g++.law/profile1.C -std=gnu++1y (test for excess errors)
UNRESOLVED: g++.old-deja/g++.law/profile1.C -std=gnu++1y compilation failed to produce executable
=== g++ Summary for unix ===
# of expected passes 81625
# of unexpected failures 36
# of unexpected successes 2
# of expected failures 446
# of unresolved testcases 3
# of unsupported tests 2693
Running target unix/-fstack-protector
FAIL: g++.dg/cdce3.C -std=gnu++98 execution test
FAIL: g++.dg/cdce3.C -std=gnu++11 execution test
FAIL: g++.dg/cdce3.C -std=gnu++1y execution test
FAIL: g++.dg/eh/sighandle.C -std=gnu++98 execution test
FAIL: g++.dg/eh/sighandle.C -std=gnu++11 execution test
FAIL: g++.dg/eh/sighandle.C -std=gnu++1y execution test
FAIL: g++.dg/ext/cleanup-10.C -std=gnu++98 execution test
FAIL: g++.dg/ext/cleanup-10.C -std=gnu++11 execution test
FAIL: g++.dg/ext/cleanup-10.C -std=gnu++1y execution test
FAIL: g++.dg/ext/cleanup-11.C -std=gnu++98 execution test
FAIL: g++.dg/ext/cleanup-11.C -std=gnu++11 execution test
FAIL: g++.dg/ext/cleanup-11.C -std=gnu++1y execution test
FAIL: g++.dg/ext/cleanup-8.C -std=gnu++98 execution test
FAIL: g++.dg/ext/cleanup-8.C -std=gnu++11 execution test
FAIL: g++.dg/ext/cleanup-8.C -std=gnu++1y execution test
FAIL: g++.dg/ext/cleanup-9.C -std=gnu++98 execution test
FAIL: g++.dg/ext/cleanup-9.C -std=gnu++11 execution test
FAIL: g++.dg/ext/cleanup-9.C -std=gnu++1y execution test
FAIL: g++.dg/ext/sync-4.C -std=gnu++98 execution test
FAIL: g++.dg/ext/sync-4.C -std=gnu++11 execution test
FAIL: g++.dg/ext/sync-4.C -std=gnu++1y execution test
XPASS: g++.dg/tls/thread_local-order2.C -std=c++11 execution test
XPASS: g++.dg/tls/thread_local-order2.C -std=c++1y execution test
FAIL: g++.dg/tls/thread_local3.C -std=gnu++11 execution test
FAIL: g++.dg/tls/thread_local3.C -std=gnu++1y execution test
FAIL: g++.dg/tls/thread_local3g.C -std=gnu++11 execution test
FAIL: g++.dg/tls/thread_local3g.C -std=gnu++1y execution test
FAIL: g++.dg/tls/thread_local4.C -std=gnu++11 execution test
FAIL: g++.dg/tls/thread_local4.C -std=gnu++1y execution test
FAIL: g++.dg/tls/thread_local4g.C -std=gnu++11 execution test
FAIL: g++.dg/tls/thread_local4g.C -std=gnu++1y execution test
FAIL: g++.dg/tls/thread_local5.C -std=gnu++11 execution test
FAIL: g++.dg/tls/thread_local5.C -std=gnu++1y execution test
FAIL: g++.dg/tls/thread_local5g.C -std=gnu++11 execution test
FAIL: g++.dg/tls/thread_local5g.C -std=gnu++1y execution test
FAIL: g++.old-deja/g++.law/profile1.C -std=gnu++98 (test for excess errors)
UNRESOLVED: g++.old-deja/g++.law/profile1.C -std=gnu++98 compilation failed to produce executable
FAIL: g++.old-deja/g++.law/profile1.C -std=gnu++11 (test for excess errors)
UNRESOLVED: g++.old-deja/g++.law/profile1.C -std=gnu++11 compilation failed to produce executable
FAIL: g++.old-deja/g++.law/profile1.C -std=gnu++1y (test for excess errors)
UNRESOLVED: g++.old-deja/g++.law/profile1.C -std=gnu++1y compilation failed to produce executable
=== g++ Summary for unix/-fstack-protector ===
# of expected passes 81625
# of unexpected failures 36
# of unexpected successes 2
# of expected failures 446
# of unresolved testcases 3
# of unsupported tests 2693
=== g++ Summary ===
# of expected passes 163250
# of unexpected failures 72
# of unexpected successes 4
# of expected failures 892
# of unresolved testcases 6
# of unsupported tests 5386
/build/gcc-4.9-Q9ih5Z/gcc-4.9-4.9.3/build/gcc/xg++ version 4.9.3 (Debian 4.9.3-14)
=== gcc tests ===
Running target unix
FAIL: gcc.dg/20021014-1.c (test for excess errors)
UNRESOLVED: gcc.dg/20021014-1.c compilation failed to produce executable
FAIL: gcc.dg/cleanup-10.c execution test
FAIL: gcc.dg/cleanup-11.c execution test
FAIL: gcc.dg/cleanup-8.c execution test
FAIL: gcc.dg/cleanup-9.c execution test
FAIL: gcc.dg/nest.c (test for excess errors)
UNRESOLVED: gcc.dg/nest.c compilation failed to produce executable
FAIL: gcc.dg/nested-func-4.c (test for excess errors)
UNRESOLVED: gcc.dg/nested-func-4.c compilation failed to produce executable
FAIL: gcc.dg/pr32450.c (test for excess errors)
UNRESOLVED: gcc.dg/pr32450.c compilation failed to produce executable
FAIL: gcc.dg/pr43643.c (test for excess errors)
UNRESOLVED: gcc.dg/pr43643.c compilation failed to produce executable
FAIL: largefile.c -O0 -g -I. -Dwith_PCH (test for excess errors)
FAIL: gcc.dg/pch/largefile.c -O0 -g assembly comparison
FAIL: largefile.c -O0 -I. -Dwith_PCH (internal compiler error)
FAIL: largefile.c -O0 -I. -Dwith_PCH (test for excess errors)
FAIL: gcc.dg/pch/largefile.c -O0 assembly comparison
FAIL: largefile.c -O1 -I. -Dwith_PCH (internal compiler error)
FAIL: largefile.c -O1 -I. -Dwith_PCH (test for excess errors)
FAIL: gcc.dg/pch/largefile.c -O1 assembly comparison
FAIL: largefile.c -O2 -I. -Dwith_PCH (internal compiler error)
FAIL: largefile.c -O2 -I. -Dwith_PCH (test for excess errors)
FAIL: gcc.dg/pch/largefile.c -O2 assembly comparison
FAIL: largefile.c -O3 -fomit-frame-pointer -I. -Dwith_PCH (internal compiler error)
FAIL: largefile.c -O3 -fomit-frame-pointer -I. -Dwith_PCH (test for excess errors)
FAIL: gcc.dg/pch/largefile.c -O3 -fomit-frame-pointer assembly comparison
FAIL: largefile.c -O3 -g -I. -Dwith_PCH (test for excess errors)
FAIL: gcc.dg/pch/largefile.c -O3 -g assembly comparison
FAIL: largefile.c -Os -I. -Dwith_PCH (internal compiler error)
FAIL: largefile.c -Os -I. -Dwith_PCH (test for excess errors)
FAIL: gcc.dg/pch/largefile.c -Os assembly comparison
FAIL: gcc.target/i386/addr-sel-1.c scan-assembler a\\\\+1
FAIL: gcc.target/i386/addr-sel-1.c scan-assembler b\\\\+1
=== gcc Summary for unix ===
# of expected passes 101970
# of unexpected failures 30
# of expected failures 251
# of unresolved testcases 5
# of unsupported tests 1153
Running target unix/-fstack-protector
FAIL: gcc.dg/20021014-1.c (test for excess errors)
UNRESOLVED: gcc.dg/20021014-1.c compilation failed to produce executable
FAIL: gcc.dg/cleanup-10.c execution test
FAIL: gcc.dg/cleanup-11.c execution test
FAIL: gcc.dg/cleanup-8.c execution test
FAIL: gcc.dg/cleanup-9.c execution test
FAIL: gcc.dg/nest.c (test for excess errors)
UNRESOLVED: gcc.dg/nest.c compilation failed to produce executable
FAIL: gcc.dg/nested-func-4.c (test for excess errors)
UNRESOLVED: gcc.dg/nested-func-4.c compilation failed to produce executable
FAIL: gcc.dg/pr32450.c (test for excess errors)
UNRESOLVED: gcc.dg/pr32450.c compilation failed to produce executable
FAIL: gcc.dg/pr43643.c (test for excess errors)
UNRESOLVED: gcc.dg/pr43643.c compilation failed to produce executable
FAIL: gcc.dg/stack-usage-1.c scan-file foo\\t(256|264)\\tstatic
FAIL: gcc.dg/superblock.c scan-rtl-dump-times sched2 "ADVANCING TO" 2
FAIL: largefile.c -O0 -g -I. -Dwith_PCH (test for excess errors)
FAIL: gcc.dg/pch/largefile.c -O0 -g assembly comparison
FAIL: largefile.c -O0 -I. -Dwith_PCH (internal compiler error)
FAIL: largefile.c -O0 -I. -Dwith_PCH (test for excess errors)
FAIL: gcc.dg/pch/largefile.c -O0 assembly comparison
FAIL: largefile.c -O1 -I. -Dwith_PCH (internal compiler error)
FAIL: largefile.c -O1 -I. -Dwith_PCH (test for excess errors)
FAIL: gcc.dg/pch/largefile.c -O1 assembly comparison
FAIL: largefile.c -O2 -I. -Dwith_PCH (internal compiler error)
FAIL: largefile.c -O2 -I. -Dwith_PCH (test for excess errors)
FAIL: gcc.dg/pch/largefile.c -O2 assembly comparison
FAIL: largefile.c -O3 -fomit-frame-pointer -I. -Dwith_PCH (internal compiler error)
FAIL: largefile.c -O3 -fomit-frame-pointer -I. -Dwith_PCH (test for excess errors)
FAIL: gcc.dg/pch/largefile.c -O3 -fomit-frame-pointer assembly comparison
FAIL: largefile.c -O3 -g -I. -Dwith_PCH (test for excess errors)
FAIL: gcc.dg/pch/largefile.c -O3 -g assembly comparison
FAIL: largefile.c -Os -I. -Dwith_PCH (internal compiler error)
FAIL: largefile.c -Os -I. -Dwith_PCH (test for excess errors)
FAIL: gcc.dg/pch/largefile.c -Os assembly comparison
FAIL: gcc.target/i386/addr-sel-1.c scan-assembler a\\\\+1
FAIL: gcc.target/i386/addr-sel-1.c scan-assembler b\\\\+1
=== gcc Summary for unix/-fstack-protector ===
# of expected passes 101968
# of unexpected failures 32
# of expected failures 251
# of unresolved testcases 5
# of unsupported tests 1153
=== gcc Summary ===
# of expected passes 203938
# of unexpected failures 62
# of expected failures 502
# of unresolved testcases 10
# of unsupported tests 2306
/build/gcc-4.9-Q9ih5Z/gcc-4.9-4.9.3/build/gcc/xgcc version 4.9.3 (Debian 4.9.3-14)
=== gfortran tests ===
Running target unix
=== gfortran Summary for unix ===
# of expected passes 46029
# of expected failures 38
# of unsupported tests 215
Running target unix/-fstack-protector
=== gfortran Summary for unix/-fstack-protector ===
# of expected passes 46029
# of expected failures 38
# of unsupported tests 215
=== gfortran Summary ===
# of expected passes 92058
# of expected failures 76
# of unsupported tests 430
/build/gcc-4.9-Q9ih5Z/gcc-4.9-4.9.3/build/gcc/gfortran version 4.9.3 (Debian 4.9.3-14)
=== obj-c++ tests ===
Running target unix
=== obj-c++ Summary for unix ===
# of expected passes 1449
# of expected failures 2
# of unsupported tests 86
Running target unix/-fstack-protector
=== obj-c++ Summary for unix/-fstack-protector ===
# of expected passes 1449
# of expected failures 2
# of unsupported tests 86
=== obj-c++ Summary ===
# of expected passes 2898
# of expected failures 4
# of unsupported tests 172
/build/gcc-4.9-Q9ih5Z/gcc-4.9-4.9.3/build/gcc/xg++ version 4.9.3 (Debian 4.9.3-14)
=== objc tests ===
Running target unix
=== objc Summary for unix ===
# of expected passes 2988
# of expected failures 6
# of unsupported tests 74
Running target unix/-fstack-protector
=== objc Summary for unix/-fstack-protector ===
# of expected passes 2988
# of expected failures 6
# of unsupported tests 74
=== objc Summary ===
# of expected passes 5976
# of expected failures 12
# of unsupported tests 148
/build/gcc-4.9-Q9ih5Z/gcc-4.9-4.9.3/build/gcc/xgcc version 4.9.3 (Debian 4.9.3-14)
=== boehm-gc tests ===
Running target unix
=== boehm-gc Summary for unix ===
# of expected passes 12
# of unsupported tests 1
Running target unix/-fstack-protector
=== boehm-gc Summary for unix/-fstack-protector ===
# of expected passes 12
# of unsupported tests 1
=== boehm-gc Summary ===
# of expected passes 24
# of unsupported tests 2
=== libatomic tests ===
Running target unix
=== libatomic Summary for unix ===
# of expected passes 44
# of unsupported tests 5
Running target unix/-fstack-protector
=== libatomic Summary for unix/-fstack-protector ===
# of expected passes 44
# of unsupported tests 5
=== libatomic Summary ===
# of expected passes 88
# of unsupported tests 10
=== libffi tests ===
Running target unix
=== libffi Summary for unix ===
# of expected passes 1819
# of unsupported tests 55
Running target unix/-fstack-protector
=== libffi Summary for unix/-fstack-protector ===
# of expected passes 1819
# of unsupported tests 55
=== libffi Summary ===
# of expected passes 3638
# of unsupported tests 110
=== libgomp tests ===
Running target unix
FAIL: libgomp.fortran/lib1.f90 -O2 execution test
FAIL: libgomp.fortran/lib1.f90 -O3 -fomit-frame-pointer execution test
FAIL: libgomp.fortran/lib1.f90 -O3 -g execution test
FAIL: libgomp.fortran/lib1.f90 -Os execution test
FAIL: libgomp.fortran/lib2.f -O1 execution test
FAIL: libgomp.fortran/lib2.f -O2 execution test
FAIL: libgomp.fortran/lib2.f -O3 -fomit-frame-pointer -funroll-all-loops -finline-functions execution test
FAIL: libgomp.fortran/lib3.f -O2 execution test
FAIL: libgomp.fortran/lib3.f -O3 -fomit-frame-pointer execution test
=== libgomp Summary for unix ===
# of expected passes 3261
# of unexpected failures 9
# of unsupported tests 43
Running target unix/-fstack-protector
FAIL: libgomp.fortran/lib1.f90 -O3 -fomit-frame-pointer execution test
FAIL: libgomp.fortran/lib1.f90 -O3 -fomit-frame-pointer -funroll-loops execution test
FAIL: libgomp.fortran/lib1.f90 -Os execution test
FAIL: libgomp.fortran/lib2.f -O2 execution test
FAIL: libgomp.fortran/lib2.f -O3 -fomit-frame-pointer execution test
FAIL: libgomp.fortran/lib2.f -O3 -fomit-frame-pointer -funroll-loops execution test
FAIL: libgomp.fortran/lib2.f -O3 -g execution test
FAIL: libgomp.fortran/lib2.f -Os execution test
FAIL: libgomp.fortran/lib3.f -O1 execution test
FAIL: libgomp.fortran/lib3.f -O3 -fomit-frame-pointer execution test
FAIL: libgomp.fortran/lib3.f -O3 -fomit-frame-pointer -funroll-loops execution test
FAIL: libgomp.fortran/lib3.f -O3 -g execution test
FAIL: libgomp.fortran/lib3.f -Os execution test
=== libgomp Summary for unix/-fstack-protector ===
# of expected passes 3257
# of unexpected failures 13
# of unsupported tests 43
=== libgomp Summary ===
# of expected passes 6518
# of unexpected failures 22
# of unsupported tests 86
=== libjava tests ===
Running target unix
ERROR: (DejaGnu) proc "absolute /build/gcc-4.9-Q9ih5Z/gcc-4.9-4.9.3/build/i586-gnu/libjava/testsuite" does not exist.
=== libjava Summary ===
# of expected passes 1
=== libstdc++ tests ===
Running target unix
FAIL: 22_locale/numpunct/members/char/3.cc execution test
FAIL: 22_locale/time_get/get_date/wchar_t/4.cc execution test
FAIL: 27_io/basic_filebuf/close/char/4879.cc execution test
FAIL: 27_io/basic_filebuf/close/char/9964.cc execution test
FAIL: 27_io/basic_filebuf/imbue/char/13171-2.cc execution test
FAIL: 27_io/basic_filebuf/imbue/wchar_t/14975-2.cc execution test
FAIL: 27_io/basic_filebuf/seekoff/char/26777.cc execution test
WARNING: program timed out.
FAIL: 27_io/basic_filebuf/showmanyc/char/9533-1.cc execution test
FAIL: 27_io/basic_filebuf/underflow/char/10097.cc execution test
FAIL: 27_io/objects/char/7.cc execution test
FAIL: 27_io/objects/char/9661-1.cc execution test
FAIL: 27_io/objects/wchar_t/7.cc execution test
FAIL: 27_io/objects/wchar_t/9661-1.cc execution test
WARNING: program timed out.
FAIL: 30_threads/async/forced_unwind.cc execution test
WARNING: program timed out.
FAIL: 30_threads/packaged_task/forced_unwind.cc execution test
WARNING: program timed out.
FAIL: 30_threads/thread/native_handle/cancel.cc execution test
=== libstdc++ Summary for unix ===
# of expected passes 10057
# of unexpected failures 16
# of expected failures 41
# of unsupported tests 242
Running target unix/-fstack-protector
FAIL: 22_locale/numpunct/members/char/3.cc execution test
FAIL: 22_locale/time_get/get_date/wchar_t/4.cc execution test
XPASS: 26_numerics/headers/cmath/c_math.cc execution test
FAIL: 27_io/basic_filebuf/close/char/4879.cc execution test
FAIL: 27_io/basic_filebuf/close/char/9964.cc execution test
FAIL: 27_io/basic_filebuf/imbue/char/13171-2.cc execution test
FAIL: 27_io/basic_filebuf/imbue/wchar_t/14975-2.cc execution test
FAIL: 27_io/basic_filebuf/seekoff/char/26777.cc execution test
WARNING: program timed out.
FAIL: 27_io/basic_filebuf/showmanyc/char/9533-1.cc execution test
FAIL: 27_io/basic_filebuf/underflow/char/10097.cc execution test
FAIL: 27_io/objects/char/7.cc execution test
FAIL: 27_io/objects/char/9661-1.cc execution test
FAIL: 27_io/objects/wchar_t/7.cc execution test
FAIL: 27_io/objects/wchar_t/9661-1.cc execution test
WARNING: program timed out.
FAIL: 30_threads/async/forced_unwind.cc execution test
WARNING: program timed out.
FAIL: 30_threads/packaged_task/forced_unwind.cc execution test
WARNING: program timed out.
FAIL: 30_threads/thread/native_handle/cancel.cc execution test
=== libstdc++ Summary for unix/-fstack-protector ===
# of expected passes 4392
# of unexpected failures 16
# of unexpected successes 1
# of expected failures 33
# of unsupported tests 242
=== libstdc++ Summary ===
# of expected passes 14449
# of unexpected failures 32
# of unexpected successes 1
# of expected failures 74
# of unsupported tests 484
Compiler version: 4.9.3 (Debian 4.9.3-14)
Platform: i586-pc-gnu
configure flags: -v --with-pkgversion='Debian 4.9.3-14' --with-bugurl=file:///usr/share/doc/gcc-4.9/README.Bugs --enable-languages=c,c++,java,d,fortran,objc,obj-c++ --prefix=/usr --program-suffix=-4.9 --enable-shared --enable-linker-build-id --libexecdir=/usr/lib --without-included-gettext --enable-threads=posix --with-gxx-include-dir=/usr/include/c++/4.9 --libdir=/usr/lib --enable-nls --with-sysroot=/ --enable-clocale=gnu --enable-libstdcxx-debug --enable-libstdcxx-time=yes --disable-libitm --disable-libsanitizer --enable-plugin --with-system-zlib --disable-browser-plugin --enable-java-awt=gtk --enable-gtk-cairo --with-java-home=/usr/lib/jvm/java-1.5.0-gcj-4.9-hurd-i386/jre --enable-java-home --with-jvm-root-dir=/usr/lib/jvm/java-1.5.0-gcj-4.9-hurd-i386 --with-jvm-jar-dir=/usr/lib/jvm-exports/java-1.5.0-gcj-4.9-hurd-i386 --with-arch-directory=i386 --with-ecj-jar=/usr/share/java/eclipse-ecj.jar --enable-multiarch --with-arch=i586 --with-tune=generic --enable-checking=release --build=i586-gnu --host=i586-gnu --target=i586-gnu
BOOT_CFLAGS=
Build Dependencies:
Desired=Unknown/Install/Remove/Purge/Hold
| Status=Not/Inst/Conf-files/Unpacked/halF-conf/Half-inst/trig-aWait/Trig-pend
|/ Err?=(none)/Reinst-required (Status,Err: uppercase=bad)
||/ Name Version Architecture Description
+++-==========================-==============-============-===============================================================================
ii binutils 2.26-8 hurd-i386 GNU assembler, linker and binary utilities
ii g++-5 5.3.1-17 hurd-i386 GNU C++ compiler
ii libc0.3:hurd-i386 2.22-7 hurd-i386 GNU C Library: Shared libraries
ii libcloog-isl-dev:hurd-i386 0.18.4-1 hurd-i386 Chunky Loop Generator (development files)
ii libgmp-dev:hurd-i386 2:6.1.0+dfsg-2 hurd-i386 Multiprecision arithmetic library developers tools
ii libisl-dev:hurd-i386 0.16.1-1 hurd-i386 manipulating sets and relations of integer points bounded by linear constraints
ii libmpc-dev:hurd-i386 1.0.3-1 hurd-i386 multiple precision complex floating-point library development package
ii libmpfr-dev:hurd-i386 3.1.4-1 hurd-i386 multiple precision floating-point computation developers tools
svn-updates:
updates from the 4.9 branch upto 20160413 (r234931).
gcc-gfdl-build:
Build a dummy s-tm-texi without access to the texinfo sources
gcc-textdomain:
Set gettext's domain and textdomain to the versioned package name.
gcc-driver-extra-langs:
Add options and specs for languages that are not built from a source
(but built from separate sources).
gcc-hash-style-gnu:
Link using --hash-style=gnu (aarch64, alpha, amd64, armel, armhf, ia64,
i386, powerpc, ppc64, s390, sparc)
libstdc++-pic:
Build and install libstdc++_pic.a library.
libstdc++-doclink:
adjust hrefs to point to the local documentation
libstdc++-man-3cxx:
Install libstdc++ man pages with suffix .3cxx instead of .3
libstdc++-test-installed:
Add support to run the libstdc++-v3 testsuite using the
installed shared libraries.
libjava-stacktrace:
libgcj: Lookup source file name and line number in separated
debug files found in /usr/lib/debug
libjava-jnipath:
- Add /usr/lib/jni and /usr/lib/<multiarch>/jni to java.library.path.
- When running the i386 binaries on amd64, look in
- /usr/lib32/gcj-x.y and /usr/lib32/jni instead.
libjava-sjlj:
Don't try to use _Unwind_Backtrace on SJLJ targets.
See bug #387875, #388505, GCC PR 29206.
libjava-disable-plugin:
Don't build the gcjwebplugin, even when configured with --enable-plugin
alpha-no-ev4-directive:
never emit .ev4 directive.
boehm-gc-getnprocs:
boehm-gc/pthread_support.c (GC_get_nprocs): Use sysconf as fallback.
note-gnu-stack:
Add .note.GNU-stack sections for gcc's crt files, libffi and boehm-gc
Taken from FC.
libgomp-omp_h-multilib:
Fix up omp.h for multilibs.
sparc-force-cpu:
On sparc default to ultrasparc (v9a) in 32bit mode
gccgo-version:
Omit the subminor number from the go libdir
pr47818:
Fix PR ada/47818: Pragma Assert is rejected with No_Implementation_Pragmas restriction.
gcc-base-version:
Set base version to 4.9, introduce full version 4.9.x.
libgo-testsuite:
Only run the libgo testsuite for flags configured in RUNTESTFLAGS
gcc-target-include-asm:
Search \$(builddir)/sys-include for the asm header files
libgo-revert-timeout-exp:
libgo-setcontext-config:
libgo: Overwrite the setcontext_clobbers_tls check on mips*
gcc-auto-build:
Fix cross building a native compiler.
kfreebsd-unwind:
DWARF2 EH unwinding support for AMD x86-64 and x86 KFreeBSD.
kfreebsd-boehm-gc:
boehm-gc: use mmap instead of brk also on kfreebsd-*.
hurd-boehm-gc:
libffi-m68k:
Apply #660525 fix to in-tree libffi
libitm-no-fortify-source:
Build libitm with -U_FORTIFY_SOURCE on x86 and x86_64.
pr61257:
Fix PR other/61257, check for working sys/sdt.h
pr61046:
Fix PR c++/61046, taken from the trunk.
pr61336:
Fix PR target/61336, taken from the trunk.
pr61126:
gcc-setmultilib-fix:
sparc64-biarch-long-double-128:
Fix --with-long-double-128 for sparc32 when defaulting to 64-bit.
pr61841:
Proposed backport for PR libstdc++/61841
pr61294:
PR middle-end/61294, -Wmemset-transposed-args
pr59586:
Fix PR tree-optimization/59586, segfault with -Ofast -floop-parallelize-all
pr60655-debug-loc:
pr56158:
Fix PR libstdc++/56158, taken from the trunk
pr67899:
Proposed patch for PR sanitizer/67899
gccgo-arm64:
gccgo: Enable cgo by default on linux/arm64.
ada-arm:
ada-hurd:
ada-kfreebsd:
add support for GNU/kFreeBSD.
ada-revert-pr63225:
Revert the changes made to allow bootstrapping with -fno-inline.
We allow inlining during bootstrap and this change breaks aliversion compatibility
with earlier uploads of libgnatvsn4.9. This patch shall be removed in the next
major version of GNAT.
ada-gnattools-ldflags:
Link gnat tools with the defaults LDFLAGS
gdc-4.9:
This implements D language support in the GCC back end, and adds
relevant documentation about the GDC front end (code part).
gdc-versym-cpu:
Implements D CPU version conditions.
gdc-versym-os:
Implements D OS version conditions.
gdc-frontend-posix:
Fix build of the D frontend on the Hurd and KFreeBSD.
gdc-config-ml:
config-ml.in: Add D support.
gdc-base-version:
Use the GCC base version for the D include dir name
gdc-texinfo:
Add macros for the gdc texinfo documentation.
gdc-driver-nophobos:
Modify gdc driver to have no libphobos by default.
disable-gdc-tests:
Disable D tests, hang on many buildds
gcc-sysroot:
Allow building --with-sysroot=/
sys-auxv-header:
Check for the sys/auxv.h header file.
libcilkrts-targets:
Disable libcilkrts on KFreeBSD and the Hurd. See #734973.
go-use-gold:
Pass -fuse-ld=gold to gccgo on targets supporting -fsplit-stack
arm-multilib-defaults:
Set MULTILIB_DEFAULTS for ARM multilib builds
hurd-changes:
Traditional GNU systems don't have a /usr directory. However, Debian
systems do, and we support both having a /usr -> . symlink, and having a
/usr directory like the other ports. So this patch should NOT go
upstream.
gcc-ice-hack:
Retry the build on an ice, save the calling options and preprocessed
source when the ice is reproducible.
gcc-ice-dump:
For ICEs, dump the preprocessed source file to stderr
when in a distro build environment.
gcc-ice-apport:
Report an ICE to apport (if apport is available
and the environment variable GCC_NOAPPORT is not set)
libjava-fixed-symlinks:
Remove unneed '..' elements from symlinks in JAVA_HOME
libffi-ro-eh_frame_sect:
PR libffi/47248, force a read only eh frame section.
gcc-multiarch:
- Remaining multiarch patches, not yet submitted upstream.
- Add MULTIARCH_DIRNAME definitions for multilib configurations,
which are used for the non-multilib builds.
libjava-multiarch:
Install libjava libraries to multiarch location
libjava-nobiarch-check:
For biarch builds, disable the testsuite for the non-default architecture
for runtime libraries, which are not built by default (libjava).
config-ml:
- Disable some biarch libraries for biarch builds.
- Fix multilib builds on kernels which don't support all multilibs.
g++-multiarch-incdir:
Use /usr/include/<multiarch>/c++/4.x as the include directory
for host dependent c++ header files.
gcc-multilib-multiarch:
Don't auto-detect multilib osdirnames.
mips-fix-loongson2f-nop:
On mips, pass -mfix-loongson2f-nop to as, if -mno-fix-loongson2f-nop
is not passed.
libgomp-kfreebsd-testsuite:
Disable lock-2.c test on kfreebsd-*
go-testsuite:
Skip Go testcase on AArch64 which hangs on the buildds.
fix-ffi_call_VFP-with-no-VFP-argument:
armhf: Fix ffi_call_VFP with no VFP arguments.
ada-749574:
Counting all warnings,
there are 0 warnings in stage3 of this bootstrap.
Number of warnings per file:
Number of warning types: