This is the mail archive of the gcc-testresults@gcc.gnu.org mailing list for the GCC project.


Index Nav: [Date Index] [Subject Index] [Author Index] [Thread Index]
Message Nav: [Date Prev] [Date Next] [Thread Prev] [Thread Next]
Other format: [Raw text]

Results for 6.1.0 (GCC) testsuite on x86_64-apple-darwin15.5.0


LAST_UPDATED: Obtained from SVN: tags/gcc_6_1_0_release revision 235474

		=== acats tests ===

		=== acats Summary ===
# of expected passes		2320
# of unexpected failures	0
Native configuration is x86_64-apple-darwin15.5.0

		=== g++ tests ===


Running target unix
FAIL: c-c++-common/asan/global-overflow-1.c   -O0  output pattern test, is =================================================================
FAIL: c-c++-common/asan/global-overflow-1.c   -O1  output pattern test, is =================================================================
FAIL: c-c++-common/asan/global-overflow-1.c   -O2  output pattern test, is =================================================================
FAIL: c-c++-common/asan/global-overflow-1.c   -O3 -g  output pattern test, is =================================================================
FAIL: c-c++-common/asan/global-overflow-1.c   -Os  output pattern test, is =================================================================
FAIL: c-c++-common/asan/heap-overflow-1.c   -O0  output pattern test, is =================================================================
FAIL: c-c++-common/asan/heap-overflow-1.c   -O1  output pattern test, is =================================================================
FAIL: c-c++-common/asan/heap-overflow-1.c   -O2  output pattern test, is =================================================================
FAIL: c-c++-common/asan/heap-overflow-1.c   -O3 -g  output pattern test, is =================================================================
FAIL: c-c++-common/asan/heap-overflow-1.c   -Os  output pattern test, is =================================================================
FAIL: c-c++-common/asan/memcmp-1.c   -O0  output pattern test, is =================================================================
FAIL: c-c++-common/asan/memcmp-1.c   -O1  output pattern test, is =================================================================
FAIL: c-c++-common/asan/memcmp-1.c   -O2  output pattern test, is =================================================================
FAIL: c-c++-common/asan/memcmp-1.c   -O3 -g  output pattern test, is =================================================================
FAIL: c-c++-common/asan/memcmp-1.c   -Os  output pattern test, is =================================================================
FAIL: c-c++-common/asan/misalign-1.c   -O0  output pattern test, is =================================================================
FAIL: c-c++-common/asan/misalign-1.c   -O1  output pattern test, is =================================================================
FAIL: c-c++-common/asan/misalign-1.c   -O2  output pattern test, is =================================================================
FAIL: c-c++-common/asan/misalign-1.c   -O3 -g  output pattern test, is =================================================================
FAIL: c-c++-common/asan/misalign-1.c   -Os  output pattern test, is =================================================================
FAIL: c-c++-common/asan/misalign-2.c   -O0  output pattern test, is =================================================================
FAIL: c-c++-common/asan/misalign-2.c   -O1  output pattern test, is =================================================================
FAIL: c-c++-common/asan/misalign-2.c   -O2  output pattern test, is =================================================================
FAIL: c-c++-common/asan/misalign-2.c   -O3 -g  output pattern test, is =================================================================
FAIL: c-c++-common/asan/misalign-2.c   -Os  output pattern test, is =================================================================
FAIL: c-c++-common/asan/null-deref-1.c   -O0  output pattern test, is ASAN:DEADLYSIGNAL
FAIL: c-c++-common/asan/null-deref-1.c   -O1  output pattern test, is ASAN:DEADLYSIGNAL
FAIL: c-c++-common/asan/null-deref-1.c   -O2  output pattern test, is ASAN:DEADLYSIGNAL
FAIL: c-c++-common/asan/null-deref-1.c   -O3 -g  output pattern test, is ASAN:DEADLYSIGNAL
FAIL: c-c++-common/asan/null-deref-1.c   -Os  output pattern test, is ASAN:DEADLYSIGNAL
FAIL: c-c++-common/asan/pr64820.c   -O0  output pattern test, is =================================================================
FAIL: c-c++-common/asan/pr64820.c   -O1  output pattern test, is =================================================================
FAIL: c-c++-common/asan/pr64820.c   -O2  output pattern test, is =================================================================
FAIL: c-c++-common/asan/pr64820.c   -O3 -g  output pattern test, is =================================================================
FAIL: c-c++-common/asan/pr64820.c   -Os  output pattern test, is =================================================================
FAIL: c-c++-common/asan/pr70541.c   -O0  output pattern test, is =================================================================
FAIL: c-c++-common/asan/sanity-check-pure-c-1.c   -O0  output pattern test, is =================================================================
FAIL: c-c++-common/asan/sanity-check-pure-c-1.c   -O1  output pattern test, is =================================================================
FAIL: c-c++-common/asan/sanity-check-pure-c-1.c   -O2  output pattern test, is =================================================================
FAIL: c-c++-common/asan/sanity-check-pure-c-1.c   -O3 -g  output pattern test, is =================================================================
FAIL: c-c++-common/asan/sanity-check-pure-c-1.c   -Os  output pattern test, is =================================================================
FAIL: c-c++-common/asan/stack-overflow-1.c   -O0  output pattern test, is =================================================================
FAIL: c-c++-common/asan/stack-overflow-1.c   -O1  output pattern test, is =================================================================
FAIL: c-c++-common/asan/stack-overflow-1.c   -O2  output pattern test, is =================================================================
FAIL: c-c++-common/asan/stack-overflow-1.c   -O3 -g  output pattern test, is =================================================================
FAIL: c-c++-common/asan/stack-overflow-1.c   -Os  output pattern test, is =================================================================
FAIL: c-c++-common/asan/strlen-overflow-1.c   -O0  output pattern test, is =================================================================
FAIL: c-c++-common/asan/strlen-overflow-1.c   -O1  output pattern test, is =================================================================
FAIL: c-c++-common/asan/strlen-overflow-1.c   -O2  output pattern test, is =================================================================
FAIL: c-c++-common/asan/strlen-overflow-1.c   -O3 -g  output pattern test, is =================================================================
FAIL: c-c++-common/asan/strlen-overflow-1.c   -Os  output pattern test, is =================================================================
FAIL: c-c++-common/asan/strncpy-overflow-1.c   -O0  output pattern test, is =================================================================
FAIL: c-c++-common/asan/strncpy-overflow-1.c   -O1  output pattern test, is =================================================================
FAIL: c-c++-common/asan/strncpy-overflow-1.c   -O2  output pattern test, is =================================================================
FAIL: c-c++-common/asan/strncpy-overflow-1.c   -O3 -g  output pattern test, is =================================================================
FAIL: c-c++-common/asan/strncpy-overflow-1.c   -Os  output pattern test, is =================================================================
FAIL: c-c++-common/asan/use-after-free-1.c   -O0  output pattern test, is =================================================================
FAIL: c-c++-common/asan/use-after-free-1.c   -O1  output pattern test, is =================================================================
FAIL: c-c++-common/asan/use-after-free-1.c   -O2  output pattern test, is =================================================================
FAIL: c-c++-common/asan/use-after-free-1.c   -O3 -g  output pattern test, is =================================================================
FAIL: c-c++-common/asan/use-after-free-1.c   -Os  output pattern test, is =================================================================
FAIL: c-c++-common/asan/use-after-return-1.c   -O0  output pattern test, is 1: 0x104628020
FAIL: c-c++-common/asan/use-after-return-1.c   -O1  output pattern test, is 1: 0x10aba1020
FAIL: c-c++-common/asan/use-after-return-1.c   -O2  output pattern test, is 1: 0x10d3b4020
FAIL: c-c++-common/asan/use-after-return-1.c   -O3 -g  output pattern test, is 1: 0x1061c9020
FAIL: c-c++-common/asan/use-after-return-1.c   -Os  output pattern test, is 1: 0x1091af020
FAIL: g++.dg/asan/deep-tail-call-1.C   -O0  output pattern test, is =================================================================
FAIL: g++.dg/asan/deep-tail-call-1.C   -O1  output pattern test, is =================================================================
FAIL: g++.dg/asan/deep-tail-call-1.C   -O2  output pattern test, is =================================================================
FAIL: g++.dg/asan/deep-tail-call-1.C   -O3 -g  output pattern test, is =================================================================
FAIL: g++.dg/asan/deep-tail-call-1.C   -Os  output pattern test, is =================================================================
FAIL: g++.dg/asan/large-func-test-1.C   -O0  output pattern test, is =================================================================
FAIL: g++.dg/asan/large-func-test-1.C   -O1  output pattern test, is =================================================================
FAIL: g++.dg/asan/large-func-test-1.C   -O2  output pattern test, is =================================================================
FAIL: g++.dg/asan/large-func-test-1.C   -O3 -g  output pattern test, is =================================================================
FAIL: g++.dg/asan/large-func-test-1.C   -Os  output pattern test, is =================================================================
FAIL: g++.dg/asan/pr69276.C   -O0  output pattern test, is =================================================================
FAIL: g++.dg/asan/pr69276.C   -O1  output pattern test, is =================================================================
FAIL: g++.dg/asan/pr69276.C   -O2  output pattern test, is =================================================================
FAIL: g++.dg/asan/pr69276.C   -O3 -g  output pattern test, is =================================================================
FAIL: g++.dg/asan/pr69276.C   -Os  output pattern test, is =================================================================
FAIL: g++.dg/debug/dwarf2/imported-decl-2.C  -std=gnu++11  scan-assembler-times ascii "AAAA\\\\\\\\0".*ascii "BBBB\\\\\\\\0".*DIE .0x[0-9a-f]*. DW_TAG_imported_declaration 1
FAIL: g++.dg/debug/dwarf2/imported-decl-2.C  -std=gnu++14  scan-assembler-times ascii "AAAA\\\\\\\\0".*ascii "BBBB\\\\\\\\0".*DIE .0x[0-9a-f]*. DW_TAG_imported_declaration 1
FAIL: g++.dg/debug/dwarf2/imported-decl-2.C  -std=gnu++98  scan-assembler-times ascii "AAAA\\\\\\\\0".*ascii "BBBB\\\\\\\\0".*DIE .0x[0-9a-f]*. DW_TAG_imported_declaration 1
FAIL: g++.dg/ext/sync-4.C  -std=gnu++11 execution test
FAIL: g++.dg/ext/sync-4.C  -std=gnu++14 execution test
FAIL: g++.dg/ext/sync-4.C  -std=gnu++98 execution test
FAIL: g++.dg/ipa/pr67056.C   scan-ipa-dump cp "Speculative outer type:struct CompositeClass"
FAIL: g++.dg/pch/pch.C  -O2 -I. -Dwith_PCH (test for excess errors)
FAIL: g++.dg/pch/pch.C -O2 assembly comparison
WARNING: program timed out.

		=== g++ Summary for unix ===

# of expected passes		96875
# of unexpected failures	90
# of expected failures		312
# of unsupported tests		4028

Running target unix/-m32
FAIL: c-c++-common/asan/global-overflow-1.c   -O0  output pattern test, is =================================================================
FAIL: c-c++-common/asan/global-overflow-1.c   -O1  output pattern test, is =================================================================
FAIL: c-c++-common/asan/global-overflow-1.c   -O2  output pattern test, is =================================================================
FAIL: c-c++-common/asan/global-overflow-1.c   -O3 -g  output pattern test, is =================================================================
FAIL: c-c++-common/asan/global-overflow-1.c   -Os  output pattern test, is =================================================================
FAIL: c-c++-common/asan/heap-overflow-1.c   -O0  output pattern test, is =================================================================
FAIL: c-c++-common/asan/heap-overflow-1.c   -O1  output pattern test, is =================================================================
FAIL: c-c++-common/asan/heap-overflow-1.c   -O2  output pattern test, is =================================================================
FAIL: c-c++-common/asan/heap-overflow-1.c   -O3 -g  output pattern test, is =================================================================
FAIL: c-c++-common/asan/heap-overflow-1.c   -Os  output pattern test, is =================================================================
FAIL: c-c++-common/asan/memcmp-1.c   -O0  output pattern test, is =================================================================
FAIL: c-c++-common/asan/memcmp-1.c   -O1  output pattern test, is =================================================================
FAIL: c-c++-common/asan/memcmp-1.c   -O2  output pattern test, is =================================================================
FAIL: c-c++-common/asan/memcmp-1.c   -O3 -g  output pattern test, is =================================================================
FAIL: c-c++-common/asan/memcmp-1.c   -Os  output pattern test, is =================================================================
FAIL: c-c++-common/asan/misalign-1.c   -O0  output pattern test, is =================================================================
FAIL: c-c++-common/asan/misalign-1.c   -O1  output pattern test, is =================================================================
FAIL: c-c++-common/asan/misalign-1.c   -O2  output pattern test, is =================================================================
FAIL: c-c++-common/asan/misalign-1.c   -O3 -g  output pattern test, is =================================================================
FAIL: c-c++-common/asan/misalign-1.c   -Os  output pattern test, is =================================================================
FAIL: c-c++-common/asan/misalign-2.c   -O0  output pattern test, is =================================================================
FAIL: c-c++-common/asan/misalign-2.c   -O1  output pattern test, is =================================================================
FAIL: c-c++-common/asan/misalign-2.c   -O2  output pattern test, is =================================================================
FAIL: c-c++-common/asan/misalign-2.c   -O3 -g  output pattern test, is =================================================================
FAIL: c-c++-common/asan/misalign-2.c   -Os  output pattern test, is =================================================================
FAIL: c-c++-common/asan/null-deref-1.c   -O0  output pattern test, is ASAN:DEADLYSIGNAL
FAIL: c-c++-common/asan/null-deref-1.c   -O1  output pattern test, is ASAN:DEADLYSIGNAL
FAIL: c-c++-common/asan/null-deref-1.c   -O2  output pattern test, is ASAN:DEADLYSIGNAL
FAIL: c-c++-common/asan/null-deref-1.c   -O3 -g  output pattern test, is ASAN:DEADLYSIGNAL
FAIL: c-c++-common/asan/null-deref-1.c   -Os  output pattern test, is ASAN:DEADLYSIGNAL
FAIL: c-c++-common/asan/pr64820.c   -O0  output pattern test, is =================================================================
FAIL: c-c++-common/asan/pr64820.c   -O1  output pattern test, is =================================================================
FAIL: c-c++-common/asan/pr64820.c   -O2  output pattern test, is =================================================================
FAIL: c-c++-common/asan/pr64820.c   -O3 -g  output pattern test, is =================================================================
FAIL: c-c++-common/asan/pr64820.c   -Os  output pattern test, is =================================================================
FAIL: c-c++-common/asan/pr70541.c   -O0  output pattern test, is =================================================================
FAIL: c-c++-common/asan/sanity-check-pure-c-1.c   -O0  output pattern test, is =================================================================
FAIL: c-c++-common/asan/sanity-check-pure-c-1.c   -O1  output pattern test, is =================================================================
FAIL: c-c++-common/asan/sanity-check-pure-c-1.c   -O2  output pattern test, is =================================================================
FAIL: c-c++-common/asan/sanity-check-pure-c-1.c   -O3 -g  output pattern test, is =================================================================
FAIL: c-c++-common/asan/sanity-check-pure-c-1.c   -Os  output pattern test, is =================================================================
FAIL: c-c++-common/asan/stack-overflow-1.c   -O0  output pattern test, is =================================================================
FAIL: c-c++-common/asan/stack-overflow-1.c   -O1  output pattern test, is =================================================================
FAIL: c-c++-common/asan/stack-overflow-1.c   -O2  output pattern test, is =================================================================
FAIL: c-c++-common/asan/stack-overflow-1.c   -O3 -g  output pattern test, is =================================================================
FAIL: c-c++-common/asan/stack-overflow-1.c   -Os  output pattern test, is =================================================================
FAIL: c-c++-common/asan/strlen-overflow-1.c   -O0  output pattern test, is =================================================================
FAIL: c-c++-common/asan/strlen-overflow-1.c   -O1  output pattern test, is =================================================================
FAIL: c-c++-common/asan/strlen-overflow-1.c   -O2  output pattern test, is =================================================================
FAIL: c-c++-common/asan/strlen-overflow-1.c   -O3 -g  output pattern test, is =================================================================
FAIL: c-c++-common/asan/strlen-overflow-1.c   -Os  output pattern test, is =================================================================
FAIL: c-c++-common/asan/strncpy-overflow-1.c   -O0  output pattern test, is =================================================================
FAIL: c-c++-common/asan/strncpy-overflow-1.c   -O1  output pattern test, is =================================================================
FAIL: c-c++-common/asan/strncpy-overflow-1.c   -O2  output pattern test, is =================================================================
FAIL: c-c++-common/asan/strncpy-overflow-1.c   -O3 -g  output pattern test, is =================================================================
FAIL: c-c++-common/asan/strncpy-overflow-1.c   -Os  output pattern test, is =================================================================
FAIL: c-c++-common/asan/use-after-free-1.c   -O0  output pattern test, is =================================================================
FAIL: c-c++-common/asan/use-after-free-1.c   -O1  output pattern test, is =================================================================
FAIL: c-c++-common/asan/use-after-free-1.c   -O2  output pattern test, is =================================================================
FAIL: c-c++-common/asan/use-after-free-1.c   -O3 -g  output pattern test, is =================================================================
FAIL: c-c++-common/asan/use-after-free-1.c   -Os  output pattern test, is =================================================================
FAIL: c-c++-common/asan/use-after-return-1.c   -O0  output pattern test, is 1: 0x2909020
FAIL: c-c++-common/asan/use-after-return-1.c   -O1  output pattern test, is 1: 0x2a09020
FAIL: c-c++-common/asan/use-after-return-1.c   -O2  output pattern test, is 1: 0x2909020
FAIL: c-c++-common/asan/use-after-return-1.c   -O3 -g  output pattern test, is 1: 0x2a09020
FAIL: c-c++-common/asan/use-after-return-1.c   -Os  output pattern test, is 1: 0x2a09020
FAIL: g++.dg/asan/deep-tail-call-1.C   -O0  output pattern test, is =================================================================
FAIL: g++.dg/asan/deep-tail-call-1.C   -O1  output pattern test, is =================================================================
FAIL: g++.dg/asan/deep-tail-call-1.C   -O2  output pattern test, is =================================================================
FAIL: g++.dg/asan/deep-tail-call-1.C   -O3 -g  output pattern test, is =================================================================
FAIL: g++.dg/asan/deep-tail-call-1.C   -Os  output pattern test, is =================================================================
FAIL: g++.dg/asan/large-func-test-1.C   -O0  output pattern test, is =================================================================
FAIL: g++.dg/asan/large-func-test-1.C   -O1  output pattern test, is =================================================================
FAIL: g++.dg/asan/large-func-test-1.C   -O2  output pattern test, is =================================================================
FAIL: g++.dg/asan/large-func-test-1.C   -O3 -g  output pattern test, is =================================================================
FAIL: g++.dg/asan/large-func-test-1.C   -Os  output pattern test, is =================================================================
FAIL: g++.dg/asan/pr69276.C   -O0  output pattern test, is =================================================================
FAIL: g++.dg/asan/pr69276.C   -O1  output pattern test, is =================================================================
FAIL: g++.dg/asan/pr69276.C   -O2  output pattern test, is =================================================================
FAIL: g++.dg/asan/pr69276.C   -O3 -g  output pattern test, is =================================================================
FAIL: g++.dg/asan/pr69276.C   -Os  output pattern test, is =================================================================
FAIL: g++.dg/debug/dwarf2/imported-decl-2.C  -std=gnu++11  scan-assembler-times ascii "AAAA\\\\\\\\0".*ascii "BBBB\\\\\\\\0".*DIE .0x[0-9a-f]*. DW_TAG_imported_declaration 1
FAIL: g++.dg/debug/dwarf2/imported-decl-2.C  -std=gnu++14  scan-assembler-times ascii "AAAA\\\\\\\\0".*ascii "BBBB\\\\\\\\0".*DIE .0x[0-9a-f]*. DW_TAG_imported_declaration 1
FAIL: g++.dg/debug/dwarf2/imported-decl-2.C  -std=gnu++98  scan-assembler-times ascii "AAAA\\\\\\\\0".*ascii "BBBB\\\\\\\\0".*DIE .0x[0-9a-f]*. DW_TAG_imported_declaration 1
FAIL: g++.dg/ext/sync-4.C  -std=gnu++11 execution test
FAIL: g++.dg/ext/sync-4.C  -std=gnu++14 execution test
FAIL: g++.dg/ext/sync-4.C  -std=gnu++98 execution test
FAIL: g++.dg/ipa/pr67056.C   scan-ipa-dump cp "Speculative outer type:struct CompositeClass"

		=== g++ Summary for unix/-m32 ===

# of expected passes		95412
# of unexpected failures	88
# of expected failures		312
# of unsupported tests		3835

		=== g++ Summary ===

# of expected passes		192287
# of unexpected failures	178
# of expected failures		624
# of unsupported tests		7863
/private/var/gcc/gcc-6.1.0/10.11-gcc/gcc/testsuite/g++/../../xg++  version 6.1.0 (GCC) 

		=== gcc tests ===


Running target unix
FAIL: gcc.c-torture/compile/20121107-1.c   -O1  (test for excess errors)
WARNING: program timed out.
FAIL: c-c++-common/asan/global-overflow-1.c   -O0  output pattern test, is =================================================================
FAIL: c-c++-common/asan/global-overflow-1.c   -O1  output pattern test, is =================================================================
FAIL: c-c++-common/asan/global-overflow-1.c   -O2  output pattern test, is =================================================================
FAIL: c-c++-common/asan/global-overflow-1.c   -O3 -g  output pattern test, is =================================================================
FAIL: c-c++-common/asan/global-overflow-1.c   -Os  output pattern test, is =================================================================
FAIL: c-c++-common/asan/heap-overflow-1.c   -O0  output pattern test, is =================================================================
FAIL: c-c++-common/asan/heap-overflow-1.c   -O1  output pattern test, is =================================================================
FAIL: c-c++-common/asan/heap-overflow-1.c   -O2  output pattern test, is =================================================================
FAIL: c-c++-common/asan/heap-overflow-1.c   -O3 -g  output pattern test, is =================================================================
FAIL: c-c++-common/asan/heap-overflow-1.c   -Os  output pattern test, is =================================================================
FAIL: c-c++-common/asan/memcmp-1.c   -O0  output pattern test, is =================================================================
FAIL: c-c++-common/asan/memcmp-1.c   -O1  output pattern test, is =================================================================
FAIL: c-c++-common/asan/memcmp-1.c   -O2  output pattern test, is =================================================================
FAIL: c-c++-common/asan/memcmp-1.c   -O3 -g  output pattern test, is =================================================================
FAIL: c-c++-common/asan/memcmp-1.c   -Os  output pattern test, is =================================================================
FAIL: c-c++-common/asan/misalign-1.c   -O0  output pattern test, is =================================================================
FAIL: c-c++-common/asan/misalign-1.c   -O1  output pattern test, is =================================================================
FAIL: c-c++-common/asan/misalign-1.c   -O2  output pattern test, is =================================================================
FAIL: c-c++-common/asan/misalign-1.c   -O3 -g  output pattern test, is =================================================================
FAIL: c-c++-common/asan/misalign-1.c   -Os  output pattern test, is =================================================================
FAIL: c-c++-common/asan/misalign-2.c   -O0  output pattern test, is =================================================================
FAIL: c-c++-common/asan/misalign-2.c   -O1  output pattern test, is =================================================================
FAIL: c-c++-common/asan/misalign-2.c   -O2  output pattern test, is =================================================================
FAIL: c-c++-common/asan/misalign-2.c   -O3 -g  output pattern test, is =================================================================
FAIL: c-c++-common/asan/misalign-2.c   -Os  output pattern test, is =================================================================
FAIL: c-c++-common/asan/null-deref-1.c   -O0  output pattern test, is ASAN:DEADLYSIGNAL
FAIL: c-c++-common/asan/null-deref-1.c   -O1  output pattern test, is ASAN:DEADLYSIGNAL
FAIL: c-c++-common/asan/null-deref-1.c   -O2  output pattern test, is ASAN:DEADLYSIGNAL
FAIL: c-c++-common/asan/null-deref-1.c   -O3 -g  output pattern test, is ASAN:DEADLYSIGNAL
FAIL: c-c++-common/asan/null-deref-1.c   -Os  output pattern test, is ASAN:DEADLYSIGNAL
FAIL: c-c++-common/asan/pr64820.c   -O0  output pattern test, is =================================================================
FAIL: c-c++-common/asan/pr64820.c   -O1  output pattern test, is =================================================================
FAIL: c-c++-common/asan/pr64820.c   -O2  output pattern test, is =================================================================
FAIL: c-c++-common/asan/pr64820.c   -O3 -g  output pattern test, is =================================================================
FAIL: c-c++-common/asan/pr64820.c   -Os  output pattern test, is =================================================================
FAIL: c-c++-common/asan/pr70541.c   -O0  output pattern test, is =================================================================
FAIL: c-c++-common/asan/sanity-check-pure-c-1.c   -O0  output pattern test, is =================================================================
FAIL: c-c++-common/asan/sanity-check-pure-c-1.c   -O1  output pattern test, is =================================================================
FAIL: c-c++-common/asan/sanity-check-pure-c-1.c   -O2  output pattern test, is =================================================================
FAIL: c-c++-common/asan/sanity-check-pure-c-1.c   -O3 -g  output pattern test, is =================================================================
FAIL: c-c++-common/asan/sanity-check-pure-c-1.c   -Os  output pattern test, is =================================================================
FAIL: c-c++-common/asan/stack-overflow-1.c   -O0  output pattern test, is =================================================================
FAIL: c-c++-common/asan/stack-overflow-1.c   -O1  output pattern test, is =================================================================
FAIL: c-c++-common/asan/stack-overflow-1.c   -O2  output pattern test, is =================================================================
FAIL: c-c++-common/asan/stack-overflow-1.c   -O3 -g  output pattern test, is =================================================================
FAIL: c-c++-common/asan/stack-overflow-1.c   -Os  output pattern test, is =================================================================
FAIL: c-c++-common/asan/strlen-overflow-1.c   -O0  output pattern test, is =================================================================
FAIL: c-c++-common/asan/strlen-overflow-1.c   -O1  output pattern test, is =================================================================
FAIL: c-c++-common/asan/strlen-overflow-1.c   -O2  output pattern test, is =================================================================
FAIL: c-c++-common/asan/strlen-overflow-1.c   -O3 -g  output pattern test, is =================================================================
FAIL: c-c++-common/asan/strlen-overflow-1.c   -Os  output pattern test, is =================================================================
FAIL: c-c++-common/asan/strncpy-overflow-1.c   -O0  execution test
FAIL: c-c++-common/asan/strncpy-overflow-1.c   -O1  output pattern test, is =================================================================
FAIL: c-c++-common/asan/strncpy-overflow-1.c   -O2  output pattern test, is =================================================================
FAIL: c-c++-common/asan/strncpy-overflow-1.c   -O3 -g  output pattern test, is =================================================================
FAIL: c-c++-common/asan/strncpy-overflow-1.c   -Os  output pattern test, is =================================================================
FAIL: c-c++-common/asan/use-after-free-1.c   -O0  output pattern test, is =================================================================
FAIL: c-c++-common/asan/use-after-free-1.c   -O1  output pattern test, is =================================================================
FAIL: c-c++-common/asan/use-after-free-1.c   -O2  output pattern test, is =================================================================
FAIL: c-c++-common/asan/use-after-free-1.c   -O3 -g  output pattern test, is =================================================================
FAIL: c-c++-common/asan/use-after-free-1.c   -Os  output pattern test, is =================================================================
FAIL: c-c++-common/asan/use-after-return-1.c   -O0  output pattern test, is 1: 0x112fe5020
FAIL: c-c++-common/asan/use-after-return-1.c   -O1  output pattern test, is 1: 0x10d505020
FAIL: c-c++-common/asan/use-after-return-1.c   -O2  output pattern test, is 1: 0x108cfa020
FAIL: c-c++-common/asan/use-after-return-1.c   -O3 -g  output pattern test, is 1: 0x1123cc020
FAIL: c-c++-common/asan/use-after-return-1.c   -Os  output pattern test, is 1: 0x104eaf020
FAIL: gcc.dg/debug/dwarf2/prod-options.c scan-assembler DW_AT_producer: "GNU C
FAIL: gcc.dg/darwin-minversion-1.c (test for excess errors)
FAIL: gcc.dg/darwin-minversion-2.c (test for excess errors)
FAIL: gcc.dg/darwin-version-1.c (test for excess errors)
FAIL: gcc.dg/framework-1.c (test for excess errors)
FAIL: gcc.dg/uninit-19.c  (test for warnings, line 22)
FAIL: gcc.dg/uninit-19.c (test for excess errors)
FAIL: gcc.dg/graphite/scop-19.c scan-tree-dump-times graphite "number of SCoPs: 0" 1
FAIL: gcc.dg/pch/save-temps-1.c   -O0  -I. -Dwith_PCH (internal compiler error)
FAIL: gcc.dg/pch/save-temps-1.c   -O0  -I. -Dwith_PCH (test for excess errors)
FAIL: gcc.dg/pch/save-temps-1.c   -O0  assembly comparison
FAIL: gcc.dg/pch/save-temps-1.c   -O2  -I. -Dwith_PCH (internal compiler error)
FAIL: gcc.dg/pch/save-temps-1.c   -O2  -I. -Dwith_PCH (test for excess errors)
FAIL: gcc.dg/pch/save-temps-1.c   -O2  assembly comparison
FAIL: gcc.dg/torture/pr68264.c   -O0  execution test
FAIL: gcc.dg/torture/pr68264.c   -O1  execution test
FAIL: gcc.dg/torture/pr68264.c   -O2  execution test
FAIL: gcc.dg/torture/pr68264.c   -O3 -g  execution test
FAIL: gcc.dg/torture/pr68264.c   -Os  execution test
FAIL: gcc.dg/tree-prof/crossmodule-indircall-1a.c compilation,  -fprofile-generate -D_PROFILE_GENERATE
UNRESOLVED: gcc.dg/tree-prof/crossmodule-indircall-1a.c compilation,  -fprofile-use -D_PROFILE_USE
UNRESOLVED: gcc.dg/tree-prof/crossmodule-indircall-1a.c execution,    -fprofile-generate -D_PROFILE_GENERATE
UNRESOLVED: gcc.dg/tree-prof/crossmodule-indircall-1a.c execution,    -fprofile-use -D_PROFILE_USE
FAIL: gcc.target/i386/iinline-attr-2.c scan-assembler p2align
FAIL: gcc.target/i386/memcpy-strategy-3.c scan-assembler-times memcpy 2
FAIL: gcc.target/i386/memset-strategy-1.c scan-assembler-times memset 2
FAIL: gcc.target/i386/pr32219-1.c scan-assembler movl[ \\t]xxx\\\\(%rip\\\\), %eax
FAIL: gcc.target/i386/pr32219-3.c scan-assembler movl[ \\t]xxx\\\\(%rip\\\\), %eax
FAIL: gcc.target/i386/pr32219-3.c scan-assembler-not xxx@GOTPCREL
FAIL: gcc.target/i386/pr32219-5.c scan-assembler movl[ \\t]xxx\\\\(%rip\\\\), %eax
FAIL: gcc.target/i386/pr32219-6.c scan-assembler xxx@GOTPCREL
FAIL: gcc.target/i386/pr32219-7.c scan-assembler movl[ \\t]xxx\\\\(%rip\\\\), %eax
FAIL: gcc.target/i386/pr32219-7.c scan-assembler-not xxx@GOTPCREL
FAIL: gcc.target/i386/pr39013-1.c scan-assembler bar@PLT
FAIL: gcc.target/i386/pr39013-1.c scan-assembler foo@PLT
FAIL: gcc.target/i386/pr39013-2.c scan-assembler bar@PLT
FAIL: gcc.target/i386/pr39013-2.c scan-assembler foo@PLT
FAIL: gcc.target/i386/pr49866.c (test for excess errors)
FAIL: gcc.target/i386/pr61599-1.c (test for excess errors)
UNRESOLVED: gcc.target/i386/pr61599-1.c compilation failed to produce executable
FAIL: gcc.target/i386/pr63538.c scan-assembler movabs
FAIL: gcc.target/x86_64/abi/avx/test_m256_returning.c compilation,  -O0 
FAIL: gcc.target/x86_64/abi/avx/test_m256_returning.c compilation,  -O1 
FAIL: gcc.target/x86_64/abi/avx/test_m256_returning.c compilation,  -O2 
FAIL: gcc.target/x86_64/abi/avx/test_m256_returning.c compilation,  -O3 -g 
FAIL: gcc.target/x86_64/abi/avx/test_m256_returning.c compilation,  -Og -g 
FAIL: gcc.target/x86_64/abi/avx/test_m256_returning.c compilation,  -Os 
UNRESOLVED: gcc.target/x86_64/abi/avx/test_m256_returning.c execution,  -O0 
UNRESOLVED: gcc.target/x86_64/abi/avx/test_m256_returning.c execution,  -O1 
UNRESOLVED: gcc.target/x86_64/abi/avx/test_m256_returning.c execution,  -O2 
UNRESOLVED: gcc.target/x86_64/abi/avx/test_m256_returning.c execution,  -O3 -g 
UNRESOLVED: gcc.target/x86_64/abi/avx/test_m256_returning.c execution,  -Og -g 
UNRESOLVED: gcc.target/x86_64/abi/avx/test_m256_returning.c execution,  -Os 
FAIL: gcc.target/x86_64/abi/avx/test_passing_m256.c compilation,  -O0 
FAIL: gcc.target/x86_64/abi/avx/test_passing_m256.c compilation,  -O1 
FAIL: gcc.target/x86_64/abi/avx/test_passing_m256.c compilation,  -O2 
FAIL: gcc.target/x86_64/abi/avx/test_passing_m256.c compilation,  -O3 -fomit-frame-pointer -funroll-loops -fpeel-loops -ftracer -finline-functions 
FAIL: gcc.target/x86_64/abi/avx/test_passing_m256.c compilation,  -O3 -g 
FAIL: gcc.target/x86_64/abi/avx/test_passing_m256.c compilation,  -Og -g 
FAIL: gcc.target/x86_64/abi/avx/test_passing_m256.c compilation,  -Os 
UNRESOLVED: gcc.target/x86_64/abi/avx/test_passing_m256.c execution,  -O0 
UNRESOLVED: gcc.target/x86_64/abi/avx/test_passing_m256.c execution,  -O1 
UNRESOLVED: gcc.target/x86_64/abi/avx/test_passing_m256.c execution,  -O2 
UNRESOLVED: gcc.target/x86_64/abi/avx/test_passing_m256.c execution,  -O3 -fomit-frame-pointer -funroll-loops -fpeel-loops -ftracer -finline-functions 
UNRESOLVED: gcc.target/x86_64/abi/avx/test_passing_m256.c execution,  -O3 -g 
UNRESOLVED: gcc.target/x86_64/abi/avx/test_passing_m256.c execution,  -Og -g 
UNRESOLVED: gcc.target/x86_64/abi/avx/test_passing_m256.c execution,  -Os 
FAIL: gcc.target/x86_64/abi/avx/test_passing_structs.c compilation,  -O0 
FAIL: gcc.target/x86_64/abi/avx/test_passing_structs.c compilation,  -O1 
FAIL: gcc.target/x86_64/abi/avx/test_passing_structs.c compilation,  -O2 
FAIL: gcc.target/x86_64/abi/avx/test_passing_structs.c compilation,  -O3 -fomit-frame-pointer -funroll-loops -fpeel-loops -ftracer -finline-functions 
FAIL: gcc.target/x86_64/abi/avx/test_passing_structs.c compilation,  -O3 -g 
FAIL: gcc.target/x86_64/abi/avx/test_passing_structs.c compilation,  -Og -g 
FAIL: gcc.target/x86_64/abi/avx/test_passing_structs.c compilation,  -Os 
UNRESOLVED: gcc.target/x86_64/abi/avx/test_passing_structs.c execution,  -O0 
UNRESOLVED: gcc.target/x86_64/abi/avx/test_passing_structs.c execution,  -O1 
UNRESOLVED: gcc.target/x86_64/abi/avx/test_passing_structs.c execution,  -O2 
UNRESOLVED: gcc.target/x86_64/abi/avx/test_passing_structs.c execution,  -O3 -fomit-frame-pointer -funroll-loops -fpeel-loops -ftracer -finline-functions 
UNRESOLVED: gcc.target/x86_64/abi/avx/test_passing_structs.c execution,  -O3 -g 
UNRESOLVED: gcc.target/x86_64/abi/avx/test_passing_structs.c execution,  -Og -g 
UNRESOLVED: gcc.target/x86_64/abi/avx/test_passing_structs.c execution,  -Os 
FAIL: gcc.target/x86_64/abi/avx/test_passing_unions.c compilation,  -O0 
FAIL: gcc.target/x86_64/abi/avx/test_passing_unions.c compilation,  -O1 
FAIL: gcc.target/x86_64/abi/avx/test_passing_unions.c compilation,  -O2 
FAIL: gcc.target/x86_64/abi/avx/test_passing_unions.c compilation,  -O3 -fomit-frame-pointer -funroll-loops -fpeel-loops -ftracer -finline-functions 
FAIL: gcc.target/x86_64/abi/avx/test_passing_unions.c compilation,  -O3 -g 
FAIL: gcc.target/x86_64/abi/avx/test_passing_unions.c compilation,  -Og -g 
FAIL: gcc.target/x86_64/abi/avx/test_passing_unions.c compilation,  -Os 
UNRESOLVED: gcc.target/x86_64/abi/avx/test_passing_unions.c execution,  -O0 
UNRESOLVED: gcc.target/x86_64/abi/avx/test_passing_unions.c execution,  -O1 
UNRESOLVED: gcc.target/x86_64/abi/avx/test_passing_unions.c execution,  -O2 
UNRESOLVED: gcc.target/x86_64/abi/avx/test_passing_unions.c execution,  -O3 -fomit-frame-pointer -funroll-loops -fpeel-loops -ftracer -finline-functions 
UNRESOLVED: gcc.target/x86_64/abi/avx/test_passing_unions.c execution,  -O3 -g 
UNRESOLVED: gcc.target/x86_64/abi/avx/test_passing_unions.c execution,  -Og -g 
UNRESOLVED: gcc.target/x86_64/abi/avx/test_passing_unions.c execution,  -Os 

		=== gcc Summary for unix ===

# of expected passes		89875
# of unexpected failures	131
# of expected failures		236
# of unresolved testcases	31
# of unsupported tests		2715

Running target unix/-m32
FAIL: c-c++-common/asan/global-overflow-1.c   -O0  output pattern test, is =================================================================
FAIL: c-c++-common/asan/global-overflow-1.c   -O1  output pattern test, is =================================================================
FAIL: c-c++-common/asan/global-overflow-1.c   -O2  output pattern test, is =================================================================
FAIL: c-c++-common/asan/global-overflow-1.c   -O3 -g  output pattern test, is =================================================================
FAIL: c-c++-common/asan/global-overflow-1.c   -Os  output pattern test, is =================================================================
FAIL: c-c++-common/asan/heap-overflow-1.c   -O0  output pattern test, is =================================================================
FAIL: c-c++-common/asan/heap-overflow-1.c   -O1  output pattern test, is =================================================================
FAIL: c-c++-common/asan/heap-overflow-1.c   -O2  output pattern test, is =================================================================
FAIL: c-c++-common/asan/heap-overflow-1.c   -O3 -g  output pattern test, is =================================================================
FAIL: c-c++-common/asan/heap-overflow-1.c   -Os  output pattern test, is =================================================================
FAIL: c-c++-common/asan/memcmp-1.c   -O0  output pattern test, is =================================================================
FAIL: c-c++-common/asan/memcmp-1.c   -O1  output pattern test, is =================================================================
FAIL: c-c++-common/asan/memcmp-1.c   -O2  output pattern test, is =================================================================
FAIL: c-c++-common/asan/memcmp-1.c   -O3 -g  output pattern test, is =================================================================
FAIL: c-c++-common/asan/memcmp-1.c   -Os  output pattern test, is =================================================================
FAIL: c-c++-common/asan/misalign-1.c   -O0  output pattern test, is =================================================================
FAIL: c-c++-common/asan/misalign-1.c   -O1  output pattern test, is =================================================================
FAIL: c-c++-common/asan/misalign-1.c   -O2  output pattern test, is =================================================================
FAIL: c-c++-common/asan/misalign-1.c   -O3 -g  output pattern test, is =================================================================
FAIL: c-c++-common/asan/misalign-1.c   -Os  output pattern test, is =================================================================
FAIL: c-c++-common/asan/misalign-2.c   -O0  output pattern test, is =================================================================
FAIL: c-c++-common/asan/misalign-2.c   -O1  output pattern test, is =================================================================
FAIL: c-c++-common/asan/misalign-2.c   -O2  output pattern test, is =================================================================
FAIL: c-c++-common/asan/misalign-2.c   -O3 -g  output pattern test, is =================================================================
FAIL: c-c++-common/asan/misalign-2.c   -Os  output pattern test, is =================================================================
FAIL: c-c++-common/asan/null-deref-1.c   -O0  output pattern test, is ASAN:DEADLYSIGNAL
FAIL: c-c++-common/asan/null-deref-1.c   -O1  output pattern test, is ASAN:DEADLYSIGNAL
FAIL: c-c++-common/asan/null-deref-1.c   -O2  output pattern test, is ASAN:DEADLYSIGNAL
FAIL: c-c++-common/asan/null-deref-1.c   -O3 -g  output pattern test, is ASAN:DEADLYSIGNAL
FAIL: c-c++-common/asan/null-deref-1.c   -Os  output pattern test, is ASAN:DEADLYSIGNAL
FAIL: c-c++-common/asan/pr64820.c   -O0  output pattern test, is =================================================================
FAIL: c-c++-common/asan/pr64820.c   -O1  output pattern test, is =================================================================
FAIL: c-c++-common/asan/pr64820.c   -O2  output pattern test, is =================================================================
FAIL: c-c++-common/asan/pr64820.c   -O3 -g  output pattern test, is =================================================================
FAIL: c-c++-common/asan/pr64820.c   -Os  output pattern test, is =================================================================
FAIL: c-c++-common/asan/pr70541.c   -O0  output pattern test, is =================================================================
FAIL: c-c++-common/asan/sanity-check-pure-c-1.c   -O0  output pattern test, is =================================================================
FAIL: c-c++-common/asan/sanity-check-pure-c-1.c   -O1  output pattern test, is =================================================================
FAIL: c-c++-common/asan/sanity-check-pure-c-1.c   -O2  output pattern test, is =================================================================
FAIL: c-c++-common/asan/sanity-check-pure-c-1.c   -O3 -g  output pattern test, is =================================================================
FAIL: c-c++-common/asan/sanity-check-pure-c-1.c   -Os  output pattern test, is =================================================================
FAIL: c-c++-common/asan/stack-overflow-1.c   -O0  output pattern test, is =================================================================
FAIL: c-c++-common/asan/stack-overflow-1.c   -O1  output pattern test, is =================================================================
FAIL: c-c++-common/asan/stack-overflow-1.c   -O2  output pattern test, is =================================================================
FAIL: c-c++-common/asan/stack-overflow-1.c   -O3 -g  output pattern test, is =================================================================
FAIL: c-c++-common/asan/stack-overflow-1.c   -Os  output pattern test, is =================================================================
FAIL: c-c++-common/asan/strlen-overflow-1.c   -O0  output pattern test, is =================================================================
FAIL: c-c++-common/asan/strlen-overflow-1.c   -O1  output pattern test, is =================================================================
FAIL: c-c++-common/asan/strlen-overflow-1.c   -O2  output pattern test, is =================================================================
FAIL: c-c++-common/asan/strlen-overflow-1.c   -O3 -g  output pattern test, is =================================================================
FAIL: c-c++-common/asan/strlen-overflow-1.c   -Os  output pattern test, is =================================================================
FAIL: c-c++-common/asan/strncpy-overflow-1.c   -O0  output pattern test, is =================================================================
FAIL: c-c++-common/asan/strncpy-overflow-1.c   -O1  output pattern test, is =================================================================
FAIL: c-c++-common/asan/strncpy-overflow-1.c   -O2  output pattern test, is =================================================================
FAIL: c-c++-common/asan/strncpy-overflow-1.c   -O3 -g  output pattern test, is =================================================================
FAIL: c-c++-common/asan/strncpy-overflow-1.c   -Os  output pattern test, is =================================================================
FAIL: c-c++-common/asan/use-after-free-1.c   -O0  output pattern test, is =================================================================
FAIL: c-c++-common/asan/use-after-free-1.c   -O1  output pattern test, is =================================================================
FAIL: c-c++-common/asan/use-after-free-1.c   -O2  output pattern test, is =================================================================
FAIL: c-c++-common/asan/use-after-free-1.c   -O3 -g  output pattern test, is =================================================================
FAIL: c-c++-common/asan/use-after-free-1.c   -Os  output pattern test, is =================================================================
FAIL: c-c++-common/asan/use-after-return-1.c   -O0  output pattern test, is 1: 0x2609020
FAIL: c-c++-common/asan/use-after-return-1.c   -O1  output pattern test, is 1: 0x2609020
FAIL: c-c++-common/asan/use-after-return-1.c   -O2  output pattern test, is 1: 0x2609020
FAIL: c-c++-common/asan/use-after-return-1.c   -O3 -g  output pattern test, is 1: 0x2609020
FAIL: c-c++-common/asan/use-after-return-1.c   -Os  output pattern test, is 1: 0x2609020
FAIL: gcc.dg/debug/dwarf2/prod-options.c scan-assembler DW_AT_producer: "GNU C
FAIL: gcc.dg/darwin-minversion-1.c (test for excess errors)
FAIL: gcc.dg/darwin-minversion-2.c (test for excess errors)
FAIL: gcc.dg/darwin-version-1.c (test for excess errors)
FAIL: gcc.dg/darwin-weakimport-3.c scan-assembler-not coalesced
FAIL: gcc.dg/framework-1.c (test for excess errors)
FAIL: gcc.dg/uninit-19.c  (test for warnings, line 22)
FAIL: gcc.dg/uninit-19.c (test for excess errors)
FAIL: gcc.dg/graphite/scop-19.c scan-tree-dump-times graphite "number of SCoPs: 0" 1
FAIL: gcc.dg/pch/save-temps-1.c   -O0  -I. -Dwith_PCH (internal compiler error)
FAIL: gcc.dg/pch/save-temps-1.c   -O0  -I. -Dwith_PCH (test for excess errors)
FAIL: gcc.dg/pch/save-temps-1.c   -O0  assembly comparison
FAIL: gcc.dg/torture/builtin-self.c   -O0   scan-assembler-not \\tcall
FAIL: gcc.dg/torture/pr68264.c   -O0  execution test
FAIL: gcc.dg/torture/pr68264.c   -O1  execution test
FAIL: gcc.dg/torture/pr68264.c   -O2  execution test
FAIL: gcc.dg/torture/pr68264.c   -O3 -g  execution test
FAIL: gcc.dg/torture/pr68264.c   -Os  execution test
FAIL: gcc.dg/tree-prof/crossmodule-indircall-1a.c compilation,  -fprofile-generate -D_PROFILE_GENERATE
UNRESOLVED: gcc.dg/tree-prof/crossmodule-indircall-1a.c compilation,  -fprofile-use -D_PROFILE_USE
UNRESOLVED: gcc.dg/tree-prof/crossmodule-indircall-1a.c execution,    -fprofile-generate -D_PROFILE_GENERATE
UNRESOLVED: gcc.dg/tree-prof/crossmodule-indircall-1a.c execution,    -fprofile-use -D_PROFILE_USE
XPASS: gcc.target/i386/fuse-caller-save-xmm.c scan-assembler-times addpd\\t%xmm1, %xmm0 1
FAIL: gcc.target/i386/fuse-caller-save-xmm.c scan-assembler-times addpd\\t\\\\.?LC0.*, %xmm0 1
FAIL: gcc.target/i386/iinline-attr-2.c scan-assembler p2align
FAIL: gcc.target/i386/memcpy-strategy-3.c scan-assembler-times memcpy 2
FAIL: gcc.target/i386/memset-strategy-1.c scan-assembler-times memset 2
FAIL: gcc.target/i386/pr22076.c scan-assembler-times movq 3
FAIL: gcc.target/i386/pr32219-1.c scan-assembler movl[ \\t]xxx@GOTOFF\\\\(%[^,]*\\\\), %eax
FAIL: gcc.target/i386/pr32219-2.c scan-assembler movl[ \\t]xxx@GOT\\\\(%[^,]*\\\\), %eax
FAIL: gcc.target/i386/pr32219-3.c scan-assembler movl[ \\t]xxx@GOTOFF\\\\(%[^,]*\\\\), %eax
FAIL: gcc.target/i386/pr32219-4.c scan-assembler movl[ \\t]xxx@GOT\\\\(%[^,]*\\\\), %eax
FAIL: gcc.target/i386/pr32219-5.c scan-assembler movl[ \\t]xxx@GOTOFF\\\\(%[^,]*\\\\), %eax
FAIL: gcc.target/i386/pr32219-6.c scan-assembler movl[ \\t]xxx@GOT\\\\(%[^,]*\\\\), %eax
FAIL: gcc.target/i386/pr32219-7.c scan-assembler movl[ \\t]xxx@GOTOFF\\\\(%[^,]*\\\\), %eax
FAIL: gcc.target/i386/pr32219-8.c scan-assembler movl[ \\t]xxx@GOT\\\\(%[^,]*\\\\), %eax
FAIL: gcc.target/i386/pr39013-1.c scan-assembler bar@PLT
FAIL: gcc.target/i386/pr39013-1.c scan-assembler foo@PLT
FAIL: gcc.target/i386/pr39013-2.c scan-assembler bar@PLT
FAIL: gcc.target/i386/pr39013-2.c scan-assembler foo@PLT
FAIL: gcc.target/i386/pr64317.c scan-assembler addl[ \\\\t]+[\$]_GLOBAL_OFFSET_TABLE_, %ebx
FAIL: gcc.target/i386/pr64317.c scan-assembler movl[ \\\\t]+c@GOTOFF[(]%ebx[)]
FAIL: gcc.target/i386/pr66819-3.c scan-assembler-not call
FAIL: gcc.target/i386/pr66819-4.c scan-assembler-not call
FAIL: gcc.target/i386/pr67985-2.c scan-assembler call[ \\t]__mulsf3

		=== gcc Summary for unix/-m32 ===

# of expected passes		88816
# of unexpected failures	107
# of unexpected successes	1
# of expected failures		243
# of unresolved testcases	3
# of unsupported tests		2654

		=== gcc Summary ===

# of expected passes		178691
# of unexpected failures	238
# of unexpected successes	1
# of expected failures		479
# of unresolved testcases	34
# of unsupported tests		5369
/private/var/gcc/gcc-6.1.0/10.11-gcc/gcc/xgcc  version 6.1.0 (GCC) 

		=== gfortran tests ===


Running target unix

		=== gfortran Summary for unix ===

# of expected passes		41814
# of expected failures		72
# of unsupported tests		61

Running target unix/-m32

		=== gfortran Summary for unix/-m32 ===

# of expected passes		41597
# of expected failures		72
# of unsupported tests		164

		=== gfortran Summary ===

# of expected passes		83411
# of expected failures		144
# of unsupported tests		225
/private/var/gcc/gcc-6.1.0/10.11-gcc/gcc/testsuite/gfortran/../../gfortran  version 6.1.0 (GCC) 

		=== gnat tests ===


Running target unix

		=== gnat Summary for unix ===

# of expected passes		2495
# of expected failures		22
# of unsupported tests		8

Running target unix/-m32

		=== gnat Summary for unix/-m32 ===

# of expected passes		2495
# of expected failures		22
# of unsupported tests		8

		=== gnat Summary ===

# of expected passes		4990
# of expected failures		44
# of unsupported tests		16
/private/var/gcc/gcc-6.1.0/10.11-gcc/gcc/gnatmake version 6.1.0

		=== obj-c++ tests ===


Running target unix
FAIL: obj-c++.dg/cxx-ivars-3.mm -fnext-runtime (test for excess errors)
UNRESOLVED: obj-c++.dg/cxx-ivars-3.mm -fnext-runtime compilation failed to produce executable
FAIL: obj-c++.dg/encode-5.mm -fnext-runtime (test for excess errors)
UNRESOLVED: obj-c++.dg/encode-5.mm -fnext-runtime compilation failed to produce executable
FAIL: obj-c++.dg/gnu-api-2-objc.mm -fnext-runtime execution test
FAIL: obj-c++.dg/isa-field-1.mm -fnext-runtime (test for excess errors)
FAIL: obj-c++.dg/proto-lossage-3.mm -fnext-runtime (test for excess errors)
UNRESOLVED: obj-c++.dg/proto-lossage-3.mm -fnext-runtime compilation failed to produce executable
FAIL: obj-c++.dg/proto-lossage-7.mm -fnext-runtime (test for excess errors)
FAIL: obj-c++.dg/proto-qual-1.mm -fnext-runtime (test for excess errors)
UNRESOLVED: obj-c++.dg/proto-qual-1.mm -fnext-runtime compilation failed to produce executable
FAIL: obj-c++.dg/syntax-error-1.mm -fnext-runtime (test for excess errors)
FAIL: obj-c++.dg/try-catch-2.mm -fnext-runtime execution test
FAIL: obj-c++.dg/try-catch-9.mm -fnext-runtime execution test
FAIL: obj-c++.dg/plugin/diagnostic-test-expressions-1.mm -fplugin=./diagnostic_plugin_test_tree_expression_range.so  (test for warnings, line 60)
FAIL: obj-c++.dg/plugin/diagnostic-test-expressions-1.mm -fplugin=./diagnostic_plugin_test_tree_expression_range.so  (test for warnings, line 68)
FAIL: obj-c++.dg/plugin/diagnostic-test-expressions-1.mm -fplugin=./diagnostic_plugin_test_tree_expression_range.so  expected multiline pattern lines 62-63 not found: "   __emit_expression_range \\( 0, @selector\\(func0\\) \\);.*\\n                                \\^~~~~~~~~~~~~~~~\\n"
FAIL: obj-c++.dg/plugin/diagnostic-test-expressions-1.mm -fplugin=./diagnostic_plugin_test_tree_expression_range.so  expected multiline pattern lines 70-71 not found: "   __emit_expression_range \\( 0, @protocol\\(prot\\) \\);.*\\n                                \\^~~~~~~~~~~~~~~\\n"
FAIL: obj-c++.dg/plugin/diagnostic-test-expressions-1.mm -fplugin=./diagnostic_plugin_test_tree_expression_range.so (test for excess errors)
FAIL: obj-c++.dg/strings/const-cfstring-2.mm -fnext-runtime (test for excess errors)
FAIL: obj-c++.dg/strings/const-cfstring-5.mm -fnext-runtime (test for excess errors)
FAIL: obj-c++.dg/strings/const-str-12.mm -fnext-runtime (test for excess errors)
FAIL: obj-c++.dg/torture/strings/const-cfstring-1.mm   -O0  -fnext-runtime (test for excess errors)
UNRESOLVED: obj-c++.dg/torture/strings/const-cfstring-1.mm   -O0  -fnext-runtime compilation failed to produce executable
FAIL: obj-c++.dg/torture/strings/const-cfstring-1.mm   -O1  -fnext-runtime (test for excess errors)
UNRESOLVED: obj-c++.dg/torture/strings/const-cfstring-1.mm   -O1  -fnext-runtime compilation failed to produce executable
FAIL: obj-c++.dg/torture/strings/const-cfstring-1.mm   -O2  -fnext-runtime (test for excess errors)
UNRESOLVED: obj-c++.dg/torture/strings/const-cfstring-1.mm   -O2  -fnext-runtime compilation failed to produce executable
FAIL: obj-c++.dg/torture/strings/const-cfstring-1.mm   -O3 -g  -fnext-runtime (test for excess errors)
UNRESOLVED: obj-c++.dg/torture/strings/const-cfstring-1.mm   -O3 -g  -fnext-runtime compilation failed to produce executable
FAIL: obj-c++.dg/torture/strings/const-cfstring-1.mm   -Os  -fnext-runtime (test for excess errors)
UNRESOLVED: obj-c++.dg/torture/strings/const-cfstring-1.mm   -Os  -fnext-runtime compilation failed to produce executable
FAIL: obj-c++.dg/torture/strings/const-str-10.mm   -O0  -fnext-runtime (test for excess errors)
UNRESOLVED: obj-c++.dg/torture/strings/const-str-10.mm   -O0  -fnext-runtime  scan-assembler .section __DATA, __objc_stringobj
UNRESOLVED: obj-c++.dg/torture/strings/const-str-10.mm   -O0  -fnext-runtime  scan-assembler .quad\\t_OBJC_CLASS_._NSConstantString\\n\\t.quad\\t.*\\n\\t.long\\t5\\n\\t.space
FAIL: obj-c++.dg/torture/strings/const-str-10.mm   -O1  -fnext-runtime (test for excess errors)
UNRESOLVED: obj-c++.dg/torture/strings/const-str-10.mm   -O1  -fnext-runtime  scan-assembler .section __DATA, __objc_stringobj
UNRESOLVED: obj-c++.dg/torture/strings/const-str-10.mm   -O1  -fnext-runtime  scan-assembler .quad\\t_OBJC_CLASS_._NSConstantString\\n\\t.quad\\t.*\\n\\t.long\\t5\\n\\t.space
FAIL: obj-c++.dg/torture/strings/const-str-10.mm   -O2  -fnext-runtime (test for excess errors)
UNRESOLVED: obj-c++.dg/torture/strings/const-str-10.mm   -O2  -fnext-runtime  scan-assembler .section __DATA, __objc_stringobj
UNRESOLVED: obj-c++.dg/torture/strings/const-str-10.mm   -O2  -fnext-runtime  scan-assembler .quad\\t_OBJC_CLASS_._NSConstantString\\n\\t.quad\\t.*\\n\\t.long\\t5\\n\\t.space
FAIL: obj-c++.dg/torture/strings/const-str-10.mm   -O3 -g  -fnext-runtime (test for excess errors)
UNRESOLVED: obj-c++.dg/torture/strings/const-str-10.mm   -O3 -g  -fnext-runtime  scan-assembler .section __DATA, __objc_stringobj
UNRESOLVED: obj-c++.dg/torture/strings/const-str-10.mm   -O3 -g  -fnext-runtime  scan-assembler .quad\\t_OBJC_CLASS_._NSConstantString\\n\\t.quad\\t.*\\n\\t.long\\t5\\n\\t.space
FAIL: obj-c++.dg/torture/strings/const-str-10.mm   -Os  -fnext-runtime (test for excess errors)
UNRESOLVED: obj-c++.dg/torture/strings/const-str-10.mm   -Os  -fnext-runtime  scan-assembler .section __DATA, __objc_stringobj
UNRESOLVED: obj-c++.dg/torture/strings/const-str-10.mm   -Os  -fnext-runtime  scan-assembler .quad\\t_OBJC_CLASS_._NSConstantString\\n\\t.quad\\t.*\\n\\t.long\\t5\\n\\t.space
FAIL: obj-c++.dg/torture/strings/const-str-11.mm   -O0  -fnext-runtime (test for excess errors)
UNRESOLVED: obj-c++.dg/torture/strings/const-str-11.mm   -O0  -fnext-runtime  scan-assembler .section __DATA, __objc_stringobj
UNRESOLVED: obj-c++.dg/torture/strings/const-str-11.mm   -O0  -fnext-runtime  scan-assembler .quad\\t_OBJC_CLASS_._XStr\\n\\t.quad\\t.*\\n\\t.long\\t5\\n\\t.space
FAIL: obj-c++.dg/torture/strings/const-str-11.mm   -O1  -fnext-runtime (test for excess errors)
UNRESOLVED: obj-c++.dg/torture/strings/const-str-11.mm   -O1  -fnext-runtime  scan-assembler .section __DATA, __objc_stringobj
UNRESOLVED: obj-c++.dg/torture/strings/const-str-11.mm   -O1  -fnext-runtime  scan-assembler .quad\\t_OBJC_CLASS_._XStr\\n\\t.quad\\t.*\\n\\t.long\\t5\\n\\t.space
FAIL: obj-c++.dg/torture/strings/const-str-11.mm   -O2  -fnext-runtime (test for excess errors)
UNRESOLVED: obj-c++.dg/torture/strings/const-str-11.mm   -O2  -fnext-runtime  scan-assembler .section __DATA, __objc_stringobj
UNRESOLVED: obj-c++.dg/torture/strings/const-str-11.mm   -O2  -fnext-runtime  scan-assembler .quad\\t_OBJC_CLASS_._XStr\\n\\t.quad\\t.*\\n\\t.long\\t5\\n\\t.space
FAIL: obj-c++.dg/torture/strings/const-str-11.mm   -O3 -g  -fnext-runtime (test for excess errors)
UNRESOLVED: obj-c++.dg/torture/strings/const-str-11.mm   -O3 -g  -fnext-runtime  scan-assembler .section __DATA, __objc_stringobj
UNRESOLVED: obj-c++.dg/torture/strings/const-str-11.mm   -O3 -g  -fnext-runtime  scan-assembler .quad\\t_OBJC_CLASS_._XStr\\n\\t.quad\\t.*\\n\\t.long\\t5\\n\\t.space
FAIL: obj-c++.dg/torture/strings/const-str-11.mm   -Os  -fnext-runtime (test for excess errors)
UNRESOLVED: obj-c++.dg/torture/strings/const-str-11.mm   -Os  -fnext-runtime  scan-assembler .section __DATA, __objc_stringobj
UNRESOLVED: obj-c++.dg/torture/strings/const-str-11.mm   -Os  -fnext-runtime  scan-assembler .quad\\t_OBJC_CLASS_._XStr\\n\\t.quad\\t.*\\n\\t.long\\t5\\n\\t.space
FAIL: obj-c++.dg/torture/strings/const-str-9.mm   -O0  -fnext-runtime (test for excess errors)
UNRESOLVED: obj-c++.dg/torture/strings/const-str-9.mm   -O0  -fnext-runtime  scan-assembler .section __DATA, __objc_stringobj
UNRESOLVED: obj-c++.dg/torture/strings/const-str-9.mm   -O0  -fnext-runtime  scan-assembler .quad\\t_OBJC_CLASS_._NSConstantString\\n\\t.quad\\t.*\\n\\t.long\\t5\\n\\t.space
FAIL: obj-c++.dg/torture/strings/const-str-9.mm   -O1  -fnext-runtime (test for excess errors)
UNRESOLVED: obj-c++.dg/torture/strings/const-str-9.mm   -O1  -fnext-runtime  scan-assembler .section __DATA, __objc_stringobj
UNRESOLVED: obj-c++.dg/torture/strings/const-str-9.mm   -O1  -fnext-runtime  scan-assembler .quad\\t_OBJC_CLASS_._NSConstantString\\n\\t.quad\\t.*\\n\\t.long\\t5\\n\\t.space
FAIL: obj-c++.dg/torture/strings/const-str-9.mm   -O2  -fnext-runtime (test for excess errors)
UNRESOLVED: obj-c++.dg/torture/strings/const-str-9.mm   -O2  -fnext-runtime  scan-assembler .section __DATA, __objc_stringobj
UNRESOLVED: obj-c++.dg/torture/strings/const-str-9.mm   -O2  -fnext-runtime  scan-assembler .quad\\t_OBJC_CLASS_._NSConstantString\\n\\t.quad\\t.*\\n\\t.long\\t5\\n\\t.space
FAIL: obj-c++.dg/torture/strings/const-str-9.mm   -O3 -g  -fnext-runtime (test for excess errors)
UNRESOLVED: obj-c++.dg/torture/strings/const-str-9.mm   -O3 -g  -fnext-runtime  scan-assembler .section __DATA, __objc_stringobj
UNRESOLVED: obj-c++.dg/torture/strings/const-str-9.mm   -O3 -g  -fnext-runtime  scan-assembler .quad\\t_OBJC_CLASS_._NSConstantString\\n\\t.quad\\t.*\\n\\t.long\\t5\\n\\t.space
FAIL: obj-c++.dg/torture/strings/const-str-9.mm   -Os  -fnext-runtime (test for excess errors)
UNRESOLVED: obj-c++.dg/torture/strings/const-str-9.mm   -Os  -fnext-runtime  scan-assembler .section __DATA, __objc_stringobj
UNRESOLVED: obj-c++.dg/torture/strings/const-str-9.mm   -Os  -fnext-runtime  scan-assembler .quad\\t_OBJC_CLASS_._NSConstantString\\n\\t.quad\\t.*\\n\\t.long\\t5\\n\\t.space

		=== obj-c++ Summary for unix ===

# of expected passes		2876
# of unexpected failures	38
# of expected failures		18
# of unresolved testcases	39
# of unsupported tests		54

Running target unix/-m32
FAIL: obj-c++.dg/cxx-ivars-3.mm -fnext-runtime (test for excess errors)
UNRESOLVED: obj-c++.dg/cxx-ivars-3.mm -fnext-runtime compilation failed to produce executable
FAIL: obj-c++.dg/gnu-api-2-objc.mm -fnext-runtime execution test
FAIL: obj-c++.dg/proto-lossage-7.mm -fnext-runtime (test for excess errors)
FAIL: obj-c++.dg/syntax-error-1.mm -fnext-runtime (test for excess errors)
FAIL: obj-c++.dg/plugin/diagnostic-test-expressions-1.mm -fplugin=./diagnostic_plugin_test_tree_expression_range.so  (test for warnings, line 60)
FAIL: obj-c++.dg/plugin/diagnostic-test-expressions-1.mm -fplugin=./diagnostic_plugin_test_tree_expression_range.so  expected multiline pattern lines 62-63 not found: "   __emit_expression_range \\( 0, @selector\\(func0\\) \\);.*\\n                                \\^~~~~~~~~~~~~~~~\\n"
FAIL: obj-c++.dg/plugin/diagnostic-test-expressions-1.mm -fplugin=./diagnostic_plugin_test_tree_expression_range.so (test for excess errors)
FAIL: obj-c++.dg/strings/const-cfstring-2.mm -fnext-runtime (test for excess errors)
FAIL: obj-c++.dg/strings/const-cfstring-5.mm -fnext-runtime (test for excess errors)
FAIL: obj-c++.dg/strings/const-str-12.mm -fnext-runtime (test for excess errors)
FAIL: obj-c++.dg/torture/strings/const-cfstring-1.mm   -O0  -fnext-runtime (test for excess errors)
UNRESOLVED: obj-c++.dg/torture/strings/const-cfstring-1.mm   -O0  -fnext-runtime compilation failed to produce executable
FAIL: obj-c++.dg/torture/strings/const-cfstring-1.mm   -O1  -fnext-runtime (test for excess errors)
UNRESOLVED: obj-c++.dg/torture/strings/const-cfstring-1.mm   -O1  -fnext-runtime compilation failed to produce executable
FAIL: obj-c++.dg/torture/strings/const-cfstring-1.mm   -O2  -fnext-runtime (test for excess errors)
UNRESOLVED: obj-c++.dg/torture/strings/const-cfstring-1.mm   -O2  -fnext-runtime compilation failed to produce executable
FAIL: obj-c++.dg/torture/strings/const-cfstring-1.mm   -O3 -g  -fnext-runtime (test for excess errors)
UNRESOLVED: obj-c++.dg/torture/strings/const-cfstring-1.mm   -O3 -g  -fnext-runtime compilation failed to produce executable
FAIL: obj-c++.dg/torture/strings/const-cfstring-1.mm   -Os  -fnext-runtime (test for excess errors)
UNRESOLVED: obj-c++.dg/torture/strings/const-cfstring-1.mm   -Os  -fnext-runtime compilation failed to produce executable
FAIL: obj-c++.dg/torture/strings/const-str-10.mm   -O0  -fnext-runtime (test for excess errors)
UNRESOLVED: obj-c++.dg/torture/strings/const-str-10.mm   -O0  -fnext-runtime  scan-assembler .section __OBJC, __cstring_object
UNRESOLVED: obj-c++.dg/torture/strings/const-str-10.mm   -O0  -fnext-runtime  scan-assembler .long\\t__NSConstantStringClassReference\\n\\t.long\\t.*\\n\\t.long\\t5\\n\\t.data
FAIL: obj-c++.dg/torture/strings/const-str-10.mm   -O1  -fnext-runtime (test for excess errors)
UNRESOLVED: obj-c++.dg/torture/strings/const-str-10.mm   -O1  -fnext-runtime  scan-assembler .section __OBJC, __cstring_object
UNRESOLVED: obj-c++.dg/torture/strings/const-str-10.mm   -O1  -fnext-runtime  scan-assembler .long\\t__NSConstantStringClassReference\\n\\t.long\\t.*\\n\\t.long\\t5\\n\\t.data
FAIL: obj-c++.dg/torture/strings/const-str-10.mm   -O2  -fnext-runtime (test for excess errors)
UNRESOLVED: obj-c++.dg/torture/strings/const-str-10.mm   -O2  -fnext-runtime  scan-assembler .section __OBJC, __cstring_object
UNRESOLVED: obj-c++.dg/torture/strings/const-str-10.mm   -O2  -fnext-runtime  scan-assembler .long\\t__NSConstantStringClassReference\\n\\t.long\\t.*\\n\\t.long\\t5\\n\\t.data
FAIL: obj-c++.dg/torture/strings/const-str-10.mm   -O3 -g  -fnext-runtime (test for excess errors)
UNRESOLVED: obj-c++.dg/torture/strings/const-str-10.mm   -O3 -g  -fnext-runtime  scan-assembler .section __OBJC, __cstring_object
UNRESOLVED: obj-c++.dg/torture/strings/const-str-10.mm   -O3 -g  -fnext-runtime  scan-assembler .long\\t__NSConstantStringClassReference\\n\\t.long\\t.*\\n\\t.long\\t5\\n\\t.data
FAIL: obj-c++.dg/torture/strings/const-str-10.mm   -Os  -fnext-runtime (test for excess errors)
UNRESOLVED: obj-c++.dg/torture/strings/const-str-10.mm   -Os  -fnext-runtime  scan-assembler .section __OBJC, __cstring_object
UNRESOLVED: obj-c++.dg/torture/strings/const-str-10.mm   -Os  -fnext-runtime  scan-assembler .long\\t__NSConstantStringClassReference\\n\\t.long\\t.*\\n\\t.long\\t5\\n\\t.data
FAIL: obj-c++.dg/torture/strings/const-str-11.mm   -O0  -fnext-runtime (test for excess errors)
UNRESOLVED: obj-c++.dg/torture/strings/const-str-11.mm   -O0  -fnext-runtime  scan-assembler .section __OBJC, __cstring_object
UNRESOLVED: obj-c++.dg/torture/strings/const-str-11.mm   -O0  -fnext-runtime  scan-assembler .long\\t__XStrClassReference\\n\\t.long\\t.*\\n\\t.long\\t5\\n\\t.data
FAIL: obj-c++.dg/torture/strings/const-str-11.mm   -O1  -fnext-runtime (test for excess errors)
UNRESOLVED: obj-c++.dg/torture/strings/const-str-11.mm   -O1  -fnext-runtime  scan-assembler .section __OBJC, __cstring_object
UNRESOLVED: obj-c++.dg/torture/strings/const-str-11.mm   -O1  -fnext-runtime  scan-assembler .long\\t__XStrClassReference\\n\\t.long\\t.*\\n\\t.long\\t5\\n\\t.data
FAIL: obj-c++.dg/torture/strings/const-str-11.mm   -O2  -fnext-runtime (test for excess errors)
UNRESOLVED: obj-c++.dg/torture/strings/const-str-11.mm   -O2  -fnext-runtime  scan-assembler .section __OBJC, __cstring_object
UNRESOLVED: obj-c++.dg/torture/strings/const-str-11.mm   -O2  -fnext-runtime  scan-assembler .long\\t__XStrClassReference\\n\\t.long\\t.*\\n\\t.long\\t5\\n\\t.data
FAIL: obj-c++.dg/torture/strings/const-str-11.mm   -O3 -g  -fnext-runtime (test for excess errors)
UNRESOLVED: obj-c++.dg/torture/strings/const-str-11.mm   -O3 -g  -fnext-runtime  scan-assembler .section __OBJC, __cstring_object
UNRESOLVED: obj-c++.dg/torture/strings/const-str-11.mm   -O3 -g  -fnext-runtime  scan-assembler .long\\t__XStrClassReference\\n\\t.long\\t.*\\n\\t.long\\t5\\n\\t.data
FAIL: obj-c++.dg/torture/strings/const-str-11.mm   -Os  -fnext-runtime (test for excess errors)
UNRESOLVED: obj-c++.dg/torture/strings/const-str-11.mm   -Os  -fnext-runtime  scan-assembler .section __OBJC, __cstring_object
UNRESOLVED: obj-c++.dg/torture/strings/const-str-11.mm   -Os  -fnext-runtime  scan-assembler .long\\t__XStrClassReference\\n\\t.long\\t.*\\n\\t.long\\t5\\n\\t.data
FAIL: obj-c++.dg/torture/strings/const-str-9.mm   -O0  -fnext-runtime (test for excess errors)
UNRESOLVED: obj-c++.dg/torture/strings/const-str-9.mm   -O0  -fnext-runtime  scan-assembler .section __OBJC, __cstring_object
UNRESOLVED: obj-c++.dg/torture/strings/const-str-9.mm   -O0  -fnext-runtime  scan-assembler .long\\t__NSConstantStringClassReference\\n\\t.long\\t.*\\n\\t.long\\t5\\n\\t.data
FAIL: obj-c++.dg/torture/strings/const-str-9.mm   -O1  -fnext-runtime (test for excess errors)
UNRESOLVED: obj-c++.dg/torture/strings/const-str-9.mm   -O1  -fnext-runtime  scan-assembler .section __OBJC, __cstring_object
UNRESOLVED: obj-c++.dg/torture/strings/const-str-9.mm   -O1  -fnext-runtime  scan-assembler .long\\t__NSConstantStringClassReference\\n\\t.long\\t.*\\n\\t.long\\t5\\n\\t.data
FAIL: obj-c++.dg/torture/strings/const-str-9.mm   -O2  -fnext-runtime (test for excess errors)
UNRESOLVED: obj-c++.dg/torture/strings/const-str-9.mm   -O2  -fnext-runtime  scan-assembler .section __OBJC, __cstring_object
UNRESOLVED: obj-c++.dg/torture/strings/const-str-9.mm   -O2  -fnext-runtime  scan-assembler .long\\t__NSConstantStringClassReference\\n\\t.long\\t.*\\n\\t.long\\t5\\n\\t.data
FAIL: obj-c++.dg/torture/strings/const-str-9.mm   -O3 -g  -fnext-runtime (test for excess errors)
UNRESOLVED: obj-c++.dg/torture/strings/const-str-9.mm   -O3 -g  -fnext-runtime  scan-assembler .section __OBJC, __cstring_object
UNRESOLVED: obj-c++.dg/torture/strings/const-str-9.mm   -O3 -g  -fnext-runtime  scan-assembler .long\\t__NSConstantStringClassReference\\n\\t.long\\t.*\\n\\t.long\\t5\\n\\t.data
FAIL: obj-c++.dg/torture/strings/const-str-9.mm   -Os  -fnext-runtime (test for excess errors)
UNRESOLVED: obj-c++.dg/torture/strings/const-str-9.mm   -Os  -fnext-runtime  scan-assembler .section __OBJC, __cstring_object
UNRESOLVED: obj-c++.dg/torture/strings/const-str-9.mm   -Os  -fnext-runtime  scan-assembler .long\\t__NSConstantStringClassReference\\n\\t.long\\t.*\\n\\t.long\\t5\\n\\t.data

		=== obj-c++ Summary for unix/-m32 ===

# of expected passes		2921
# of unexpected failures	30
# of expected failures		2
# of unresolved testcases	36
# of unsupported tests		50

		=== obj-c++ Summary ===

# of expected passes		5797
# of unexpected failures	68
# of expected failures		20
# of unresolved testcases	75
# of unsupported tests		104
/private/var/gcc/gcc-6.1.0/10.11-gcc/gcc/testsuite/obj-c++/../../xg++  version 6.1.0 (GCC) 

		=== objc tests ===


Running target unix
FAIL: objc.dg/call-super-2.m -fnext-runtime  (test for warnings, line 104)
FAIL: objc.dg/call-super-2.m -fnext-runtime  (test for warnings, line 74)
FAIL: objc.dg/category-1.m -fnext-runtime execution test
FAIL: objc.dg/encode-7-next-64bit.m -fnext-runtime (test for excess errors)
UNRESOLVED: objc.dg/encode-7-next-64bit.m -fnext-runtime compilation failed to produce executable
FAIL: objc.dg/exceptions-2.m -fnext-runtime execution test
FAIL: objc.dg/gnu-api-2-objc.m -fnext-runtime execution test
FAIL: objc.dg/headers.m -fnext-runtime (test for excess errors)
UNRESOLVED: objc.dg/image-info.m -fnext-runtime  scan-assembler \\t.section __DATA, __objc_imageinfo.*\\n\\t.align.*\\nL_OBJC_ImageInfo.*:\\n\\t.long\\t0\\n\\t.long\\t17
FAIL: objc.dg/image-info.m -fnext-runtime (test for excess errors)
FAIL: objc.dg/isa-field-1.m -fnext-runtime (test for excess errors)
FAIL: objc.dg/method-6.m -fnext-runtime (test for excess errors)
UNRESOLVED: objc.dg/no-extra-load.m -fnext-runtime  scan-assembler-not L_objc_msgSend\\\\\$non_lazy_ptr
FAIL: objc.dg/no-extra-load.m -fnext-runtime (test for excess errors)
FAIL: objc.dg/objc-foreach-4.m -fnext-runtime (test for excess errors)
UNRESOLVED: objc.dg/objc-foreach-4.m -fnext-runtime compilation failed to produce executable
UNRESOLVED: objc.dg/objc-foreach-5.m -fnext-runtime  scan-assembler _addStuffUp:
FAIL: objc.dg/objc-foreach-5.m -fnext-runtime (test for excess errors)
FAIL: objc.dg/pr23214.m -fnext-runtime (test for excess errors)
UNRESOLVED: objc.dg/pr23214.m -fnext-runtime compilation failed to produce executable
FAIL: objc.dg/proto-lossage-7.m -fnext-runtime (test for excess errors)
FAIL: objc.dg/proto-qual-1.m -fnext-runtime (test for excess errors)
UNRESOLVED: objc.dg/proto-qual-1.m -fnext-runtime compilation failed to produce executable
FAIL: objc.dg/super-class-3.m -fnext-runtime execution test
UNRESOLVED: objc.dg/symtab-1.m -fnext-runtime  scan-assembler-not L_OBJC_Symbols
FAIL: objc.dg/symtab-1.m -fnext-runtime (test for excess errors)
UNRESOLVED: objc.dg/zero-link-1.m -fnext-runtime  scan-assembler objc_getClass
UNRESOLVED: objc.dg/zero-link-1.m -fnext-runtime  scan-assembler-not _OBJC_ClassRef_Base
FAIL: objc.dg/zero-link-1.m -fnext-runtime (test for excess errors)
UNRESOLVED: objc.dg/zero-link-2.m -fnext-runtime  scan-assembler _OBJC_ClassRef_Base
UNRESOLVED: objc.dg/zero-link-2.m -fnext-runtime  scan-assembler-not objc_getClass
FAIL: objc.dg/zero-link-2.m -fnext-runtime (test for excess errors)
FAIL: objc.dg/zero-link-3.m -fnext-runtime (test for excess errors)
UNRESOLVED: objc.dg/zero-link-3.m -fnext-runtime compilation failed to produce executable
FAIL: objc.dg/plugin/diagnostic-test-expressions-1.m -fplugin=./diagnostic_plugin_test_tree_expression_range.so  (test for warnings, line 60)
FAIL: objc.dg/plugin/diagnostic-test-expressions-1.m -fplugin=./diagnostic_plugin_test_tree_expression_range.so  (test for warnings, line 68)
FAIL: objc.dg/plugin/diagnostic-test-expressions-1.m -fplugin=./diagnostic_plugin_test_tree_expression_range.so  expected multiline pattern lines 62-63 not found: "   __emit_expression_range \\( 0, @selector\\(func0\\) \\);.*\\n                                \\^~~~~~~~~~~~~~~~\\n"
FAIL: objc.dg/plugin/diagnostic-test-expressions-1.m -fplugin=./diagnostic_plugin_test_tree_expression_range.so  expected multiline pattern lines 70-71 not found: "   __emit_expression_range \\( 0, @protocol\\(prot\\) \\);.*\\n                                ~~~~~~~~~~~~~~~\\n"
FAIL: objc.dg/plugin/diagnostic-test-expressions-1.m -fplugin=./diagnostic_plugin_test_tree_expression_range.so (test for excess errors)
FAIL: objc.dg/strings/const-cfstring-2.m -fnext-runtime (test for excess errors)
FAIL: objc.dg/strings/const-cfstring-5.m -fnext-runtime (test for excess errors)
FAIL: objc.dg/strings/const-str-12b.m -fnext-runtime (test for excess errors)
FAIL: objc.dg/torture/forward-1.m   -O0  -fnext-runtime execution test
FAIL: objc.dg/torture/forward-1.m   -O1  -fnext-runtime execution test
FAIL: objc.dg/torture/forward-1.m   -O2  -fnext-runtime execution test
FAIL: objc.dg/torture/forward-1.m   -O3 -fomit-frame-pointer -funroll-loops -fpeel-loops -ftracer -finline-functions  -fnext-runtime execution test
FAIL: objc.dg/torture/forward-1.m   -O3 -g  -fnext-runtime execution test
FAIL: objc.dg/torture/forward-1.m   -Os  -fnext-runtime execution test
FAIL: objc.dg/torture/strings/const-cfstring-1.m   -O0  -fnext-runtime (test for excess errors)
UNRESOLVED: objc.dg/torture/strings/const-cfstring-1.m   -O0  -fnext-runtime compilation failed to produce executable
FAIL: objc.dg/torture/strings/const-cfstring-1.m   -O1  -fnext-runtime (test for excess errors)
UNRESOLVED: objc.dg/torture/strings/const-cfstring-1.m   -O1  -fnext-runtime compilation failed to produce executable
FAIL: objc.dg/torture/strings/const-cfstring-1.m   -O2  -fnext-runtime (test for excess errors)
UNRESOLVED: objc.dg/torture/strings/const-cfstring-1.m   -O2  -fnext-runtime compilation failed to produce executable
FAIL: objc.dg/torture/strings/const-cfstring-1.m   -O3 -g  -fnext-runtime (test for excess errors)
UNRESOLVED: objc.dg/torture/strings/const-cfstring-1.m   -O3 -g  -fnext-runtime compilation failed to produce executable
FAIL: objc.dg/torture/strings/const-cfstring-1.m   -Os  -fnext-runtime (test for excess errors)
UNRESOLVED: objc.dg/torture/strings/const-cfstring-1.m   -Os  -fnext-runtime compilation failed to produce executable
UNRESOLVED: objc.dg/torture/strings/const-str-10.m   -O0  -fnext-runtime  scan-assembler .quad\\t_OBJC_CLASS_._NSConstantString\\n\\t.quad\\t.*\\n\\t.long\\t5\\n\\t.space
UNRESOLVED: objc.dg/torture/strings/const-str-10.m   -O0  -fnext-runtime  scan-assembler .section __DATA, __objc_stringobj
FAIL: objc.dg/torture/strings/const-str-10.m   -O0  -fnext-runtime (test for excess errors)
UNRESOLVED: objc.dg/torture/strings/const-str-10.m   -O1  -fnext-runtime  scan-assembler .quad\\t_OBJC_CLASS_._NSConstantString\\n\\t.quad\\t.*\\n\\t.long\\t5\\n\\t.space
UNRESOLVED: objc.dg/torture/strings/const-str-10.m   -O1  -fnext-runtime  scan-assembler .section __DATA, __objc_stringobj
FAIL: objc.dg/torture/strings/const-str-10.m   -O1  -fnext-runtime (test for excess errors)
UNRESOLVED: objc.dg/torture/strings/const-str-10.m   -O2  -fnext-runtime  scan-assembler .quad\\t_OBJC_CLASS_._NSConstantString\\n\\t.quad\\t.*\\n\\t.long\\t5\\n\\t.space
UNRESOLVED: objc.dg/torture/strings/const-str-10.m   -O2  -fnext-runtime  scan-assembler .section __DATA, __objc_stringobj
FAIL: objc.dg/torture/strings/const-str-10.m   -O2  -fnext-runtime (test for excess errors)
UNRESOLVED: objc.dg/torture/strings/const-str-10.m   -O3 -g  -fnext-runtime  scan-assembler .quad\\t_OBJC_CLASS_._NSConstantString\\n\\t.quad\\t.*\\n\\t.long\\t5\\n\\t.space
UNRESOLVED: objc.dg/torture/strings/const-str-10.m   -O3 -g  -fnext-runtime  scan-assembler .section __DATA, __objc_stringobj
FAIL: objc.dg/torture/strings/const-str-10.m   -O3 -g  -fnext-runtime (test for excess errors)
UNRESOLVED: objc.dg/torture/strings/const-str-10.m   -Os  -fnext-runtime  scan-assembler .quad\\t_OBJC_CLASS_._NSConstantString\\n\\t.quad\\t.*\\n\\t.long\\t5\\n\\t.space
UNRESOLVED: objc.dg/torture/strings/const-str-10.m   -Os  -fnext-runtime  scan-assembler .section __DATA, __objc_stringobj
FAIL: objc.dg/torture/strings/const-str-10.m   -Os  -fnext-runtime (test for excess errors)
UNRESOLVED: objc.dg/torture/strings/const-str-11.m   -O0  -fnext-runtime  scan-assembler .quad\\t_OBJC_CLASS_._XStr\\n\\t.quad\\t.*\\n\\t.long\\t5\\n\\t.space
UNRESOLVED: objc.dg/torture/strings/const-str-11.m   -O0  -fnext-runtime  scan-assembler .section __DATA, __objc_stringobj
FAIL: objc.dg/torture/strings/const-str-11.m   -O0  -fnext-runtime (test for excess errors)
UNRESOLVED: objc.dg/torture/strings/const-str-11.m   -O1  -fnext-runtime  scan-assembler .quad\\t_OBJC_CLASS_._XStr\\n\\t.quad\\t.*\\n\\t.long\\t5\\n\\t.space
UNRESOLVED: objc.dg/torture/strings/const-str-11.m   -O1  -fnext-runtime  scan-assembler .section __DATA, __objc_stringobj
FAIL: objc.dg/torture/strings/const-str-11.m   -O1  -fnext-runtime (test for excess errors)
UNRESOLVED: objc.dg/torture/strings/const-str-11.m   -O2  -fnext-runtime  scan-assembler .quad\\t_OBJC_CLASS_._XStr\\n\\t.quad\\t.*\\n\\t.long\\t5\\n\\t.space
UNRESOLVED: objc.dg/torture/strings/const-str-11.m   -O2  -fnext-runtime  scan-assembler .section __DATA, __objc_stringobj
FAIL: objc.dg/torture/strings/const-str-11.m   -O2  -fnext-runtime (test for excess errors)
UNRESOLVED: objc.dg/torture/strings/const-str-11.m   -O3 -g  -fnext-runtime  scan-assembler .quad\\t_OBJC_CLASS_._XStr\\n\\t.quad\\t.*\\n\\t.long\\t5\\n\\t.space
UNRESOLVED: objc.dg/torture/strings/const-str-11.m   -O3 -g  -fnext-runtime  scan-assembler .section __DATA, __objc_stringobj
FAIL: objc.dg/torture/strings/const-str-11.m   -O3 -g  -fnext-runtime (test for excess errors)
UNRESOLVED: objc.dg/torture/strings/const-str-11.m   -Os  -fnext-runtime  scan-assembler .quad\\t_OBJC_CLASS_._XStr\\n\\t.quad\\t.*\\n\\t.long\\t5\\n\\t.space
UNRESOLVED: objc.dg/torture/strings/const-str-11.m   -Os  -fnext-runtime  scan-assembler .section __DATA, __objc_stringobj
FAIL: objc.dg/torture/strings/const-str-11.m   -Os  -fnext-runtime (test for excess errors)
UNRESOLVED: objc.dg/torture/strings/const-str-9.m   -O0  -fnext-runtime  scan-assembler .quad\\t_OBJC_CLASS_._NSConstantString\\n\\t.quad\\t.*\\n\\t.long\\t5\\n\\t.space
UNRESOLVED: objc.dg/torture/strings/const-str-9.m   -O0  -fnext-runtime  scan-assembler .section __DATA, __objc_stringobj
FAIL: objc.dg/torture/strings/const-str-9.m   -O0  -fnext-runtime (test for excess errors)
UNRESOLVED: objc.dg/torture/strings/const-str-9.m   -O1  -fnext-runtime  scan-assembler .quad\\t_OBJC_CLASS_._NSConstantString\\n\\t.quad\\t.*\\n\\t.long\\t5\\n\\t.space
UNRESOLVED: objc.dg/torture/strings/const-str-9.m   -O1  -fnext-runtime  scan-assembler .section __DATA, __objc_stringobj
FAIL: objc.dg/torture/strings/const-str-9.m   -O1  -fnext-runtime (test for excess errors)
UNRESOLVED: objc.dg/torture/strings/const-str-9.m   -O2  -fnext-runtime  scan-assembler .quad\\t_OBJC_CLASS_._NSConstantString\\n\\t.quad\\t.*\\n\\t.long\\t5\\n\\t.space
UNRESOLVED: objc.dg/torture/strings/const-str-9.m   -O2  -fnext-runtime  scan-assembler .section __DATA, __objc_stringobj
FAIL: objc.dg/torture/strings/const-str-9.m   -O2  -fnext-runtime (test for excess errors)
UNRESOLVED: objc.dg/torture/strings/const-str-9.m   -O3 -g  -fnext-runtime  scan-assembler .quad\\t_OBJC_CLASS_._NSConstantString\\n\\t.quad\\t.*\\n\\t.long\\t5\\n\\t.space
UNRESOLVED: objc.dg/torture/strings/const-str-9.m   -O3 -g  -fnext-runtime  scan-assembler .section __DATA, __objc_stringobj
FAIL: objc.dg/torture/strings/const-str-9.m   -O3 -g  -fnext-runtime (test for excess errors)
UNRESOLVED: objc.dg/torture/strings/const-str-9.m   -Os  -fnext-runtime  scan-assembler .quad\\t_OBJC_CLASS_._NSConstantString\\n\\t.quad\\t.*\\n\\t.long\\t5\\n\\t.space
UNRESOLVED: objc.dg/torture/strings/const-str-9.m   -Os  -fnext-runtime  scan-assembler .section __DATA, __objc_stringobj
FAIL: objc.dg/torture/strings/const-str-9.m   -Os  -fnext-runtime (test for excess errors)
FAIL: objc/execute/formal_protocol-5.m compilation,  -O0 -fnext-runtime
FAIL: objc/execute/formal_protocol-5.m compilation,  -O1 -fnext-runtime
FAIL: objc/execute/formal_protocol-5.m compilation,  -O2 -fnext-runtime
FAIL: objc/execute/formal_protocol-5.m compilation,  -O3 -g -fnext-runtime
FAIL: objc/execute/formal_protocol-5.m compilation,  -Os -fnext-runtime
UNRESOLVED: objc/execute/formal_protocol-5.m execution,  -O0 -fnext-runtime
UNRESOLVED: objc/execute/formal_protocol-5.m execution,  -O1 -fnext-runtime
UNRESOLVED: objc/execute/formal_protocol-5.m execution,  -O2 -fnext-runtime
UNRESOLVED: objc/execute/formal_protocol-5.m execution,  -O3 -g -fnext-runtime
UNRESOLVED: objc/execute/formal_protocol-5.m execution,  -Os -fnext-runtime
FAIL: objc/execute/formal_protocol-6.m compilation,  -O0 -fnext-runtime
FAIL: objc/execute/formal_protocol-6.m compilation,  -O1 -fnext-runtime
FAIL: objc/execute/formal_protocol-6.m compilation,  -O2 -fnext-runtime
FAIL: objc/execute/formal_protocol-6.m compilation,  -O3 -g -fnext-runtime
FAIL: objc/execute/formal_protocol-6.m compilation,  -Os -fnext-runtime
UNRESOLVED: objc/execute/formal_protocol-6.m execution,  -O0 -fnext-runtime
UNRESOLVED: objc/execute/formal_protocol-6.m execution,  -O1 -fnext-runtime
UNRESOLVED: objc/execute/formal_protocol-6.m execution,  -O2 -fnext-runtime
UNRESOLVED: objc/execute/formal_protocol-6.m execution,  -O3 -g -fnext-runtime
UNRESOLVED: objc/execute/formal_protocol-6.m execution,  -Os -fnext-runtime
FAIL: objc/execute/formal_protocol-7.m compilation,  -O0 -fnext-runtime
FAIL: objc/execute/formal_protocol-7.m compilation,  -O1 -fnext-runtime
FAIL: objc/execute/formal_protocol-7.m compilation,  -O2 -fnext-runtime
FAIL: objc/execute/formal_protocol-7.m compilation,  -O3 -g -fnext-runtime
FAIL: objc/execute/formal_protocol-7.m compilation,  -Os -fnext-runtime
UNRESOLVED: objc/execute/formal_protocol-7.m execution,  -O0 -fnext-runtime
UNRESOLVED: objc/execute/formal_protocol-7.m execution,  -O1 -fnext-runtime
UNRESOLVED: objc/execute/formal_protocol-7.m execution,  -O2 -fnext-runtime
UNRESOLVED: objc/execute/formal_protocol-7.m execution,  -O3 -g -fnext-runtime
UNRESOLVED: objc/execute/formal_protocol-7.m execution,  -Os -fnext-runtime
FAIL: objc/execute/protocol-isEqual-1.m compilation,  -O0 -fnext-runtime
FAIL: objc/execute/protocol-isEqual-1.m compilation,  -O1 -fnext-runtime
FAIL: objc/execute/protocol-isEqual-1.m compilation,  -O2 -fnext-runtime
FAIL: objc/execute/protocol-isEqual-1.m compilation,  -O3 -g -fnext-runtime
FAIL: objc/execute/protocol-isEqual-1.m compilation,  -Os -fnext-runtime
UNRESOLVED: objc/execute/protocol-isEqual-1.m execution,  -O0 -fnext-runtime
UNRESOLVED: objc/execute/protocol-isEqual-1.m execution,  -O1 -fnext-runtime
UNRESOLVED: objc/execute/protocol-isEqual-1.m execution,  -O2 -fnext-runtime
UNRESOLVED: objc/execute/protocol-isEqual-1.m execution,  -O3 -g -fnext-runtime
UNRESOLVED: objc/execute/protocol-isEqual-1.m execution,  -Os -fnext-runtime
FAIL: objc/execute/protocol-isEqual-2.m compilation,  -O0 -fnext-runtime
FAIL: objc/execute/protocol-isEqual-2.m compilation,  -O1 -fnext-runtime
FAIL: objc/execute/protocol-isEqual-2.m compilation,  -O2 -fnext-runtime
FAIL: objc/execute/protocol-isEqual-2.m compilation,  -O3 -g -fnext-runtime
FAIL: objc/execute/protocol-isEqual-2.m compilation,  -Os -fnext-runtime
UNRESOLVED: objc/execute/protocol-isEqual-2.m execution,  -O0 -fnext-runtime
UNRESOLVED: objc/execute/protocol-isEqual-2.m execution,  -O1 -fnext-runtime
UNRESOLVED: objc/execute/protocol-isEqual-2.m execution,  -O2 -fnext-runtime
UNRESOLVED: objc/execute/protocol-isEqual-2.m execution,  -O3 -g -fnext-runtime
UNRESOLVED: objc/execute/protocol-isEqual-2.m execution,  -Os -fnext-runtime
FAIL: objc/execute/protocol-isEqual-3.m compilation,  -O0 -fnext-runtime
FAIL: objc/execute/protocol-isEqual-3.m compilation,  -O1 -fnext-runtime
FAIL: objc/execute/protocol-isEqual-3.m compilation,  -O2 -fnext-runtime
FAIL: objc/execute/protocol-isEqual-3.m compilation,  -O3 -g -fnext-runtime
FAIL: objc/execute/protocol-isEqual-3.m compilation,  -Os -fnext-runtime
UNRESOLVED: objc/execute/protocol-isEqual-3.m execution,  -O0 -fnext-runtime
UNRESOLVED: objc/execute/protocol-isEqual-3.m execution,  -O1 -fnext-runtime
UNRESOLVED: objc/execute/protocol-isEqual-3.m execution,  -O2 -fnext-runtime
UNRESOLVED: objc/execute/protocol-isEqual-3.m execution,  -O3 -g -fnext-runtime
UNRESOLVED: objc/execute/protocol-isEqual-3.m execution,  -Os -fnext-runtime
FAIL: objc/execute/protocol-isEqual-4.m compilation,  -O0 -fnext-runtime
FAIL: objc/execute/protocol-isEqual-4.m compilation,  -O1 -fnext-runtime
FAIL: objc/execute/protocol-isEqual-4.m compilation,  -O2 -fnext-runtime
FAIL: objc/execute/protocol-isEqual-4.m compilation,  -O3 -g -fnext-runtime
FAIL: objc/execute/protocol-isEqual-4.m compilation,  -Os -fnext-runtime
UNRESOLVED: objc/execute/protocol-isEqual-4.m execution,  -O0 -fnext-runtime
UNRESOLVED: objc/execute/protocol-isEqual-4.m execution,  -O1 -fnext-runtime
UNRESOLVED: objc/execute/protocol-isEqual-4.m execution,  -O2 -fnext-runtime
UNRESOLVED: objc/execute/protocol-isEqual-4.m execution,  -O3 -g -fnext-runtime
UNRESOLVED: objc/execute/protocol-isEqual-4.m execution,  -Os -fnext-runtime

		=== objc Summary for unix ===

# of expected passes		5203
# of unexpected failures	90
# of expected failures		6
# of unresolved testcases	83
# of unsupported tests		73

Running target unix/-m32
FAIL: objc.dg/call-super-2.m -fnext-runtime  (test for warnings, line 104)
FAIL: objc.dg/call-super-2.m -fnext-runtime  (test for warnings, line 74)
FAIL: objc.dg/gnu-api-2-objc.m -fnext-runtime execution test
FAIL: objc.dg/headers.m -fnext-runtime (test for excess errors)
UNRESOLVED: objc.dg/image-info.m -fnext-runtime  scan-assembler \\t.section __OBJC, __image_info.*\\n\\t.align.*\\nL_OBJC_ImageInfo.*:\\n\\t.long\\t0\\n\\t.long\\t1
FAIL: objc.dg/image-info.m -fnext-runtime (test for excess errors)
FAIL: objc.dg/ivar-scope-4.m -fnext-runtime execution test
FAIL: objc.dg/method-6.m -fnext-runtime (test for excess errors)
UNRESOLVED: objc.dg/no-extra-load.m -fnext-runtime  scan-assembler-not L_objc_msgSend\\\\\$non_lazy_ptr
FAIL: objc.dg/no-extra-load.m -fnext-runtime (test for excess errors)
FAIL: objc.dg/objc-foreach-4.m -fnext-runtime (test for excess errors)
UNRESOLVED: objc.dg/objc-foreach-4.m -fnext-runtime compilation failed to produce executable
UNRESOLVED: objc.dg/objc-foreach-5.m -fnext-runtime  scan-assembler _addStuffUp:
FAIL: objc.dg/objc-foreach-5.m -fnext-runtime (test for excess errors)
FAIL: objc.dg/proto-lossage-7.m -fnext-runtime (test for excess errors)
UNRESOLVED: objc.dg/symtab-1.m -fnext-runtime  scan-assembler L_OBJC_Symbols.*:\\n\\t.long\\t0\\n\\t.long\\t0\\n\\t.word\\t2\\n\\t.word\\t0\\n\\t.long\\tL_OBJC_Class_Derived.*\\n\\t.long\\tL_OBJC_Class_Base.*\\n
FAIL: objc.dg/symtab-1.m -fnext-runtime (test for excess errors)
UNRESOLVED: objc.dg/zero-link-1.m -fnext-runtime  scan-assembler objc_getClass
UNRESOLVED: objc.dg/zero-link-1.m -fnext-runtime  scan-assembler-not _OBJC_ClassRefs_0
FAIL: objc.dg/zero-link-1.m -fnext-runtime (test for excess errors)
UNRESOLVED: objc.dg/zero-link-2.m -fnext-runtime  scan-assembler _OBJC_ClassRefs_0
UNRESOLVED: objc.dg/zero-link-2.m -fnext-runtime  scan-assembler-not objc_getClass
FAIL: objc.dg/zero-link-2.m -fnext-runtime (test for excess errors)
FAIL: objc.dg/zero-link-3.m -fnext-runtime (test for excess errors)
UNRESOLVED: objc.dg/zero-link-3.m -fnext-runtime compilation failed to produce executable
FAIL: objc.dg/plugin/diagnostic-test-expressions-1.m -fplugin=./diagnostic_plugin_test_tree_expression_range.so  (test for warnings, line 60)
FAIL: objc.dg/plugin/diagnostic-test-expressions-1.m -fplugin=./diagnostic_plugin_test_tree_expression_range.so  expected multiline pattern lines 62-63 not found: "   __emit_expression_range \\( 0, @selector\\(func0\\) \\);.*\\n                                \\^~~~~~~~~~~~~~~~\\n"
FAIL: objc.dg/plugin/diagnostic-test-expressions-1.m -fplugin=./diagnostic_plugin_test_tree_expression_range.so (test for excess errors)
FAIL: objc.dg/strings/const-cfstring-2.m -fnext-runtime (test for excess errors)
FAIL: objc.dg/strings/const-cfstring-5.m -fnext-runtime (test for excess errors)
FAIL: objc.dg/strings/const-str-12b.m -fnext-runtime (test for excess errors)
FAIL: objc.dg/torture/strings/const-cfstring-1.m   -O0  -fnext-runtime (test for excess errors)
UNRESOLVED: objc.dg/torture/strings/const-cfstring-1.m   -O0  -fnext-runtime compilation failed to produce executable
FAIL: objc.dg/torture/strings/const-cfstring-1.m   -O1  -fnext-runtime (test for excess errors)
UNRESOLVED: objc.dg/torture/strings/const-cfstring-1.m   -O1  -fnext-runtime compilation failed to produce executable
FAIL: objc.dg/torture/strings/const-cfstring-1.m   -O2  -fnext-runtime (test for excess errors)
UNRESOLVED: objc.dg/torture/strings/const-cfstring-1.m   -O2  -fnext-runtime compilation failed to produce executable
FAIL: objc.dg/torture/strings/const-cfstring-1.m   -O3 -g  -fnext-runtime (test for excess errors)
UNRESOLVED: objc.dg/torture/strings/const-cfstring-1.m   -O3 -g  -fnext-runtime compilation failed to produce executable
FAIL: objc.dg/torture/strings/const-cfstring-1.m   -Os  -fnext-runtime (test for excess errors)
UNRESOLVED: objc.dg/torture/strings/const-cfstring-1.m   -Os  -fnext-runtime compilation failed to produce executable
UNRESOLVED: objc.dg/torture/strings/const-str-10.m   -O0  -fnext-runtime  scan-assembler .long\\t__NSConstantStringClassReference\\n\\t.long\\t.*\\n\\t.long\\t5\\n\\t.data
UNRESOLVED: objc.dg/torture/strings/const-str-10.m   -O0  -fnext-runtime  scan-assembler .section __OBJC, __cstring_object
FAIL: objc.dg/torture/strings/const-str-10.m   -O0  -fnext-runtime (test for excess errors)
UNRESOLVED: objc.dg/torture/strings/const-str-10.m   -O1  -fnext-runtime  scan-assembler .long\\t__NSConstantStringClassReference\\n\\t.long\\t.*\\n\\t.long\\t5\\n\\t.data
UNRESOLVED: objc.dg/torture/strings/const-str-10.m   -O1  -fnext-runtime  scan-assembler .section __OBJC, __cstring_object
FAIL: objc.dg/torture/strings/const-str-10.m   -O1  -fnext-runtime (test for excess errors)
UNRESOLVED: objc.dg/torture/strings/const-str-10.m   -O2  -fnext-runtime  scan-assembler .long\\t__NSConstantStringClassReference\\n\\t.long\\t.*\\n\\t.long\\t5\\n\\t.data
UNRESOLVED: objc.dg/torture/strings/const-str-10.m   -O2  -fnext-runtime  scan-assembler .section __OBJC, __cstring_object
FAIL: objc.dg/torture/strings/const-str-10.m   -O2  -fnext-runtime (test for excess errors)
UNRESOLVED: objc.dg/torture/strings/const-str-10.m   -O3 -g  -fnext-runtime  scan-assembler .long\\t__NSConstantStringClassReference\\n\\t.long\\t.*\\n\\t.long\\t5\\n\\t.data
UNRESOLVED: objc.dg/torture/strings/const-str-10.m   -O3 -g  -fnext-runtime  scan-assembler .section __OBJC, __cstring_object
FAIL: objc.dg/torture/strings/const-str-10.m   -O3 -g  -fnext-runtime (test for excess errors)
UNRESOLVED: objc.dg/torture/strings/const-str-10.m   -Os  -fnext-runtime  scan-assembler .long\\t__NSConstantStringClassReference\\n\\t.long\\t.*\\n\\t.long\\t5\\n\\t.data
UNRESOLVED: objc.dg/torture/strings/const-str-10.m   -Os  -fnext-runtime  scan-assembler .section __OBJC, __cstring_object
FAIL: objc.dg/torture/strings/const-str-10.m   -Os  -fnext-runtime (test for excess errors)
UNRESOLVED: objc.dg/torture/strings/const-str-11.m   -O0  -fnext-runtime  scan-assembler .long\\t__XStrClassReference\\n\\t.long\\t.*\\n\\t.long\\t5\\n\\t.data
UNRESOLVED: objc.dg/torture/strings/const-str-11.m   -O0  -fnext-runtime  scan-assembler .section __OBJC, __cstring_object
FAIL: objc.dg/torture/strings/const-str-11.m   -O0  -fnext-runtime (test for excess errors)
UNRESOLVED: objc.dg/torture/strings/const-str-11.m   -O1  -fnext-runtime  scan-assembler .long\\t__XStrClassReference\\n\\t.long\\t.*\\n\\t.long\\t5\\n\\t.data
UNRESOLVED: objc.dg/torture/strings/const-str-11.m   -O1  -fnext-runtime  scan-assembler .section __OBJC, __cstring_object
FAIL: objc.dg/torture/strings/const-str-11.m   -O1  -fnext-runtime (test for excess errors)
UNRESOLVED: objc.dg/torture/strings/const-str-11.m   -O2  -fnext-runtime  scan-assembler .long\\t__XStrClassReference\\n\\t.long\\t.*\\n\\t.long\\t5\\n\\t.data
UNRESOLVED: objc.dg/torture/strings/const-str-11.m   -O2  -fnext-runtime  scan-assembler .section __OBJC, __cstring_object
FAIL: objc.dg/torture/strings/const-str-11.m   -O2  -fnext-runtime (test for excess errors)
UNRESOLVED: objc.dg/torture/strings/const-str-11.m   -O3 -g  -fnext-runtime  scan-assembler .long\\t__XStrClassReference\\n\\t.long\\t.*\\n\\t.long\\t5\\n\\t.data
UNRESOLVED: objc.dg/torture/strings/const-str-11.m   -O3 -g  -fnext-runtime  scan-assembler .section __OBJC, __cstring_object
FAIL: objc.dg/torture/strings/const-str-11.m   -O3 -g  -fnext-runtime (test for excess errors)
UNRESOLVED: objc.dg/torture/strings/const-str-11.m   -Os  -fnext-runtime  scan-assembler .long\\t__XStrClassReference\\n\\t.long\\t.*\\n\\t.long\\t5\\n\\t.data
UNRESOLVED: objc.dg/torture/strings/const-str-11.m   -Os  -fnext-runtime  scan-assembler .section __OBJC, __cstring_object
FAIL: objc.dg/torture/strings/const-str-11.m   -Os  -fnext-runtime (test for excess errors)
UNRESOLVED: objc.dg/torture/strings/const-str-9.m   -O0  -fnext-runtime  scan-assembler .long\\t__NSConstantStringClassReference\\n\\t.long\\t.*\\n\\t.long\\t5\\n\\t.data
UNRESOLVED: objc.dg/torture/strings/const-str-9.m   -O0  -fnext-runtime  scan-assembler .section __OBJC, __cstring_object
FAIL: objc.dg/torture/strings/const-str-9.m   -O0  -fnext-runtime (test for excess errors)
UNRESOLVED: objc.dg/torture/strings/const-str-9.m   -O1  -fnext-runtime  scan-assembler .long\\t__NSConstantStringClassReference\\n\\t.long\\t.*\\n\\t.long\\t5\\n\\t.data
UNRESOLVED: objc.dg/torture/strings/const-str-9.m   -O1  -fnext-runtime  scan-assembler .section __OBJC, __cstring_object
FAIL: objc.dg/torture/strings/const-str-9.m   -O1  -fnext-runtime (test for excess errors)
UNRESOLVED: objc.dg/torture/strings/const-str-9.m   -O2  -fnext-runtime  scan-assembler .long\\t__NSConstantStringClassReference\\n\\t.long\\t.*\\n\\t.long\\t5\\n\\t.data
UNRESOLVED: objc.dg/torture/strings/const-str-9.m   -O2  -fnext-runtime  scan-assembler .section __OBJC, __cstring_object
FAIL: objc.dg/torture/strings/const-str-9.m   -O2  -fnext-runtime (test for excess errors)
UNRESOLVED: objc.dg/torture/strings/const-str-9.m   -O3 -g  -fnext-runtime  scan-assembler .long\\t__NSConstantStringClassReference\\n\\t.long\\t.*\\n\\t.long\\t5\\n\\t.data
UNRESOLVED: objc.dg/torture/strings/const-str-9.m   -O3 -g  -fnext-runtime  scan-assembler .section __OBJC, __cstring_object
FAIL: objc.dg/torture/strings/const-str-9.m   -O3 -g  -fnext-runtime (test for excess errors)
UNRESOLVED: objc.dg/torture/strings/const-str-9.m   -Os  -fnext-runtime  scan-assembler .long\\t__NSConstantStringClassReference\\n\\t.long\\t.*\\n\\t.long\\t5\\n\\t.data
UNRESOLVED: objc.dg/torture/strings/const-str-9.m   -Os  -fnext-runtime  scan-assembler .section __OBJC, __cstring_object
FAIL: objc.dg/torture/strings/const-str-9.m   -Os  -fnext-runtime (test for excess errors)

		=== objc Summary for unix/-m32 ===

# of expected passes		5400
# of unexpected failures	41
# of expected failures		6
# of unresolved testcases	45
# of unsupported tests		69

		=== objc Summary ===

# of expected passes		10603
# of unexpected failures	131
# of expected failures		12
# of unresolved testcases	128
# of unsupported tests		142
/private/var/gcc/gcc-6.1.0/10.11-gcc/gcc/xgcc  version 6.1.0 (GCC) 

		=== boehm-gc tests ===


Running target unix
WARNING: program timed out.
FAIL: boehm-gc.c/gctest.c -O2 execution test
FAIL: boehm-gc.c/thread_leak_test.c -O2 execution test
FAIL: boehm-gc.lib/staticrootstest.c -O2 execution test

		=== boehm-gc Summary for unix ===

# of expected passes		9
# of unexpected failures	3
# of unsupported tests		1

Running target unix/-m32
WARNING: program timed out.
FAIL: boehm-gc.c/gctest.c -O2 execution test
FAIL: boehm-gc.c/thread_leak_test.c -O2 execution test
FAIL: boehm-gc.lib/staticrootstest.c -O2 execution test

		=== boehm-gc Summary for unix/-m32 ===

# of expected passes		9
# of unexpected failures	3
# of unsupported tests		1

		=== boehm-gc Summary ===

# of expected passes		18
# of unexpected failures	6
# of unsupported tests		2
		=== libatomic tests ===


Running target unix

		=== libatomic Summary for unix ===

# of expected passes		54

Running target unix/-m32

		=== libatomic Summary for unix/-m32 ===

# of expected passes		44
# of unsupported tests		5

		=== libatomic Summary ===

# of expected passes		98
# of unsupported tests		5
		=== libffi tests ===


Running target unix

		=== libffi Summary for unix ===

# of expected passes		1914
# of unsupported tests		30

Running target unix/-m32

		=== libffi Summary for unix/-m32 ===

# of expected passes		1914
# of unsupported tests		30

		=== libffi Summary ===

# of expected passes		3828
# of unsupported tests		60
		=== libgomp tests ===


Running target unix

		=== libgomp Summary for unix ===

# of expected passes		4936
# of unsupported tests		329

Running target unix/-m32

		=== libgomp Summary for unix/-m32 ===

# of expected passes		4936
# of unsupported tests		329

		=== libgomp Summary ===

# of expected passes		9872
# of unsupported tests		658
		=== libitm tests ===


Running target unix

		=== libitm Summary for unix ===

# of expected passes		40
# of expected failures		3
# of unsupported tests		2

Running target unix/-m32

		=== libitm Summary for unix/-m32 ===

# of expected passes		40
# of expected failures		3
# of unsupported tests		2

		=== libitm Summary ===

# of expected passes		80
# of expected failures		6
# of unsupported tests		4
		=== libjava tests ===


Running target unix
WARNING: program timed out.
FAIL: TestClosureGC run
WARNING: program timed out.
FAIL: libjava.jar/TestClosureGC.jar execution - gij test
WARNING: program timed out.
FAIL: FileHandleGcTest execution - source compiled test
WARNING: program timed out.
FAIL: FileHandleGcTest -findirect-dispatch execution - source compiled test
WARNING: program timed out.
FAIL: FileHandleGcTest -O3 execution - source compiled test
WARNING: program timed out.
FAIL: FileHandleGcTest -O3 -findirect-dispatch execution - source compiled test
WARNING: program timed out.
FAIL: PR18699 execution - source compiled test
WARNING: program timed out.
FAIL: PR18699 -findirect-dispatch execution - source compiled test
WARNING: program timed out.
FAIL: PR18699 -O3 execution - source compiled test
WARNING: program timed out.
FAIL: PR18699 -O3 -findirect-dispatch execution - source compiled test
FAIL: Throw_2 execution - source compiled test
FAIL: Throw_2 -findirect-dispatch execution - source compiled test
FAIL: Throw_2 -O3 execution - source compiled test
FAIL: Throw_2 -O3 -findirect-dispatch execution - source compiled test
WARNING: program timed out.
FAIL: TestEarlyGC execution - source compiled test
WARNING: program timed out.
FAIL: TestLeak execution - source compiled test

		=== libjava Summary for unix ===

# of expected passes		2551
# of unexpected failures	16
# of expected failures		4
# of untested testcases		16

Running target unix/-m32
WARNING: program timed out.
FAIL: TestClosureGC run
WARNING: program timed out.
FAIL: libjava.jar/TestClosureGC.jar execution - gij test
WARNING: program timed out.
FAIL: FileHandleGcTest execution - source compiled test
WARNING: program timed out.
FAIL: FileHandleGcTest -findirect-dispatch execution - source compiled test
WARNING: program timed out.
FAIL: FileHandleGcTest -O3 execution - source compiled test
WARNING: program timed out.
FAIL: FileHandleGcTest -O3 -findirect-dispatch execution - source compiled test
WARNING: program timed out.
FAIL: PR18699 execution - source compiled test
WARNING: program timed out.
FAIL: PR18699 -findirect-dispatch execution - source compiled test
WARNING: program timed out.
FAIL: PR18699 -O3 execution - source compiled test
WARNING: program timed out.
FAIL: PR18699 -O3 -findirect-dispatch execution - source compiled test
WARNING: program timed out.
FAIL: md5test -findirect-dispatch execution - source compiled test
WARNING: program timed out.
FAIL: md5test -O3 -findirect-dispatch execution - source compiled test
WARNING: program timed out.
FAIL: TestEarlyGC execution - source compiled test
WARNING: program timed out.
FAIL: TestLeak execution - source compiled test

		=== libjava Summary for unix/-m32 ===

# of expected passes		2555
# of unexpected failures	14
# of expected failures		4
# of untested testcases		14

		=== libjava Summary ===

# of expected passes		5106
# of unexpected failures	30
# of expected failures		8
# of untested testcases		30
		=== libstdc++ tests ===


Running target unix

		=== libstdc++ Summary for unix ===

# of expected passes		9999
# of expected failures		67
# of unsupported tests		659

Running target unix/-m32

		=== libstdc++ Summary for unix/-m32 ===

# of expected passes		4140
# of expected failures		63
# of unsupported tests		658

		=== libstdc++ Summary ===

# of expected passes		14139
# of expected failures		130
# of unsupported tests		1317

Compiler version: 6.1.0 (GCC) 
Platform: x86_64-apple-darwin15.5.0
configure flags: --prefix=/vol/gcc-6 --enable-objc-gc --with-gmp-include=/vol/gcc/include --with-gmp-lib=/vol/gcc/lib/amd64 --with-mpfr-include=/vol/gcc/include --with-mpfr-lib=/vol/gcc/lib/amd64 --with-mpc-include=/vol/gcc/include --with-mpc-lib=/vol/gcc/lib/amd64 --enable-languages=c,ada,c++,fortran,java,objc,obj-c++
BOOT_CFLAGS=-g -O2 \`case x86_64-apple-darwin15.5.0 in i?86-*-darwin* | powerpc-*-darwin*) gcc -S -xc /dev/null -o /dev/null -mno-dynamic-no-pic 2>/dev/null && echo -mdynamic-no-pic ;; esac\`


Index Nav: [Date Index] [Subject Index] [Author Index] [Thread Index]
Message Nav: [Date Prev] [Date Next] [Thread Prev] [Thread Next]