This is the mail archive of the gcc-testresults@gcc.gnu.org mailing list for the GCC project.


Index Nav: [Date Index] [Subject Index] [Author Index] [Thread Index]
Message Nav: [Date Prev] [Date Next] [Thread Prev] [Thread Next]
Other format: [Raw text]

Results for 6.1.0 (GCC) testsuite on i386-pc-solaris2.12


LAST_UPDATED: Obtained from SVN: tags/gcc_6_1_0_release revision 235474

		=== acats tests ===

		=== acats Summary ===
# of expected passes		2320
# of unexpected failures	0
Native configuration is i386-pc-solaris2.12

		=== g++ tests ===


Running target unix
FAIL: g++.dg/cilk-plus/CK/catch_exc.cc  -O1 -fcilkplus execution test
FAIL: g++.dg/cilk-plus/CK/catch_exc.cc  -O3 -fcilkplus execution test
FAIL: g++.dg/cilk-plus/CK/catch_exc.cc  -g -O2 -fcilkplus execution test
FAIL: g++.dg/cilk-plus/CK/catch_exc.cc  -g -fcilkplus execution test
FAIL: g++.dg/guality/pr55665.C   -O2  line 23 p == 40
FAIL: g++.dg/guality/pr55665.C   -O2 -flto  line 23 p == 40
FAIL: g++.dg/guality/pr55665.C   -O2 -flto -flto-partition=none  line 23 p == 40
FAIL: g++.dg/guality/pr55665.C   -O3 -g  line 23 p == 40

		=== g++ Summary for unix ===

# of expected passes		96437
# of unexpected failures	8
# of expected failures		317
# of unsupported tests		3400

Running target unix/-m64
FAIL: g++.dg/guality/pr55665.C   -O2  line 23 p == 40
FAIL: g++.dg/guality/pr55665.C   -O2 -flto  line 23 p == 40
FAIL: g++.dg/guality/pr55665.C   -O2 -flto -flto-partition=none  line 23 p == 40
FAIL: g++.dg/guality/pr55665.C   -O3 -g  line 23 p == 40

		=== g++ Summary for unix/-m64 ===

# of expected passes		97783
# of unexpected failures	4
# of expected failures		317
# of unsupported tests		3652

		=== g++ Summary ===

# of expected passes		194220
# of unexpected failures	12
# of expected failures		634
# of unsupported tests		7052
/var/gcc/gcc-6.1.0/12-gcc-gas/gcc/testsuite/g++/../../xg++  version 6.1.0 (GCC) 

		=== gcc tests ===


Running target unix
XPASS: gcc.dg/guality/guality.c   -O0  execution test
XPASS: gcc.dg/guality/guality.c   -O1  execution test
XPASS: gcc.dg/guality/guality.c   -O2  execution test
XPASS: gcc.dg/guality/guality.c   -O2 -flto  execution test
XPASS: gcc.dg/guality/guality.c   -O2 -flto -flto-partition=none  execution test
XPASS: gcc.dg/guality/guality.c   -O3 -g  execution test
XPASS: gcc.dg/guality/guality.c   -Os  execution test
XPASS: gcc.dg/guality/inline-params.c   -O2  execution test
XPASS: gcc.dg/guality/inline-params.c   -O2 -flto  execution test
XPASS: gcc.dg/guality/inline-params.c   -O2 -flto -flto-partition=none  execution test
XPASS: gcc.dg/guality/inline-params.c   -O3 -g  execution test
XPASS: gcc.dg/guality/inline-params.c   -Os  execution test
XPASS: gcc.dg/guality/pr41353-1.c   -O0  line 28 j == 28 + 37
XPASS: gcc.dg/guality/pr41353-1.c   -O1  line 28 j == 28 + 37
XPASS: gcc.dg/guality/pr41353-1.c   -O2  line 28 j == 28 + 37
XPASS: gcc.dg/guality/pr41353-1.c   -O2 -flto  line 28 j == 28 + 37
XPASS: gcc.dg/guality/pr41353-1.c   -O2 -flto -flto-partition=none  line 28 j == 28 + 37
XPASS: gcc.dg/guality/pr41353-1.c   -O3 -g  line 28 j == 28 + 37
XPASS: gcc.dg/guality/pr41353-1.c   -Os  line 28 j == 28 + 37
FAIL: gcc.dg/guality/pr41447-1.c   -O0  execution test
FAIL: gcc.dg/guality/pr41447-1.c   -O3 -g  execution test
FAIL: gcc.dg/guality/pr41447-1.c   -Os  execution test
FAIL: gcc.dg/guality/pr54519-1.c   -O2 -flto  line 20 y == 25
FAIL: gcc.dg/guality/pr54519-1.c   -O2 -flto  line 20 z == 6
FAIL: gcc.dg/guality/pr54519-1.c   -O2 -flto  line 23 y == 117
FAIL: gcc.dg/guality/pr54519-1.c   -O2 -flto  line 23 z == 8
FAIL: gcc.dg/guality/pr54519-1.c   -O2 -flto -flto-partition=none  line 20 y == 25
FAIL: gcc.dg/guality/pr54519-1.c   -O2 -flto -flto-partition=none  line 20 z == 6
FAIL: gcc.dg/guality/pr54519-1.c   -O2 -flto -flto-partition=none  line 23 y == 117
FAIL: gcc.dg/guality/pr54519-1.c   -O2 -flto -flto-partition=none  line 23 z == 8
FAIL: gcc.dg/guality/pr54519-2.c   -O2 -flto  line 17 y == 25
FAIL: gcc.dg/guality/pr54519-2.c   -O2 -flto -flto-partition=none  line 17 y == 25
FAIL: gcc.dg/guality/pr54519-3.c   -O2 -flto  line 20 y == 25
FAIL: gcc.dg/guality/pr54519-3.c   -O2 -flto  line 20 z == 6
FAIL: gcc.dg/guality/pr54519-3.c   -O2 -flto  line 23 y == 117
FAIL: gcc.dg/guality/pr54519-3.c   -O2 -flto  line 23 z == 8
FAIL: gcc.dg/guality/pr54519-3.c   -O2 -flto -flto-partition=none  line 20 y == 25
FAIL: gcc.dg/guality/pr54519-3.c   -O2 -flto -flto-partition=none  line 20 z == 6
FAIL: gcc.dg/guality/pr54519-3.c   -O2 -flto -flto-partition=none  line 23 y == 117
FAIL: gcc.dg/guality/pr54519-3.c   -O2 -flto -flto-partition=none  line 23 z == 8
FAIL: gcc.dg/guality/pr54519-4.c   -O2 -flto  line 17 y == 25
FAIL: gcc.dg/guality/pr54519-4.c   -O2 -flto -flto-partition=none  line 17 y == 25
FAIL: gcc.dg/guality/pr54519-5.c   -O2 -flto  line 17 y == 25
FAIL: gcc.dg/guality/pr54519-5.c   -O2 -flto -flto-partition=none  line 17 y == 25
FAIL: gcc.dg/guality/pr68860-1.c   -O2 -flto  line 14 arg1 == 1
FAIL: gcc.dg/guality/pr68860-1.c   -O2 -flto  line 14 arg2 == 2
FAIL: gcc.dg/guality/pr68860-1.c   -O2 -flto  line 14 arg3 == 3
FAIL: gcc.dg/guality/pr68860-1.c   -O2 -flto  line 14 arg4 == 4
FAIL: gcc.dg/guality/pr68860-1.c   -O2 -flto  line 14 arg5 == 5
FAIL: gcc.dg/guality/pr68860-1.c   -O2 -flto  line 14 arg6 == 6
FAIL: gcc.dg/guality/pr68860-1.c   -O2 -flto  line 16 arg1 == 1
FAIL: gcc.dg/guality/pr68860-1.c   -O2 -flto  line 16 arg2 == 2
FAIL: gcc.dg/guality/pr68860-1.c   -O2 -flto  line 16 arg3 == 3
FAIL: gcc.dg/guality/pr68860-1.c   -O2 -flto  line 16 arg4 == 4
FAIL: gcc.dg/guality/pr68860-1.c   -O2 -flto  line 16 arg5 == 5
FAIL: gcc.dg/guality/pr68860-1.c   -O2 -flto  line 16 arg6 == 6
FAIL: gcc.dg/guality/pr68860-1.c   -O2 -flto -flto-partition=none  line 14 arg1 == 1
FAIL: gcc.dg/guality/pr68860-1.c   -O2 -flto -flto-partition=none  line 14 arg2 == 2
FAIL: gcc.dg/guality/pr68860-1.c   -O2 -flto -flto-partition=none  line 14 arg3 == 3
FAIL: gcc.dg/guality/pr68860-1.c   -O2 -flto -flto-partition=none  line 14 arg4 == 4
FAIL: gcc.dg/guality/pr68860-1.c   -O2 -flto -flto-partition=none  line 14 arg5 == 5
FAIL: gcc.dg/guality/pr68860-1.c   -O2 -flto -flto-partition=none  line 14 arg6 == 6
FAIL: gcc.dg/guality/pr68860-1.c   -O2 -flto -flto-partition=none  line 16 arg1 == 1
FAIL: gcc.dg/guality/pr68860-1.c   -O2 -flto -flto-partition=none  line 16 arg2 == 2
FAIL: gcc.dg/guality/pr68860-1.c   -O2 -flto -flto-partition=none  line 16 arg3 == 3
FAIL: gcc.dg/guality/pr68860-1.c   -O2 -flto -flto-partition=none  line 16 arg4 == 4
FAIL: gcc.dg/guality/pr68860-1.c   -O2 -flto -flto-partition=none  line 16 arg5 == 5
FAIL: gcc.dg/guality/pr68860-1.c   -O2 -flto -flto-partition=none  line 16 arg6 == 6
FAIL: gcc.dg/guality/vla-1.c   -O1  line 17 sizeof (a) == 6
FAIL: gcc.dg/guality/vla-1.c   -O2  line 17 sizeof (a) == 6
FAIL: gcc.dg/guality/vla-1.c   -O2 -flto  line 17 sizeof (a) == 6
FAIL: gcc.dg/guality/vla-1.c   -O2 -flto -flto-partition=none  line 17 sizeof (a) == 6
FAIL: gcc.dg/guality/vla-1.c   -O3 -g  line 17 sizeof (a) == 6
FAIL: gcc.dg/guality/vla-1.c   -Os  line 17 sizeof (a) == 6

		=== gcc Summary for unix ===

# of expected passes		110401
# of unexpected failures	55
# of unexpected successes	19
# of expected failures		328
# of unsupported tests		1635

Running target unix/-m64
XPASS: gcc.dg/guality/example.c   -O2 -flto -flto-partition=none  execution test
XPASS: gcc.dg/guality/guality.c   -O0  execution test
XPASS: gcc.dg/guality/guality.c   -O1  execution test
XPASS: gcc.dg/guality/guality.c   -O2  execution test
XPASS: gcc.dg/guality/guality.c   -O2 -flto  execution test
XPASS: gcc.dg/guality/guality.c   -O2 -flto -flto-partition=none  execution test
XPASS: gcc.dg/guality/guality.c   -O3 -g  execution test
XPASS: gcc.dg/guality/inline-params.c   -O2  execution test
XPASS: gcc.dg/guality/inline-params.c   -O2 -flto  execution test
XPASS: gcc.dg/guality/inline-params.c   -O2 -flto -flto-partition=none  execution test
XPASS: gcc.dg/guality/inline-params.c   -O3 -g  execution test
XPASS: gcc.dg/guality/pr41353-1.c   -O0  line 28 j == 28 + 37
XPASS: gcc.dg/guality/pr41353-1.c   -O1  line 28 j == 28 + 37
XPASS: gcc.dg/guality/pr41353-1.c   -O2  line 28 j == 28 + 37
XPASS: gcc.dg/guality/pr41353-1.c   -O2 -flto  line 28 j == 28 + 37
XPASS: gcc.dg/guality/pr41353-1.c   -O2 -flto -flto-partition=none  line 28 j == 28 + 37
XPASS: gcc.dg/guality/pr41353-1.c   -O3 -g  line 28 j == 28 + 37
XPASS: gcc.dg/guality/pr41353-1.c   -Os  line 28 j == 28 + 37
FAIL: gcc.dg/guality/pr41447-1.c   -O1  execution test
FAIL: gcc.dg/guality/pr41447-1.c   -O2  execution test
FAIL: gcc.dg/guality/pr41447-1.c   -O2 -flto  execution test
FAIL: gcc.dg/guality/pr41447-1.c   -O2 -flto -flto-partition=none  execution test
FAIL: gcc.dg/guality/pr41447-1.c   -O3 -g  execution test
FAIL: gcc.dg/guality/pr41447-1.c   -Os  execution test
FAIL: gcc.dg/guality/pr54200.c   -Os  line 20 z == 3
FAIL: gcc.dg/guality/pr54519-1.c   -O2 -flto  line 20 y == 25
FAIL: gcc.dg/guality/pr54519-1.c   -O2 -flto  line 20 z == 6
FAIL: gcc.dg/guality/pr54519-1.c   -O2 -flto  line 23 y == 117
FAIL: gcc.dg/guality/pr54519-1.c   -O2 -flto  line 23 z == 8
FAIL: gcc.dg/guality/pr54519-1.c   -O2 -flto -flto-partition=none  line 20 y == 25
FAIL: gcc.dg/guality/pr54519-1.c   -O2 -flto -flto-partition=none  line 20 z == 6
FAIL: gcc.dg/guality/pr54519-1.c   -O2 -flto -flto-partition=none  line 23 y == 117
FAIL: gcc.dg/guality/pr54519-1.c   -O2 -flto -flto-partition=none  line 23 z == 8
FAIL: gcc.dg/guality/pr54519-2.c   -O2 -flto  line 17 y == 25
FAIL: gcc.dg/guality/pr54519-2.c   -O2 -flto -flto-partition=none  line 17 y == 25
FAIL: gcc.dg/guality/pr54519-3.c   -O2 -flto  line 20 y == 25
FAIL: gcc.dg/guality/pr54519-3.c   -O2 -flto  line 20 z == 6
FAIL: gcc.dg/guality/pr54519-3.c   -O2 -flto  line 23 y == 117
FAIL: gcc.dg/guality/pr54519-3.c   -O2 -flto  line 23 z == 8
FAIL: gcc.dg/guality/pr54519-3.c   -O2 -flto -flto-partition=none  line 20 y == 25
FAIL: gcc.dg/guality/pr54519-3.c   -O2 -flto -flto-partition=none  line 20 z == 6
FAIL: gcc.dg/guality/pr54519-3.c   -O2 -flto -flto-partition=none  line 23 y == 117
FAIL: gcc.dg/guality/pr54519-3.c   -O2 -flto -flto-partition=none  line 23 z == 8
FAIL: gcc.dg/guality/pr54519-4.c   -O2 -flto  line 17 y == 25
FAIL: gcc.dg/guality/pr54519-4.c   -O2 -flto -flto-partition=none  line 17 y == 25
FAIL: gcc.dg/guality/pr54519-5.c   -O2 -flto  line 17 y == 25
FAIL: gcc.dg/guality/pr54519-5.c   -O2 -flto -flto-partition=none  line 17 y == 25
FAIL: gcc.dg/guality/pr68860-1.c   -O2 -flto  line 14 arg1 == 1
FAIL: gcc.dg/guality/pr68860-1.c   -O2 -flto  line 14 arg2 == 2
FAIL: gcc.dg/guality/pr68860-1.c   -O2 -flto  line 14 arg3 == 3
FAIL: gcc.dg/guality/pr68860-1.c   -O2 -flto  line 14 arg4 == 4
FAIL: gcc.dg/guality/pr68860-1.c   -O2 -flto  line 14 arg5 == 5
FAIL: gcc.dg/guality/pr68860-1.c   -O2 -flto  line 14 arg6 == 6
FAIL: gcc.dg/guality/pr68860-1.c   -O2 -flto  line 16 arg1 == 1
FAIL: gcc.dg/guality/pr68860-1.c   -O2 -flto  line 16 arg2 == 2
FAIL: gcc.dg/guality/pr68860-1.c   -O2 -flto  line 16 arg3 == 3
FAIL: gcc.dg/guality/pr68860-1.c   -O2 -flto  line 16 arg4 == 4
FAIL: gcc.dg/guality/pr68860-1.c   -O2 -flto  line 16 arg5 == 5
FAIL: gcc.dg/guality/pr68860-1.c   -O2 -flto  line 16 arg6 == 6
FAIL: gcc.dg/guality/pr68860-1.c   -O2 -flto -flto-partition=none  line 14 arg1 == 1
FAIL: gcc.dg/guality/pr68860-1.c   -O2 -flto -flto-partition=none  line 14 arg2 == 2
FAIL: gcc.dg/guality/pr68860-1.c   -O2 -flto -flto-partition=none  line 14 arg3 == 3
FAIL: gcc.dg/guality/pr68860-1.c   -O2 -flto -flto-partition=none  line 14 arg4 == 4
FAIL: gcc.dg/guality/pr68860-1.c   -O2 -flto -flto-partition=none  line 14 arg5 == 5
FAIL: gcc.dg/guality/pr68860-1.c   -O2 -flto -flto-partition=none  line 14 arg6 == 6
FAIL: gcc.dg/guality/pr68860-1.c   -O2 -flto -flto-partition=none  line 16 arg1 == 1
FAIL: gcc.dg/guality/pr68860-1.c   -O2 -flto -flto-partition=none  line 16 arg2 == 2
FAIL: gcc.dg/guality/pr68860-1.c   -O2 -flto -flto-partition=none  line 16 arg3 == 3
FAIL: gcc.dg/guality/pr68860-1.c   -O2 -flto -flto-partition=none  line 16 arg4 == 4
FAIL: gcc.dg/guality/pr68860-1.c   -O2 -flto -flto-partition=none  line 16 arg5 == 5
FAIL: gcc.dg/guality/pr68860-1.c   -O2 -flto -flto-partition=none  line 16 arg6 == 6
FAIL: gcc.dg/guality/vla-1.c   -O1  line 17 sizeof (a) == 6
FAIL: gcc.dg/guality/vla-1.c   -O2  line 17 sizeof (a) == 6
FAIL: gcc.dg/guality/vla-1.c   -O2 -flto  line 17 sizeof (a) == 6
FAIL: gcc.dg/guality/vla-1.c   -O2 -flto -flto-partition=none  line 17 sizeof (a) == 6
FAIL: gcc.dg/guality/vla-1.c   -O3 -g  line 17 sizeof (a) == 6
FAIL: gcc.dg/guality/vla-1.c   -Os  line 17 sizeof (a) == 6

		=== gcc Summary for unix/-m64 ===

# of expected passes		111905
# of unexpected failures	59
# of unexpected successes	18
# of expected failures		325
# of unsupported tests		1712

		=== gcc Summary ===

# of expected passes		222306
# of unexpected failures	114
# of unexpected successes	37
# of expected failures		653
# of unsupported tests		3347
/var/gcc/gcc-6.1.0/12-gcc-gas/gcc/xgcc  version 6.1.0 (GCC) 

		=== gfortran tests ===


Running target unix
FAIL: gfortran.dg/coarray/event_1.f90 -fcoarray=lib  -O2  -lcaf_single -latomic execution test
FAIL: gfortran.dg/coarray/event_2.f90 -fcoarray=lib  -O2  -lcaf_single -latomic execution test

		=== gfortran Summary for unix ===

# of expected passes		41959
# of unexpected failures	2
# of expected failures		72
# of unsupported tests		174

Running target unix/-m64
FAIL: gfortran.dg/coarray/event_1.f90 -fcoarray=lib  -O2  -lcaf_single -latomic execution test

		=== gfortran Summary for unix/-m64 ===

# of expected passes		42177
# of unexpected failures	1
# of expected failures		72
# of unsupported tests		71

		=== gfortran Summary ===

# of expected passes		84136
# of unexpected failures	3
# of expected failures		144
# of unsupported tests		245
/var/gcc/gcc-6.1.0/12-gcc-gas/gcc/testsuite/gfortran/../../gfortran  version 6.1.0 (GCC) 

		=== gnat tests ===


Running target unix

		=== gnat Summary for unix ===

# of expected passes		2499
# of expected failures		22
# of unsupported tests		5

Running target unix/-m64

		=== gnat Summary for unix/-m64 ===

# of expected passes		2499
# of expected failures		22
# of unsupported tests		5

		=== gnat Summary ===

# of expected passes		4998
# of expected failures		44
# of unsupported tests		10
/var/gcc/gcc-6.1.0/12-gcc-gas/gcc/gnatmake version 6.1.0

		=== go tests ===


Running target unix

		=== go Summary for unix ===

# of expected passes		7366
# of expected failures		1
# of untested testcases		10
# of unsupported tests		2

Running target unix/-m64

		=== go Summary for unix/-m64 ===

# of expected passes		7247
# of expected failures		1
# of untested testcases		10
# of unsupported tests		1

		=== go Summary ===

# of expected passes		14613
# of expected failures		2
# of untested testcases		20
# of unsupported tests		3
		=== obj-c++ tests ===


Running target unix

		=== obj-c++ Summary for unix ===

# of expected passes		1454
# of expected failures		2
# of unsupported tests		77

Running target unix/-m64

		=== obj-c++ Summary for unix/-m64 ===

# of expected passes		1446
# of expected failures		10
# of unsupported tests		77

		=== obj-c++ Summary ===

# of expected passes		2900
# of expected failures		12
# of unsupported tests		154
/var/gcc/gcc-6.1.0/12-gcc-gas/gcc/testsuite/obj-c++/../../xg++  version 6.1.0 (GCC) 

		=== objc tests ===


Running target unix

		=== objc Summary for unix ===

# of expected passes		2783
# of expected failures		6
# of unsupported tests		68

Running target unix/-m64

		=== objc Summary for unix/-m64 ===

# of expected passes		2783
# of expected failures		6
# of unsupported tests		68

		=== objc Summary ===

# of expected passes		5566
# of expected failures		12
# of unsupported tests		136
/var/gcc/gcc-6.1.0/12-gcc-gas/gcc/xgcc  version 6.1.0 (GCC) 

		=== boehm-gc tests ===


Running target unix

		=== boehm-gc Summary for unix ===

# of expected passes		12
# of unsupported tests		1

Running target unix/-m64

		=== boehm-gc Summary for unix/-m64 ===

# of expected passes		12
# of unsupported tests		1

		=== boehm-gc Summary ===

# of expected passes		24
# of unsupported tests		2
		=== libatomic tests ===


Running target unix

		=== libatomic Summary for unix ===

# of expected passes		44
# of unsupported tests		5

Running target unix/-m64

		=== libatomic Summary for unix/-m64 ===

# of expected passes		54

		=== libatomic Summary ===

# of expected passes		98
# of unsupported tests		5
		=== libffi tests ===


Running target unix

		=== libffi Summary for unix ===

# of expected passes		2439
# of unsupported tests		30

Running target unix/-m64

		=== libffi Summary for unix/-m64 ===

# of expected passes		1914
# of unsupported tests		30

		=== libffi Summary ===

# of expected passes		4353
# of unsupported tests		60
		=== libgo tests ===


Running target unix

		=== libgo Summary for unix ===

# of expected passes		134

Running target unix/-m64

		=== libgo Summary for unix/-m64 ===

# of expected passes		134

		=== libgo Summary ===

# of expected passes		268
		=== libgomp tests ===


Running target unix

		=== libgomp Summary for unix ===

# of expected passes		5046
# of unsupported tests		274

Running target unix/-m64

		=== libgomp Summary for unix/-m64 ===

# of expected passes		5046
# of unsupported tests		274

		=== libgomp Summary ===

# of expected passes		10092
# of unsupported tests		548
		=== libitm tests ===


Running target unix

		=== libitm Summary for unix ===

# of expected passes		42
# of expected failures		3
# of unsupported tests		1

Running target unix/-m64

		=== libitm Summary for unix/-m64 ===

# of expected passes		42
# of expected failures		3
# of unsupported tests		1

		=== libitm Summary ===

# of expected passes		84
# of expected failures		6
# of unsupported tests		2
		=== libjava tests ===


Running target unix

		=== libjava Summary for unix ===

# of expected passes		2582
# of expected failures		4

Running target unix/-m64

		=== libjava Summary for unix/-m64 ===

# of expected passes		2582
# of expected failures		4

		=== libjava Summary ===

# of expected passes		5164
# of expected failures		8
		=== libstdc++ tests ===


Running target unix

		=== libstdc++ Summary for unix ===

# of expected passes		9866
# of expected failures		68
# of unsupported tests		685

Running target unix/-m64

		=== libstdc++ Summary for unix/-m64 ===

# of expected passes		9866
# of expected failures		68
# of unsupported tests		685

		=== libstdc++ Summary ===

# of expected passes		19732
# of expected failures		136
# of unsupported tests		1370

Compiler version: 6.1.0 (GCC) 
Platform: i386-pc-solaris2.12
configure flags: --prefix=/vol/gcc-6 --enable-objc-gc --with-as=/vol/gcc/bin/gas-2.26 --with-gnu-as --with-gmp-include=/vol/gcc/include --with-gmp-lib=/vol/gcc/lib --with-mpfr-include=/vol/gcc/include --with-mpfr-lib=/vol/gcc/lib --with-mpc-include=/vol/gcc/include --with-mpc-lib=/vol/gcc/lib --enable-languages=all,ada,obj-c++,go --with-isl-include=/vol/gcc/include --with-isl-lib=/vol/gcc/lib
BOOT_CFLAGS=-g -O2


Index Nav: [Date Index] [Subject Index] [Author Index] [Thread Index]
Message Nav: [Date Prev] [Date Next] [Thread Prev] [Thread Next]