This is the mail archive of the
gcc-testresults@gcc.gnu.org
mailing list for the GCC project.
Results for 5.3.1 20160403 [gcc-5-branch revision 234702] (GCC) testsuite on hppa64-hp-hpux11.11
- From: John David Anglin <dave at hiauly3 dot hia dot nrc dot ca>
- To: dave at hiauly3 dot hia dot nrc dot ca, gcc-testresults at gcc dot gnu dot org
- Date: Tue, 5 Apr 2016 15:50:55 -0400 (EDT)
- Subject: Results for 5.3.1 20160403 [gcc-5-branch revision 234702] (GCC) testsuite on hppa64-hp-hpux11.11
- Authentication-results: sourceware.org; auth=none
Native configuration is hppa64-hp-hpux11.11
=== g++ tests ===
Running target unix
WARNING: program timed out.
=== g++ Summary ===
# of expected passes 80036
# of expected failures 285
# of unsupported tests 4110
/mnt/gnu/gcc/objdir-test/gcc/testsuite/g++/../../xg++ version 5.3.1 20160403 [gcc-5-branch revision 234702] (GCC)
=== gcc tests ===
Running target unix
FAIL: gcc.dg/atomic/c11-atomic-exec-5.c -O0 execution test
FAIL: gcc.dg/atomic/c11-atomic-exec-5.c -O1 execution test
FAIL: gcc.dg/atomic/c11-atomic-exec-5.c -O2 execution test
FAIL: gcc.dg/atomic/c11-atomic-exec-5.c -O3 -fomit-frame-pointer execution test
FAIL: gcc.dg/atomic/c11-atomic-exec-5.c -O3 -fomit-frame-pointer -funroll-loops execution test
FAIL: gcc.dg/atomic/c11-atomic-exec-5.c -O3 -fomit-frame-pointer -funroll-all-loops -finline-functions execution test
FAIL: gcc.dg/atomic/c11-atomic-exec-5.c -O3 -g execution test
FAIL: gcc.dg/atomic/c11-atomic-exec-5.c -Os execution test
FAIL: gcc.dg/atomic/c11-atomic-exec-5.c -O2 -flto -flto-partition=none execution test
FAIL: gcc.dg/atomic/c11-atomic-exec-5.c -O2 -flto execution test
XPASS: gcc.dg/sibcall-3.c execution test
XPASS: gcc.dg/sibcall-4.c execution test
WARNING: program timed out.
=== gcc Summary ===
# of expected passes 85020
# of unexpected failures 10
# of unexpected successes 2
# of expected failures 140
# of unsupported tests 1943
/mnt/gnu/gcc/objdir-test/gcc/xgcc version 5.3.1 20160403 [gcc-5-branch revision 234702] (GCC)
=== gfortran tests ===
Running target unix
FAIL: gfortran.dg/coarray/event_2.f90 -fcoarray=lib -O2 -lcaf_single -latomic execution test
=== gfortran Summary ===
# of expected passes 47854
# of unexpected failures 1
# of expected failures 81
# of unsupported tests 410
/mnt/gnu/gcc/objdir-test/gcc/testsuite/gfortran/../../gfortran version 5.3.1 20160403 [gcc-5-branch revision 234702] (GCC)
=== obj-c++ tests ===
Running target unix
=== obj-c++ Summary ===
# of expected passes 1445
# of expected failures 10
# of unsupported tests 86
/mnt/gnu/gcc/objdir-test/gcc/testsuite/obj-c++/../../xg++ version 5.3.1 20160403 [gcc-5-branch revision 234702] (GCC)
=== objc tests ===
Running target unix
=== objc Summary ===
# of expected passes 3014
# of unsupported tests 75
/mnt/gnu/gcc/objdir-test/gcc/xgcc version 5.3.1 20160403 [gcc-5-branch revision 234702] (GCC)
=== libatomic tests ===
Running target unix
=== libatomic Summary ===
# of expected passes 44
# of unsupported tests 5
=== libgomp tests ===
Running target unix
=== libgomp Summary ===
# of expected passes 5768
# of unsupported tests 301
=== libstdc++ tests ===
Running target unix
=== libstdc++ Summary ===
# of expected passes 8649
# of expected failures 65
# of unsupported tests 1023
Compiler version: 5.3.1 20160403 [gcc-5-branch revision 234702] (GCC)
Platform: hppa64-hp-hpux11.11
configure flags:Test Run By dave on Mon Apr 4 21:57:38 2016