This is the mail archive of the
gcc-testresults@gcc.gnu.org
mailing list for the GCC project.
Results for 6.0.0 20160219 (experimental) [trunk revision 233556] (GCC) testsuite on x86_64-pc-solaris2.12
- From: Rainer Orth <ro at CeBiTec dot Uni-Bielefeld dot DE>
- To: gcc-testresults at gcc dot gnu dot org
- Date: Sat, 20 Feb 2016 09:40:12 +0100 (CET)
- Subject: Results for 6.0.0 20160219 (experimental) [trunk revision 233556] (GCC) testsuite on x86_64-pc-solaris2.12
- Authentication-results: sourceware.org; auth=none
LAST_UPDATED: Fri Feb 19 11:56:16 UTC 2016 (revision 233556)
Native configuration is x86_64-pc-solaris2.12
=== boehm-gc tests ===
Running target unix/-m32
=== boehm-gc Summary for unix/-m32 ===
# of expected passes 12
# of unsupported tests 1
Running target unix
=== boehm-gc Summary for unix ===
# of expected passes 12
# of unsupported tests 1
=== boehm-gc Summary ===
# of expected passes 24
# of unsupported tests 2
=== libatomic tests ===
Running target unix/-m32
=== libatomic Summary for unix/-m32 ===
# of expected passes 44
# of unsupported tests 5
Running target unix
=== libatomic Summary for unix ===
# of expected passes 54
=== libatomic Summary ===
# of expected passes 98
# of unsupported tests 5
=== libffi tests ===
Running target unix/-m32
=== libffi Summary for unix/-m32 ===
# of expected passes 2439
# of unsupported tests 30
Running target unix
=== libffi Summary for unix ===
# of expected passes 1914
# of unsupported tests 30
=== libffi Summary ===
# of expected passes 4353
# of unsupported tests 60
=== libgo tests ===
Running target unix
FAIL: go/build
=== libgo Summary for unix ===
# of expected passes 133
# of unexpected failures 1
Running target unix/-m32
FAIL: go/build
=== libgo Summary for unix/-m32 ===
# of expected passes 133
# of unexpected failures 1
=== libgo Summary ===
# of expected passes 266
# of unexpected failures 2
=== libgomp tests ===
Running target unix/-m32
=== libgomp Summary for unix/-m32 ===
# of expected passes 4798
# of unsupported tests 264
Running target unix
=== libgomp Summary for unix ===
# of expected passes 4798
# of unsupported tests 264
=== libgomp Summary ===
# of expected passes 9596
# of unsupported tests 528
=== libitm tests ===
Running target unix/-m32
=== libitm Summary for unix/-m32 ===
# of expected passes 42
# of expected failures 3
# of unsupported tests 1
Running target unix
=== libitm Summary for unix ===
# of expected passes 42
# of expected failures 3
# of unsupported tests 1
=== libitm Summary ===
# of expected passes 84
# of expected failures 6
# of unsupported tests 2
=== libjava tests ===
Running target unix/-m32
=== libjava Summary for unix/-m32 ===
# of expected passes 2582
# of expected failures 4
Running target unix
=== libjava Summary for unix ===
# of expected passes 2582
# of expected failures 4
=== libjava Summary ===
# of expected passes 5164
# of expected failures 8
=== libstdc++ tests ===
Running target unix
=== libstdc++ Summary for unix ===
# of expected passes 9862
# of expected failures 68
# of unsupported tests 684
Running target unix/-m32
=== libstdc++ Summary for unix/-m32 ===
# of expected passes 9862
# of expected failures 68
# of unsupported tests 684
=== libstdc++ Summary ===
# of expected passes 19724
# of expected failures 136
# of unsupported tests 1368
=== acats tests ===
=== acats Summary ===
# of expected passes 2320
# of unexpected failures 0
=== g++ tests ===
Running target unix
=== g++ Summary for unix ===
# of expected passes 95861
# of expected failures 272
# of unsupported tests 3531
Running target unix/-m32
FAIL: g++.dg/cilk-plus/CK/catch_exc.cc -O1 -fcilkplus execution test
FAIL: g++.dg/cilk-plus/CK/catch_exc.cc -O3 -fcilkplus execution test
FAIL: g++.dg/cilk-plus/CK/catch_exc.cc -g -O2 -fcilkplus execution test
FAIL: g++.dg/cilk-plus/CK/catch_exc.cc -g -fcilkplus execution test
FAIL: g++.dg/opt/pr59470.C -std=gnu++11 (test for excess errors)
WARNING: g++.dg/opt/pr59470.C -std=gnu++11 compilation failed to produce executable
FAIL: g++.dg/opt/pr59470.C -std=gnu++14 (test for excess errors)
WARNING: g++.dg/opt/pr59470.C -std=gnu++14 compilation failed to produce executable
FAIL: g++.dg/opt/pr59470.C -std=gnu++98 (test for excess errors)
WARNING: g++.dg/opt/pr59470.C -std=gnu++98 compilation failed to produce executable
=== g++ Summary for unix/-m32 ===
# of expected passes 94509
# of unexpected failures 7
# of expected failures 272
# of unsupported tests 3279
=== g++ Summary ===
# of expected passes 190370
# of unexpected failures 7
# of expected failures 544
# of unsupported tests 6810
/var/gcc/regression/trunk/12-gcc-gas-64/build/gcc/testsuite/g++/../../xg++ version 6.0.0 20160219 (experimental) [trunk revision 233556] (GCC)
=== gcc tests ===
Running target unix
UNRESOLVED: gcc.dg/lto/attr-weakref-1 c_lto_attr-weakref-1_0.o-c_lto_attr-weakref-1_2.o execute -O2 -flto
UNRESOLVED: gcc.dg/lto/attr-weakref-1 c_lto_attr-weakref-1_0.o-c_lto_attr-weakref-1_2.o execute -O2 -flto -flto-partition=none
FAIL: gcc.dg/lto/attr-weakref-1 c_lto_attr-weakref-1_0.o-c_lto_attr-weakref-1_2.o link, -O2 -flto
FAIL: gcc.dg/lto/attr-weakref-1 c_lto_attr-weakref-1_0.o-c_lto_attr-weakref-1_2.o link, -O2 -flto -flto-partition=none
FAIL: gcc.target/i386/chkp-hidden-def.c scan-assembler-not test.chkp
=== gcc Summary for unix ===
# of expected passes 107032
# of unexpected failures 3
# of expected failures 308
# of unresolved testcases 2
# of unsupported tests 1636
Running target unix/-m32
FAIL: gcc.dg/graphite/id-pr45230-1.c (internal compiler error)
FAIL: gcc.dg/graphite/id-pr45230-1.c (test for excess errors)
UNRESOLVED: gcc.dg/lto/attr-weakref-1 c_lto_attr-weakref-1_0.o-c_lto_attr-weakref-1_2.o execute -O2 -flto
UNRESOLVED: gcc.dg/lto/attr-weakref-1 c_lto_attr-weakref-1_0.o-c_lto_attr-weakref-1_2.o execute -O2 -flto -flto-partition=none
FAIL: gcc.dg/lto/attr-weakref-1 c_lto_attr-weakref-1_0.o-c_lto_attr-weakref-1_2.o link, -O2 -flto
FAIL: gcc.dg/lto/attr-weakref-1 c_lto_attr-weakref-1_0.o-c_lto_attr-weakref-1_2.o link, -O2 -flto -flto-partition=none
FAIL: gcc.dg/torture/builtin-integral-1.c -O1 (test for excess errors)
FAIL: gcc.dg/torture/builtin-integral-1.c -O2 (test for excess errors)
FAIL: gcc.dg/torture/builtin-integral-1.c -O2 -flto (test for excess errors)
FAIL: gcc.dg/torture/builtin-integral-1.c -O2 -flto -flto-partition=none (test for excess errors)
FAIL: gcc.dg/torture/builtin-integral-1.c -O3 -g (test for excess errors)
FAIL: gcc.dg/torture/builtin-integral-1.c -Os (test for excess errors)
FAIL: gcc.target/i386/chkp-hidden-def.c scan-assembler-not test.chkp
=== gcc Summary for unix/-m32 ===
# of expected passes 106079
# of unexpected failures 11
# of expected failures 312
# of unresolved testcases 2
# of unsupported tests 1463
=== gcc Summary ===
# of expected passes 213111
# of unexpected failures 14
# of expected failures 620
# of unresolved testcases 4
# of unsupported tests 3099
/var/gcc/regression/trunk/12-gcc-gas-64/build/gcc/xgcc version 6.0.0 20160219 (experimental) [trunk revision 233556] (GCC)
=== gfortran tests ===
Running target unix
FAIL: gfortran.dg/coarray/event_1.f90 -fcoarray=lib -O2 -lcaf_single -latomic execution test
FAIL: gfortran.dg/coarray/event_2.f90 -fcoarray=lib -O2 -lcaf_single -latomic execution test
=== gfortran Summary for unix ===
# of expected passes 41827
# of unexpected failures 2
# of expected failures 71
# of unsupported tests 70
Running target unix/-m32
FAIL: gfortran.dg/coarray/event_1.f90 -fcoarray=lib -O2 -lcaf_single -latomic execution test
FAIL: gfortran.dg/coarray/event_2.f90 -fcoarray=lib -O2 -lcaf_single -latomic execution test
=== gfortran Summary for unix/-m32 ===
# of expected passes 41610
# of unexpected failures 2
# of expected failures 71
# of unsupported tests 173
=== gfortran Summary ===
# of expected passes 83437
# of unexpected failures 4
# of expected failures 142
# of unsupported tests 243
/var/gcc/regression/trunk/12-gcc-gas-64/build/gcc/testsuite/gfortran/../../gfortran version 6.0.0 20160219 (experimental) [trunk revision 233556] (GCC)
=== gnat tests ===
Running target unix/-m32
=== gnat Summary for unix/-m32 ===
# of expected passes 2489
# of expected failures 22
# of unsupported tests 5
Running target unix
=== gnat Summary for unix ===
# of expected passes 2489
# of expected failures 22
# of unsupported tests 5
=== gnat Summary ===
# of expected passes 4978
# of expected failures 44
# of unsupported tests 10
/var/gcc/regression/trunk/12-gcc-gas-64/build/gcc/gnatmake version 6.0.0 20160219 (experimental) [trunk revision 233556]
=== go tests ===
Running target unix
=== go Summary for unix ===
# of expected passes 7247
# of expected failures 1
# of untested testcases 10
# of unsupported tests 1
Running target unix/-m32
=== go Summary for unix/-m32 ===
# of expected passes 7366
# of expected failures 1
# of untested testcases 10
# of unsupported tests 2
=== go Summary ===
# of expected passes 14613
# of expected failures 2
# of untested testcases 20
# of unsupported tests 3
=== obj-c++ tests ===
Running target unix/-m32
=== obj-c++ Summary for unix/-m32 ===
# of expected passes 1454
# of expected failures 2
# of unsupported tests 77
Running target unix
=== obj-c++ Summary for unix ===
# of expected passes 1446
# of expected failures 10
# of unsupported tests 77
=== obj-c++ Summary ===
# of expected passes 2900
# of expected failures 12
# of unsupported tests 154
/var/gcc/regression/trunk/12-gcc-gas-64/build/gcc/testsuite/obj-c++/../../xg++ version 6.0.0 20160219 (experimental) [trunk revision 233556] (GCC)
=== objc tests ===
Running target unix
=== objc Summary for unix ===
# of expected passes 2782
# of expected failures 6
# of unsupported tests 68
Running target unix/-m32
=== objc Summary for unix/-m32 ===
# of expected passes 2782
# of expected failures 6
# of unsupported tests 68
=== objc Summary ===
# of expected passes 5564
# of expected failures 12
# of unsupported tests 136
/var/gcc/regression/trunk/12-gcc-gas-64/build/gcc/xgcc version 6.0.0 20160219 (experimental) [trunk revision 233556] (GCC)
Compiler version: 6.0.0 20160219 (experimental) [trunk revision 233556] (GCC)
Platform: x86_64-pc-solaris2.12
configure flags: --prefix=/vol/gcc --target=amd64-pc-solaris2.12 --enable-objc-gc --with-as=/vol/gcc/bin/amd64/gas-2.26 --with-gnu-as --with-gmp-include=/vol/gcc/include --with-gmp-lib=/vol/gcc/lib/amd64 --with-mpfr-include=/vol/gcc/include --with-mpfr-lib=/vol/gcc/lib/amd64 --with-mpc-include=/vol/gcc/include --with-mpc-lib=/vol/gcc/lib/amd64 --enable-languages=all,ada,obj-c++,go --with-isl-include=/vol/gcc/include --with-isl-lib=/vol/gcc/lib/amd64 --build=amd64-pc-solaris2.12 --host=amd64-pc-solaris2.12
BOOT_CFLAGS=-g -O2