This is the mail archive of the
gcc-testresults@gcc.gnu.org
mailing list for the GCC project.
Results for 6.0.0 20160212 (experimental) [trunk revision 233375] (GCC) testsuite on i386-pc-solaris2.11
- From: Rainer Orth <ro at CeBiTec dot Uni-Bielefeld dot DE>
- To: gcc-testresults at gcc dot gnu dot org
- Date: Sat, 13 Feb 2016 22:08:31 +0100 (CET)
- Subject: Results for 6.0.0 20160212 (experimental) [trunk revision 233375] (GCC) testsuite on i386-pc-solaris2.11
- Authentication-results: sourceware.org; auth=none
LAST_UPDATED: Fri Feb 12 12:34:26 UTC 2016 (revision 233375)
=== acats tests ===
=== acats Summary ===
# of expected passes 2320
# of unexpected failures 0
Native configuration is i386-pc-solaris2.11
=== g++ tests ===
Running target unix
FAIL: g++.dg/cilk-plus/CK/catch_exc.cc -O1 -fcilkplus execution test
FAIL: g++.dg/cilk-plus/CK/catch_exc.cc -O3 -fcilkplus execution test
FAIL: g++.dg/cilk-plus/CK/catch_exc.cc -g -O2 -fcilkplus execution test
FAIL: g++.dg/cilk-plus/CK/catch_exc.cc -g -fcilkplus execution test
FAIL: g++.dg/ext/attr-constructor1.C -std=c++11 (test for errors, line 5)
FAIL: g++.dg/ext/attr-constructor1.C -std=c++11 (test for excess errors)
FAIL: g++.dg/ext/attr-constructor1.C -std=c++14 (test for errors, line 5)
FAIL: g++.dg/ext/attr-constructor1.C -std=c++14 (test for excess errors)
=== g++ Summary for unix ===
# of expected passes 94289
# of unexpected failures 8
# of expected failures 278
# of unsupported tests 3308
Running target unix/-m64
FAIL: g++.dg/ext/attr-constructor1.C -std=c++11 (test for errors, line 5)
FAIL: g++.dg/ext/attr-constructor1.C -std=c++11 (test for excess errors)
FAIL: g++.dg/ext/attr-constructor1.C -std=c++14 (test for errors, line 5)
FAIL: g++.dg/ext/attr-constructor1.C -std=c++14 (test for excess errors)
=== g++ Summary for unix/-m64 ===
# of expected passes 95635
# of unexpected failures 4
# of expected failures 278
# of unsupported tests 3560
=== g++ Summary ===
# of expected passes 189924
# of unexpected failures 12
# of expected failures 556
# of unsupported tests 6868
/var/gcc/regression/trunk/11-gcc/build/gcc/testsuite/g++/../../xg++ version 6.0.0 20160212 (experimental) [trunk revision 233375] (GCC)
=== gcc tests ===
Running target unix
FAIL: gcc.c-torture/execute/alias-3.c -O0 execution test
FAIL: gcc.c-torture/execute/alias-3.c -O1 execution test
FAIL: gcc.c-torture/execute/alias-3.c -O2 execution test
FAIL: gcc.c-torture/execute/alias-3.c -O2 -flto execution test
FAIL: gcc.c-torture/execute/alias-3.c -O2 -flto -flto-partition=none execution test
FAIL: gcc.c-torture/execute/alias-3.c -O3 -g execution test
FAIL: gcc.c-torture/execute/alias-3.c -Os execution test
FAIL: gcc.dg/debug/dwarf2/prod-options.c scan-assembler DW_AT_producer: "GNU C
FAIL: gcc.dg/pr69522.c (test for excess errors)
FAIL: gcc.dg/visibility-22.c execution test
FAIL: gcc.dg/graphite/id-pr45230-1.c (internal compiler error)
FAIL: gcc.dg/graphite/id-pr45230-1.c (test for excess errors)
FAIL: gcc.dg/torture/builtin-integral-1.c -O1 (test for excess errors)
FAIL: gcc.dg/torture/builtin-integral-1.c -O2 (test for excess errors)
FAIL: gcc.dg/torture/builtin-integral-1.c -O2 -flto (test for excess errors)
FAIL: gcc.dg/torture/builtin-integral-1.c -O2 -flto -flto-partition=none (test for excess errors)
FAIL: gcc.dg/torture/builtin-integral-1.c -O3 -g (test for excess errors)
FAIL: gcc.dg/torture/builtin-integral-1.c -Os (test for excess errors)
FAIL: gcc.target/i386/avx512vl-vpmovdb-1.c scan-assembler-times vpmovdb[ \\\\t]+[^{\\n]*%xmm[0-9]+[^\\n]*%xmm[0-9]+{%k[1-7]}(?:\\n|[ \\\\t]+#) 1
FAIL: gcc.target/i386/avx512vl-vpmovdb-1.c scan-assembler-times vpmovdb[ \\\\t]+[^{\\n]*%xmm[0-9]+[^\\n]*%xmm[0-9]+{%k[1-7]}{z}(?:\\n|[ \\\\t]+#) 1
FAIL: gcc.target/i386/avx512vl-vpmovdb-1.c scan-assembler-times vpmovdb[ \\\\t]+[^{\\n]*%ymm[0-9]+[^\\n]*%xmm[0-9]+{%k[1-7]}(?:\\n|[ \\\\t]+#) 1
FAIL: gcc.target/i386/avx512vl-vpmovdb-1.c scan-assembler-times vpmovdb[ \\\\t]+[^{\\n]*%ymm[0-9]+[^\\n]*%xmm[0-9]+{%k[1-7]}{z}(?:\\n|[ \\\\t]+#) 1
FAIL: gcc.target/i386/avx512vl-vpmovqb-1.c scan-assembler-times vpmovqb[ \\\\t]+[^{\\n]*%xmm[0-9]+[^\\n]*%xmm[0-9]+{%k[1-7]}(?:\\n|[ \\\\t]+#) 1
FAIL: gcc.target/i386/avx512vl-vpmovqb-1.c scan-assembler-times vpmovqb[ \\\\t]+[^{\\n]*%xmm[0-9]+[^\\n]*%xmm[0-9]+{%k[1-7]}{z}(?:\\n|[ \\\\t]+#) 1
FAIL: gcc.target/i386/avx512vl-vpmovqb-1.c scan-assembler-times vpmovqb[ \\\\t]+[^{\\n]*%ymm[0-9]+[^\\n]*%xmm[0-9]+{%k[1-7]}(?:\\n|[ \\\\t]+#) 1
FAIL: gcc.target/i386/avx512vl-vpmovqb-1.c scan-assembler-times vpmovqb[ \\\\t]+[^{\\n]*%ymm[0-9]+[^\\n]*%xmm[0-9]+{%k[1-7]}{z}(?:\\n|[ \\\\t]+#) 1
FAIL: gcc.target/i386/avx512vl-vpmovqw-1.c scan-assembler-times vpmovqw[ \\\\t]+[^{\\n]*%xmm[0-9]+[^\\n]*%xmm[0-9]+{%k[1-7]}(?:\\n|[ \\\\t]+#) 1
FAIL: gcc.target/i386/avx512vl-vpmovqw-1.c scan-assembler-times vpmovqw[ \\\\t]+[^{\\n]*%xmm[0-9]+[^\\n]*%xmm[0-9]+{%k[1-7]}{z}(?:\\n|[ \\\\t]+#) 1
FAIL: gcc.target/i386/avx512vl-vpmovqw-1.c scan-assembler-times vpmovqw[ \\\\t]+[^{\\n]*%ymm[0-9]+[^\\n]*%xmm[0-9]+{%k[1-7]}(?:\\n|[ \\\\t]+#) 1
FAIL: gcc.target/i386/avx512vl-vpmovqw-1.c scan-assembler-times vpmovqw[ \\\\t]+[^{\\n]*%ymm[0-9]+[^\\n]*%xmm[0-9]+{%k[1-7]}{z}(?:\\n|[ \\\\t]+#) 1
FAIL: gcc.target/i386/avx512vl-vpmovsdb-1.c scan-assembler-times vpmovsdb[ \\\\t]+[^{\\n]*%xmm[0-9]+[^\\n]*%xmm[0-9]+{%k[1-7]}(?:\\n|[ \\\\t]+#) 1
FAIL: gcc.target/i386/avx512vl-vpmovsdb-1.c scan-assembler-times vpmovsdb[ \\\\t]+[^{\\n]*%xmm[0-9]+[^\\n]*%xmm[0-9]+{%k[1-7]}{z}(?:\\n|[ \\\\t]+#) 1
FAIL: gcc.target/i386/avx512vl-vpmovsdb-1.c scan-assembler-times vpmovsdb[ \\\\t]+[^{\\n]*%ymm[0-9]+[^\\n]*%xmm[0-9]+{%k[1-7]}(?:\\n|[ \\\\t]+#) 1
FAIL: gcc.target/i386/avx512vl-vpmovsdb-1.c scan-assembler-times vpmovsdb[ \\\\t]+[^{\\n]*%ymm[0-9]+[^\\n]*%xmm[0-9]+{%k[1-7]}{z}(?:\\n|[ \\\\t]+#) 1
FAIL: gcc.target/i386/avx512vl-vpmovsqb-1.c scan-assembler-times vpmovsqb[ \\\\t]+[^{\\n]*%xmm[0-9]+[^\\n]*%xmm[0-9]+{%k[1-7]}(?:\\n|[ \\\\t]+#) 1
FAIL: gcc.target/i386/avx512vl-vpmovsqb-1.c scan-assembler-times vpmovsqb[ \\\\t]+[^{\\n]*%xmm[0-9]+[^\\n]*%xmm[0-9]+{%k[1-7]}{z}(?:\\n|[ \\\\t]+#) 1
FAIL: gcc.target/i386/avx512vl-vpmovsqb-1.c scan-assembler-times vpmovsqb[ \\\\t]+[^{\\n]*%ymm[0-9]+[^\\n]*%xmm[0-9]+{%k[1-7]}(?:\\n|[ \\\\t]+#) 1
FAIL: gcc.target/i386/avx512vl-vpmovsqb-1.c scan-assembler-times vpmovsqb[ \\\\t]+[^{\\n]*%ymm[0-9]+[^\\n]*%xmm[0-9]+{%k[1-7]}{z}(?:\\n|[ \\\\t]+#) 1
FAIL: gcc.target/i386/avx512vl-vpmovsqw-1.c scan-assembler-times vpmovsqw[ \\\\t]+[^{\\n]*%xmm[0-9]+[^\\n]*%xmm[0-9]+{%k[1-7]}(?:\\n|[ \\\\t]+#) 1
FAIL: gcc.target/i386/avx512vl-vpmovsqw-1.c scan-assembler-times vpmovsqw[ \\\\t]+[^{\\n]*%xmm[0-9]+[^\\n]*%xmm[0-9]+{%k[1-7]}{z}(?:\\n|[ \\\\t]+#) 1
FAIL: gcc.target/i386/avx512vl-vpmovsqw-1.c scan-assembler-times vpmovsqw[ \\\\t]+[^{\\n]*%ymm[0-9]+[^\\n]*%xmm[0-9]+{%k[1-7]}(?:\\n|[ \\\\t]+#) 1
FAIL: gcc.target/i386/avx512vl-vpmovsqw-1.c scan-assembler-times vpmovsqw[ \\\\t]+[^{\\n]*%ymm[0-9]+[^\\n]*%xmm[0-9]+{%k[1-7]}{z}(?:\\n|[ \\\\t]+#) 1
FAIL: gcc.target/i386/avx512vl-vpmovusdb-1.c scan-assembler-times vpmovusdb[ \\\\t]+[^{\\n]*%xmm[0-9]+[^\\n]*%xmm[0-9]+{%k[1-7]}(?:\\n|[ \\\\t]+#) 1
FAIL: gcc.target/i386/avx512vl-vpmovusdb-1.c scan-assembler-times vpmovusdb[ \\\\t]+[^{\\n]*%xmm[0-9]+[^\\n]*%xmm[0-9]+{%k[1-7]}{z}(?:\\n|[ \\\\t]+#) 1
FAIL: gcc.target/i386/avx512vl-vpmovusdb-1.c scan-assembler-times vpmovusdb[ \\\\t]+[^{\\n]*%ymm[0-9]+[^\\n]*%xmm[0-9]+{%k[1-7]}(?:\\n|[ \\\\t]+#) 1
FAIL: gcc.target/i386/avx512vl-vpmovusdb-1.c scan-assembler-times vpmovusdb[ \\\\t]+[^{\\n]*%ymm[0-9]+[^\\n]*%xmm[0-9]+{%k[1-7]}{z}(?:\\n|[ \\\\t]+#) 1
FAIL: gcc.target/i386/avx512vl-vpmovusqb-1.c scan-assembler-times vpmovusqb[ \\\\t]+[^{\\n]*%xmm[0-9]+[^\\n]*%xmm[0-9]+{%k[1-7]}(?:\\n|[ \\\\t]+#) 1
FAIL: gcc.target/i386/avx512vl-vpmovusqb-1.c scan-assembler-times vpmovusqb[ \\\\t]+[^{\\n]*%xmm[0-9]+[^\\n]*%xmm[0-9]+{%k[1-7]}{z}(?:\\n|[ \\\\t]+#) 1
FAIL: gcc.target/i386/avx512vl-vpmovusqb-1.c scan-assembler-times vpmovusqb[ \\\\t]+[^{\\n]*%ymm[0-9]+[^\\n]*%xmm[0-9]+{%k[1-7]}(?:\\n|[ \\\\t]+#) 1
FAIL: gcc.target/i386/avx512vl-vpmovusqb-1.c scan-assembler-times vpmovusqb[ \\\\t]+[^{\\n]*%ymm[0-9]+[^\\n]*%xmm[0-9]+{%k[1-7]}{z}(?:\\n|[ \\\\t]+#) 1
FAIL: gcc.target/i386/avx512vl-vpmovusqw-1.c scan-assembler-times vpmovusqw[ \\\\t]+[^{\\n]*%xmm[0-9]+[^\\n]*%xmm[0-9]+{%k[1-7]}(?:\\n|[ \\\\t]+#) 1
FAIL: gcc.target/i386/avx512vl-vpmovusqw-1.c scan-assembler-times vpmovusqw[ \\\\t]+[^{\\n]*%xmm[0-9]+[^\\n]*%xmm[0-9]+{%k[1-7]}{z}(?:\\n|[ \\\\t]+#) 1
FAIL: gcc.target/i386/avx512vl-vpmovusqw-1.c scan-assembler-times vpmovusqw[ \\\\t]+[^{\\n]*%ymm[0-9]+[^\\n]*%xmm[0-9]+{%k[1-7]}(?:\\n|[ \\\\t]+#) 1
FAIL: gcc.target/i386/avx512vl-vpmovusqw-1.c scan-assembler-times vpmovusqw[ \\\\t]+[^{\\n]*%ymm[0-9]+[^\\n]*%xmm[0-9]+{%k[1-7]}{z}(?:\\n|[ \\\\t]+#) 1
FAIL: gcc.target/i386/chkp-hidden-def.c scan-assembler-not test.chkp
=== gcc Summary for unix ===
# of expected passes 103835
# of unexpected failures 55
# of expected failures 313
# of unsupported tests 2401
Running target unix/-m64
FAIL: gcc.c-torture/execute/alias-3.c -O0 execution test
FAIL: gcc.c-torture/execute/alias-3.c -O1 execution test
FAIL: gcc.c-torture/execute/alias-3.c -O2 execution test
FAIL: gcc.c-torture/execute/alias-3.c -O2 -flto execution test
FAIL: gcc.c-torture/execute/alias-3.c -O2 -flto -flto-partition=none execution test
FAIL: gcc.c-torture/execute/alias-3.c -O3 -g execution test
FAIL: gcc.c-torture/execute/alias-3.c -Os execution test
FAIL: gcc.dg/debug/dwarf2/prod-options.c scan-assembler DW_AT_producer: "GNU C
FAIL: gcc.dg/pr69522.c (test for excess errors)
FAIL: gcc.dg/visibility-22.c execution test
FAIL: gcc.target/i386/avx512vl-vpmovdb-1.c scan-assembler-times vpmovdb[ \\\\t]+[^{\\n]*%xmm[0-9]+[^\\n]*%xmm[0-9]+{%k[1-7]}(?:\\n|[ \\\\t]+#) 1
FAIL: gcc.target/i386/avx512vl-vpmovdb-1.c scan-assembler-times vpmovdb[ \\\\t]+[^{\\n]*%xmm[0-9]+[^\\n]*%xmm[0-9]+{%k[1-7]}{z}(?:\\n|[ \\\\t]+#) 1
FAIL: gcc.target/i386/avx512vl-vpmovdb-1.c scan-assembler-times vpmovdb[ \\\\t]+[^{\\n]*%ymm[0-9]+[^\\n]*%xmm[0-9]+{%k[1-7]}(?:\\n|[ \\\\t]+#) 1
FAIL: gcc.target/i386/avx512vl-vpmovdb-1.c scan-assembler-times vpmovdb[ \\\\t]+[^{\\n]*%ymm[0-9]+[^\\n]*%xmm[0-9]+{%k[1-7]}{z}(?:\\n|[ \\\\t]+#) 1
FAIL: gcc.target/i386/avx512vl-vpmovqb-1.c scan-assembler-times vpmovqb[ \\\\t]+[^{\\n]*%xmm[0-9]+[^\\n]*%xmm[0-9]+{%k[1-7]}(?:\\n|[ \\\\t]+#) 1
FAIL: gcc.target/i386/avx512vl-vpmovqb-1.c scan-assembler-times vpmovqb[ \\\\t]+[^{\\n]*%xmm[0-9]+[^\\n]*%xmm[0-9]+{%k[1-7]}{z}(?:\\n|[ \\\\t]+#) 1
FAIL: gcc.target/i386/avx512vl-vpmovqb-1.c scan-assembler-times vpmovqb[ \\\\t]+[^{\\n]*%ymm[0-9]+[^\\n]*%xmm[0-9]+{%k[1-7]}(?:\\n|[ \\\\t]+#) 1
FAIL: gcc.target/i386/avx512vl-vpmovqb-1.c scan-assembler-times vpmovqb[ \\\\t]+[^{\\n]*%ymm[0-9]+[^\\n]*%xmm[0-9]+{%k[1-7]}{z}(?:\\n|[ \\\\t]+#) 1
FAIL: gcc.target/i386/avx512vl-vpmovqw-1.c scan-assembler-times vpmovqw[ \\\\t]+[^{\\n]*%xmm[0-9]+[^\\n]*%xmm[0-9]+{%k[1-7]}(?:\\n|[ \\\\t]+#) 1
FAIL: gcc.target/i386/avx512vl-vpmovqw-1.c scan-assembler-times vpmovqw[ \\\\t]+[^{\\n]*%xmm[0-9]+[^\\n]*%xmm[0-9]+{%k[1-7]}{z}(?:\\n|[ \\\\t]+#) 1
FAIL: gcc.target/i386/avx512vl-vpmovqw-1.c scan-assembler-times vpmovqw[ \\\\t]+[^{\\n]*%ymm[0-9]+[^\\n]*%xmm[0-9]+{%k[1-7]}(?:\\n|[ \\\\t]+#) 1
FAIL: gcc.target/i386/avx512vl-vpmovqw-1.c scan-assembler-times vpmovqw[ \\\\t]+[^{\\n]*%ymm[0-9]+[^\\n]*%xmm[0-9]+{%k[1-7]}{z}(?:\\n|[ \\\\t]+#) 1
FAIL: gcc.target/i386/avx512vl-vpmovsdb-1.c scan-assembler-times vpmovsdb[ \\\\t]+[^{\\n]*%xmm[0-9]+[^\\n]*%xmm[0-9]+{%k[1-7]}(?:\\n|[ \\\\t]+#) 1
FAIL: gcc.target/i386/avx512vl-vpmovsdb-1.c scan-assembler-times vpmovsdb[ \\\\t]+[^{\\n]*%xmm[0-9]+[^\\n]*%xmm[0-9]+{%k[1-7]}{z}(?:\\n|[ \\\\t]+#) 1
FAIL: gcc.target/i386/avx512vl-vpmovsdb-1.c scan-assembler-times vpmovsdb[ \\\\t]+[^{\\n]*%ymm[0-9]+[^\\n]*%xmm[0-9]+{%k[1-7]}(?:\\n|[ \\\\t]+#) 1
FAIL: gcc.target/i386/avx512vl-vpmovsdb-1.c scan-assembler-times vpmovsdb[ \\\\t]+[^{\\n]*%ymm[0-9]+[^\\n]*%xmm[0-9]+{%k[1-7]}{z}(?:\\n|[ \\\\t]+#) 1
FAIL: gcc.target/i386/avx512vl-vpmovsqb-1.c scan-assembler-times vpmovsqb[ \\\\t]+[^{\\n]*%xmm[0-9]+[^\\n]*%xmm[0-9]+{%k[1-7]}(?:\\n|[ \\\\t]+#) 1
FAIL: gcc.target/i386/avx512vl-vpmovsqb-1.c scan-assembler-times vpmovsqb[ \\\\t]+[^{\\n]*%xmm[0-9]+[^\\n]*%xmm[0-9]+{%k[1-7]}{z}(?:\\n|[ \\\\t]+#) 1
FAIL: gcc.target/i386/avx512vl-vpmovsqb-1.c scan-assembler-times vpmovsqb[ \\\\t]+[^{\\n]*%ymm[0-9]+[^\\n]*%xmm[0-9]+{%k[1-7]}(?:\\n|[ \\\\t]+#) 1
FAIL: gcc.target/i386/avx512vl-vpmovsqb-1.c scan-assembler-times vpmovsqb[ \\\\t]+[^{\\n]*%ymm[0-9]+[^\\n]*%xmm[0-9]+{%k[1-7]}{z}(?:\\n|[ \\\\t]+#) 1
FAIL: gcc.target/i386/avx512vl-vpmovsqw-1.c scan-assembler-times vpmovsqw[ \\\\t]+[^{\\n]*%xmm[0-9]+[^\\n]*%xmm[0-9]+{%k[1-7]}(?:\\n|[ \\\\t]+#) 1
FAIL: gcc.target/i386/avx512vl-vpmovsqw-1.c scan-assembler-times vpmovsqw[ \\\\t]+[^{\\n]*%xmm[0-9]+[^\\n]*%xmm[0-9]+{%k[1-7]}{z}(?:\\n|[ \\\\t]+#) 1
FAIL: gcc.target/i386/avx512vl-vpmovsqw-1.c scan-assembler-times vpmovsqw[ \\\\t]+[^{\\n]*%ymm[0-9]+[^\\n]*%xmm[0-9]+{%k[1-7]}(?:\\n|[ \\\\t]+#) 1
FAIL: gcc.target/i386/avx512vl-vpmovsqw-1.c scan-assembler-times vpmovsqw[ \\\\t]+[^{\\n]*%ymm[0-9]+[^\\n]*%xmm[0-9]+{%k[1-7]}{z}(?:\\n|[ \\\\t]+#) 1
FAIL: gcc.target/i386/avx512vl-vpmovusdb-1.c scan-assembler-times vpmovusdb[ \\\\t]+[^{\\n]*%xmm[0-9]+[^\\n]*%xmm[0-9]+{%k[1-7]}(?:\\n|[ \\\\t]+#) 1
FAIL: gcc.target/i386/avx512vl-vpmovusdb-1.c scan-assembler-times vpmovusdb[ \\\\t]+[^{\\n]*%xmm[0-9]+[^\\n]*%xmm[0-9]+{%k[1-7]}{z}(?:\\n|[ \\\\t]+#) 1
FAIL: gcc.target/i386/avx512vl-vpmovusdb-1.c scan-assembler-times vpmovusdb[ \\\\t]+[^{\\n]*%ymm[0-9]+[^\\n]*%xmm[0-9]+{%k[1-7]}(?:\\n|[ \\\\t]+#) 1
FAIL: gcc.target/i386/avx512vl-vpmovusdb-1.c scan-assembler-times vpmovusdb[ \\\\t]+[^{\\n]*%ymm[0-9]+[^\\n]*%xmm[0-9]+{%k[1-7]}{z}(?:\\n|[ \\\\t]+#) 1
FAIL: gcc.target/i386/avx512vl-vpmovusqb-1.c scan-assembler-times vpmovusqb[ \\\\t]+[^{\\n]*%xmm[0-9]+[^\\n]*%xmm[0-9]+{%k[1-7]}(?:\\n|[ \\\\t]+#) 1
FAIL: gcc.target/i386/avx512vl-vpmovusqb-1.c scan-assembler-times vpmovusqb[ \\\\t]+[^{\\n]*%xmm[0-9]+[^\\n]*%xmm[0-9]+{%k[1-7]}{z}(?:\\n|[ \\\\t]+#) 1
FAIL: gcc.target/i386/avx512vl-vpmovusqb-1.c scan-assembler-times vpmovusqb[ \\\\t]+[^{\\n]*%ymm[0-9]+[^\\n]*%xmm[0-9]+{%k[1-7]}(?:\\n|[ \\\\t]+#) 1
FAIL: gcc.target/i386/avx512vl-vpmovusqb-1.c scan-assembler-times vpmovusqb[ \\\\t]+[^{\\n]*%ymm[0-9]+[^\\n]*%xmm[0-9]+{%k[1-7]}{z}(?:\\n|[ \\\\t]+#) 1
FAIL: gcc.target/i386/avx512vl-vpmovusqw-1.c scan-assembler-times vpmovusqw[ \\\\t]+[^{\\n]*%xmm[0-9]+[^\\n]*%xmm[0-9]+{%k[1-7]}(?:\\n|[ \\\\t]+#) 1
FAIL: gcc.target/i386/avx512vl-vpmovusqw-1.c scan-assembler-times vpmovusqw[ \\\\t]+[^{\\n]*%xmm[0-9]+[^\\n]*%xmm[0-9]+{%k[1-7]}{z}(?:\\n|[ \\\\t]+#) 1
FAIL: gcc.target/i386/avx512vl-vpmovusqw-1.c scan-assembler-times vpmovusqw[ \\\\t]+[^{\\n]*%ymm[0-9]+[^\\n]*%xmm[0-9]+{%k[1-7]}(?:\\n|[ \\\\t]+#) 1
FAIL: gcc.target/i386/avx512vl-vpmovusqw-1.c scan-assembler-times vpmovusqw[ \\\\t]+[^{\\n]*%ymm[0-9]+[^\\n]*%xmm[0-9]+{%k[1-7]}{z}(?:\\n|[ \\\\t]+#) 1
FAIL: gcc.target/i386/chkp-hidden-def.c scan-assembler-not test.chkp
FAIL: gcc.target/i386/pr58218.c (test for excess errors)
FAIL: gcc.target/i386/pr61599-1.c (test for excess errors)
WARNING: gcc.target/i386/pr61599-1.c compilation failed to produce executable
=== gcc Summary for unix/-m64 ===
# of expected passes 104702
# of unexpected failures 49
# of expected failures 309
# of unsupported tests 2595
=== gcc Summary ===
# of expected passes 208537
# of unexpected failures 104
# of expected failures 622
# of unsupported tests 4996
/var/gcc/regression/trunk/11-gcc/build/gcc/xgcc version 6.0.0 20160212 (experimental) [trunk revision 233375] (GCC)
=== gfortran tests ===
Running target unix
FAIL: gfortran.dg/coarray/event_1.f90 -fcoarray=lib -O2 -lcaf_single -latomic execution test
FAIL: gfortran.dg/coarray/event_2.f90 -fcoarray=lib -O2 -lcaf_single -latomic execution test
=== gfortran Summary for unix ===
# of expected passes 41562
# of unexpected failures 2
# of expected failures 71
# of unsupported tests 173
Running target unix/-m64
FAIL: gfortran.dg/coarray/event_1.f90 -fcoarray=lib -O2 -lcaf_single -latomic execution test
FAIL: gfortran.dg/coarray/event_2.f90 -fcoarray=lib -O2 -lcaf_single -latomic execution test
=== gfortran Summary for unix/-m64 ===
# of expected passes 41779
# of unexpected failures 2
# of expected failures 71
# of unsupported tests 70
=== gfortran Summary ===
# of expected passes 83341
# of unexpected failures 4
# of expected failures 142
# of unsupported tests 243
/var/gcc/regression/trunk/11-gcc/build/gcc/testsuite/gfortran/../../gfortran version 6.0.0 20160212 (experimental) [trunk revision 233375] (GCC)
=== gnat tests ===
Running target unix
=== gnat Summary for unix ===
# of expected passes 2486
# of expected failures 22
# of unsupported tests 5
Running target unix/-m64
=== gnat Summary for unix/-m64 ===
# of expected passes 2486
# of expected failures 22
# of unsupported tests 5
=== gnat Summary ===
# of expected passes 4972
# of expected failures 44
# of unsupported tests 10
/var/gcc/regression/trunk/11-gcc/build/gcc/gnatmake version 6.0.0 20160212 (experimental) [trunk revision 233375]
=== go tests ===
Running target unix
=== go Summary for unix ===
# of expected passes 7366
# of expected failures 1
# of untested testcases 10
# of unsupported tests 2
Running target unix/-m64
=== go Summary for unix/-m64 ===
# of expected passes 7247
# of expected failures 1
# of untested testcases 10
# of unsupported tests 1
=== go Summary ===
# of expected passes 14613
# of expected failures 2
# of untested testcases 20
# of unsupported tests 3
=== obj-c++ tests ===
Running target unix
=== obj-c++ Summary for unix ===
# of expected passes 1454
# of expected failures 2
# of unsupported tests 77
Running target unix/-m64
=== obj-c++ Summary for unix/-m64 ===
# of expected passes 1446
# of expected failures 10
# of unsupported tests 77
=== obj-c++ Summary ===
# of expected passes 2900
# of expected failures 12
# of unsupported tests 154
/var/gcc/regression/trunk/11-gcc/build/gcc/testsuite/obj-c++/../../xg++ version 6.0.0 20160212 (experimental) [trunk revision 233375] (GCC)
=== objc tests ===
Running target unix
=== objc Summary for unix ===
# of expected passes 2782
# of expected failures 6
# of unsupported tests 68
Running target unix/-m64
=== objc Summary for unix/-m64 ===
# of expected passes 2782
# of expected failures 6
# of unsupported tests 68
=== objc Summary ===
# of expected passes 5564
# of expected failures 12
# of unsupported tests 136
/var/gcc/regression/trunk/11-gcc/build/gcc/xgcc version 6.0.0 20160212 (experimental) [trunk revision 233375] (GCC)
=== boehm-gc tests ===
Running target unix
=== boehm-gc Summary for unix ===
# of expected passes 12
# of unsupported tests 1
Running target unix/-m64
=== boehm-gc Summary for unix/-m64 ===
# of expected passes 12
# of unsupported tests 1
=== boehm-gc Summary ===
# of expected passes 24
# of unsupported tests 2
=== libatomic tests ===
Running target unix
=== libatomic Summary for unix ===
# of expected passes 44
# of unsupported tests 5
Running target unix/-m64
=== libatomic Summary for unix/-m64 ===
# of expected passes 54
=== libatomic Summary ===
# of expected passes 98
# of unsupported tests 5
=== libffi tests ===
Running target unix
=== libffi Summary for unix ===
# of expected passes 2439
# of unsupported tests 30
Running target unix/-m64
=== libffi Summary for unix/-m64 ===
# of expected passes 1914
# of unsupported tests 30
=== libffi Summary ===
# of expected passes 4353
# of unsupported tests 60
=== libgo tests ===
Running target unix
FAIL: go/build
FAIL: net/http
=== libgo Summary for unix ===
# of expected passes 132
# of unexpected failures 2
Running target unix/-m64
FAIL: runtime
FAIL: go/build
=== libgo Summary for unix/-m64 ===
# of expected passes 132
# of unexpected failures 2
=== libgo Summary ===
# of expected passes 264
# of unexpected failures 4
/var/gcc/regression/trunk/11-gcc/build/./gcc/gccgo version 6.0.0 20160212 (experimental) [trunk revision 233375] (GCC)
=== libgomp tests ===
Running target unix
=== libgomp Summary for unix ===
# of expected passes 4786
# of unsupported tests 264
Running target unix/-m64
=== libgomp Summary for unix/-m64 ===
# of expected passes 4786
# of unsupported tests 264
=== libgomp Summary ===
# of expected passes 9572
# of unsupported tests 528
=== libitm tests ===
Running target unix
=== libitm Summary for unix ===
# of expected passes 42
# of expected failures 3
# of unsupported tests 1
Running target unix/-m64
=== libitm Summary for unix/-m64 ===
# of expected passes 42
# of expected failures 3
# of unsupported tests 1
=== libitm Summary ===
# of expected passes 84
# of expected failures 6
# of unsupported tests 2
=== libjava tests ===
Running target unix
=== libjava Summary for unix ===
# of expected passes 2582
# of expected failures 4
Running target unix/-m64
=== libjava Summary for unix/-m64 ===
# of expected passes 2582
# of expected failures 4
=== libjava Summary ===
# of expected passes 5164
# of expected failures 8
=== libstdc++ tests ===
Running target unix
=== libstdc++ Summary for unix ===
# of expected passes 10058
# of expected failures 68
# of unsupported tests 613
Running target unix/-m64
=== libstdc++ Summary for unix/-m64 ===
# of expected passes 10058
# of expected failures 68
# of unsupported tests 613
=== libstdc++ Summary ===
# of expected passes 20116
# of expected failures 136
# of unsupported tests 1226
Compiler version: 6.0.0 20160212 (experimental) [trunk revision 233375] (GCC)
Platform: i386-pc-solaris2.11
configure flags: --prefix=/vol/gcc --target=i386-pc-solaris2.11 --enable-objc-gc --enable-libmudflap --with-as=/usr/ccs/bin/as --without-gnu-as --with-gmp-include=/vol/gcc/include --with-gmp-lib=/vol/gcc/lib --with-mpfr-include=/vol/gcc/include --with-mpfr-lib=/vol/gcc/lib --with-mpc-include=/vol/gcc/include --with-mpc-lib=/vol/gcc/lib --enable-languages=all,ada,obj-c++,go --with-isl-include=/vol/gcc/include --with-isl-lib=/vol/gcc/lib
BOOT_CFLAGS=-g -O2