This is the mail archive of the
gcc-testresults@gcc.gnu.org
mailing list for the GCC project.
Results for 5.3.0 (GCC) testsuite on armv7l-unknown-linux-gnueabi
- From: root <bgeyerlopez at gmail dot com>
- To: gcc-testresults at gcc dot gnu dot org
- Date: Wed, 03 Feb 2016 08:06:27 -0500
- Subject: Results for 5.3.0 (GCC) testsuite on armv7l-unknown-linux-gnueabi
- Authentication-results: sourceware.org; auth=none
LAST_UPDATED: Obtained from SVN: tags/gcc_5_3_0_release revision 231255
Native configuration is armv7l-unknown-linux-gnueabi
=== libatomic tests ===
Running target unix
=== libatomic Summary ===
# of expected passes 44
# of unsupported tests 5
=== libgomp tests ===
Running target unix
FAIL: libgomp.c/omp-loop03.c execution test
FAIL: libgomp.c++/loop-3.C execution test
=== libgomp Summary ===
# of expected passes 1611
# of unexpected failures 2
# of unsupported tests 172
=== libitm tests ===
Running target unix
=== libitm Summary ===
# of expected passes 26
# of expected failures 3
# of unsupported tests 1
=== libstdc++ tests ===
Running target unix
FAIL: experimental/filesystem/iterators/directory_iterator.cc execution test
FAIL: experimental/filesystem/iterators/recursive_directory_iterator.cc execution test
=== libstdc++ Summary ===
# of expected passes 9822
# of unexpected failures 2
# of expected failures 65
# of unsupported tests 430
=== g++ tests ===
Running target unix
FAIL: c-c++-common/asan/heap-overflow-1.c -O1 output pattern test
FAIL: c-c++-common/asan/heap-overflow-1.c -O2 output pattern test
FAIL: c-c++-common/asan/heap-overflow-1.c -O2 -flto -fno-use-linker-plugin -flto-partition=none output pattern test
FAIL: c-c++-common/asan/heap-overflow-1.c -O2 -flto -fuse-linker-plugin -fno-fat-lto-objects output pattern test
FAIL: c-c++-common/asan/heap-overflow-1.c -O3 -fomit-frame-pointer output pattern test
FAIL: c-c++-common/asan/heap-overflow-1.c -O3 -g output pattern test
FAIL: c-c++-common/asan/heap-overflow-1.c -Os output pattern test
FAIL: c-c++-common/asan/sanity-check-pure-c-1.c -O1 output pattern test
FAIL: c-c++-common/asan/sanity-check-pure-c-1.c -O2 output pattern test
FAIL: c-c++-common/asan/sanity-check-pure-c-1.c -O2 -flto -fno-use-linker-plugin -flto-partition=none output pattern test
FAIL: c-c++-common/asan/sanity-check-pure-c-1.c -O2 -flto -fuse-linker-plugin -fno-fat-lto-objects output pattern test
FAIL: c-c++-common/asan/sanity-check-pure-c-1.c -O3 -fomit-frame-pointer output pattern test
FAIL: c-c++-common/asan/sanity-check-pure-c-1.c -O3 -g output pattern test
FAIL: c-c++-common/asan/sanity-check-pure-c-1.c -Os output pattern test
FAIL: c-c++-common/asan/strncpy-overflow-1.c -O1 output pattern test
FAIL: c-c++-common/asan/strncpy-overflow-1.c -O2 output pattern test
FAIL: c-c++-common/asan/strncpy-overflow-1.c -O2 -flto -fno-use-linker-plugin -flto-partition=none output pattern test
FAIL: c-c++-common/asan/strncpy-overflow-1.c -O2 -flto -fuse-linker-plugin -fno-fat-lto-objects output pattern test
FAIL: c-c++-common/asan/strncpy-overflow-1.c -O3 -fomit-frame-pointer output pattern test
FAIL: c-c++-common/asan/strncpy-overflow-1.c -O3 -g output pattern test
FAIL: c-c++-common/asan/strncpy-overflow-1.c -Os output pattern test
FAIL: c-c++-common/asan/use-after-free-1.c -O1 output pattern test
FAIL: c-c++-common/asan/use-after-free-1.c -O2 output pattern test
FAIL: c-c++-common/asan/use-after-free-1.c -O2 -flto -fno-use-linker-plugin -flto-partition=none output pattern test
FAIL: c-c++-common/asan/use-after-free-1.c -O2 -flto -fuse-linker-plugin -fno-fat-lto-objects output pattern test
FAIL: c-c++-common/asan/use-after-free-1.c -O3 -fomit-frame-pointer output pattern test
FAIL: c-c++-common/asan/use-after-free-1.c -O3 -g output pattern test
FAIL: c-c++-common/asan/use-after-free-1.c -Os output pattern test
UNRESOLVED: g++.dg/lto/pr65276 cp_lto_pr65276_0.o-cp_lto_pr65276_1.o execute -flto -O0 -std=c++11
FAIL: g++.dg/lto/pr65276 cp_lto_pr65276_0.o-cp_lto_pr65276_1.o link, -flto -O0 -std=c++11
=== g++ Summary ===
# of expected passes 86598
# of unexpected failures 29
# of expected failures 346
# of unresolved testcases 1
# of unsupported tests 4082
/root/dev/gcc-pi/gcc/testsuite/g++/../../xg++ version 5.3.0 (GCC)
=== gcc tests ===
Running target unix
FAIL: c-c++-common/asan/heap-overflow-1.c -O1 output pattern test
FAIL: c-c++-common/asan/heap-overflow-1.c -O2 output pattern test
FAIL: c-c++-common/asan/heap-overflow-1.c -O2 -flto -fno-use-linker-plugin -flto-partition=none output pattern test
FAIL: c-c++-common/asan/heap-overflow-1.c -O2 -flto -fuse-linker-plugin -fno-fat-lto-objects output pattern test
FAIL: c-c++-common/asan/heap-overflow-1.c -O3 -fomit-frame-pointer output pattern test
FAIL: c-c++-common/asan/heap-overflow-1.c -O3 -g output pattern test
FAIL: c-c++-common/asan/heap-overflow-1.c -Os output pattern test
FAIL: c-c++-common/asan/sanity-check-pure-c-1.c -O1 output pattern test
FAIL: c-c++-common/asan/sanity-check-pure-c-1.c -O2 output pattern test
FAIL: c-c++-common/asan/sanity-check-pure-c-1.c -O2 -flto -fno-use-linker-plugin -flto-partition=none output pattern test
FAIL: c-c++-common/asan/sanity-check-pure-c-1.c -O2 -flto -fuse-linker-plugin -fno-fat-lto-objects output pattern test
FAIL: c-c++-common/asan/sanity-check-pure-c-1.c -O3 -fomit-frame-pointer output pattern test
FAIL: c-c++-common/asan/sanity-check-pure-c-1.c -O3 -g output pattern test
FAIL: c-c++-common/asan/sanity-check-pure-c-1.c -Os output pattern test
FAIL: c-c++-common/asan/strncpy-overflow-1.c -O1 output pattern test
FAIL: c-c++-common/asan/strncpy-overflow-1.c -O2 output pattern test
FAIL: c-c++-common/asan/strncpy-overflow-1.c -O2 -flto -fno-use-linker-plugin -flto-partition=none output pattern test
FAIL: c-c++-common/asan/strncpy-overflow-1.c -O2 -flto -fuse-linker-plugin -fno-fat-lto-objects output pattern test
FAIL: c-c++-common/asan/strncpy-overflow-1.c -O3 -fomit-frame-pointer output pattern test
FAIL: c-c++-common/asan/strncpy-overflow-1.c -O3 -g output pattern test
FAIL: c-c++-common/asan/strncpy-overflow-1.c -Os output pattern test
FAIL: c-c++-common/asan/use-after-free-1.c -O1 output pattern test
FAIL: c-c++-common/asan/use-after-free-1.c -O2 output pattern test
FAIL: c-c++-common/asan/use-after-free-1.c -O2 -flto -fno-use-linker-plugin -flto-partition=none output pattern test
FAIL: c-c++-common/asan/use-after-free-1.c -O2 -flto -fuse-linker-plugin -fno-fat-lto-objects output pattern test
FAIL: c-c++-common/asan/use-after-free-1.c -O3 -fomit-frame-pointer output pattern test
FAIL: c-c++-common/asan/use-after-free-1.c -O3 -g output pattern test
FAIL: c-c++-common/asan/use-after-free-1.c -Os output pattern test
FAIL: gcc.dg/c99-stdint-1.c (test for excess errors)
FAIL: gcc.dg/c99-stdint-7.c (test for excess errors)
FAIL: gcc.dg/tree-ssa/sra-12.c scan-tree-dump-times release_ssa "l;" 0
FAIL: gcc.dg/tree-ssa/ssa-dom-cse-2.c scan-tree-dump optimized "return 28;"
FAIL: gcc.target/arm/neon-vfma-1.c scan-assembler vfma\\\\.f32[\\t]+[dDqQ]
FAIL: gcc.target/arm/neon-vfms-1.c scan-assembler vfms\\\\.f32[\\t]+[dDqQ]
FAIL: gcc.target/arm/pr42172-1.c scan-assembler-times ldr 1
FAIL: gcc.target/arm/pr42575.c scan-assembler-not mov
FAIL: gcc.target/arm/thumb-ltu.c scan-assembler-not uxtb
=== gcc Summary ===
# of expected passes 93253
# of unexpected failures 37
# of expected failures 110
# of unsupported tests 4087
/root/dev/gcc-pi/gcc/xgcc version 5.3.0 (GCC)
Compiler version: 5.3.0 (GCC)
Platform: armv7l-unknown-linux-gnueabi
configure flags: --prefix=/usr --disable-multilib --with-system-zlib --enable-languages=c,c++