This is the mail archive of the
gcc-testresults@gcc.gnu.org
mailing list for the GCC project.
Results for 6.0.0 20160115 (experimental) [trunk revision 232414] (GCC) testsuite on sparc-sun-solaris2.12
- From: Rainer Orth <ro at CeBiTec dot Uni-Bielefeld dot DE>
- To: gcc-testresults at gcc dot gnu dot org
- Date: Sat, 16 Jan 2016 03:54:24 +0100 (CET)
- Subject: Results for 6.0.0 20160115 (experimental) [trunk revision 232414] (GCC) testsuite on sparc-sun-solaris2.12
- Authentication-results: sourceware.org; auth=none
LAST_UPDATED: Fri Jan 15 12:05:21 UTC 2016 (revision 232414)
=== acats tests ===
=== acats Summary ===
# of expected passes 2320
# of unexpected failures 0
Native configuration is sparc-sun-solaris2.12
=== g++ tests ===
Running target unix
FAIL: g++.dg/cpp0x/constexpr-reinterpret1.C -std=c++11 (test for errors, line 21)
FAIL: g++.dg/cpp0x/constexpr-reinterpret1.C -std=c++11 (test for excess errors)
FAIL: g++.dg/cpp0x/constexpr-reinterpret1.C -std=c++14 (test for errors, line 21)
FAIL: g++.dg/cpp0x/constexpr-reinterpret1.C -std=c++14 (test for excess errors)
FAIL: g++.dg/tree-ssa/pr61034.C -std=gnu++11 scan-tree-dump-times optimized "free" 4
FAIL: g++.dg/tree-ssa/pr61034.C -std=gnu++14 scan-tree-dump-times optimized "free" 4
FAIL: g++.dg/tree-ssa/pr61034.C -std=gnu++98 scan-tree-dump-times optimized "free" 4
=== g++ Summary for unix ===
# of expected passes 89767
# of unexpected failures 7
# of expected failures 266
# of unsupported tests 3709
Running target unix/-m64
FAIL: g++.dg/tree-ssa/pr61034.C -std=gnu++11 scan-tree-dump-times optimized "free" 4
FAIL: g++.dg/tree-ssa/pr61034.C -std=gnu++14 scan-tree-dump-times optimized "free" 4
FAIL: g++.dg/tree-ssa/pr61034.C -std=gnu++98 scan-tree-dump-times optimized "free" 4
=== g++ Summary for unix/-m64 ===
# of expected passes 91643
# of unexpected failures 3
# of expected failures 266
# of unsupported tests 3686
=== g++ Summary ===
# of expected passes 181410
# of unexpected failures 10
# of expected failures 532
# of unsupported tests 7395
/var/gcc/regression/trunk/12-gcc/build/gcc/testsuite/g++/../../xg++ version 6.0.0 20160115 (experimental) [trunk revision 232414] (GCC)
=== gcc tests ===
Running target unix
FAIL: gcc.c-torture/execute/builtins/memops-asm.c execution, -O2 -flto
FAIL: gcc.c-torture/execute/pr40657.c -O2 (test for excess errors)
FAIL: gcc.dg/debug/dwarf2/prod-options.c scan-assembler DW_AT_producer: "GNU C
FAIL: gcc.dg/debug/dwarf2/stacked-qualified-types-3.c scan-assembler-times DIE \\\\([^\\n]*\\\\) DW_TAG_(?:const|volatile|atomic|restrict)_type 8
FAIL: gcc.dg/graphite/id-pr45230-1.c (internal compiler error)
FAIL: gcc.dg/graphite/id-pr45230-1.c (test for excess errors)
FAIL: gcc.dg/simulate-thread/atomic-other-int.c -O2 -g thread simulation test
FAIL: gcc.dg/simulate-thread/atomic-other-int.c -O3 -g thread simulation test
FAIL: gcc.dg/simulate-thread/speculative-store-4.c -O0 -g thread simulation test
FAIL: gcc.dg/simulate-thread/speculative-store-4.c -O2 -g thread simulation test
FAIL: gcc.dg/simulate-thread/speculative-store-4.c -O3 -g thread simulation test
FAIL: gcc.dg/simulate-thread/speculative-store.c -O0 -g thread simulation test
FAIL: gcc.dg/vect/bb-slp-pr68892.c -flto -ffat-lto-objects scan-tree-dump slp2 "not profitable"
FAIL: gcc.dg/vect/bb-slp-pr68892.c scan-tree-dump slp2 "not profitable"
FAIL: gcc.dg/vect/pr46032.c -flto -ffat-lto-objects scan-tree-dump-times vect "note: vectorized 1 loop" 1
FAIL: gcc.dg/vect/pr46032.c scan-tree-dump-times vect "note: vectorized 1 loop" 1
=== gcc Summary for unix ===
# of expected passes 86383
# of unexpected failures 16
# of expected failures 338
# of unsupported tests 2052
Running target unix/-m64
FAIL: gcc.c-torture/execute/builtins/memops-asm.c execution, -O2 -flto
FAIL: gcc.c-torture/execute/stkalign.c -O0 execution test
FAIL: gcc.c-torture/execute/stkalign.c -O1 execution test
FAIL: gcc.c-torture/execute/stkalign.c -O2 execution test
FAIL: gcc.c-torture/execute/stkalign.c -O2 -flto execution test
FAIL: gcc.c-torture/execute/stkalign.c -O2 -flto -flto-partition=none execution test
FAIL: gcc.c-torture/execute/stkalign.c -O3 -g execution test
FAIL: gcc.c-torture/execute/stkalign.c -Os execution test
FAIL: gcc.dg/debug/dwarf2/prod-options.c scan-assembler DW_AT_producer: "GNU C
FAIL: gcc.dg/debug/dwarf2/stacked-qualified-types-3.c scan-assembler-times DIE \\\\([^\\n]*\\\\) DW_TAG_(?:const|volatile|atomic|restrict)_type 8
FAIL: gcc.dg/ifcvt-4.c scan-rtl-dump ce1 "2 true changes made"
FAIL: gcc.dg/ifcvt-5.c scan-rtl-dump ce1 "0 true changes made"
FAIL: gcc.dg/vect/bb-slp-pr68892.c -flto -ffat-lto-objects scan-tree-dump slp2 "not profitable"
FAIL: gcc.dg/vect/bb-slp-pr68892.c scan-tree-dump slp2 "not profitable"
FAIL: gcc.dg/vect/pr46032.c -flto -ffat-lto-objects scan-tree-dump-times vect "note: vectorized 1 loop" 1
FAIL: gcc.dg/vect/pr46032.c scan-tree-dump-times vect "note: vectorized 1 loop" 1
=== gcc Summary for unix/-m64 ===
# of expected passes 87180
# of unexpected failures 16
# of expected failures 325
# of unsupported tests 1978
=== gcc Summary ===
# of expected passes 173563
# of unexpected failures 32
# of expected failures 663
# of unsupported tests 4030
/var/gcc/regression/trunk/12-gcc/build/gcc/xgcc version 6.0.0 20160115 (experimental) [trunk revision 232414] (GCC)
=== gfortran tests ===
Running target unix
FAIL: gfortran.dg/coarray/event_1.f90 -fcoarray=lib -O2 -lcaf_single -latomic execution test
FAIL: gfortran.dg/coarray/event_2.f90 -fcoarray=lib -O2 -lcaf_single -latomic execution test
=== gfortran Summary for unix ===
# of expected passes 41161
# of unexpected failures 2
# of expected failures 73
# of unsupported tests 227
Running target unix/-m64
FAIL: gfortran.dg/coarray/event_1.f90 -fcoarray=lib -O2 -lcaf_single -latomic execution test
FAIL: gfortran.dg/coarray/event_2.f90 -fcoarray=lib -O2 -lcaf_single -latomic execution test
=== gfortran Summary for unix/-m64 ===
# of expected passes 41408
# of unexpected failures 2
# of expected failures 73
# of unsupported tests 106
=== gfortran Summary ===
# of expected passes 82569
# of unexpected failures 4
# of expected failures 146
# of unsupported tests 333
/var/gcc/regression/trunk/12-gcc/build/gcc/testsuite/gfortran/../../gfortran version 6.0.0 20160115 (experimental) [trunk revision 232414] (GCC)
=== gnat tests ===
Running target unix
=== gnat Summary for unix ===
# of expected passes 2451
# of expected failures 22
# of unsupported tests 21
Running target unix/-m64
=== gnat Summary for unix/-m64 ===
# of expected passes 2451
# of expected failures 22
# of unsupported tests 21
=== gnat Summary ===
# of expected passes 4902
# of expected failures 44
# of unsupported tests 42
/var/gcc/regression/trunk/12-gcc/build/gcc/gnatmake version 6.0.0 20160115 (experimental) [trunk revision 232414]
=== go tests ===
Running target unix
FAIL: ./bug449-out.go compilation, -O0 -g -fno-var-tracking-assignments
WARNING: program timed out.
=== go Summary for unix ===
# of expected passes 7361
# of unexpected failures 1
# of expected failures 1
# of untested testcases 12
# of unsupported tests 3
Running target unix/-m64
FAIL: ./bug449-out.go compilation, -O0 -g -fno-var-tracking-assignments
WARNING: program timed out.
=== go Summary for unix/-m64 ===
# of expected passes 7241
# of unexpected failures 1
# of expected failures 1
# of untested testcases 12
# of unsupported tests 3
=== go Summary ===
# of expected passes 14602
# of unexpected failures 2
# of expected failures 2
# of untested testcases 24
# of unsupported tests 6
=== obj-c++ tests ===
Running target unix
=== obj-c++ Summary for unix ===
# of expected passes 1454
# of expected failures 2
# of unsupported tests 77
Running target unix/-m64
=== obj-c++ Summary for unix/-m64 ===
# of expected passes 1446
# of expected failures 10
# of unsupported tests 77
=== obj-c++ Summary ===
# of expected passes 2900
# of expected failures 12
# of unsupported tests 154
/var/gcc/regression/trunk/12-gcc/build/gcc/testsuite/obj-c++/../../xg++ version 6.0.0 20160115 (experimental) [trunk revision 232414] (GCC)
=== objc tests ===
Running target unix
=== objc Summary for unix ===
# of expected passes 2788
# of unsupported tests 68
Running target unix/-m64
=== objc Summary for unix/-m64 ===
# of expected passes 2788
# of unsupported tests 68
=== objc Summary ===
# of expected passes 5576
# of unsupported tests 136
/var/gcc/regression/trunk/12-gcc/build/gcc/xgcc version 6.0.0 20160115 (experimental) [trunk revision 232414] (GCC)
=== boehm-gc tests ===
Running target unix
=== boehm-gc Summary for unix ===
# of expected passes 12
# of unsupported tests 1
Running target unix/-m64
=== boehm-gc Summary for unix/-m64 ===
# of expected passes 12
# of unsupported tests 1
=== boehm-gc Summary ===
# of expected passes 24
# of unsupported tests 2
=== libatomic tests ===
Running target unix
=== libatomic Summary for unix ===
# of expected passes 44
# of unsupported tests 5
Running target unix/-m64
=== libatomic Summary for unix/-m64 ===
# of expected passes 54
=== libatomic Summary ===
# of expected passes 98
# of unsupported tests 5
=== libffi tests ===
Running target unix
=== libffi Summary for unix ===
# of expected passes 1914
# of unsupported tests 30
Running target unix/-m64
=== libffi Summary for unix/-m64 ===
# of expected passes 1914
# of unsupported tests 30
=== libffi Summary ===
# of expected passes 3828
# of unsupported tests 60
=== libgo tests ===
Running target unix
FAIL: reflect
FAIL: go/build
FAIL: net/http
FAIL: runtime/pprof
=== libgo Summary for unix ===
# of expected passes 129
# of unexpected failures 4
Running target unix/-m64
FAIL: go/build
FAIL: runtime/pprof
=== libgo Summary for unix/-m64 ===
# of expected passes 131
# of unexpected failures 2
=== libgo Summary ===
# of expected passes 260
# of unexpected failures 6
/var/gcc/regression/trunk/12-gcc/build/./gcc/gccgo version 6.0.0 20160115 (experimental) [trunk revision 232414] (GCC)
=== libgomp tests ===
Running target unix
=== libgomp Summary for unix ===
# of expected passes 4610
# of unsupported tests 304
Running target unix/-m64
=== libgomp Summary for unix/-m64 ===
# of expected passes 4610
# of unsupported tests 304
=== libgomp Summary ===
# of expected passes 9220
# of unsupported tests 608
=== libitm tests ===
Running target unix
=== libitm Summary for unix ===
# of expected passes 38
# of expected failures 3
# of unsupported tests 1
Running target unix/-m64
=== libitm Summary for unix/-m64 ===
# of expected passes 38
# of expected failures 3
# of unsupported tests 1
=== libitm Summary ===
# of expected passes 76
# of expected failures 6
# of unsupported tests 2
=== libjava tests ===
Running target unix
=== libjava Summary for unix ===
# of expected passes 2582
# of expected failures 4
Running target unix/-m64
=== libjava Summary for unix/-m64 ===
# of expected passes 2582
# of expected failures 4
=== libjava Summary ===
# of expected passes 5164
# of expected failures 8
=== libstdc++ tests ===
Running target unix
FAIL: 28_regex/algorithms/regex_match/ecma/wchar_t/63199.cc (test for excess errors)
WARNING: 28_regex/algorithms/regex_match/ecma/wchar_t/63199.cc compilation failed to produce executable
FAIL: 28_regex/algorithms/regex_match/ecma/wchar_t/anymatcher.cc (test for excess errors)
WARNING: 28_regex/algorithms/regex_match/ecma/wchar_t/anymatcher.cc compilation failed to produce executable
FAIL: ext/pb_ds/regression/tree_map_rand.cc (test for excess errors)
WARNING: ext/pb_ds/regression/tree_map_rand.cc compilation failed to produce executable
WARNING: program timed out.
WARNING: program timed out.
WARNING: program timed out.
=== libstdc++ Summary for unix ===
# of expected passes 9801
# of unexpected failures 3
# of expected failures 89
# of unsupported tests 692
Running target unix/-m64
FAIL: 23_containers/unordered_multiset/cons/copy.cc (test for excess errors)
WARNING: 23_containers/unordered_multiset/cons/copy.cc compilation failed to produce executable
FAIL: 23_containers/unordered_multiset/debug/move_assign_neg.cc (test for excess errors)
WARNING: 23_containers/unordered_multiset/debug/move_assign_neg.cc compilation failed to produce executable
FAIL: 25_algorithms/move_backward/deque_iterators/1.cc (test for excess errors)
WARNING: 25_algorithms/move_backward/deque_iterators/1.cc compilation failed to produce executable
FAIL: 28_regex/algorithms/regex_match/basic/empty_range.cc (test for excess errors)
WARNING: 28_regex/algorithms/regex_match/basic/empty_range.cc compilation failed to produce executable
FAIL: 28_regex/algorithms/regex_match/ecma/wchar_t/anymatcher.cc (test for excess errors)
WARNING: 28_regex/algorithms/regex_match/ecma/wchar_t/anymatcher.cc compilation failed to produce executable
FAIL: 28_regex/algorithms/regex_match/ecma/wchar_t/hex.cc (test for excess errors)
WARNING: 28_regex/algorithms/regex_match/ecma/wchar_t/hex.cc compilation failed to produce executable
FAIL: ext/pb_ds/regression/tree_map_rand.cc (test for excess errors)
WARNING: ext/pb_ds/regression/tree_map_rand.cc compilation failed to produce executable
FAIL: ext/pb_ds/regression/tree_set_rand.cc (test for excess errors)
WARNING: ext/pb_ds/regression/tree_set_rand.cc compilation failed to produce executable
WARNING: program timed out.
WARNING: program timed out.
WARNING: program timed out.
WARNING: program timed out.
WARNING: program timed out.
WARNING: program timed out.
WARNING: program timed out.
WARNING: program timed out.
=== libstdc++ Summary for unix/-m64 ===
# of expected passes 9792
# of unexpected failures 8
# of expected failures 88
# of unsupported tests 692
=== libstdc++ Summary ===
# of expected passes 19593
# of unexpected failures 11
# of expected failures 177
# of unsupported tests 1384
Compiler version: 6.0.0 20160115 (experimental) [trunk revision 232414] (GCC)
Platform: sparc-sun-solaris2.12
configure flags: --prefix=/vol/gcc --target=sparc-sun-solaris2.12 --enable-objc-gc --with-as=/usr/ccs/bin/as --without-gnu-as --with-gmp-include=/vol/gcc/include --with-gmp-lib=/vol/gcc/lib --with-mpfr-include=/vol/gcc/include --with-mpfr-lib=/vol/gcc/lib --with-mpc-include=/vol/gcc/include --with-mpc-lib=/vol/gcc/lib --enable-languages=all,ada,obj-c++,go --with-isl-include=/vol/gcc/include --with-isl-lib=/vol/gcc/lib
BOOT_CFLAGS=-g -O2