This is the mail archive of the
gcc-testresults@gcc.gnu.org
mailing list for the GCC project.
Results for 6.0.0 20160108 (experimental) [trunk revision 232158] (GCC) testsuite on sparc-sun-solaris2.12
- From: Rainer Orth <ro at CeBiTec dot Uni-Bielefeld dot DE>
- To: gcc-testresults at gcc dot gnu dot org
- Date: Sun, 10 Jan 2016 00:15:00 +0100 (CET)
- Subject: Results for 6.0.0 20160108 (experimental) [trunk revision 232158] (GCC) testsuite on sparc-sun-solaris2.12
- Authentication-results: sourceware.org; auth=none
LAST_UPDATED: Fri Jan 8 12:31:09 UTC 2016 (revision 232158)
=== acats tests ===
=== acats Summary ===
# of expected passes 2320
# of unexpected failures 0
Native configuration is sparc-sun-solaris2.12
=== g++ tests ===
Running target unix
FAIL: g++.dg/cpp0x/constexpr-reinterpret1.C -std=c++11 (test for errors, line 21)
FAIL: g++.dg/cpp0x/constexpr-reinterpret1.C -std=c++11 (test for excess errors)
FAIL: g++.dg/cpp0x/constexpr-reinterpret1.C -std=c++14 (test for errors, line 21)
FAIL: g++.dg/cpp0x/constexpr-reinterpret1.C -std=c++14 (test for excess errors)
=== g++ Summary for unix ===
# of expected passes 89703
# of unexpected failures 4
# of expected failures 263
# of unsupported tests 3698
Running target unix/-m64
=== g++ Summary for unix/-m64 ===
# of expected passes 91579
# of expected failures 263
# of unsupported tests 3675
=== g++ Summary ===
# of expected passes 181282
# of unexpected failures 4
# of expected failures 526
# of unsupported tests 7373
/var/gcc/regression/trunk/12-gcc-gas/build/gcc/testsuite/g++/../../xg++ version 6.0.0 20160108 (experimental) [trunk revision 232158] (GCC)
=== gcc tests ===
Running target unix
FAIL: gcc.c-torture/execute/builtins/memops-asm.c execution, -O2 -flto
FAIL: gcc.dg/debug/dwarf2/stacked-qualified-types-3.c scan-assembler-times DIE \\\\([^\\n]*\\\\) DW_TAG_(?:const|volatile|atomic|restrict)_type 8
FAIL: gcc.dg/graphite/id-pr45230-1.c (internal compiler error)
FAIL: gcc.dg/graphite/id-pr45230-1.c (test for excess errors)
UNRESOLVED: gcc.dg/lto/pr61886 c_lto_pr61886_0.o-c_lto_pr61886_0.o execute -flto -O2 -Werror
FAIL: gcc.dg/lto/pr61886 c_lto_pr61886_0.o-c_lto_pr61886_0.o link, -flto -O2 -Werror
FAIL: gcc.dg/simulate-thread/atomic-other-int.c -O2 -g thread simulation test
FAIL: gcc.dg/simulate-thread/atomic-other-int.c -O3 -g thread simulation test
FAIL: gcc.dg/simulate-thread/speculative-store-4.c -O0 -g thread simulation test
FAIL: gcc.dg/simulate-thread/speculative-store-4.c -O2 -g thread simulation test
FAIL: gcc.dg/simulate-thread/speculative-store-4.c -O3 -g thread simulation test
FAIL: gcc.dg/simulate-thread/speculative-store.c -O0 -g thread simulation test
FAIL: gcc.dg/vect/bb-slp-pr68892.c -flto -ffat-lto-objects scan-tree-dump slp2 "not profitable"
FAIL: gcc.dg/vect/bb-slp-pr68892.c scan-tree-dump slp2 "not profitable"
FAIL: gcc.dg/vect/pr46032.c -flto -ffat-lto-objects scan-tree-dump-times vect "note: vectorized 1 loop" 1
FAIL: gcc.dg/vect/pr46032.c scan-tree-dump-times vect "note: vectorized 1 loop" 1
=== gcc Summary for unix ===
# of expected passes 86164
# of unexpected failures 15
# of expected failures 338
# of unresolved testcases 1
# of unsupported tests 2044
Running target unix/-m64
FAIL: gcc.c-torture/execute/builtins/memops-asm.c execution, -O2 -flto
FAIL: gcc.c-torture/execute/stkalign.c -O0 execution test
FAIL: gcc.c-torture/execute/stkalign.c -O1 execution test
FAIL: gcc.c-torture/execute/stkalign.c -O2 execution test
FAIL: gcc.c-torture/execute/stkalign.c -O2 -flto execution test
FAIL: gcc.c-torture/execute/stkalign.c -O2 -flto -flto-partition=none execution test
FAIL: gcc.c-torture/execute/stkalign.c -O3 -g execution test
FAIL: gcc.c-torture/execute/stkalign.c -Os execution test
FAIL: gcc.dg/debug/dwarf2/stacked-qualified-types-3.c scan-assembler-times DIE \\\\([^\\n]*\\\\) DW_TAG_(?:const|volatile|atomic|restrict)_type 8
FAIL: gcc.dg/ifcvt-4.c scan-rtl-dump ce1 "2 true changes made"
UNRESOLVED: gcc.dg/lto/pr61886 c_lto_pr61886_0.o-c_lto_pr61886_0.o execute -flto -O2 -Werror
FAIL: gcc.dg/lto/pr61886 c_lto_pr61886_0.o-c_lto_pr61886_0.o link, -flto -O2 -Werror
FAIL: gcc.dg/vect/bb-slp-pr68892.c -flto -ffat-lto-objects scan-tree-dump slp2 "not profitable"
FAIL: gcc.dg/vect/bb-slp-pr68892.c scan-tree-dump slp2 "not profitable"
FAIL: gcc.dg/vect/pr46032.c -flto -ffat-lto-objects scan-tree-dump-times vect "note: vectorized 1 loop" 1
FAIL: gcc.dg/vect/pr46032.c scan-tree-dump-times vect "note: vectorized 1 loop" 1
=== gcc Summary for unix/-m64 ===
# of expected passes 86961
# of unexpected failures 15
# of expected failures 325
# of unresolved testcases 1
# of unsupported tests 1970
=== gcc Summary ===
# of expected passes 173125
# of unexpected failures 30
# of expected failures 663
# of unresolved testcases 2
# of unsupported tests 4014
/var/gcc/regression/trunk/12-gcc-gas/build/gcc/xgcc version 6.0.0 20160108 (experimental) [trunk revision 232158] (GCC)
=== gfortran tests ===
Running target unix
FAIL: gfortran.dg/coarray/event_1.f90 -fcoarray=lib -O2 -lcaf_single -latomic execution test
FAIL: gfortran.dg/coarray/event_2.f90 -fcoarray=lib -O2 -lcaf_single -latomic execution test
=== gfortran Summary for unix ===
# of expected passes 41145
# of unexpected failures 2
# of expected failures 73
# of unsupported tests 227
Running target unix/-m64
FAIL: gfortran.dg/coarray/event_1.f90 -fcoarray=lib -O2 -lcaf_single -latomic execution test
FAIL: gfortran.dg/coarray/event_2.f90 -fcoarray=lib -O2 -lcaf_single -latomic execution test
FAIL: gfortran.dg/large_real_kind_2.F90 -O0 execution test
FAIL: gfortran.dg/norm2_3.f90 -O0 execution test
FAIL: gfortran.dg/norm2_3.f90 -O1 execution test
FAIL: gfortran.dg/norm2_3.f90 -O2 execution test
FAIL: gfortran.dg/norm2_3.f90 -O3 -fomit-frame-pointer -funroll-loops -fpeel-loops -ftracer -finline-functions execution test
FAIL: gfortran.dg/norm2_3.f90 -O3 -g execution test
FAIL: gfortran.dg/norm2_3.f90 -Os execution test
=== gfortran Summary for unix/-m64 ===
# of expected passes 41385
# of unexpected failures 9
# of expected failures 73
# of unsupported tests 106
=== gfortran Summary ===
# of expected passes 82530
# of unexpected failures 11
# of expected failures 146
# of unsupported tests 333
/var/gcc/regression/trunk/12-gcc-gas/build/gcc/testsuite/gfortran/../../gfortran version 6.0.0 20160108 (experimental) [trunk revision 232158] (GCC)
=== gnat tests ===
Running target unix
=== gnat Summary for unix ===
# of expected passes 2451
# of expected failures 22
# of unsupported tests 21
Running target unix/-m64
=== gnat Summary for unix/-m64 ===
# of expected passes 2451
# of expected failures 22
# of unsupported tests 21
=== gnat Summary ===
# of expected passes 4902
# of expected failures 44
# of unsupported tests 42
/var/gcc/regression/trunk/12-gcc-gas/build/gcc/gnatmake version 6.0.0 20160108 (experimental) [trunk revision 232158]
=== go tests ===
Running target unix
=== go Summary for unix ===
# of expected passes 7363
# of expected failures 1
# of untested testcases 11
# of unsupported tests 3
Running target unix/-m64
=== go Summary for unix/-m64 ===
# of expected passes 7243
# of expected failures 1
# of untested testcases 11
# of unsupported tests 3
=== go Summary ===
# of expected passes 14606
# of expected failures 2
# of untested testcases 22
# of unsupported tests 6
=== obj-c++ tests ===
Running target unix
FAIL: obj-c++.dg/property/dotsyntax-11.mm -fgnu-runtime (test for errors, line 51)
FAIL: obj-c++.dg/property/dotsyntax-11.mm -fgnu-runtime (test for errors, line 56)
FAIL: obj-c++.dg/property/dotsyntax-11.mm -fgnu-runtime (test for errors, line 59)
=== obj-c++ Summary for unix ===
# of expected passes 1451
# of unexpected failures 3
# of expected failures 2
# of unsupported tests 77
Running target unix/-m64
FAIL: obj-c++.dg/property/dotsyntax-11.mm -fgnu-runtime (test for errors, line 51)
FAIL: obj-c++.dg/property/dotsyntax-11.mm -fgnu-runtime (test for errors, line 56)
FAIL: obj-c++.dg/property/dotsyntax-11.mm -fgnu-runtime (test for errors, line 59)
=== obj-c++ Summary for unix/-m64 ===
# of expected passes 1443
# of unexpected failures 3
# of expected failures 10
# of unsupported tests 77
=== obj-c++ Summary ===
# of expected passes 2894
# of unexpected failures 6
# of expected failures 12
# of unsupported tests 154
/var/gcc/regression/trunk/12-gcc-gas/build/gcc/testsuite/obj-c++/../../xg++ version 6.0.0 20160108 (experimental) [trunk revision 232158] (GCC)
=== objc tests ===
Running target unix
=== objc Summary for unix ===
# of expected passes 2788
# of unsupported tests 68
Running target unix/-m64
=== objc Summary for unix/-m64 ===
# of expected passes 2788
# of unsupported tests 68
=== objc Summary ===
# of expected passes 5576
# of unsupported tests 136
/var/gcc/regression/trunk/12-gcc-gas/build/gcc/xgcc version 6.0.0 20160108 (experimental) [trunk revision 232158] (GCC)
=== boehm-gc tests ===
Running target unix
=== boehm-gc Summary for unix ===
# of expected passes 12
# of unsupported tests 1
Running target unix/-m64
=== boehm-gc Summary for unix/-m64 ===
# of expected passes 12
# of unsupported tests 1
=== boehm-gc Summary ===
# of expected passes 24
# of unsupported tests 2
=== libatomic tests ===
Running target unix
=== libatomic Summary for unix ===
# of expected passes 44
# of unsupported tests 5
Running target unix/-m64
=== libatomic Summary for unix/-m64 ===
# of expected passes 54
=== libatomic Summary ===
# of expected passes 98
# of unsupported tests 5
=== libffi tests ===
Running target unix
=== libffi Summary for unix ===
# of expected passes 1914
# of unsupported tests 30
Running target unix/-m64
=== libffi Summary for unix/-m64 ===
# of expected passes 1914
# of unsupported tests 30
=== libffi Summary ===
# of expected passes 3828
# of unsupported tests 60
=== libgo tests ===
Running target unix
FAIL: reflect
FAIL: go/build
FAIL: net/http
FAIL: runtime/pprof
=== libgo Summary for unix ===
# of expected passes 129
# of unexpected failures 4
Running target unix/-m64
FAIL: go/build
FAIL: runtime/pprof
=== libgo Summary for unix/-m64 ===
# of expected passes 131
# of unexpected failures 2
=== libgo Summary ===
# of expected passes 260
# of unexpected failures 6
/var/gcc/regression/trunk/12-gcc-gas/build/./gcc/gccgo version 6.0.0 20160108 (experimental) [trunk revision 232158] (GCC)
=== libgomp tests ===
Running target unix
WARNING: program timed out.
FAIL: libgomp.c++/for-13.C (test for excess errors)
=== libgomp Summary for unix ===
# of expected passes 4609
# of unexpected failures 1
# of unsupported tests 304
Running target unix/-m64
=== libgomp Summary for unix/-m64 ===
# of expected passes 4610
# of unsupported tests 304
=== libgomp Summary ===
# of expected passes 9219
# of unexpected failures 1
# of unsupported tests 608
=== libitm tests ===
Running target unix
=== libitm Summary for unix ===
# of expected passes 38
# of expected failures 3
# of unsupported tests 1
Running target unix/-m64
=== libitm Summary for unix/-m64 ===
# of expected passes 38
# of expected failures 3
# of unsupported tests 1
=== libitm Summary ===
# of expected passes 76
# of expected failures 6
# of unsupported tests 2
=== libjava tests ===
Running target unix
=== libjava Summary for unix ===
# of expected passes 2582
# of expected failures 4
Running target unix/-m64
=== libjava Summary for unix/-m64 ===
# of expected passes 2582
# of expected failures 4
=== libjava Summary ===
# of expected passes 5164
# of expected failures 8
=== libstdc++ tests ===
Running target unix
FAIL: 23_containers/deque/requirements/exception/basic.cc (test for excess errors)
WARNING: 23_containers/deque/requirements/exception/basic.cc compilation failed to produce executable
FAIL: 23_containers/unordered_set/requirements/exception/propagation_consistent.cc (test for excess errors)
WARNING: 23_containers/unordered_set/requirements/exception/propagation_consistent.cc compilation failed to produce executable
FAIL: 28_regex/algorithms/regex_match/ecma/wchar_t/hex.cc (test for excess errors)
WARNING: 28_regex/algorithms/regex_match/ecma/wchar_t/hex.cc compilation failed to produce executable
FAIL: 28_regex/algorithms/regex_match/extended/cstring_range.cc (test for excess errors)
WARNING: 28_regex/algorithms/regex_match/extended/cstring_range.cc compilation failed to produce executable
FAIL: ext/pb_ds/regression/list_update_set_rand.cc (test for excess errors)
WARNING: ext/pb_ds/regression/list_update_set_rand.cc compilation failed to produce executable
FAIL: ext/pb_ds/regression/tree_set_rand.cc (test for excess errors)
WARNING: ext/pb_ds/regression/tree_set_rand.cc compilation failed to produce executable
WARNING: program timed out.
WARNING: program timed out.
WARNING: program timed out.
WARNING: program timed out.
WARNING: program timed out.
WARNING: program timed out.
=== libstdc++ Summary for unix ===
# of expected passes 9878
# of unexpected failures 6
# of expected failures 68
# of unsupported tests 615
Running target unix/-m64
FAIL: 23_containers/vector/requirements/exception/generation_prohibited.cc (test for excess errors)
WARNING: 23_containers/vector/requirements/exception/generation_prohibited.cc compilation failed to produce executable
FAIL: 28_regex/algorithms/regex_search/61424.cc (test for excess errors)
WARNING: 28_regex/algorithms/regex_search/61424.cc compilation failed to produce executable
FAIL: 28_regex/traits/wchar_t/user_defined.cc (test for excess errors)
WARNING: 28_regex/traits/wchar_t/user_defined.cc compilation failed to produce executable
WARNING: program timed out.
WARNING: program timed out.
WARNING: program timed out.
=== libstdc++ Summary for unix/-m64 ===
# of expected passes 9884
# of unexpected failures 3
# of expected failures 68
# of unsupported tests 615
=== libstdc++ Summary ===
# of expected passes 19762
# of unexpected failures 9
# of expected failures 136
# of unsupported tests 1230
Compiler version: 6.0.0 20160108 (experimental) [trunk revision 232158] (GCC)
Platform: sparc-sun-solaris2.12
configure flags: --prefix=/vol/gcc --target=sparc-sun-solaris2.12 --enable-objc-gc --with-as=/vol/gcc/bin/gas-2.25 --with-gnu-as --with-gmp-include=/vol/gcc/include --with-gmp-lib=/vol/gcc/lib --with-mpfr-include=/vol/gcc/include --with-mpfr-lib=/vol/gcc/lib --with-mpc-include=/vol/gcc/include --with-mpc-lib=/vol/gcc/lib --enable-languages=all,ada,obj-c++,go --with-isl-include=/vol/gcc/include --with-isl-lib=/vol/gcc/lib
BOOT_CFLAGS=-g -O2