This is the mail archive of the gcc-testresults@gcc.gnu.org mailing list for the GCC project.


Index Nav: [Date Index] [Subject Index] [Author Index] [Thread Index]
Message Nav: [Date Prev] [Date Next] [Thread Prev] [Thread Next]
Other format: [Raw text]

Results for 5.3.0 (release) (GCC) testsuite on powerpc64le-unknown-linux-gnu


LAST_UPDATED: Obtained from SVN: tags/gcc_5_3_0_release revision 231255

Native configuration is powerpc64le-unknown-linux-gnu

		=== g++ tests ===


Running target unix/-m64
FAIL: c-c++-common/asan/null-deref-1.c   -O2  output pattern test, is ASAN:SIGSEGV
FAIL: c-c++-common/asan/null-deref-1.c   -O2 -flto -fno-use-linker-plugin -flto-partition=none  output pattern test, is ASAN:SIGSEGV
FAIL: c-c++-common/asan/null-deref-1.c   -O2 -flto -fuse-linker-plugin -fno-fat-lto-objects  output pattern test, is ASAN:SIGSEGV
FAIL: c-c++-common/asan/null-deref-1.c   -O3 -fomit-frame-pointer  output pattern test, is ASAN:SIGSEGV
FAIL: c-c++-common/asan/null-deref-1.c   -O3 -g  output pattern test, is ASAN:SIGSEGV
FAIL: c-c++-common/asan/swapcontext-test-1.c   -O2 -flto -fno-use-linker-plugin -flto-partition=none  (test for excess errors)
FAIL: c-c++-common/asan/swapcontext-test-1.c   -O2 -flto -fuse-linker-plugin -fno-fat-lto-objects  (test for excess errors)
FAIL: g++.dg/cpp1y/vla-initlist1.C  -std=gnu++11 execution test
FAIL: g++.dg/cpp1y/vla-initlist1.C  -std=gnu++14 execution test
XPASS: g++.dg/tls/thread_local-order2.C  -std=c++11 execution test
XPASS: g++.dg/tls/thread_local-order2.C  -std=c++14 execution test
FAIL: c-c++-common/ubsan/float-cast-overflow-8.c   -O2  output pattern test, is gcc-5.3.0/libsanitizer/ubsan/ubsan_handlers.cc:300: runtime error: value -129 is outside the range of representable values of type 'signed char'
FAIL: c-c++-common/ubsan/float-cast-overflow-8.c   -O2 -flto -fno-use-linker-plugin -flto-partition=none  output pattern test, is gcc-5.3.0/libsanitizer/ubsan/ubsan_handlers.cc:300: runtime error: value -129 is outside the range of representable values of type 'signed char'
FAIL: c-c++-common/ubsan/float-cast-overflow-8.c   -O2 -flto -fuse-linker-plugin -fno-fat-lto-objects  output pattern test, is gcc-5.3.0/libsanitizer/ubsan/ubsan_handlers.cc:300: runtime error: value -129 is outside the range of representable values of type 'signed char'

		=== g++ Summary ===

# of expected passes		89533
# of unexpected failures	12
# of unexpected successes	2
# of expected failures		342
# of unsupported tests		3966
/home/wschmidt/gcc/build/gcc-5.3.0/gcc/testsuite/g++/../../xg++  version 5.3.0 (GCC) 

		=== gcc tests ===


Running target unix/-m64
FAIL: c-c++-common/asan/misalign-1.c   -O0  output pattern test, is =================================================================
FAIL: c-c++-common/asan/misalign-1.c   -O1  output pattern test, is =================================================================
FAIL: c-c++-common/asan/misalign-1.c   -O2  output pattern test, is =================================================================
FAIL: c-c++-common/asan/misalign-1.c   -O2 -flto -fno-use-linker-plugin -flto-partition=none  output pattern test, is =================================================================
FAIL: c-c++-common/asan/misalign-1.c   -O2 -flto -fuse-linker-plugin -fno-fat-lto-objects  output pattern test, is =================================================================
FAIL: c-c++-common/asan/misalign-1.c   -O3 -fomit-frame-pointer  output pattern test, is =================================================================
FAIL: c-c++-common/asan/misalign-1.c   -O3 -g  output pattern test, is =================================================================
FAIL: c-c++-common/asan/misalign-1.c   -Os  output pattern test, is =================================================================
FAIL: c-c++-common/asan/misalign-2.c   -O0  output pattern test, is =================================================================
FAIL: c-c++-common/asan/misalign-2.c   -O1  output pattern test, is =================================================================
FAIL: c-c++-common/asan/misalign-2.c   -O2  output pattern test, is =================================================================
FAIL: c-c++-common/asan/misalign-2.c   -O2 -flto -fno-use-linker-plugin -flto-partition=none  output pattern test, is =================================================================
FAIL: c-c++-common/asan/misalign-2.c   -O2 -flto -fuse-linker-plugin -fno-fat-lto-objects  output pattern test, is =================================================================
FAIL: c-c++-common/asan/misalign-2.c   -O3 -fomit-frame-pointer  output pattern test, is =================================================================
FAIL: c-c++-common/asan/misalign-2.c   -O3 -g  output pattern test, is =================================================================
FAIL: c-c++-common/asan/misalign-2.c   -Os  output pattern test, is =================================================================
FAIL: c-c++-common/asan/null-deref-1.c   -O0  output pattern test, is ASAN:SIGSEGV
FAIL: c-c++-common/asan/null-deref-1.c   -O1  output pattern test, is ASAN:SIGSEGV
FAIL: c-c++-common/asan/null-deref-1.c   -O2  output pattern test, is ASAN:SIGSEGV
FAIL: c-c++-common/asan/null-deref-1.c   -O2 -flto -fno-use-linker-plugin -flto-partition=none  output pattern test, is ASAN:SIGSEGV
FAIL: c-c++-common/asan/null-deref-1.c   -O2 -flto -fuse-linker-plugin -fno-fat-lto-objects  output pattern test, is ASAN:SIGSEGV
FAIL: c-c++-common/asan/null-deref-1.c   -O3 -fomit-frame-pointer  output pattern test, is ASAN:SIGSEGV
FAIL: c-c++-common/asan/null-deref-1.c   -O3 -g  output pattern test, is ASAN:SIGSEGV
FAIL: c-c++-common/asan/null-deref-1.c   -Os  output pattern test, is ASAN:SIGSEGV
FAIL: gcc.dg/sms-4.c scan-rtl-dump-times sms "SMS succeeded" 1
FAIL: gcc.dg/simulate-thread/atomic-other-short.c   -O0 -g  thread simulation test
FAIL: gcc.dg/simulate-thread/atomic-other-short.c   -O2 -g  thread simulation test
FAIL: gcc.dg/simulate-thread/atomic-other-short.c   -O3 -g  thread simulation test
FAIL: gcc.dg/tree-ssa/ivopts-lt-2.c scan-tree-dump-times ivopts "PHI <p_" 1
FAIL: gcc.dg/tree-ssa/ivopts-lt-2.c scan-tree-dump-times ivopts "PHI" 1
FAIL: gcc.dg/tree-ssa/ivopts-lt-2.c scan-tree-dump-times ivopts "p_[0-9]* <" 1
FAIL: c-c++-common/ubsan/float-cast-overflow-8.c   -O2  output pattern test, is gcc-5.3.0/libsanitizer/ubsan/ubsan_handlers.cc:300: runtime error: value -129 is outside the range of representable values of type 'signed char'
FAIL: c-c++-common/ubsan/float-cast-overflow-8.c   -O2 -flto -fno-use-linker-plugin -flto-partition=none  output pattern test, is gcc-5.3.0/libsanitizer/ubsan/ubsan_handlers.cc:300: runtime error: value -129 is outside the range of representable values of type 'signed char'
FAIL: c-c++-common/ubsan/float-cast-overflow-8.c   -O2 -flto -fuse-linker-plugin -fno-fat-lto-objects  output pattern test, is gcc-5.3.0/libsanitizer/ubsan/ubsan_handlers.cc:300: runtime error: value -129 is outside the range of representable values of type 'signed char'
FAIL: gcc.dg/vect/costmodel/ppc/costmodel-vect-31a.c scan-tree-dump-times vect "vectorization not profitable" 1
FAIL: gcc.dg/vect/costmodel/ppc/costmodel-vect-33.c scan-tree-dump-times vect "vectorization not profitable" 1
FAIL: gcc.target/powerpc/ti_math1.c scan-assembler-times adde 1

		=== gcc Summary ===

# of expected passes		100782
# of unexpected failures	37
# of expected failures		271
# of unsupported tests		2065
/home/wschmidt/gcc/build/gcc-5.3.0/gcc/xgcc  version 5.3.0 (GCC) 

		=== gfortran tests ===


Running target unix/-m64

		=== gfortran Summary ===

# of expected passes		48876
# of expected failures		81
# of unsupported tests		98
/home/wschmidt/gcc/build/gcc-5.3.0/gcc/testsuite/gfortran/../../gfortran  version 5.3.0 (GCC) 

		=== go tests ===


Running target unix/-m64
FAIL: go.test/test/235.go execution,  -O2 -g 
FAIL: go.test/test/ken/cplx2.go execution,  -O2 -g 

		=== go Summary ===

# of expected passes		7238
# of unexpected failures	2
# of expected failures		1
# of untested testcases		11
# of unsupported tests		3
/home/wschmidt/gcc/build/gcc-5.3.0/gcc/testsuite/go/../../gccgo  version 5.3.0 (GCC) 

		=== obj-c++ tests ===


Running target unix/-m64

		=== obj-c++ Summary ===

# of expected passes		1445
# of expected failures		10
# of unsupported tests		86
/home/wschmidt/gcc/build/gcc-5.3.0/gcc/testsuite/obj-c++/../../xg++  version 5.3.0 (GCC) 

		=== objc tests ===


Running target unix/-m64

		=== objc Summary ===

# of expected passes		3016
# of unsupported tests		74
/home/wschmidt/gcc/build/gcc-5.3.0/gcc/xgcc  version 5.3.0 (GCC) 

		=== libatomic tests ===


Running target unix/-m64

		=== libatomic Summary ===

# of expected passes		54
		=== libffi tests ===


Running target unix/-m64

		=== libffi Summary ===

# of expected passes		1914
# of unsupported tests		30
		=== libgo tests ===


Running target unix
FAIL: math

		=== libgo Summary ===

# of expected passes		123
# of unexpected failures	1
/home/wschmidt/gcc/build/gcc-5.3.0/./gcc/gccgo version 5.3.0 (GCC)

		=== libgomp tests ===


Running target unix/-m64

		=== libgomp Summary ===

# of expected passes		5774
# of unsupported tests		280
		=== libitm tests ===


Running target unix/-m64

		=== libitm Summary ===

# of expected passes		26
# of expected failures		3
# of unsupported tests		1
		=== libstdc++ tests ===


Running target unix/-m64

		=== libstdc++ Summary ===

# of expected passes		10314
# of expected failures		65
# of unsupported tests		382

Compiler version: 5.3.0 (GCC) 
Platform: powerpc64le-unknown-linux-gnu
configure flags: --enable-languages=c,c++,fortran,objc,obj-c++,go --with-cpu=power8 --disable-multilib --with-long-double-128 --prefix=/home/wschmidt/gcc/install/gcc-5.3.0



Index Nav: [Date Index] [Subject Index] [Author Index] [Thread Index]
Message Nav: [Date Prev] [Date Next] [Thread Prev] [Thread Next]