This is the mail archive of the
gcc-testresults@gcc.gnu.org
mailing list for the GCC project.
Results for 4.8.5 testsuite on hppa1.1-hp-hpux11.11
- From: John David Anglin <dave at hiauly3 dot hia dot nrc dot ca>
- To: dave at hiauly3 dot hia dot nrc dot ca, gcc-testresults at gcc dot gnu dot org
- Date: Mon, 28 Dec 2015 16:38:08 -0500 (EST)
- Subject: Results for 4.8.5 testsuite on hppa1.1-hp-hpux11.11
- Authentication-results: sourceware.org; auth=none
=== acats tests ===
FAIL: c64201b
FAIL: c93004c
FAIL: c93004d
FAIL: c93004f
FAIL: c94008b
FAIL: c94020a
FAIL: c95040b
FAIL: c954023
FAIL: c954025
FAIL: c97204b
FAIL: c97304b
FAIL: c9a007a
FAIL: c9a009g
=== acats Summary ===
# of expected passes 2307
# of unexpected failures 13
Native configuration is hppa1.1-hp-hpux11.11
=== g++ tests ===
Running target unix
UNRESOLVED: g++.dg/ext/label13.C -std=gnu++98 compilation failed to produce executable
UNRESOLVED: g++.dg/ext/label13.C -std=gnu++11 compilation failed to produce executable
WARNING: program timed out.
FAIL: c-c++-common/simulate-thread/bitfields-2.c -O2 -g -std=c++98 thread simulation test
FAIL: c-c++-common/simulate-thread/bitfields-2.c -O3 -g -std=c++11 thread simulation test
FAIL: c-c++-common/simulate-thread/bitfields-2.c -Os -g thread simulation test
FAIL: g++.dg/tls/thread_local3.C -std=gnu++11 execution test
FAIL: g++.dg/tls/thread_local4.C -std=gnu++11 execution test
FAIL: g++.dg/tls/thread_local5.C -std=gnu++11 execution test
FAIL: g++.dg/tree-prof/pr59255.C compilation, -fprofile-generate
UNRESOLVED: g++.dg/tree-prof/pr59255.C execution, -fprofile-generate
UNRESOLVED: g++.dg/tree-prof/pr59255.C compilation, -fprofile-use
UNRESOLVED: g++.dg/tree-prof/pr59255.C execution, -fprofile-use
=== g++ Summary ===
# of expected passes 46118
# of unexpected failures 7
# of expected failures 296
# of unresolved testcases 5
# of unsupported tests 1312
/mnt/gnu/gcc/objdir-test/gcc/testsuite/g++/../../xg++ version 4.8.5 (GCC)
=== gcc tests ===
Running target unix
FAIL: gcc.dg/pr46309.c scan-tree-dump-times reassoc2 "Optimizing range tests [^\\r\\n]*_[0-9]* -.0, 31. and -.128, 159.[\\n\\r]* into" 1
WARNING: program timed out.
FAIL: c-c++-common/simulate-thread/bitfields-2.c -O2 -g thread simulation test
FAIL: c-c++-common/simulate-thread/bitfields-2.c -O3 -g thread simulation test
FAIL: gcc.dg/torture/tls/tls-test.c -O0 execution test
FAIL: gcc.dg/torture/tls/tls-test.c -O1 execution test
FAIL: gcc.dg/torture/tls/tls-test.c -O2 execution test
FAIL: gcc.dg/torture/tls/tls-test.c -O3 -fomit-frame-pointer execution test
FAIL: gcc.dg/torture/tls/tls-test.c -O3 -g execution test
FAIL: gcc.dg/torture/tls/tls-test.c -Os execution test
FAIL: gcc.dg/torture/tls/tls-test.c -O0 -fpic execution test
FAIL: gcc.dg/torture/tls/tls-test.c -O1 -fpic execution test
FAIL: gcc.dg/torture/tls/tls-test.c -O2 -fpic execution test
FAIL: gcc.dg/torture/tls/tls-test.c -O3 -fomit-frame-pointer -fpic execution test
FAIL: gcc.dg/torture/tls/tls-test.c -O3 -g -fpic execution test
FAIL: gcc.dg/torture/tls/tls-test.c -Os -fpic execution test
FAIL: gcc.dg/torture/tls/tls-test.c -O0 -fPIC execution test
FAIL: gcc.dg/torture/tls/tls-test.c -O1 -fPIC execution test
FAIL: gcc.dg/torture/tls/tls-test.c -O2 -fPIC execution test
FAIL: gcc.dg/torture/tls/tls-test.c -O3 -fomit-frame-pointer -fPIC execution test
FAIL: gcc.dg/torture/tls/tls-test.c -O3 -g -fPIC execution test
FAIL: gcc.dg/torture/tls/tls-test.c -Os -fPIC execution test
FAIL: gcc.dg/tree-ssa/ssa-dom-thread-4.c scan-tree-dump-times dom1 "Threaded" 3
FAIL: gcc.dg/tree-ssa/vrp47.c scan-tree-dump-times vrp1 "[xy][^ ]* !=" 0
FAIL: gcc.dg/tree-ssa/vrp47.c scan-tree-dump-times dom2 "x[^ ]* & y" 1
FAIL: gcc.dg/tree-ssa/vrp47.c scan-tree-dump-times vrp1 "x[^ ]* [|] y" 1
=== gcc Summary ===
# of expected passes 66572
# of unexpected failures 25
# of expected failures 124
# of unsupported tests 1543
/mnt/gnu/gcc/objdir-test/gcc/xgcc version 4.8.5 (GCC)
=== gnat tests ===
Running target unix
=== gnat Summary ===
# of expected passes 1165
# of expected failures 17
# of unsupported tests 12
/mnt/gnu/gcc/objdir-test/gcc/gnatmake version 4.8.5
=== libatomic tests ===
Running target unix
=== libatomic Summary ===
# of expected passes 4
# of unsupported tests 25
=== libgomp tests ===
Running target unix
FAIL: libgomp.c/copyin-1.c execution test
FAIL: libgomp.c/copyin-2.c execution test
FAIL: libgomp.c/copyin-3.c execution test
FAIL: libgomp.c/pr24455.c execution test
FAIL: libgomp.c++/copyin-1.C -O0 execution test
FAIL: libgomp.c++/copyin-1.C -O1 execution test
FAIL: libgomp.c++/copyin-1.C -O2 execution test
FAIL: libgomp.c++/copyin-1.C -O3 -fomit-frame-pointer execution test
FAIL: libgomp.c++/copyin-1.C -O3 -fomit-frame-pointer -funroll-loops execution test
FAIL: libgomp.c++/copyin-1.C -O3 -fomit-frame-pointer -funroll-all-loops -finline-functions execution test
FAIL: libgomp.c++/copyin-1.C -O3 -g execution test
FAIL: libgomp.c++/copyin-1.C -Os execution test
FAIL: libgomp.c++/copyin-2.C -O0 execution test
FAIL: libgomp.c++/copyin-2.C -O1 execution test
FAIL: libgomp.c++/copyin-2.C -O2 execution test
FAIL: libgomp.c++/copyin-2.C -O3 -fomit-frame-pointer execution test
FAIL: libgomp.c++/copyin-2.C -O3 -fomit-frame-pointer -funroll-loops execution test
FAIL: libgomp.c++/copyin-2.C -O3 -fomit-frame-pointer -funroll-all-loops -finline-functions execution test
FAIL: libgomp.c++/copyin-2.C -O3 -g execution test
FAIL: libgomp.c++/copyin-2.C -Os execution test
FAIL: libgomp.c++/ctor-10.C -O0 execution test
FAIL: libgomp.c++/ctor-10.C -O1 execution test
FAIL: libgomp.c++/ctor-5.C -O0 execution test
FAIL: libgomp.c++/ctor-5.C -O1 execution test
FAIL: libgomp.c++/ctor-5.C -O2 execution test
FAIL: libgomp.c++/ctor-5.C -O3 -fomit-frame-pointer execution test
FAIL: libgomp.c++/ctor-5.C -O3 -fomit-frame-pointer -funroll-loops execution test
FAIL: libgomp.c++/ctor-5.C -O3 -fomit-frame-pointer -funroll-all-loops -finline-functions execution test
FAIL: libgomp.c++/ctor-5.C -O3 -g execution test
FAIL: libgomp.c++/ctor-5.C -Os execution test
FAIL: libgomp.c++/ctor-8.C -O0 execution test
FAIL: libgomp.c++/ctor-8.C -O1 execution test
FAIL: libgomp.c++/ctor-8.C -Os execution test
FAIL: libgomp.c++/ctor-9.C -O0 execution test
FAIL: libgomp.c++/ctor-9.C -O1 execution test
FAIL: libgomp.c++/ctor-9.C -O2 execution test
FAIL: libgomp.c++/ctor-9.C -O3 -fomit-frame-pointer -funroll-loops execution test
FAIL: libgomp.c++/ctor-9.C -O3 -g execution test
FAIL: libgomp.c++/ctor-9.C -Os execution test
FAIL: libgomp.c++/pr24455.C -O2 execution test
=== libgomp Summary ===
# of expected passes 1261
# of unexpected failures 40
# of unsupported tests 10
=== libstdc++ tests ===
Running target unix
=== libstdc++ Summary ===
# of expected passes 7610
# of expected failures 45
# of unsupported tests 690
Compiler version: 4.8.5
Platform: hppa1.1-hp-hpux11.11
configure flags:Test Run By dave on Thu Dec 24 20:16:09 EST 2015