This is the mail archive of the
gcc-testresults@gcc.gnu.org
mailing list for the GCC project.
Results for 4.8.5 (gcc-4.8.5-release commit: release) testsuite on mips64el-redhat-linux-gnu
- From: paul dot hua dot gm at gmail dot com
- To: gcc-testresults at gcc dot gnu dot org
- Date: Thu, 24 Dec 2015 17:50:10 +0800
- Subject: Results for 4.8.5 (gcc-4.8.5-release commit: release) testsuite on mips64el-redhat-linux-gnu
- Authentication-results: sourceware.org; auth=none
-- Build environment ----------------------------------------------------------
Linux loongson 3.10.0-15.03.17.loongson3 #2 SMP PREEMPT Mon Nov 30 08:52:19 CST 2015 mips64 mips64 mips64 GNU/Linux
OS: Fedora release 21 (Twenty One)
CPU: processor : 0-7
motherboard : Loongson-3B-one-way
cpu model : ICT Loongson-3B V0.5 FPU V0.1
BogoMIPS : 880.43
clock : 1100.000000MHz
wait instruction : no
microsecond timers : yes
tlb_entries : 64
extra interrupt vector : no
hardware watchpoint : yes, count: 0, address/irw mask: []
ASEs implemented :
shadow register sets : 1
kscratch registers : 0
VCED exceptions : not available
VCEI exceptions : not available
-- Time consumed --------------------------------------------------------------
Build: real 248m32.480s
user 1099m36.973s
sys 195m41.066s
Test: real 271m20.921s
user 1482m17.465s
sys 434m2.777s
-------------------------------------------------------------------------------
Native configuration is mips64el-redhat-linux-gnu
=== gcc tests ===
Running target unix
FAIL: gcc.dg/attr-ifunc-1.c execution test
FAIL: gcc.dg/attr-ifunc-3.c execution test
FAIL: gcc.dg/attr-ifunc-4.c (test for excess errors)
UNRESOLVED: gcc.dg/attr-ifunc-4.c compilation failed to produce executable
FAIL: gcc.dg/attr-ifunc-5.c execution test
XPASS: gcc.dg/guality/example.c -O0 execution test
XPASS: gcc.dg/guality/example.c -O1 execution test
XPASS: gcc.dg/guality/guality.c -O0 execution test
XPASS: gcc.dg/guality/guality.c -O1 execution test
XPASS: gcc.dg/guality/guality.c -Os execution test
XPASS: gcc.dg/guality/guality.c -O2 -flto -fuse-linker-plugin -fno-fat-lto-objects execution test
XPASS: gcc.dg/guality/inline-params.c -O2 execution test
XPASS: gcc.dg/guality/inline-params.c -O3 -fomit-frame-pointer execution test
XPASS: gcc.dg/guality/inline-params.c -O3 -g execution test
XPASS: gcc.dg/guality/inline-params.c -Os execution test
XPASS: gcc.dg/guality/inline-params.c -O2 -flto -fno-use-linker-plugin -flto-partition=none execution test
FAIL: gcc.dg/guality/pr36728-1.c -O1 line 16 arg1 == 1
FAIL: gcc.dg/guality/pr36728-1.c -O1 line 16 arg3 == 3
FAIL: gcc.dg/guality/pr36728-1.c -O1 line 16 arg7 == 30
FAIL: gcc.dg/guality/pr36728-1.c -O1 line 18 arg1 == 1
FAIL: gcc.dg/guality/pr36728-1.c -O1 line 18 arg2 == 2
FAIL: gcc.dg/guality/pr36728-1.c -O1 line 18 arg3 == 3
FAIL: gcc.dg/guality/pr36728-1.c -O1 line 18 arg7 == 30
FAIL: gcc.dg/guality/pr36728-1.c -O2 line 16 arg1 == 1
FAIL: gcc.dg/guality/pr36728-1.c -O2 line 16 arg2 == 2
FAIL: gcc.dg/guality/pr36728-1.c -O2 line 16 arg3 == 3
FAIL: gcc.dg/guality/pr36728-1.c -O2 line 16 arg7 == 30
FAIL: gcc.dg/guality/pr36728-1.c -O2 line 18 arg1 == 1
FAIL: gcc.dg/guality/pr36728-1.c -O2 line 18 arg2 == 2
FAIL: gcc.dg/guality/pr36728-1.c -O2 line 18 arg3 == 3
FAIL: gcc.dg/guality/pr36728-1.c -O2 line 18 arg7 == 30
FAIL: gcc.dg/guality/pr36728-1.c -O3 -fomit-frame-pointer line 16 arg1 == 1
FAIL: gcc.dg/guality/pr36728-1.c -O3 -fomit-frame-pointer line 16 arg2 == 2
FAIL: gcc.dg/guality/pr36728-1.c -O3 -fomit-frame-pointer line 16 arg3 == 3
FAIL: gcc.dg/guality/pr36728-1.c -O3 -fomit-frame-pointer line 16 arg7 == 30
FAIL: gcc.dg/guality/pr36728-1.c -O3 -fomit-frame-pointer line 18 arg1 == 1
FAIL: gcc.dg/guality/pr36728-1.c -O3 -fomit-frame-pointer line 18 arg2 == 2
FAIL: gcc.dg/guality/pr36728-1.c -O3 -fomit-frame-pointer line 18 arg3 == 3
FAIL: gcc.dg/guality/pr36728-1.c -O3 -fomit-frame-pointer line 18 arg7 == 30
FAIL: gcc.dg/guality/pr36728-1.c -O3 -g line 16 arg1 == 1
FAIL: gcc.dg/guality/pr36728-1.c -O3 -g line 16 arg2 == 2
FAIL: gcc.dg/guality/pr36728-1.c -O3 -g line 16 arg3 == 3
FAIL: gcc.dg/guality/pr36728-1.c -O3 -g line 16 arg7 == 30
FAIL: gcc.dg/guality/pr36728-1.c -O3 -g line 18 arg1 == 1
FAIL: gcc.dg/guality/pr36728-1.c -O3 -g line 18 arg2 == 2
FAIL: gcc.dg/guality/pr36728-1.c -O3 -g line 18 arg3 == 3
FAIL: gcc.dg/guality/pr36728-1.c -O3 -g line 18 arg7 == 30
FAIL: gcc.dg/guality/pr36728-1.c -Os line 16 arg1 == 1
FAIL: gcc.dg/guality/pr36728-1.c -Os line 16 arg2 == 2
FAIL: gcc.dg/guality/pr36728-1.c -Os line 16 arg3 == 3
FAIL: gcc.dg/guality/pr36728-1.c -Os line 16 arg7 == 30
FAIL: gcc.dg/guality/pr36728-1.c -Os line 18 arg1 == 1
FAIL: gcc.dg/guality/pr36728-1.c -Os line 18 arg2 == 2
FAIL: gcc.dg/guality/pr36728-1.c -Os line 18 arg3 == 3
FAIL: gcc.dg/guality/pr36728-1.c -Os line 18 arg7 == 30
FAIL: gcc.dg/guality/pr36728-1.c -O2 -flto -fno-use-linker-plugin -flto-partition=none line 16 arg1 == 1
FAIL: gcc.dg/guality/pr36728-1.c -O2 -flto -fno-use-linker-plugin -flto-partition=none line 16 arg2 == 2
FAIL: gcc.dg/guality/pr36728-1.c -O2 -flto -fno-use-linker-plugin -flto-partition=none line 16 arg3 == 3
FAIL: gcc.dg/guality/pr36728-1.c -O2 -flto -fno-use-linker-plugin -flto-partition=none line 16 arg7 == 30
FAIL: gcc.dg/guality/pr36728-1.c -O2 -flto -fno-use-linker-plugin -flto-partition=none line 18 arg1 == 1
FAIL: gcc.dg/guality/pr36728-1.c -O2 -flto -fno-use-linker-plugin -flto-partition=none line 18 arg2 == 2
FAIL: gcc.dg/guality/pr36728-1.c -O2 -flto -fno-use-linker-plugin -flto-partition=none line 18 arg3 == 3
FAIL: gcc.dg/guality/pr36728-1.c -O2 -flto -fno-use-linker-plugin -flto-partition=none line 18 arg7 == 30
FAIL: gcc.dg/guality/pr36728-1.c -O2 -flto -fuse-linker-plugin -fno-fat-lto-objects line 16 arg1 == 1
FAIL: gcc.dg/guality/pr36728-1.c -O2 -flto -fuse-linker-plugin -fno-fat-lto-objects line 16 arg2 == 2
FAIL: gcc.dg/guality/pr36728-1.c -O2 -flto -fuse-linker-plugin -fno-fat-lto-objects line 16 arg3 == 3
FAIL: gcc.dg/guality/pr36728-1.c -O2 -flto -fuse-linker-plugin -fno-fat-lto-objects line 16 arg7 == 30
FAIL: gcc.dg/guality/pr36728-1.c -O2 -flto -fuse-linker-plugin -fno-fat-lto-objects line 18 arg1 == 1
FAIL: gcc.dg/guality/pr36728-1.c -O2 -flto -fuse-linker-plugin -fno-fat-lto-objects line 18 arg2 == 2
FAIL: gcc.dg/guality/pr36728-1.c -O2 -flto -fuse-linker-plugin -fno-fat-lto-objects line 18 arg3 == 3
FAIL: gcc.dg/guality/pr36728-1.c -O2 -flto -fuse-linker-plugin -fno-fat-lto-objects line 18 arg7 == 30
FAIL: gcc.dg/guality/pr36728-2.c -O1 line 16 arg2 == 2
FAIL: gcc.dg/guality/pr36728-2.c -O1 line 18 arg1 == 1
FAIL: gcc.dg/guality/pr36728-2.c -O1 line 18 arg2 == 2
FAIL: gcc.dg/guality/pr36728-2.c -O2 line 16 arg1 == 1
FAIL: gcc.dg/guality/pr36728-2.c -O2 line 16 arg2 == 2
FAIL: gcc.dg/guality/pr36728-2.c -O2 line 18 arg1 == 1
FAIL: gcc.dg/guality/pr36728-2.c -O2 line 18 arg2 == 2
FAIL: gcc.dg/guality/pr36728-2.c -O3 -fomit-frame-pointer line 16 arg1 == 1
FAIL: gcc.dg/guality/pr36728-2.c -O3 -fomit-frame-pointer line 16 arg2 == 2
FAIL: gcc.dg/guality/pr36728-2.c -O3 -fomit-frame-pointer line 18 arg1 == 1
FAIL: gcc.dg/guality/pr36728-2.c -O3 -fomit-frame-pointer line 18 arg2 == 2
FAIL: gcc.dg/guality/pr36728-2.c -O3 -g line 16 arg1 == 1
FAIL: gcc.dg/guality/pr36728-2.c -O3 -g line 16 arg2 == 2
FAIL: gcc.dg/guality/pr36728-2.c -O3 -g line 18 arg1 == 1
FAIL: gcc.dg/guality/pr36728-2.c -O3 -g line 18 arg2 == 2
FAIL: gcc.dg/guality/pr36728-2.c -Os line 16 arg1 == 1
FAIL: gcc.dg/guality/pr36728-2.c -Os line 16 arg2 == 2
FAIL: gcc.dg/guality/pr36728-2.c -Os line 18 arg1 == 1
FAIL: gcc.dg/guality/pr36728-2.c -Os line 18 arg2 == 2
FAIL: gcc.dg/guality/pr36728-2.c -O2 -flto -fno-use-linker-plugin -flto-partition=none line 16 arg1 == 1
FAIL: gcc.dg/guality/pr36728-2.c -O2 -flto -fno-use-linker-plugin -flto-partition=none line 16 arg2 == 2
FAIL: gcc.dg/guality/pr36728-2.c -O2 -flto -fno-use-linker-plugin -flto-partition=none line 18 arg1 == 1
FAIL: gcc.dg/guality/pr36728-2.c -O2 -flto -fno-use-linker-plugin -flto-partition=none line 18 arg2 == 2
FAIL: gcc.dg/guality/pr36728-2.c -O2 -flto -fuse-linker-plugin -fno-fat-lto-objects line 16 arg2 == 2
FAIL: gcc.dg/guality/pr36728-2.c -O2 -flto -fuse-linker-plugin -fno-fat-lto-objects line 18 arg1 == 1
FAIL: gcc.dg/guality/pr36728-2.c -O2 -flto -fuse-linker-plugin -fno-fat-lto-objects line 18 arg2 == 2
FAIL: gcc.dg/guality/pr36728-3.c -O1 line 14 arg1 == 1
FAIL: gcc.dg/guality/pr36728-3.c -O1 line 14 arg2 == 2
FAIL: gcc.dg/guality/pr36728-3.c -O1 line 14 arg7 == 30
FAIL: gcc.dg/guality/pr36728-3.c -O1 line 16 arg1 == 1
FAIL: gcc.dg/guality/pr36728-3.c -O1 line 16 arg2 == 2
FAIL: gcc.dg/guality/pr36728-3.c -O1 line 16 arg7 == 30
FAIL: gcc.dg/guality/pr36728-3.c -O2 line 14 arg1 == 1
FAIL: gcc.dg/guality/pr36728-3.c -O2 line 14 arg2 == 2
FAIL: gcc.dg/guality/pr36728-3.c -O2 line 14 arg7 == 30
FAIL: gcc.dg/guality/pr36728-3.c -O2 line 16 arg1 == 1
FAIL: gcc.dg/guality/pr36728-3.c -O2 line 16 arg2 == 2
FAIL: gcc.dg/guality/pr36728-3.c -O2 line 16 arg7 == 30
FAIL: gcc.dg/guality/pr36728-3.c -O3 -fomit-frame-pointer line 14 arg1 == 1
FAIL: gcc.dg/guality/pr36728-3.c -O3 -fomit-frame-pointer line 14 arg2 == 2
FAIL: gcc.dg/guality/pr36728-3.c -O3 -fomit-frame-pointer line 14 arg7 == 30
FAIL: gcc.dg/guality/pr36728-3.c -O3 -fomit-frame-pointer line 16 arg1 == 1
FAIL: gcc.dg/guality/pr36728-3.c -O3 -fomit-frame-pointer line 16 arg2 == 2
FAIL: gcc.dg/guality/pr36728-3.c -O3 -fomit-frame-pointer line 16 arg7 == 30
FAIL: gcc.dg/guality/pr36728-3.c -O3 -g line 14 arg1 == 1
FAIL: gcc.dg/guality/pr36728-3.c -O3 -g line 14 arg2 == 2
FAIL: gcc.dg/guality/pr36728-3.c -O3 -g line 14 arg7 == 30
FAIL: gcc.dg/guality/pr36728-3.c -O3 -g line 16 arg1 == 1
FAIL: gcc.dg/guality/pr36728-3.c -O3 -g line 16 arg2 == 2
FAIL: gcc.dg/guality/pr36728-3.c -O3 -g line 16 arg7 == 30
FAIL: gcc.dg/guality/pr36728-3.c -Os line 14 arg1 == 1
FAIL: gcc.dg/guality/pr36728-3.c -Os line 14 arg2 == 2
FAIL: gcc.dg/guality/pr36728-3.c -Os line 14 arg7 == 30
FAIL: gcc.dg/guality/pr36728-3.c -Os line 16 arg1 == 1
FAIL: gcc.dg/guality/pr36728-3.c -Os line 16 arg2 == 2
FAIL: gcc.dg/guality/pr36728-3.c -Os line 16 arg7 == 30
FAIL: gcc.dg/guality/pr36728-3.c -O2 -flto -fno-use-linker-plugin -flto-partition=none line 14 arg1 == 1
FAIL: gcc.dg/guality/pr36728-3.c -O2 -flto -fno-use-linker-plugin -flto-partition=none line 14 arg2 == 2
FAIL: gcc.dg/guality/pr36728-3.c -O2 -flto -fno-use-linker-plugin -flto-partition=none line 14 arg7 == 30
FAIL: gcc.dg/guality/pr36728-3.c -O2 -flto -fno-use-linker-plugin -flto-partition=none line 16 arg1 == 1
FAIL: gcc.dg/guality/pr36728-3.c -O2 -flto -fno-use-linker-plugin -flto-partition=none line 16 arg2 == 2
FAIL: gcc.dg/guality/pr36728-3.c -O2 -flto -fno-use-linker-plugin -flto-partition=none line 16 arg7 == 30
FAIL: gcc.dg/guality/pr36728-3.c -O2 -flto -fuse-linker-plugin -fno-fat-lto-objects line 14 arg1 == 1
FAIL: gcc.dg/guality/pr36728-3.c -O2 -flto -fuse-linker-plugin -fno-fat-lto-objects line 14 arg2 == 2
FAIL: gcc.dg/guality/pr36728-3.c -O2 -flto -fuse-linker-plugin -fno-fat-lto-objects line 14 arg7 == 30
FAIL: gcc.dg/guality/pr36728-3.c -O2 -flto -fuse-linker-plugin -fno-fat-lto-objects line 16 arg1 == 1
FAIL: gcc.dg/guality/pr36728-3.c -O2 -flto -fuse-linker-plugin -fno-fat-lto-objects line 16 arg2 == 2
FAIL: gcc.dg/guality/pr36728-3.c -O2 -flto -fuse-linker-plugin -fno-fat-lto-objects line 16 arg7 == 30
FAIL: gcc.dg/guality/pr36728-4.c -O1 line 14 arg1 == 1
FAIL: gcc.dg/guality/pr36728-4.c -O1 line 16 arg1 == 1
FAIL: gcc.dg/guality/pr36728-4.c -O2 line 14 arg1 == 1
FAIL: gcc.dg/guality/pr36728-4.c -O2 line 16 arg1 == 1
FAIL: gcc.dg/guality/pr36728-4.c -O3 -fomit-frame-pointer line 14 arg1 == 1
FAIL: gcc.dg/guality/pr36728-4.c -O3 -fomit-frame-pointer line 16 arg1 == 1
FAIL: gcc.dg/guality/pr36728-4.c -O3 -g line 14 arg1 == 1
FAIL: gcc.dg/guality/pr36728-4.c -O3 -g line 16 arg1 == 1
FAIL: gcc.dg/guality/pr36728-4.c -Os line 14 arg1 == 1
FAIL: gcc.dg/guality/pr36728-4.c -Os line 16 arg1 == 1
FAIL: gcc.dg/guality/pr36728-4.c -O2 -flto -fno-use-linker-plugin -flto-partition=none line 14 arg1 == 1
FAIL: gcc.dg/guality/pr36728-4.c -O2 -flto -fno-use-linker-plugin -flto-partition=none line 16 arg1 == 1
FAIL: gcc.dg/guality/pr36728-4.c -O2 -flto -fuse-linker-plugin -fno-fat-lto-objects line 14 arg1 == 1
FAIL: gcc.dg/guality/pr36728-4.c -O2 -flto -fuse-linker-plugin -fno-fat-lto-objects line 16 arg1 == 1
XPASS: gcc.dg/guality/pr41353-1.c -O0 line 28 j == 28 + 37
XPASS: gcc.dg/guality/pr41447-1.c -O0 execution test
XPASS: gcc.dg/guality/pr41447-1.c -O1 execution test
XPASS: gcc.dg/guality/pr41447-1.c -O2 execution test
XPASS: gcc.dg/guality/pr41447-1.c -O3 -fomit-frame-pointer execution test
XPASS: gcc.dg/guality/pr41447-1.c -O3 -g execution test
XPASS: gcc.dg/guality/pr41447-1.c -Os execution test
XPASS: gcc.dg/guality/pr41447-1.c -O2 -flto -fno-use-linker-plugin -flto-partition=none execution test
XPASS: gcc.dg/guality/pr41447-1.c -O2 -flto -fuse-linker-plugin -fno-fat-lto-objects execution test
XPASS: gcc.dg/guality/pr41616-1.c -O0 execution test
XPASS: gcc.dg/guality/pr41616-1.c -O1 execution test
XPASS: gcc.dg/guality/pr41616-1.c -O2 execution test
XPASS: gcc.dg/guality/pr41616-1.c -O3 -fomit-frame-pointer execution test
XPASS: gcc.dg/guality/pr41616-1.c -O3 -g execution test
XPASS: gcc.dg/guality/pr41616-1.c -Os execution test
XPASS: gcc.dg/guality/pr41616-1.c -O2 -flto -fno-use-linker-plugin -flto-partition=none execution test
FAIL: gcc.dg/guality/pr43051-1.c -O3 -fomit-frame-pointer -funroll-loops line 35 v == 1
FAIL: gcc.dg/guality/pr43051-1.c -O3 -fomit-frame-pointer -funroll-loops line 40 v == 1
FAIL: gcc.dg/guality/pr43051-1.c -O3 -fomit-frame-pointer -funroll-all-loops -finline-functions line 35 v == 1
FAIL: gcc.dg/guality/pr43051-1.c -O3 -fomit-frame-pointer -funroll-all-loops -finline-functions line 40 v == 1
FAIL: gcc.dg/guality/pr43051-1.c -Os line 40 v == 1
FAIL: gcc.dg/guality/pr45882.c -O1 line 16 b == 7
FAIL: gcc.dg/guality/pr45882.c -O1 line 16 c == 11
FAIL: gcc.dg/guality/pr45882.c -O1 line 16 d == 112
FAIL: gcc.dg/guality/pr45882.c -O1 line 16 e == 142
FAIL: gcc.dg/guality/pr45882.c -O2 line 16 b == 7
FAIL: gcc.dg/guality/pr45882.c -O2 line 16 c == 11
FAIL: gcc.dg/guality/pr45882.c -O2 line 16 d == 112
FAIL: gcc.dg/guality/pr45882.c -O2 line 16 e == 142
FAIL: gcc.dg/guality/pr45882.c -O3 -fomit-frame-pointer line 16 b == 7
FAIL: gcc.dg/guality/pr45882.c -O3 -fomit-frame-pointer line 16 c == 11
FAIL: gcc.dg/guality/pr45882.c -O3 -fomit-frame-pointer line 16 d == 112
FAIL: gcc.dg/guality/pr45882.c -O3 -fomit-frame-pointer line 16 e == 142
FAIL: gcc.dg/guality/pr45882.c -O3 -g line 16 b == 7
FAIL: gcc.dg/guality/pr45882.c -O3 -g line 16 c == 11
FAIL: gcc.dg/guality/pr45882.c -O3 -g line 16 d == 112
FAIL: gcc.dg/guality/pr45882.c -O3 -g line 16 e == 142
FAIL: gcc.dg/guality/pr45882.c -Os line 16 b == 7
FAIL: gcc.dg/guality/pr45882.c -Os line 16 c == 11
FAIL: gcc.dg/guality/pr45882.c -Os line 16 d == 112
FAIL: gcc.dg/guality/pr45882.c -Os line 16 e == 142
FAIL: gcc.dg/guality/pr45882.c -O2 -flto -fno-use-linker-plugin -flto-partition=none line 16 b == 7
FAIL: gcc.dg/guality/pr45882.c -O2 -flto -fno-use-linker-plugin -flto-partition=none line 16 c == 11
FAIL: gcc.dg/guality/pr45882.c -O2 -flto -fno-use-linker-plugin -flto-partition=none line 16 d == 112
FAIL: gcc.dg/guality/pr45882.c -O2 -flto -fno-use-linker-plugin -flto-partition=none line 16 e == 142
FAIL: gcc.dg/guality/pr45882.c -O2 -flto -fuse-linker-plugin -fno-fat-lto-objects line 16 b == 7
FAIL: gcc.dg/guality/pr45882.c -O2 -flto -fuse-linker-plugin -fno-fat-lto-objects line 16 c == 11
FAIL: gcc.dg/guality/pr45882.c -O2 -flto -fuse-linker-plugin -fno-fat-lto-objects line 16 d == 112
FAIL: gcc.dg/guality/pr45882.c -O2 -flto -fuse-linker-plugin -fno-fat-lto-objects line 16 e == 142
FAIL: gcc.dg/guality/pr54200.c -O1 line 20 z == 3
FAIL: gcc.dg/guality/pr54200.c -O2 line 20 z == 3
FAIL: gcc.dg/guality/pr54200.c -O3 -fomit-frame-pointer line 20 z == 3
FAIL: gcc.dg/guality/pr54200.c -O3 -g line 20 z == 3
FAIL: gcc.dg/guality/pr54200.c -Os line 20 z == 3
FAIL: gcc.dg/guality/pr54200.c -O2 -flto -fno-use-linker-plugin -flto-partition=none line 20 z == 3
FAIL: gcc.dg/guality/pr54200.c -O2 -flto -fuse-linker-plugin -fno-fat-lto-objects line 20 z == 3
FAIL: gcc.dg/guality/pr54519-1.c -O1 line 20 x == 36
FAIL: gcc.dg/guality/pr54519-1.c -O1 line 20 y == 25
FAIL: gcc.dg/guality/pr54519-1.c -O1 line 23 x == 98
FAIL: gcc.dg/guality/pr54519-1.c -O1 line 23 y == 117
FAIL: gcc.dg/guality/pr54519-1.c -O2 line 20 x == 36
FAIL: gcc.dg/guality/pr54519-1.c -O2 line 23 x == 98
FAIL: gcc.dg/guality/pr54519-1.c -O3 -fomit-frame-pointer line 20 x == 36
FAIL: gcc.dg/guality/pr54519-1.c -O3 -fomit-frame-pointer line 20 y == 25
FAIL: gcc.dg/guality/pr54519-1.c -O3 -fomit-frame-pointer line 23 x == 98
FAIL: gcc.dg/guality/pr54519-1.c -O3 -fomit-frame-pointer line 23 y == 117
FAIL: gcc.dg/guality/pr54519-1.c -O3 -g line 20 x == 36
FAIL: gcc.dg/guality/pr54519-1.c -O3 -g line 20 y == 25
FAIL: gcc.dg/guality/pr54519-1.c -O3 -g line 23 x == 98
FAIL: gcc.dg/guality/pr54519-1.c -O3 -g line 23 y == 117
FAIL: gcc.dg/guality/pr54519-1.c -Os line 20 x == 36
FAIL: gcc.dg/guality/pr54519-1.c -Os line 23 x == 98
FAIL: gcc.dg/guality/pr54519-1.c -O2 -flto -fno-use-linker-plugin -flto-partition=none line 20 x == 36
FAIL: gcc.dg/guality/pr54519-1.c -O2 -flto -fno-use-linker-plugin -flto-partition=none line 20 y == 25
FAIL: gcc.dg/guality/pr54519-1.c -O2 -flto -fno-use-linker-plugin -flto-partition=none line 20 z == 6
FAIL: gcc.dg/guality/pr54519-1.c -O2 -flto -fno-use-linker-plugin -flto-partition=none line 23 x == 98
FAIL: gcc.dg/guality/pr54519-1.c -O2 -flto -fno-use-linker-plugin -flto-partition=none line 23 y == 117
FAIL: gcc.dg/guality/pr54519-1.c -O2 -flto -fno-use-linker-plugin -flto-partition=none line 23 z == 8
FAIL: gcc.dg/guality/pr54519-2.c -O1 line 17 x == 6
FAIL: gcc.dg/guality/pr54519-2.c -O2 line 17 y == 25
FAIL: gcc.dg/guality/pr54519-2.c -O2 line 22 y == 68
FAIL: gcc.dg/guality/pr54519-2.c -O3 -fomit-frame-pointer line 17 y == 25
FAIL: gcc.dg/guality/pr54519-2.c -O3 -fomit-frame-pointer line 22 y == 68
FAIL: gcc.dg/guality/pr54519-2.c -O3 -g line 17 y == 25
FAIL: gcc.dg/guality/pr54519-2.c -O3 -g line 22 y == 68
FAIL: gcc.dg/guality/pr54519-2.c -Os line 22 y == 68
FAIL: gcc.dg/guality/pr54519-2.c -O2 -flto -fno-use-linker-plugin -flto-partition=none line 17 y == 25
FAIL: gcc.dg/guality/pr54519-2.c -O2 -flto -fno-use-linker-plugin -flto-partition=none line 22 y == 68
FAIL: gcc.dg/guality/pr54519-2.c -O2 -flto -fuse-linker-plugin -fno-fat-lto-objects line 17 y == 25
FAIL: gcc.dg/guality/pr54519-2.c -O2 -flto -fuse-linker-plugin -fno-fat-lto-objects line 22 y == 68
FAIL: gcc.dg/guality/pr54519-3.c -O2 line 20 z == 6
FAIL: gcc.dg/guality/pr54519-3.c -O2 line 23 z == 8
FAIL: gcc.dg/guality/pr54519-3.c -O3 -fomit-frame-pointer line 20 z == 6
FAIL: gcc.dg/guality/pr54519-3.c -O3 -fomit-frame-pointer line 23 z == 8
FAIL: gcc.dg/guality/pr54519-3.c -O3 -g line 20 z == 6
FAIL: gcc.dg/guality/pr54519-3.c -O3 -g line 23 z == 8
FAIL: gcc.dg/guality/pr54519-3.c -Os line 20 z == 6
FAIL: gcc.dg/guality/pr54519-3.c -Os line 23 z == 8
FAIL: gcc.dg/guality/pr54519-3.c -O2 -flto -fno-use-linker-plugin -flto-partition=none line 20 y == 25
FAIL: gcc.dg/guality/pr54519-3.c -O2 -flto -fno-use-linker-plugin -flto-partition=none line 23 y == 117
FAIL: gcc.dg/guality/pr54519-3.c -O2 -flto -fuse-linker-plugin -fno-fat-lto-objects line 20 y == 25
FAIL: gcc.dg/guality/pr54519-3.c -O2 -flto -fuse-linker-plugin -fno-fat-lto-objects line 23 y == 117
FAIL: gcc.dg/guality/pr54519-4.c -O2 line 17 y == 25
FAIL: gcc.dg/guality/pr54519-4.c -O2 line 22 y == 68
FAIL: gcc.dg/guality/pr54519-4.c -O3 -fomit-frame-pointer line 17 y == 25
FAIL: gcc.dg/guality/pr54519-4.c -O3 -fomit-frame-pointer line 22 y == 68
FAIL: gcc.dg/guality/pr54519-4.c -O3 -g line 17 y == 25
FAIL: gcc.dg/guality/pr54519-4.c -O3 -g line 22 y == 68
FAIL: gcc.dg/guality/pr54519-4.c -Os line 17 y == 25
FAIL: gcc.dg/guality/pr54519-4.c -Os line 22 y == 68
FAIL: gcc.dg/guality/pr54519-4.c -O2 -flto -fno-use-linker-plugin -flto-partition=none line 22 y == 68
FAIL: gcc.dg/guality/pr54519-4.c -O2 -flto -fuse-linker-plugin -fno-fat-lto-objects line 22 y == 68
FAIL: gcc.dg/guality/pr54519-5.c -O1 line 17 x == 6
FAIL: gcc.dg/guality/pr54519-5.c -O1 line 17 y == 25
FAIL: gcc.dg/guality/pr54519-5.c -O2 line 17 y == 25
FAIL: gcc.dg/guality/pr54519-5.c -O2 line 22 y == 68
FAIL: gcc.dg/guality/pr54519-5.c -O3 -fomit-frame-pointer line 17 y == 25
FAIL: gcc.dg/guality/pr54519-5.c -O3 -fomit-frame-pointer line 22 y == 68
FAIL: gcc.dg/guality/pr54519-5.c -O3 -g line 17 y == 25
FAIL: gcc.dg/guality/pr54519-5.c -O3 -g line 22 y == 68
FAIL: gcc.dg/guality/pr54519-5.c -Os line 17 y == 25
FAIL: gcc.dg/guality/pr54519-5.c -Os line 22 y == 68
FAIL: gcc.dg/guality/pr54519-5.c -O2 -flto -fno-use-linker-plugin -flto-partition=none line 17 y == 25
FAIL: gcc.dg/guality/pr54519-5.c -O2 -flto -fno-use-linker-plugin -flto-partition=none line 22 y == 68
FAIL: gcc.dg/guality/pr54519-5.c -O2 -flto -fuse-linker-plugin -fno-fat-lto-objects line 17 y == 25
FAIL: gcc.dg/guality/pr54519-5.c -O2 -flto -fuse-linker-plugin -fno-fat-lto-objects line 22 y == 68
FAIL: gcc.dg/guality/pr54551.c -O1 line 18 a == 4
FAIL: gcc.dg/guality/pr54551.c -O1 line 18 z == 3
FAIL: gcc.dg/guality/pr54551.c -O2 line 18 a == 4
FAIL: gcc.dg/guality/pr54551.c -O2 line 18 z == 3
FAIL: gcc.dg/guality/pr54551.c -O3 -fomit-frame-pointer line 18 a == 4
FAIL: gcc.dg/guality/pr54551.c -O3 -fomit-frame-pointer line 18 z == 3
FAIL: gcc.dg/guality/pr54551.c -O3 -g line 18 a == 4
FAIL: gcc.dg/guality/pr54551.c -O3 -g line 18 z == 3
FAIL: gcc.dg/guality/pr54551.c -Os line 18 a == 4
FAIL: gcc.dg/guality/pr54551.c -Os line 18 z == 3
FAIL: gcc.dg/guality/pr54551.c -O2 -flto -fno-use-linker-plugin -flto-partition=none line 18 a == 4
FAIL: gcc.dg/guality/pr54551.c -O2 -flto -fno-use-linker-plugin -flto-partition=none line 18 z == 3
FAIL: gcc.dg/guality/pr54693-2.c -O1 line 21 x == 10 - i
FAIL: gcc.dg/guality/pr54693-2.c -O1 line 21 y == 20 - 2 * i
FAIL: gcc.dg/guality/pr54693-2.c -O1 line 21 z == 30 - 3 * i
FAIL: gcc.dg/guality/pr54693-2.c -O2 line 21 x == 10 - i
FAIL: gcc.dg/guality/pr54693-2.c -O2 line 21 y == 20 - 2 * i
FAIL: gcc.dg/guality/pr54693-2.c -O3 -fomit-frame-pointer line 21 x == 10 - i
FAIL: gcc.dg/guality/pr54693-2.c -O3 -fomit-frame-pointer line 21 y == 20 - 2 * i
FAIL: gcc.dg/guality/pr54693-2.c -O3 -fomit-frame-pointer -funroll-loops line 21 x == 10 - i
FAIL: gcc.dg/guality/pr54693-2.c -O3 -fomit-frame-pointer -funroll-loops line 21 y == 20 - 2 * i
FAIL: gcc.dg/guality/pr54693-2.c -O3 -fomit-frame-pointer -funroll-all-loops -finline-functions line 21 x == 10 - i
FAIL: gcc.dg/guality/pr54693-2.c -O3 -fomit-frame-pointer -funroll-all-loops -finline-functions line 21 y == 20 - 2 * i
FAIL: gcc.dg/guality/pr54693-2.c -O3 -g line 21 x == 10 - i
FAIL: gcc.dg/guality/pr54693-2.c -O3 -g line 21 y == 20 - 2 * i
FAIL: gcc.dg/guality/pr54693-2.c -O2 -flto -fno-use-linker-plugin -flto-partition=none line 21 x == 10 - i
FAIL: gcc.dg/guality/pr54693-2.c -O2 -flto -fno-use-linker-plugin -flto-partition=none line 21 y == 20 - 2 * i
FAIL: gcc.dg/guality/pr54693-2.c -O2 -flto -fuse-linker-plugin -fno-fat-lto-objects line 21 x == 10 - i
FAIL: gcc.dg/guality/pr54693-2.c -O2 -flto -fuse-linker-plugin -fno-fat-lto-objects line 21 y == 20 - 2 * i
FAIL: gcc.dg/guality/pr54796.c -O1 line 17 a == 5
FAIL: gcc.dg/guality/pr54796.c -O1 line 17 b == 6
FAIL: gcc.dg/guality/pr54796.c -O1 line 17 c == 5
FAIL: gcc.dg/guality/pr54796.c -O2 line 17 a == 5
FAIL: gcc.dg/guality/pr54796.c -O2 line 17 b == 6
FAIL: gcc.dg/guality/pr54796.c -O2 line 17 c == 5
FAIL: gcc.dg/guality/pr54796.c -O3 -fomit-frame-pointer line 17 a == 5
FAIL: gcc.dg/guality/pr54796.c -O3 -fomit-frame-pointer line 17 b == 6
FAIL: gcc.dg/guality/pr54796.c -O3 -fomit-frame-pointer line 17 c == 5
FAIL: gcc.dg/guality/pr54796.c -O3 -g line 17 a == 5
FAIL: gcc.dg/guality/pr54796.c -O3 -g line 17 b == 6
FAIL: gcc.dg/guality/pr54796.c -O3 -g line 17 c == 5
FAIL: gcc.dg/guality/pr54796.c -Os line 17 a == 5
FAIL: gcc.dg/guality/pr54796.c -Os line 17 b == 6
FAIL: gcc.dg/guality/pr54796.c -Os line 17 c == 5
FAIL: gcc.dg/guality/pr54796.c -O2 -flto -fno-use-linker-plugin -flto-partition=none line 17 a == 5
FAIL: gcc.dg/guality/pr54796.c -O2 -flto -fno-use-linker-plugin -flto-partition=none line 17 b == 6
FAIL: gcc.dg/guality/pr54796.c -O2 -flto -fno-use-linker-plugin -flto-partition=none line 17 c == 5
FAIL: gcc.dg/guality/pr54970.c -O1 line 15 a[0] == 1
FAIL: gcc.dg/guality/pr54970.c -O1 line 20 a[0] == 1
FAIL: gcc.dg/guality/pr54970.c -O1 line 25 a[0] == 1
FAIL: gcc.dg/guality/pr54970.c -O1 line 31 *p == 6
FAIL: gcc.dg/guality/pr54970.c -O1 line 31 *q == 5
FAIL: gcc.dg/guality/pr54970.c -O1 line 36 *p == 26
FAIL: gcc.dg/guality/pr54970.c -O1 line 36 *q == 5
FAIL: gcc.dg/guality/pr54970.c -O1 line 45 *p == 26
FAIL: gcc.dg/guality/pr54970.c -O1 line 45 p[-1] == 25
FAIL: gcc.dg/guality/pr54970.c -O1 line 45 p[-2] == 4
FAIL: gcc.dg/guality/pr54970.c -O1 line 45 q[-1] == 4
FAIL: gcc.dg/guality/pr54970.c -O1 line 45 q[1] == 26
FAIL: gcc.dg/guality/pr54970.c -O1 line 45 *q == 25
FAIL: gcc.dg/guality/pr54970.c -O2 line 15 a[0] == 1
FAIL: gcc.dg/guality/pr54970.c -O2 line 20 a[0] == 1
FAIL: gcc.dg/guality/pr54970.c -O2 line 25 a[0] == 1
FAIL: gcc.dg/guality/pr54970.c -O2 line 31 *p == 6
FAIL: gcc.dg/guality/pr54970.c -O2 line 31 *q == 5
FAIL: gcc.dg/guality/pr54970.c -O2 line 36 *p == 26
FAIL: gcc.dg/guality/pr54970.c -O2 line 36 *q == 5
FAIL: gcc.dg/guality/pr54970.c -O2 line 45 *p == 26
FAIL: gcc.dg/guality/pr54970.c -O2 line 45 p[-1] == 25
FAIL: gcc.dg/guality/pr54970.c -O2 line 45 p[-2] == 4
FAIL: gcc.dg/guality/pr54970.c -O2 line 45 q[-1] == 4
FAIL: gcc.dg/guality/pr54970.c -O2 line 45 q[1] == 26
FAIL: gcc.dg/guality/pr54970.c -O2 line 45 *q == 25
FAIL: gcc.dg/guality/pr54970.c -O3 -fomit-frame-pointer line 15 a[0] == 1
FAIL: gcc.dg/guality/pr54970.c -O3 -fomit-frame-pointer line 20 a[0] == 1
FAIL: gcc.dg/guality/pr54970.c -O3 -fomit-frame-pointer line 25 a[0] == 1
FAIL: gcc.dg/guality/pr54970.c -O3 -fomit-frame-pointer line 31 *p == 6
FAIL: gcc.dg/guality/pr54970.c -O3 -fomit-frame-pointer line 31 *q == 5
FAIL: gcc.dg/guality/pr54970.c -O3 -fomit-frame-pointer line 36 *p == 26
FAIL: gcc.dg/guality/pr54970.c -O3 -fomit-frame-pointer line 36 *q == 5
FAIL: gcc.dg/guality/pr54970.c -O3 -fomit-frame-pointer line 45 *p == 26
FAIL: gcc.dg/guality/pr54970.c -O3 -fomit-frame-pointer line 45 p[-1] == 25
FAIL: gcc.dg/guality/pr54970.c -O3 -fomit-frame-pointer line 45 p[-2] == 4
FAIL: gcc.dg/guality/pr54970.c -O3 -fomit-frame-pointer line 45 q[-1] == 4
FAIL: gcc.dg/guality/pr54970.c -O3 -fomit-frame-pointer line 45 q[1] == 26
FAIL: gcc.dg/guality/pr54970.c -O3 -fomit-frame-pointer line 45 *q == 25
FAIL: gcc.dg/guality/pr54970.c -O3 -g line 15 a[0] == 1
FAIL: gcc.dg/guality/pr54970.c -O3 -g line 20 a[0] == 1
FAIL: gcc.dg/guality/pr54970.c -O3 -g line 25 a[0] == 1
FAIL: gcc.dg/guality/pr54970.c -O3 -g line 31 *p == 6
FAIL: gcc.dg/guality/pr54970.c -O3 -g line 31 *q == 5
FAIL: gcc.dg/guality/pr54970.c -O3 -g line 36 *p == 26
FAIL: gcc.dg/guality/pr54970.c -O3 -g line 36 *q == 5
FAIL: gcc.dg/guality/pr54970.c -O3 -g line 45 *p == 26
FAIL: gcc.dg/guality/pr54970.c -O3 -g line 45 p[-1] == 25
FAIL: gcc.dg/guality/pr54970.c -O3 -g line 45 p[-2] == 4
FAIL: gcc.dg/guality/pr54970.c -O3 -g line 45 q[-1] == 4
FAIL: gcc.dg/guality/pr54970.c -O3 -g line 45 q[1] == 26
FAIL: gcc.dg/guality/pr54970.c -O3 -g line 45 *q == 25
FAIL: gcc.dg/guality/pr54970.c -O2 -flto -fno-use-linker-plugin -flto-partition=none line 15 a[0] == 1
FAIL: gcc.dg/guality/pr54970.c -O2 -flto -fno-use-linker-plugin -flto-partition=none line 20 a[0] == 1
FAIL: gcc.dg/guality/pr54970.c -O2 -flto -fno-use-linker-plugin -flto-partition=none line 25 a[0] == 1
FAIL: gcc.dg/guality/pr54970.c -O2 -flto -fno-use-linker-plugin -flto-partition=none line 31 *p == 6
FAIL: gcc.dg/guality/pr54970.c -O2 -flto -fno-use-linker-plugin -flto-partition=none line 31 *q == 5
FAIL: gcc.dg/guality/pr54970.c -O2 -flto -fno-use-linker-plugin -flto-partition=none line 36 *p == 26
FAIL: gcc.dg/guality/pr54970.c -O2 -flto -fno-use-linker-plugin -flto-partition=none line 36 *q == 5
FAIL: gcc.dg/guality/pr54970.c -O2 -flto -fno-use-linker-plugin -flto-partition=none line 45 *p == 26
FAIL: gcc.dg/guality/pr54970.c -O2 -flto -fno-use-linker-plugin -flto-partition=none line 45 p[-1] == 25
FAIL: gcc.dg/guality/pr54970.c -O2 -flto -fno-use-linker-plugin -flto-partition=none line 45 p[-2] == 4
FAIL: gcc.dg/guality/pr54970.c -O2 -flto -fno-use-linker-plugin -flto-partition=none line 45 q[-1] == 4
FAIL: gcc.dg/guality/pr54970.c -O2 -flto -fno-use-linker-plugin -flto-partition=none line 45 q[1] == 26
FAIL: gcc.dg/guality/pr54970.c -O2 -flto -fno-use-linker-plugin -flto-partition=none line 45 *q == 25
FAIL: gcc.dg/guality/pr54970.c -O2 -flto -fuse-linker-plugin -fno-fat-lto-objects line 15 a[0] == 1
FAIL: gcc.dg/guality/pr54970.c -O2 -flto -fuse-linker-plugin -fno-fat-lto-objects line 20 a[0] == 1
FAIL: gcc.dg/guality/pr54970.c -O2 -flto -fuse-linker-plugin -fno-fat-lto-objects line 25 a[0] == 1
FAIL: gcc.dg/guality/pr54970.c -O2 -flto -fuse-linker-plugin -fno-fat-lto-objects line 31 *p == 6
FAIL: gcc.dg/guality/pr54970.c -O2 -flto -fuse-linker-plugin -fno-fat-lto-objects line 31 *q == 5
FAIL: gcc.dg/guality/pr54970.c -O2 -flto -fuse-linker-plugin -fno-fat-lto-objects line 36 *p == 26
FAIL: gcc.dg/guality/pr54970.c -O2 -flto -fuse-linker-plugin -fno-fat-lto-objects line 36 *q == 5
FAIL: gcc.dg/guality/pr54970.c -O2 -flto -fuse-linker-plugin -fno-fat-lto-objects line 45 *p == 26
FAIL: gcc.dg/guality/pr54970.c -O2 -flto -fuse-linker-plugin -fno-fat-lto-objects line 45 p[-1] == 25
FAIL: gcc.dg/guality/pr54970.c -O2 -flto -fuse-linker-plugin -fno-fat-lto-objects line 45 p[-2] == 4
FAIL: gcc.dg/guality/pr54970.c -O2 -flto -fuse-linker-plugin -fno-fat-lto-objects line 45 q[-1] == 4
FAIL: gcc.dg/guality/pr54970.c -O2 -flto -fuse-linker-plugin -fno-fat-lto-objects line 45 q[1] == 26
FAIL: gcc.dg/guality/pr54970.c -O2 -flto -fuse-linker-plugin -fno-fat-lto-objects line 45 *q == 25
FAIL: gcc.dg/guality/pr56154-2.c -O1 line pr56154-2.c:30 x == 28
FAIL: gcc.dg/guality/pr56154-2.c -O2 line pr56154-2.c:30 x == 28
FAIL: gcc.dg/guality/pr56154-2.c -O3 -fomit-frame-pointer line pr56154-2.c:30 x == 28
FAIL: gcc.dg/guality/pr56154-2.c -O3 -g line pr56154-2.c:30 x == 28
FAIL: gcc.dg/guality/pr56154-2.c -Os line pr56154-2.c:30 x == 28
FAIL: gcc.dg/guality/pr56154-3.c -O1 line pr56154-3.c:22 x == 28
FAIL: gcc.dg/guality/vla-1.c -O1 line 17 sizeof (a) == 6
FAIL: gcc.dg/guality/vla-1.c -O1 line 24 i == 5
FAIL: gcc.dg/guality/vla-1.c -O2 line 17 sizeof (a) == 6
FAIL: gcc.dg/guality/vla-1.c -O2 line 24 sizeof (a) == 17 * sizeof (short)
FAIL: gcc.dg/guality/vla-1.c -O3 -fomit-frame-pointer line 17 sizeof (a) == 6
FAIL: gcc.dg/guality/vla-1.c -O3 -fomit-frame-pointer line 24 sizeof (a) == 17 * sizeof (short)
FAIL: gcc.dg/guality/vla-1.c -O3 -g line 17 sizeof (a) == 6
FAIL: gcc.dg/guality/vla-1.c -O3 -g line 24 sizeof (a) == 17 * sizeof (short)
FAIL: gcc.dg/guality/vla-1.c -Os line 17 sizeof (a) == 6
FAIL: gcc.dg/guality/vla-1.c -Os line 24 sizeof (a) == 17 * sizeof (short)
FAIL: gcc.dg/guality/vla-1.c -O2 -flto -fno-use-linker-plugin -flto-partition=none line 17 sizeof (a) == 6
FAIL: gcc.dg/guality/vla-1.c -O2 -flto -fno-use-linker-plugin -flto-partition=none line 24 sizeof (a) == 17 * sizeof (short)
FAIL: gcc.dg/guality/vla-1.c -O2 -flto -fuse-linker-plugin -fno-fat-lto-objects line 17 sizeof (a) == 6
FAIL: gcc.dg/guality/vla-1.c -O2 -flto -fuse-linker-plugin -fno-fat-lto-objects line 24 sizeof (a) == 17 * sizeof (short)
UNRESOLVED: gcc.target/mips/octeon2-pipe-1.c -O2 -flto -fuse-linker-plugin -fno-fat-lto-objects scan-rtl-dump sched2 "octeon_mult\\\\*17"
UNRESOLVED: gcc.target/mips/pr54240.c -O2 -flto -fuse-linker-plugin -fno-fat-lto-objects scan-tree-dump phiopt1 "Hoisting adjacent loads"
=== gcc Summary ===
# of expected passes 96497
# of unexpected failures 396
# of unexpected successes 27
# of expected failures 190
# of unresolved testcases 3
# of unsupported tests 2636
/home/xuchenghua/GCC/gcc-4.8.5-release_obj/gcc/xgcc version 4.8.5 (gcc-4.8.5-release commit: release)
=== gfortran tests ===
Running target unix
=== gfortran Summary ===
# of expected passes 43927
# of expected failures 42
# of unsupported tests 91
/home/xuchenghua/GCC/gcc-4.8.5-release_obj/gcc/testsuite/gfortran/../../gfortran version 4.8.5 (gcc-4.8.5-release commit: release)
=== g++ tests ===
Running target unix
FAIL: g++.dg/ext/attr-ifunc-1.C -std=gnu++98 execution test
FAIL: g++.dg/ext/attr-ifunc-1.C -std=gnu++11 execution test
FAIL: g++.dg/ext/attr-ifunc-2.C -std=gnu++98 execution test
FAIL: g++.dg/ext/attr-ifunc-2.C -std=gnu++11 execution test
FAIL: g++.dg/ext/attr-ifunc-3.C -std=gnu++98 (test for excess errors)
UNRESOLVED: g++.dg/ext/attr-ifunc-3.C -std=gnu++98 compilation failed to produce executable
FAIL: g++.dg/ext/attr-ifunc-3.C -std=gnu++11 (test for excess errors)
UNRESOLVED: g++.dg/ext/attr-ifunc-3.C -std=gnu++11 compilation failed to produce executable
FAIL: g++.dg/ext/attr-ifunc-4.C -std=gnu++98 (test for excess errors)
UNRESOLVED: g++.dg/ext/attr-ifunc-4.C -std=gnu++98 compilation failed to produce executable
FAIL: g++.dg/ext/attr-ifunc-4.C -std=gnu++11 (test for excess errors)
UNRESOLVED: g++.dg/ext/attr-ifunc-4.C -std=gnu++11 compilation failed to produce executable
XPASS: g++.dg/tls/thread_local-order2.C execution test
FAIL: g++.dg/tls/thread_local1.C scan-assembler-not .comm
=== g++ Summary ===
# of expected passes 52101
# of unexpected failures 9
# of unexpected successes 1
# of expected failures 288
# of unresolved testcases 4
# of unsupported tests 1013
/home/xuchenghua/GCC/gcc-4.8.5-release_obj/gcc/testsuite/g++/../../xg++ version 4.8.5 (gcc-4.8.5-release commit: release)
=== go tests ===
Running target unix
FAIL: ./rotate-out.go compilation, -O0 -g -fno-var-tracking-assignments
FAIL: go.test/test/ken/cplx2.go execution, -O2 -g
FAIL: go.test/test/nilptr.go execution, -O2 -g
WARNING: program timed out.
=== go Summary ===
# of expected passes 5057
# of unexpected failures 3
# of expected failures 1
# of untested testcases 6
/home/xuchenghua/GCC/gcc-4.8.5-release_obj/gcc/testsuite/go/../../gccgo version 4.8.5 (gcc-4.8.5-release commit: release)
=== obj-c++ tests ===
Running target unix
=== obj-c++ Summary ===
# of expected passes 1442
# of expected failures 10
# of unsupported tests 86
/home/xuchenghua/GCC/gcc-4.8.5-release_obj/gcc/testsuite/obj-c++/../../xg++ version 4.8.5 (gcc-4.8.5-release commit: release)
=== objc tests ===
Running target unix
=== objc Summary ===
# of expected passes 2994
# of unsupported tests 74
/home/xuchenghua/GCC/gcc-4.8.5-release_obj/gcc/xgcc version 4.8.5 (gcc-4.8.5-release commit: release)
=== libatomic tests ===
Running target unix
=== libatomic Summary ===
# of expected passes 34
# of unsupported tests 10
=== libffi tests ===
Running target unix
FAIL: libffi.call/cls_double_va.c -O0 -W -Wall output pattern test, is 0.0
FAIL: libffi.call/cls_longdouble_va.c -O0 -W -Wall output pattern test, is 0.0
FAIL: libffi.call/float_va.c -O0 -W -Wall output pattern test, is 0: 2.0 : total: 2.0
FAIL: libffi.call/cls_double_va.c -O2 output pattern test, is 0.0
FAIL: libffi.call/cls_longdouble_va.c -O2 output pattern test, is 0.0
FAIL: libffi.call/float_va.c -O2 output pattern test, is 0: 2.0 : total: 2.0
FAIL: libffi.call/cls_double_va.c -O3 output pattern test, is 0.0
FAIL: libffi.call/cls_longdouble_va.c -O3 output pattern test, is 0.0
FAIL: libffi.call/float_va.c -O3 output pattern test, is 0: 2.0 : total: 2.0
FAIL: libffi.call/cls_double_va.c -Os output pattern test, is 0.0
FAIL: libffi.call/cls_longdouble_va.c -Os output pattern test, is 0.0
FAIL: libffi.call/float_va.c -Os output pattern test, is 0: 2.0 : total: 2.0
FAIL: libffi.call/cls_double_va.c -O2 -fomit-frame-pointer output pattern test, is 0.0
FAIL: libffi.call/cls_longdouble_va.c -O2 -fomit-frame-pointer output pattern test, is 0.0
FAIL: libffi.call/float_va.c -O2 -fomit-frame-pointer output pattern test, is 0: 2.0 : total: 2.0
=== libffi Summary ===
# of expected passes 1804
# of unexpected failures 15
# of unsupported tests 55
=== libgo tests ===
Running target unix
FAIL: math
FAIL: net
FAIL: time
FAIL: testing/quick
=== libgo Summary for unix ===
# of expected passes 118
# of unexpected failures 4
Running target unix/-mabi=32
FAIL: fmt
FAIL: math
FAIL: net
FAIL: reflect
FAIL: strconv
FAIL: encoding/binary
FAIL: encoding/json
FAIL: sync/atomic
FAIL: testing/quick
=== libgo Summary for unix/-mabi=32 ===
# of expected passes 113
# of unexpected failures 9
Running target unix/-mabi=64
FAIL: math
FAIL: net
FAIL: time
FAIL: testing/quick
=== libgo Summary for unix/-mabi=64 ===
# of expected passes 118
# of unexpected failures 4
=== libgo Summary ===
# of expected passes 349
# of unexpected failures 17
/home/xuchenghua/GCC/gcc-4.8.5-release_obj/./gcc/gccgo version 4.8.5 (gcc-4.8.5-release commit: release)
=== libgomp tests ===
Running target unix
=== libgomp Summary ===
# of expected passes 3041
# of unsupported tests 1
=== libmudflap tests ===
Running target unix
FAIL: libmudflap.c++/pass41-frag.cxx (-static) execution test
FAIL: libmudflap.c++/pass41-frag.cxx ( -O) execution test
FAIL: libmudflap.c++/pass41-frag.cxx (-O2) execution test
FAIL: libmudflap.c++/pass41-frag.cxx (-O3) execution test
=== libmudflap Summary ===
# of expected passes 1902
# of unexpected failures 4
=== libstdc++ tests ===
Running target unix
FAIL: libstdc++-abi/abi_check
=== libstdc++ Summary ===
# of expected passes 9136
# of unexpected failures 1
# of expected failures 45
# of unsupported tests 239
Compiler version: 4.8.5 (gcc-4.8.5-release commit: release)
Platform: mips64el-redhat-linux-gnu
configure flags: --prefix=/home/xuchenghua/toolchain/gcc-4.8.5-release/ --enable-bootstrap --enable-shared --enable-threads=posix --enable-checking=release --enable-multilib--with-system-zlib --enable-__cxa_atexit --disable-libunwind-exceptions --enable-gnu-unique-object --enable-linker-build-id --enable-languages=c,c++,objc,obj-c++,fortran,go,lto --enable-plugin --enable-initfini-array --disable-libgcj --with-arch=mips64r2 --with-abi=64 --with-multilib-list=32,n32,64 --enable-gnu-indirect-function --with-long-double-128 --build=mips64el-redhat-linux --with-pkgversion='gcc-4.8.5-release commit: release'