This is the mail archive of the gcc-testresults@gcc.gnu.org mailing list for the GCC project.


Index Nav: [Date Index] [Subject Index] [Author Index] [Thread Index]
Message Nav: [Date Prev] [Date Next] [Thread Prev] [Thread Next]
Other format: [Raw text]

Results for 5.3.0 (GCC) testsuite on hppa-unknown-linux-gnu


-- Build environment ----------------------------------------------------------
Distro:	los.git rootfs=7ca0 native=7ca0
Kernel:	Linux hp-c3700 4.4.0-rc5-los_b91ef #1 Wed Dec 16 02:45:54 EET 2015 parisc GNU/Linux
CPU:	processor	: 0
	cpu family	: PA-RISC 2.0
	cpu		: PA8700 (PCX-W2)
	cpu MHz		: 750.000000
	capabilities	: os32 os64 iopdir_fdc nva_supported (0x07)
	model		: 9000/785/C3700
	model name	: Allegro W2
	hversion	: 0x00005dc0
	sversion	: 0x00000481
	I-cache		: 768 KB
	D-cache		: 1536 KB (WB, direct mapped)
	ITLB entries	: 240
	DTLB entries	: 240 - shared with ITLB
	bogomips	: 1495.85
	software id	: 2004755634
-- Time consumed --------------------------------------------------------------
Build:	real	16h 49m 54s
	user	15h 36m 10s
	sys	1h 2m 56s
Test:   real	20h 38m 20s
	user	12h 5m 30s
	sys	7h 36m 23s
-------------------------------------------------------------------------------
LAST_UPDATED: Obtained from SVN: tags/gcc_5_3_0_release revision 231255

Native configuration is hppa-unknown-linux-gnu

		=== g++ tests ===


Running target unix
FAIL: g++.dg/guality/pr55665.C   -O2  line 23 p == 40
FAIL: g++.dg/guality/pr55665.C   -O3 -fomit-frame-pointer  line 23 p == 40
FAIL: g++.dg/guality/pr55665.C   -O3 -g  line 23 p == 40
XPASS: g++.dg/tls/thread_local-order2.C  -std=c++11 execution test
XPASS: g++.dg/tls/thread_local-order2.C  -std=c++14 execution test
FAIL: g++.dg/torture/pr65655.C   -O0  (test for excess errors)
FAIL: g++.dg/torture/pr65655.C   -O1  (test for excess errors)
FAIL: g++.dg/torture/pr65655.C   -O2  (test for excess errors)
FAIL: g++.dg/torture/pr65655.C   -O2 -flto -fno-use-linker-plugin -flto-partition=none  (test for excess errors)
FAIL: g++.dg/torture/pr65655.C   -O3 -fomit-frame-pointer  (test for excess errors)
FAIL: g++.dg/torture/pr65655.C   -O3 -g  (test for excess errors)
FAIL: g++.dg/torture/pr65655.C   -Os  (test for excess errors)
WARNING: program timed out.
WARNING: program timed out.
WARNING: program timed out.
WARNING: program timed out.
WARNING: program timed out.
WARNING: program timed out.
WARNING: program timed out.
FAIL: g++.old-deja/g++.law/profile1.C  -std=gnu++11 execution test
FAIL: g++.old-deja/g++.law/profile1.C  -std=gnu++14 execution test
FAIL: g++.old-deja/g++.law/profile1.C  -std=gnu++98 execution test

		=== g++ Summary ===

# of expected passes		82038
# of unexpected failures	13
# of unexpected successes	2
# of expected failures		286
# of unsupported tests		3774
/home/aaro/gcctest/build/gcc/testsuite/g++/../../xg++  version 5.3.0 (GCC) 

		=== gcc tests ===


Running target unix
FAIL: gcc.dg/atomic/c11-atomic-exec-1.c   -O0  execution test
FAIL: gcc.dg/atomic/c11-atomic-exec-1.c   -O1  execution test
FAIL: gcc.dg/atomic/c11-atomic-exec-1.c   -O2  execution test
FAIL: gcc.dg/atomic/c11-atomic-exec-1.c   -O2 -flto -fno-use-linker-plugin -flto-partition=none  execution test
FAIL: gcc.dg/atomic/c11-atomic-exec-1.c   -O2 -flto -fuse-linker-plugin -fno-fat-lto-objects  execution test
FAIL: gcc.dg/atomic/c11-atomic-exec-1.c   -O3 -fomit-frame-pointer  execution test
FAIL: gcc.dg/atomic/c11-atomic-exec-1.c   -O3 -fomit-frame-pointer -funroll-all-loops -finline-functions  execution test
FAIL: gcc.dg/atomic/c11-atomic-exec-1.c   -O3 -fomit-frame-pointer -funroll-loops  execution test
FAIL: gcc.dg/atomic/c11-atomic-exec-1.c   -O3 -g  execution test
FAIL: gcc.dg/atomic/c11-atomic-exec-1.c   -Os  execution test
FAIL: gcc.dg/atomic/c11-atomic-exec-2.c   -O0  execution test
FAIL: gcc.dg/atomic/c11-atomic-exec-2.c   -O1  execution test
FAIL: gcc.dg/atomic/c11-atomic-exec-2.c   -O2  execution test
FAIL: gcc.dg/atomic/c11-atomic-exec-2.c   -O2 -flto -fno-use-linker-plugin -flto-partition=none  execution test
FAIL: gcc.dg/atomic/c11-atomic-exec-2.c   -O2 -flto -fuse-linker-plugin -fno-fat-lto-objects  execution test
FAIL: gcc.dg/atomic/c11-atomic-exec-2.c   -O3 -fomit-frame-pointer  execution test
FAIL: gcc.dg/atomic/c11-atomic-exec-2.c   -O3 -fomit-frame-pointer -funroll-all-loops -finline-functions  execution test
FAIL: gcc.dg/atomic/c11-atomic-exec-2.c   -O3 -fomit-frame-pointer -funroll-loops  execution test
FAIL: gcc.dg/atomic/c11-atomic-exec-2.c   -O3 -g  execution test
FAIL: gcc.dg/atomic/c11-atomic-exec-2.c   -Os  execution test
FAIL: gcc.dg/atomic/c11-atomic-exec-3.c   -O0  execution test
FAIL: gcc.dg/atomic/c11-atomic-exec-3.c   -O1  execution test
FAIL: gcc.dg/atomic/c11-atomic-exec-3.c   -O2  execution test
FAIL: gcc.dg/atomic/c11-atomic-exec-3.c   -O2 -flto -fno-use-linker-plugin -flto-partition=none  execution test
FAIL: gcc.dg/atomic/c11-atomic-exec-3.c   -O2 -flto -fuse-linker-plugin -fno-fat-lto-objects  execution test
FAIL: gcc.dg/atomic/c11-atomic-exec-3.c   -O3 -fomit-frame-pointer  execution test
FAIL: gcc.dg/atomic/c11-atomic-exec-3.c   -O3 -fomit-frame-pointer -funroll-all-loops -finline-functions  execution test
FAIL: gcc.dg/atomic/c11-atomic-exec-3.c   -O3 -fomit-frame-pointer -funroll-loops  execution test
FAIL: gcc.dg/atomic/c11-atomic-exec-3.c   -O3 -g  execution test
FAIL: gcc.dg/atomic/c11-atomic-exec-3.c   -Os  execution test
FAIL: gcc.dg/atomic/c11-atomic-exec-4.c   -O0  execution test
FAIL: gcc.dg/atomic/c11-atomic-exec-4.c   -O1  execution test
FAIL: gcc.dg/atomic/c11-atomic-exec-4.c   -O2  execution test
FAIL: gcc.dg/atomic/c11-atomic-exec-4.c   -O2 -flto -fno-use-linker-plugin -flto-partition=none  execution test
FAIL: gcc.dg/atomic/c11-atomic-exec-4.c   -O2 -flto -fuse-linker-plugin -fno-fat-lto-objects  execution test
FAIL: gcc.dg/atomic/c11-atomic-exec-4.c   -O3 -fomit-frame-pointer  execution test
FAIL: gcc.dg/atomic/c11-atomic-exec-4.c   -O3 -fomit-frame-pointer -funroll-all-loops -finline-functions  execution test
FAIL: gcc.dg/atomic/c11-atomic-exec-4.c   -O3 -fomit-frame-pointer -funroll-loops  execution test
FAIL: gcc.dg/atomic/c11-atomic-exec-4.c   -O3 -g  execution test
FAIL: gcc.dg/atomic/c11-atomic-exec-4.c   -Os  execution test
FAIL: gcc.dg/atomic/c11-atomic-exec-5.c   -O0  execution test
FAIL: gcc.dg/atomic/c11-atomic-exec-5.c   -O1  execution test
FAIL: gcc.dg/atomic/c11-atomic-exec-5.c   -O2  execution test
FAIL: gcc.dg/atomic/c11-atomic-exec-5.c   -O2 -flto -fno-use-linker-plugin -flto-partition=none  execution test
FAIL: gcc.dg/atomic/c11-atomic-exec-5.c   -O2 -flto -fuse-linker-plugin -fno-fat-lto-objects  execution test
FAIL: gcc.dg/atomic/c11-atomic-exec-5.c   -O3 -fomit-frame-pointer  execution test
FAIL: gcc.dg/atomic/c11-atomic-exec-5.c   -O3 -fomit-frame-pointer -funroll-all-loops -finline-functions  execution test
FAIL: gcc.dg/atomic/c11-atomic-exec-5.c   -O3 -fomit-frame-pointer -funroll-loops  execution test
FAIL: gcc.dg/atomic/c11-atomic-exec-5.c   -O3 -g  execution test
FAIL: gcc.dg/atomic/c11-atomic-exec-5.c   -Os  execution test
FAIL: gcc.dg/atomic/stdatomic-compare-exchange-4.c   -O0  execution test
FAIL: gcc.dg/atomic/stdatomic-compare-exchange-4.c   -O1  execution test
FAIL: gcc.dg/atomic/stdatomic-compare-exchange-4.c   -O2  execution test
FAIL: gcc.dg/atomic/stdatomic-compare-exchange-4.c   -O2 -flto -fno-use-linker-plugin -flto-partition=none  execution test
FAIL: gcc.dg/atomic/stdatomic-compare-exchange-4.c   -O2 -flto -fuse-linker-plugin -fno-fat-lto-objects  execution test
FAIL: gcc.dg/atomic/stdatomic-compare-exchange-4.c   -O3 -fomit-frame-pointer  execution test
FAIL: gcc.dg/atomic/stdatomic-compare-exchange-4.c   -O3 -g  execution test
FAIL: gcc.dg/atomic/stdatomic-compare-exchange-4.c   -Os  execution test
FAIL: gcc.dg/atomic/stdatomic-exchange-4.c   -O0  execution test
FAIL: gcc.dg/atomic/stdatomic-exchange-4.c   -O1  execution test
FAIL: gcc.dg/atomic/stdatomic-exchange-4.c   -O2  execution test
FAIL: gcc.dg/atomic/stdatomic-exchange-4.c   -O2 -flto -fno-use-linker-plugin -flto-partition=none  execution test
FAIL: gcc.dg/atomic/stdatomic-exchange-4.c   -O2 -flto -fuse-linker-plugin -fno-fat-lto-objects  execution test
FAIL: gcc.dg/atomic/stdatomic-exchange-4.c   -O3 -fomit-frame-pointer  execution test
FAIL: gcc.dg/atomic/stdatomic-exchange-4.c   -O3 -g  execution test
FAIL: gcc.dg/atomic/stdatomic-exchange-4.c   -Os  execution test
FAIL: gcc.dg/atomic/stdatomic-load-4.c   -O0  execution test
FAIL: gcc.dg/atomic/stdatomic-load-4.c   -O1  execution test
FAIL: gcc.dg/atomic/stdatomic-load-4.c   -O2  execution test
FAIL: gcc.dg/atomic/stdatomic-load-4.c   -O2 -flto -fno-use-linker-plugin -flto-partition=none  execution test
FAIL: gcc.dg/atomic/stdatomic-load-4.c   -O2 -flto -fuse-linker-plugin -fno-fat-lto-objects  execution test
FAIL: gcc.dg/atomic/stdatomic-load-4.c   -O3 -fomit-frame-pointer  execution test
FAIL: gcc.dg/atomic/stdatomic-load-4.c   -O3 -g  execution test
FAIL: gcc.dg/atomic/stdatomic-load-4.c   -Os  execution test
FAIL: gcc.dg/atomic/stdatomic-op-4.c   -O0  execution test
FAIL: gcc.dg/atomic/stdatomic-op-4.c   -O1  execution test
FAIL: gcc.dg/atomic/stdatomic-op-4.c   -O2  execution test
FAIL: gcc.dg/atomic/stdatomic-op-4.c   -O2 -flto -fno-use-linker-plugin -flto-partition=none  execution test
FAIL: gcc.dg/atomic/stdatomic-op-4.c   -O2 -flto -fuse-linker-plugin -fno-fat-lto-objects  execution test
FAIL: gcc.dg/atomic/stdatomic-op-4.c   -O3 -fomit-frame-pointer  execution test
FAIL: gcc.dg/atomic/stdatomic-op-4.c   -O3 -g  execution test
FAIL: gcc.dg/atomic/stdatomic-op-4.c   -Os  execution test
FAIL: gcc.dg/atomic/stdatomic-store-4.c   -O0  execution test
FAIL: gcc.dg/atomic/stdatomic-store-4.c   -O1  execution test
FAIL: gcc.dg/atomic/stdatomic-store-4.c   -O2  execution test
FAIL: gcc.dg/atomic/stdatomic-store-4.c   -O2 -flto -fno-use-linker-plugin -flto-partition=none  execution test
FAIL: gcc.dg/atomic/stdatomic-store-4.c   -O2 -flto -fuse-linker-plugin -fno-fat-lto-objects  execution test
FAIL: gcc.dg/atomic/stdatomic-store-4.c   -O3 -fomit-frame-pointer  execution test
FAIL: gcc.dg/atomic/stdatomic-store-4.c   -O3 -g  execution test
FAIL: gcc.dg/atomic/stdatomic-store-4.c   -Os  execution test
WARNING: program timed out.
WARNING: program timed out.
WARNING: program timed out.
WARNING: program timed out.
WARNING: program timed out.
WARNING: program timed out.
WARNING: program timed out.
WARNING: program timed out.
WARNING: program timed out.
WARNING: program timed out.
WARNING: program timed out.
WARNING: program timed out.
WARNING: program timed out.
WARNING: program timed out.
WARNING: program timed out.
WARNING: program timed out.
WARNING: program timed out.
WARNING: program timed out.
WARNING: program timed out.
WARNING: program timed out.
WARNING: program timed out.
WARNING: program timed out.
WARNING: program timed out.
WARNING: program timed out.
WARNING: program timed out.
WARNING: program timed out.
WARNING: program timed out.
WARNING: program timed out.
WARNING: program timed out.
WARNING: program timed out.
FAIL: gcc.dg/20021014-1.c execution test
FAIL: gcc.dg/aru-2.c execution test
FAIL: gcc.dg/nest.c execution test
FAIL: gcc.dg/nested-func-4.c execution test
FAIL: gcc.dg/pr32450.c execution test
FAIL: gcc.dg/pr43643.c execution test
XPASS: gcc.dg/guality/example.c   -O0  execution test
XPASS: gcc.dg/guality/guality.c   -O0  execution test
XPASS: gcc.dg/guality/inline-params.c   -O2  execution test
XPASS: gcc.dg/guality/inline-params.c   -O2 -flto -fno-use-linker-plugin -flto-partition=none  execution test
XPASS: gcc.dg/guality/inline-params.c   -O3 -fomit-frame-pointer  execution test
XPASS: gcc.dg/guality/inline-params.c   -O3 -g  execution test
XPASS: gcc.dg/guality/inline-params.c   -Os  execution test
FAIL: gcc.dg/guality/nrv-1.c   -O2  line 20 a2.i[0] == 42
FAIL: gcc.dg/guality/nrv-1.c   -O2 -flto -fno-use-linker-plugin -flto-partition=none  line 20 a2.i[0] == 42
FAIL: gcc.dg/guality/nrv-1.c   -O2 -flto -fuse-linker-plugin -fno-fat-lto-objects  line 20 a2.i[0] == 42
FAIL: gcc.dg/guality/nrv-1.c   -O3 -fomit-frame-pointer  line 20 a2.i[0] == 42
FAIL: gcc.dg/guality/nrv-1.c   -O3 -g  line 20 a2.i[0] == 42
FAIL: gcc.dg/guality/nrv-1.c   -Os  line 20 a2.i[0] == 42
FAIL: gcc.dg/guality/pr36728-1.c   -O1  line 16 arg5 == 5
FAIL: gcc.dg/guality/pr36728-1.c   -O1  line 16 arg6 == 6
FAIL: gcc.dg/guality/pr36728-1.c   -O1  line 16 arg7 == 30
FAIL: gcc.dg/guality/pr36728-1.c   -O1  line 18 arg5 == 5
FAIL: gcc.dg/guality/pr36728-1.c   -O1  line 18 arg6 == 6
FAIL: gcc.dg/guality/pr36728-1.c   -O1  line 18 arg7 == 30
FAIL: gcc.dg/guality/pr36728-1.c   -O2  line 16 arg5 == 5
FAIL: gcc.dg/guality/pr36728-1.c   -O2  line 16 arg6 == 6
FAIL: gcc.dg/guality/pr36728-1.c   -O2  line 16 arg7 == 30
FAIL: gcc.dg/guality/pr36728-1.c   -O2  line 16 y == 2
FAIL: gcc.dg/guality/pr36728-1.c   -O2  line 18 arg5 == 5
FAIL: gcc.dg/guality/pr36728-1.c   -O2  line 18 arg6 == 6
FAIL: gcc.dg/guality/pr36728-1.c   -O2  line 18 arg7 == 30
FAIL: gcc.dg/guality/pr36728-1.c   -O2 -flto -fno-use-linker-plugin -flto-partition=none  line 16 arg5 == 5
FAIL: gcc.dg/guality/pr36728-1.c   -O2 -flto -fno-use-linker-plugin -flto-partition=none  line 16 arg6 == 6
FAIL: gcc.dg/guality/pr36728-1.c   -O2 -flto -fno-use-linker-plugin -flto-partition=none  line 16 arg7 == 30
FAIL: gcc.dg/guality/pr36728-1.c   -O2 -flto -fno-use-linker-plugin -flto-partition=none  line 16 y == 2
FAIL: gcc.dg/guality/pr36728-1.c   -O2 -flto -fno-use-linker-plugin -flto-partition=none  line 18 arg5 == 5
FAIL: gcc.dg/guality/pr36728-1.c   -O2 -flto -fno-use-linker-plugin -flto-partition=none  line 18 arg6 == 6
FAIL: gcc.dg/guality/pr36728-1.c   -O2 -flto -fno-use-linker-plugin -flto-partition=none  line 18 arg7 == 30
FAIL: gcc.dg/guality/pr36728-1.c   -O2 -flto -fuse-linker-plugin -fno-fat-lto-objects  line 16 arg5 == 5
FAIL: gcc.dg/guality/pr36728-1.c   -O2 -flto -fuse-linker-plugin -fno-fat-lto-objects  line 16 arg6 == 6
FAIL: gcc.dg/guality/pr36728-1.c   -O2 -flto -fuse-linker-plugin -fno-fat-lto-objects  line 16 arg7 == 30
FAIL: gcc.dg/guality/pr36728-1.c   -O2 -flto -fuse-linker-plugin -fno-fat-lto-objects  line 16 y == 2
FAIL: gcc.dg/guality/pr36728-1.c   -O2 -flto -fuse-linker-plugin -fno-fat-lto-objects  line 18 arg5 == 5
FAIL: gcc.dg/guality/pr36728-1.c   -O2 -flto -fuse-linker-plugin -fno-fat-lto-objects  line 18 arg6 == 6
FAIL: gcc.dg/guality/pr36728-1.c   -O2 -flto -fuse-linker-plugin -fno-fat-lto-objects  line 18 arg7 == 30
FAIL: gcc.dg/guality/pr36728-1.c   -O3 -fomit-frame-pointer  line 16 arg5 == 5
FAIL: gcc.dg/guality/pr36728-1.c   -O3 -fomit-frame-pointer  line 16 arg6 == 6
FAIL: gcc.dg/guality/pr36728-1.c   -O3 -fomit-frame-pointer  line 16 arg7 == 30
FAIL: gcc.dg/guality/pr36728-1.c   -O3 -fomit-frame-pointer  line 16 y == 2
FAIL: gcc.dg/guality/pr36728-1.c   -O3 -fomit-frame-pointer  line 18 arg5 == 5
FAIL: gcc.dg/guality/pr36728-1.c   -O3 -fomit-frame-pointer  line 18 arg6 == 6
FAIL: gcc.dg/guality/pr36728-1.c   -O3 -fomit-frame-pointer  line 18 arg7 == 30
FAIL: gcc.dg/guality/pr36728-1.c   -O3 -g  line 16 arg5 == 5
FAIL: gcc.dg/guality/pr36728-1.c   -O3 -g  line 16 arg6 == 6
FAIL: gcc.dg/guality/pr36728-1.c   -O3 -g  line 16 arg7 == 30
FAIL: gcc.dg/guality/pr36728-1.c   -O3 -g  line 16 y == 2
FAIL: gcc.dg/guality/pr36728-1.c   -O3 -g  line 18 arg5 == 5
FAIL: gcc.dg/guality/pr36728-1.c   -O3 -g  line 18 arg6 == 6
FAIL: gcc.dg/guality/pr36728-1.c   -O3 -g  line 18 arg7 == 30
FAIL: gcc.dg/guality/pr36728-1.c   -Os  line 16 arg5 == 5
FAIL: gcc.dg/guality/pr36728-1.c   -Os  line 16 arg6 == 6
FAIL: gcc.dg/guality/pr36728-1.c   -Os  line 16 arg7 == 30
FAIL: gcc.dg/guality/pr36728-1.c   -Os  line 16 y == 2
FAIL: gcc.dg/guality/pr36728-1.c   -Os  line 18 arg5 == 5
FAIL: gcc.dg/guality/pr36728-1.c   -Os  line 18 arg6 == 6
FAIL: gcc.dg/guality/pr36728-1.c   -Os  line 18 arg7 == 30
FAIL: gcc.dg/guality/pr36728-2.c   -O1  line 16 arg5 == 5
FAIL: gcc.dg/guality/pr36728-2.c   -O1  line 16 arg6 == 6
FAIL: gcc.dg/guality/pr36728-2.c   -O1  line 16 arg7 == 30
FAIL: gcc.dg/guality/pr36728-2.c   -O1  line 18 arg5 == 5
FAIL: gcc.dg/guality/pr36728-2.c   -O1  line 18 arg6 == 6
FAIL: gcc.dg/guality/pr36728-2.c   -O1  line 18 arg7 == 30
FAIL: gcc.dg/guality/pr36728-2.c   -O2  line 16 arg5 == 5
FAIL: gcc.dg/guality/pr36728-2.c   -O2  line 16 arg6 == 6
FAIL: gcc.dg/guality/pr36728-2.c   -O2  line 16 arg7 == 30
FAIL: gcc.dg/guality/pr36728-2.c   -O2  line 18 arg5 == 5
FAIL: gcc.dg/guality/pr36728-2.c   -O2  line 18 arg6 == 6
FAIL: gcc.dg/guality/pr36728-2.c   -O2  line 18 arg7 == 30
FAIL: gcc.dg/guality/pr36728-2.c   -O2 -flto -fno-use-linker-plugin -flto-partition=none  line 16 arg5 == 5
FAIL: gcc.dg/guality/pr36728-2.c   -O2 -flto -fno-use-linker-plugin -flto-partition=none  line 16 arg6 == 6
FAIL: gcc.dg/guality/pr36728-2.c   -O2 -flto -fno-use-linker-plugin -flto-partition=none  line 16 arg7 == 30
FAIL: gcc.dg/guality/pr36728-2.c   -O2 -flto -fno-use-linker-plugin -flto-partition=none  line 18 arg5 == 5
FAIL: gcc.dg/guality/pr36728-2.c   -O2 -flto -fno-use-linker-plugin -flto-partition=none  line 18 arg6 == 6
FAIL: gcc.dg/guality/pr36728-2.c   -O2 -flto -fno-use-linker-plugin -flto-partition=none  line 18 arg7 == 30
FAIL: gcc.dg/guality/pr36728-2.c   -O2 -flto -fuse-linker-plugin -fno-fat-lto-objects  line 16 arg5 == 5
FAIL: gcc.dg/guality/pr36728-2.c   -O2 -flto -fuse-linker-plugin -fno-fat-lto-objects  line 16 arg6 == 6
FAIL: gcc.dg/guality/pr36728-2.c   -O2 -flto -fuse-linker-plugin -fno-fat-lto-objects  line 16 arg7 == 30
FAIL: gcc.dg/guality/pr36728-2.c   -O2 -flto -fuse-linker-plugin -fno-fat-lto-objects  line 18 arg5 == 5
FAIL: gcc.dg/guality/pr36728-2.c   -O2 -flto -fuse-linker-plugin -fno-fat-lto-objects  line 18 arg6 == 6
FAIL: gcc.dg/guality/pr36728-2.c   -O2 -flto -fuse-linker-plugin -fno-fat-lto-objects  line 18 arg7 == 30
FAIL: gcc.dg/guality/pr36728-2.c   -O3 -fomit-frame-pointer  line 16 arg5 == 5
FAIL: gcc.dg/guality/pr36728-2.c   -O3 -fomit-frame-pointer  line 16 arg6 == 6
FAIL: gcc.dg/guality/pr36728-2.c   -O3 -fomit-frame-pointer  line 16 arg7 == 30
FAIL: gcc.dg/guality/pr36728-2.c   -O3 -fomit-frame-pointer  line 18 arg5 == 5
FAIL: gcc.dg/guality/pr36728-2.c   -O3 -fomit-frame-pointer  line 18 arg6 == 6
FAIL: gcc.dg/guality/pr36728-2.c   -O3 -fomit-frame-pointer  line 18 arg7 == 30
FAIL: gcc.dg/guality/pr36728-2.c   -O3 -g  line 16 arg5 == 5
FAIL: gcc.dg/guality/pr36728-2.c   -O3 -g  line 16 arg6 == 6
FAIL: gcc.dg/guality/pr36728-2.c   -O3 -g  line 16 arg7 == 30
FAIL: gcc.dg/guality/pr36728-2.c   -O3 -g  line 18 arg5 == 5
FAIL: gcc.dg/guality/pr36728-2.c   -O3 -g  line 18 arg6 == 6
FAIL: gcc.dg/guality/pr36728-2.c   -O3 -g  line 18 arg7 == 30
FAIL: gcc.dg/guality/pr36728-2.c   -Os  line 16 arg5 == 5
FAIL: gcc.dg/guality/pr36728-2.c   -Os  line 16 arg6 == 6
FAIL: gcc.dg/guality/pr36728-2.c   -Os  line 16 arg7 == 30
FAIL: gcc.dg/guality/pr36728-2.c   -Os  line 16 y == 2
FAIL: gcc.dg/guality/pr36728-2.c   -Os  line 18 arg5 == 5
FAIL: gcc.dg/guality/pr36728-2.c   -Os  line 18 arg6 == 6
FAIL: gcc.dg/guality/pr36728-2.c   -Os  line 18 arg7 == 30
FAIL: gcc.dg/guality/pr36728-3.c   -O1  line 14 arg5 == 5
FAIL: gcc.dg/guality/pr36728-3.c   -O1  line 14 arg6 == 6
FAIL: gcc.dg/guality/pr36728-3.c   -O1  line 14 arg7 == 30
FAIL: gcc.dg/guality/pr36728-3.c   -O1  line 16 arg5 == 5
FAIL: gcc.dg/guality/pr36728-3.c   -O1  line 16 arg6 == 6
FAIL: gcc.dg/guality/pr36728-3.c   -O1  line 16 arg7 == 30
FAIL: gcc.dg/guality/pr36728-3.c   -O2  line 14 arg5 == 5
FAIL: gcc.dg/guality/pr36728-3.c   -O2  line 14 arg6 == 6
FAIL: gcc.dg/guality/pr36728-3.c   -O2  line 14 arg7 == 30
FAIL: gcc.dg/guality/pr36728-3.c   -O2  line 16 arg5 == 5
FAIL: gcc.dg/guality/pr36728-3.c   -O2  line 16 arg6 == 6
FAIL: gcc.dg/guality/pr36728-3.c   -O2  line 16 arg7 == 30
FAIL: gcc.dg/guality/pr36728-3.c   -O2 -flto -fno-use-linker-plugin -flto-partition=none  line 14 arg5 == 5
FAIL: gcc.dg/guality/pr36728-3.c   -O2 -flto -fno-use-linker-plugin -flto-partition=none  line 14 arg6 == 6
FAIL: gcc.dg/guality/pr36728-3.c   -O2 -flto -fno-use-linker-plugin -flto-partition=none  line 14 arg7 == 30
FAIL: gcc.dg/guality/pr36728-3.c   -O2 -flto -fno-use-linker-plugin -flto-partition=none  line 16 arg5 == 5
FAIL: gcc.dg/guality/pr36728-3.c   -O2 -flto -fno-use-linker-plugin -flto-partition=none  line 16 arg6 == 6
FAIL: gcc.dg/guality/pr36728-3.c   -O2 -flto -fno-use-linker-plugin -flto-partition=none  line 16 arg7 == 30
FAIL: gcc.dg/guality/pr36728-3.c   -O2 -flto -fuse-linker-plugin -fno-fat-lto-objects  line 14 arg5 == 5
FAIL: gcc.dg/guality/pr36728-3.c   -O2 -flto -fuse-linker-plugin -fno-fat-lto-objects  line 14 arg6 == 6
FAIL: gcc.dg/guality/pr36728-3.c   -O2 -flto -fuse-linker-plugin -fno-fat-lto-objects  line 14 arg7 == 30
FAIL: gcc.dg/guality/pr36728-3.c   -O2 -flto -fuse-linker-plugin -fno-fat-lto-objects  line 16 arg5 == 5
FAIL: gcc.dg/guality/pr36728-3.c   -O2 -flto -fuse-linker-plugin -fno-fat-lto-objects  line 16 arg6 == 6
FAIL: gcc.dg/guality/pr36728-3.c   -O2 -flto -fuse-linker-plugin -fno-fat-lto-objects  line 16 arg7 == 30
FAIL: gcc.dg/guality/pr36728-3.c   -O3 -fomit-frame-pointer  line 14 arg5 == 5
FAIL: gcc.dg/guality/pr36728-3.c   -O3 -fomit-frame-pointer  line 14 arg6 == 6
FAIL: gcc.dg/guality/pr36728-3.c   -O3 -fomit-frame-pointer  line 14 arg7 == 30
FAIL: gcc.dg/guality/pr36728-3.c   -O3 -fomit-frame-pointer  line 16 arg5 == 5
FAIL: gcc.dg/guality/pr36728-3.c   -O3 -fomit-frame-pointer  line 16 arg6 == 6
FAIL: gcc.dg/guality/pr36728-3.c   -O3 -fomit-frame-pointer  line 16 arg7 == 30
FAIL: gcc.dg/guality/pr36728-3.c   -O3 -g  line 14 arg5 == 5
FAIL: gcc.dg/guality/pr36728-3.c   -O3 -g  line 14 arg6 == 6
FAIL: gcc.dg/guality/pr36728-3.c   -O3 -g  line 14 arg7 == 30
FAIL: gcc.dg/guality/pr36728-3.c   -O3 -g  line 16 arg5 == 5
FAIL: gcc.dg/guality/pr36728-3.c   -O3 -g  line 16 arg6 == 6
FAIL: gcc.dg/guality/pr36728-3.c   -O3 -g  line 16 arg7 == 30
FAIL: gcc.dg/guality/pr36728-3.c   -Os  line 14 arg5 == 5
FAIL: gcc.dg/guality/pr36728-3.c   -Os  line 14 arg6 == 6
FAIL: gcc.dg/guality/pr36728-3.c   -Os  line 14 arg7 == 30
FAIL: gcc.dg/guality/pr36728-3.c   -Os  line 16 arg5 == 5
FAIL: gcc.dg/guality/pr36728-3.c   -Os  line 16 arg6 == 6
FAIL: gcc.dg/guality/pr36728-3.c   -Os  line 16 arg7 == 30
FAIL: gcc.dg/guality/pr36728-4.c   -O1  line 14 arg5 == 5
FAIL: gcc.dg/guality/pr36728-4.c   -O1  line 14 arg6 == 6
FAIL: gcc.dg/guality/pr36728-4.c   -O1  line 14 arg7 == 30
FAIL: gcc.dg/guality/pr36728-4.c   -O1  line 16 arg5 == 5
FAIL: gcc.dg/guality/pr36728-4.c   -O1  line 16 arg6 == 6
FAIL: gcc.dg/guality/pr36728-4.c   -O1  line 16 arg7 == 30
FAIL: gcc.dg/guality/pr36728-4.c   -O2  line 14 arg5 == 5
FAIL: gcc.dg/guality/pr36728-4.c   -O2  line 14 arg6 == 6
FAIL: gcc.dg/guality/pr36728-4.c   -O2  line 14 arg7 == 30
FAIL: gcc.dg/guality/pr36728-4.c   -O2  line 16 arg5 == 5
FAIL: gcc.dg/guality/pr36728-4.c   -O2  line 16 arg6 == 6
FAIL: gcc.dg/guality/pr36728-4.c   -O2  line 16 arg7 == 30
FAIL: gcc.dg/guality/pr36728-4.c   -O2 -flto -fno-use-linker-plugin -flto-partition=none  line 14 arg5 == 5
FAIL: gcc.dg/guality/pr36728-4.c   -O2 -flto -fno-use-linker-plugin -flto-partition=none  line 14 arg6 == 6
FAIL: gcc.dg/guality/pr36728-4.c   -O2 -flto -fno-use-linker-plugin -flto-partition=none  line 14 arg7 == 30
FAIL: gcc.dg/guality/pr36728-4.c   -O2 -flto -fno-use-linker-plugin -flto-partition=none  line 16 arg5 == 5
FAIL: gcc.dg/guality/pr36728-4.c   -O2 -flto -fno-use-linker-plugin -flto-partition=none  line 16 arg6 == 6
FAIL: gcc.dg/guality/pr36728-4.c   -O2 -flto -fno-use-linker-plugin -flto-partition=none  line 16 arg7 == 30
FAIL: gcc.dg/guality/pr36728-4.c   -O2 -flto -fuse-linker-plugin -fno-fat-lto-objects  line 14 arg5 == 5
FAIL: gcc.dg/guality/pr36728-4.c   -O2 -flto -fuse-linker-plugin -fno-fat-lto-objects  line 14 arg6 == 6
FAIL: gcc.dg/guality/pr36728-4.c   -O2 -flto -fuse-linker-plugin -fno-fat-lto-objects  line 14 arg7 == 30
FAIL: gcc.dg/guality/pr36728-4.c   -O2 -flto -fuse-linker-plugin -fno-fat-lto-objects  line 16 arg5 == 5
FAIL: gcc.dg/guality/pr36728-4.c   -O2 -flto -fuse-linker-plugin -fno-fat-lto-objects  line 16 arg6 == 6
FAIL: gcc.dg/guality/pr36728-4.c   -O2 -flto -fuse-linker-plugin -fno-fat-lto-objects  line 16 arg7 == 30
FAIL: gcc.dg/guality/pr36728-4.c   -O3 -fomit-frame-pointer  line 14 arg5 == 5
FAIL: gcc.dg/guality/pr36728-4.c   -O3 -fomit-frame-pointer  line 14 arg6 == 6
FAIL: gcc.dg/guality/pr36728-4.c   -O3 -fomit-frame-pointer  line 14 arg7 == 30
FAIL: gcc.dg/guality/pr36728-4.c   -O3 -fomit-frame-pointer  line 16 arg5 == 5
FAIL: gcc.dg/guality/pr36728-4.c   -O3 -fomit-frame-pointer  line 16 arg6 == 6
FAIL: gcc.dg/guality/pr36728-4.c   -O3 -fomit-frame-pointer  line 16 arg7 == 30
FAIL: gcc.dg/guality/pr36728-4.c   -O3 -g  line 14 arg5 == 5
FAIL: gcc.dg/guality/pr36728-4.c   -O3 -g  line 14 arg6 == 6
FAIL: gcc.dg/guality/pr36728-4.c   -O3 -g  line 14 arg7 == 30
FAIL: gcc.dg/guality/pr36728-4.c   -O3 -g  line 16 arg5 == 5
FAIL: gcc.dg/guality/pr36728-4.c   -O3 -g  line 16 arg6 == 6
FAIL: gcc.dg/guality/pr36728-4.c   -O3 -g  line 16 arg7 == 30
FAIL: gcc.dg/guality/pr36728-4.c   -Os  line 14 arg5 == 5
FAIL: gcc.dg/guality/pr36728-4.c   -Os  line 14 arg6 == 6
FAIL: gcc.dg/guality/pr36728-4.c   -Os  line 14 arg7 == 30
FAIL: gcc.dg/guality/pr36728-4.c   -Os  line 16 arg5 == 5
FAIL: gcc.dg/guality/pr36728-4.c   -Os  line 16 arg6 == 6
FAIL: gcc.dg/guality/pr36728-4.c   -Os  line 16 arg7 == 30
XPASS: gcc.dg/guality/pr41353-1.c   -O0  line 28 j == 28 + 37
FAIL: gcc.dg/guality/pr41404-1.c   -O2 -flto -fuse-linker-plugin -fno-fat-lto-objects  line 10 *foo == 'f'
FAIL: gcc.dg/guality/pr41404-1.c   -O2 -flto -fuse-linker-plugin -fno-fat-lto-objects  line 14 *foo == 'b'
FAIL: gcc.dg/guality/pr41404-1.c   -O2 -flto -fuse-linker-plugin -fno-fat-lto-objects  line 24 *foo == 'f'
FAIL: gcc.dg/guality/pr41447-1.c   -O1  execution test
FAIL: gcc.dg/guality/pr41447-1.c   -O2  execution test
FAIL: gcc.dg/guality/pr41447-1.c   -O2 -flto -fno-use-linker-plugin -flto-partition=none  execution test
FAIL: gcc.dg/guality/pr41447-1.c   -O2 -flto -fuse-linker-plugin -fno-fat-lto-objects  execution test
FAIL: gcc.dg/guality/pr41447-1.c   -O3 -fomit-frame-pointer  execution test
FAIL: gcc.dg/guality/pr41447-1.c   -O3 -g  execution test
FAIL: gcc.dg/guality/pr41447-1.c   -Os  execution test
FAIL: gcc.dg/guality/pr41616-1.c   -O1  execution test
FAIL: gcc.dg/guality/pr41616-1.c   -O2  execution test
FAIL: gcc.dg/guality/pr41616-1.c   -O2 -flto -fno-use-linker-plugin -flto-partition=none  execution test
FAIL: gcc.dg/guality/pr41616-1.c   -O2 -flto -fuse-linker-plugin -fno-fat-lto-objects  execution test
FAIL: gcc.dg/guality/pr41616-1.c   -O3 -fomit-frame-pointer  execution test
FAIL: gcc.dg/guality/pr41616-1.c   -O3 -g  execution test
FAIL: gcc.dg/guality/pr41616-1.c   -Os  execution test
FAIL: gcc.dg/guality/pr45882.c   -O2 -flto -fuse-linker-plugin -fno-fat-lto-objects  line 16 d == 112
FAIL: gcc.dg/guality/pr45882.c   -O2 -flto -fuse-linker-plugin -fno-fat-lto-objects  line 16 e == 142
FAIL: gcc.dg/guality/pr54200.c   -O2  line 20 z == 3
FAIL: gcc.dg/guality/pr54200.c   -O2 -flto -fno-use-linker-plugin -flto-partition=none  line 20 z == 3
FAIL: gcc.dg/guality/pr54200.c   -O2 -flto -fuse-linker-plugin -fno-fat-lto-objects  line 20 z == 3
FAIL: gcc.dg/guality/pr54200.c   -O3 -fomit-frame-pointer  line 20 z == 3
FAIL: gcc.dg/guality/pr54200.c   -O3 -g  line 20 z == 3
FAIL: gcc.dg/guality/pr54200.c   -Os  line 20 z == 3
FAIL: gcc.dg/guality/pr54519-1.c   -O2  line 20 y == 25
FAIL: gcc.dg/guality/pr54519-1.c   -O2  line 23 y == 117
FAIL: gcc.dg/guality/pr54519-1.c   -O2 -flto -fno-use-linker-plugin -flto-partition=none  line 20 y == 25
FAIL: gcc.dg/guality/pr54519-1.c   -O2 -flto -fno-use-linker-plugin -flto-partition=none  line 20 z == 6
FAIL: gcc.dg/guality/pr54519-1.c   -O2 -flto -fno-use-linker-plugin -flto-partition=none  line 23 y == 117
FAIL: gcc.dg/guality/pr54519-1.c   -O2 -flto -fno-use-linker-plugin -flto-partition=none  line 23 z == 8
FAIL: gcc.dg/guality/pr54519-1.c   -Os  line 20 y == 25
FAIL: gcc.dg/guality/pr54519-1.c   -Os  line 23 y == 117
FAIL: gcc.dg/guality/pr54519-2.c   -O1  line 17 y == 25
FAIL: gcc.dg/guality/pr54519-2.c   -O2  line 17 y == 25
FAIL: gcc.dg/guality/pr54519-2.c   -O2 -flto -fno-use-linker-plugin -flto-partition=none  line 17 y == 25
FAIL: gcc.dg/guality/pr54519-2.c   -O2 -flto -fuse-linker-plugin -fno-fat-lto-objects  line 17 y == 25
FAIL: gcc.dg/guality/pr54519-2.c   -Os  line 17 y == 25
FAIL: gcc.dg/guality/pr54519-3.c   -O1  line 20 z == 6
FAIL: gcc.dg/guality/pr54519-3.c   -O1  line 23 z == 8
FAIL: gcc.dg/guality/pr54519-3.c   -O2  line 20 z == 6
FAIL: gcc.dg/guality/pr54519-3.c   -O2  line 23 z == 8
FAIL: gcc.dg/guality/pr54519-3.c   -O2 -flto -fno-use-linker-plugin -flto-partition=none  line 20 y == 25
FAIL: gcc.dg/guality/pr54519-3.c   -O2 -flto -fno-use-linker-plugin -flto-partition=none  line 20 z == 6
FAIL: gcc.dg/guality/pr54519-3.c   -O2 -flto -fno-use-linker-plugin -flto-partition=none  line 23 y == 117
FAIL: gcc.dg/guality/pr54519-3.c   -O2 -flto -fno-use-linker-plugin -flto-partition=none  line 23 z == 8
FAIL: gcc.dg/guality/pr54519-3.c   -O2 -flto -fuse-linker-plugin -fno-fat-lto-objects  line 20 y == 25
FAIL: gcc.dg/guality/pr54519-3.c   -O2 -flto -fuse-linker-plugin -fno-fat-lto-objects  line 20 z == 6
FAIL: gcc.dg/guality/pr54519-3.c   -O2 -flto -fuse-linker-plugin -fno-fat-lto-objects  line 23 y == 117
FAIL: gcc.dg/guality/pr54519-3.c   -O2 -flto -fuse-linker-plugin -fno-fat-lto-objects  line 23 z == 8
FAIL: gcc.dg/guality/pr54519-3.c   -O3 -fomit-frame-pointer  line 20 z == 6
FAIL: gcc.dg/guality/pr54519-3.c   -O3 -fomit-frame-pointer  line 23 z == 8
FAIL: gcc.dg/guality/pr54519-3.c   -O3 -g  line 20 z == 6
FAIL: gcc.dg/guality/pr54519-3.c   -O3 -g  line 23 z == 8
FAIL: gcc.dg/guality/pr54519-3.c   -Os  line 20 z == 6
FAIL: gcc.dg/guality/pr54519-3.c   -Os  line 23 z == 8
FAIL: gcc.dg/guality/pr54519-4.c   -O1  line 17 y == 25
FAIL: gcc.dg/guality/pr54519-4.c   -O2  line 17 y == 25
FAIL: gcc.dg/guality/pr54519-4.c   -O2 -flto -fno-use-linker-plugin -flto-partition=none  line 17 y == 25
FAIL: gcc.dg/guality/pr54519-4.c   -O2 -flto -fuse-linker-plugin -fno-fat-lto-objects  line 17 y == 25
FAIL: gcc.dg/guality/pr54519-4.c   -O3 -fomit-frame-pointer  line 17 y == 25
FAIL: gcc.dg/guality/pr54519-4.c   -O3 -g  line 17 y == 25
FAIL: gcc.dg/guality/pr54519-4.c   -Os  line 17 y == 25
FAIL: gcc.dg/guality/pr54519-5.c   -O2 -flto -fno-use-linker-plugin -flto-partition=none  line 17 y == 25
FAIL: gcc.dg/guality/pr54519-5.c   -O2 -flto -fuse-linker-plugin -fno-fat-lto-objects  line 17 y == 25
FAIL: gcc.dg/guality/sra-1.c   -O1  line 43 a.j == 14
FAIL: gcc.dg/guality/sra-1.c   -O2  line 43 a.j == 14
FAIL: gcc.dg/guality/sra-1.c   -O2 -flto -fno-use-linker-plugin -flto-partition=none  line 43 a.j == 14
FAIL: gcc.dg/guality/sra-1.c   -O2 -flto -fuse-linker-plugin -fno-fat-lto-objects  line 43 a.j == 14
FAIL: gcc.dg/guality/sra-1.c   -O3 -fomit-frame-pointer  line 43 a.j == 14
FAIL: gcc.dg/guality/sra-1.c   -O3 -g  line 43 a.j == 14
FAIL: gcc.dg/guality/sra-1.c   -Os  line 43 a.j == 14
FAIL: gcc.dg/guality/vla-1.c   -O1  line 17 sizeof (a) == 6
FAIL: gcc.dg/guality/vla-1.c   -O2  line 17 sizeof (a) == 6
FAIL: gcc.dg/guality/vla-1.c   -O2 -flto -fno-use-linker-plugin -flto-partition=none  line 17 sizeof (a) == 6
FAIL: gcc.dg/guality/vla-1.c   -O2 -flto -fuse-linker-plugin -fno-fat-lto-objects  line 17 sizeof (a) == 6
FAIL: gcc.dg/guality/vla-1.c   -O3 -fomit-frame-pointer  line 17 sizeof (a) == 6
FAIL: gcc.dg/guality/vla-1.c   -O3 -g  line 17 sizeof (a) == 6
FAIL: gcc.dg/guality/vla-1.c   -Os  line 17 sizeof (a) == 6
FAIL: gcc.dg/tree-ssa/ivopts-lt-2.c scan-tree-dump-times ivopts "PHI <p_" 1
FAIL: gcc.dg/tree-ssa/ivopts-lt-2.c scan-tree-dump-times ivopts "p_[0-9]* <" 1
XPASS: gcc.dg/tree-ssa/loop-1.c scan-assembler-times foo 5

		=== gcc Summary ===

# of expected passes		89816
# of unexpected failures	358
# of unexpected successes	9
# of expected failures		138
# of unsupported tests		1784
/home/aaro/gcctest/build/gcc/xgcc  version 5.3.0 (GCC) 

		=== libatomic tests ===


Running target unix

		=== libatomic Summary ===

# of expected passes		44
# of unsupported tests		5
		=== libgomp tests ===


Running target unix
WARNING: program timed out.
FAIL: libgomp.c/atomic-1.c execution test
WARNING: program timed out.
FAIL: libgomp.c/atomic-13.c execution test
WARNING: program timed out.
FAIL: libgomp.c/atomic-2.c execution test
FAIL: libgomp.c/atomic-3.c execution test
FAIL: libgomp.c/atomic-4.c execution test
FAIL: libgomp.c/atomic-5.c execution test
WARNING: program timed out.
FAIL: libgomp.c/atomic-6.c execution test
FAIL: libgomp.c/autopar-1.c execution test
FAIL: libgomp.c/omp-loop03.c execution test
WARNING: program timed out.
FAIL: libgomp.c/pr64824.c execution test
WARNING: program timed out.
FAIL: libgomp.c/pr64868.c execution test
FAIL: libgomp.c/target-1.c execution test
FAIL: libgomp.c/target-2.c execution test
WARNING: program timed out.
FAIL: libgomp.c++/atomic-6.C execution test
WARNING: program timed out.
FAIL: libgomp.c++/atomic-7.C execution test
FAIL: libgomp.c++/loop-3.C execution test
WARNING: program timed out.
FAIL: libgomp.c++/pr64824.C execution test
WARNING: program timed out.
FAIL: libgomp.c++/pr64868.C execution test
FAIL: libgomp.c++/target-1.C execution test
FAIL: libgomp.c++/target-2.C execution test
FAIL: libgomp.c++/target-3.C execution test

		=== libgomp Summary ===

# of expected passes		1592
# of unexpected failures	21
# of unsupported tests		172
		=== libstdc++ tests ===


Running target unix

		=== libstdc++ Summary ===

# of expected passes		9532
# of expected failures		65
# of unsupported tests		604

Compiler version: 5.3.0 (GCC) 
Platform: hppa-unknown-linux-gnu
configure flags: --disable-nls --enable-languages=c,c++ --host=hppa-unknown-linux-gnu --build=hppa-unknown-linux-gnu --target=hppa-unknown-linux-gnu --with-system-zlib --with-sysroot=/


Index Nav: [Date Index] [Subject Index] [Author Index] [Thread Index]
Message Nav: [Date Prev] [Date Next] [Thread Prev] [Thread Next]