This is the mail archive of the
gcc-testresults@gcc.gnu.org
mailing list for the GCC project.
Results for 5.3.0 (tgcware 5.3.0-1) testsuite on sparc-sun-solaris2.10
- From: "Tom G. Christensen" <tgc at jupiterrise dot com>
- To: gcc-testresults at gcc dot gnu dot org
- Date: Mon, 14 Dec 2015 21:18:32 +0100
- Subject: Results for 5.3.0 (tgcware 5.3.0-1) testsuite on sparc-sun-solaris2.10
- Authentication-results: sourceware.org; auth=none
Built with:
GNU as 2.25
Solaris ld 5.10-1.1505 (144500-19)
gmp 6.0.0a
mpfr 3.1.2p11
mpc 1.0.3
isl 0.14.1
cloog 0.18.0
CONFIG_SHELL=/bin/ksh
Bootstrap compiler:
Using built-in specs.
Using built-in specs.
COLLECT_GCC=/usr/tgcware/gcc49/bin/gcc
COLLECT_LTO_WRAPPER=/usr/tgcware/libexec/gcc/sparc-sun-solaris2.10/4.9.3/lto-wrapper
Target: sparc-sun-solaris2.10
Configured with: ../gcc-4.9.3/configure --prefix=/usr/tgcware --with-local-prefix=/usr/tgcware/gcc49 --bindir=/usr/tgcware/gcc49/bin --mandir=/usr/tgcware/gcc49/man --infodir=/usr/tgcware/gcc49/info --disable-nls --enable-shared --enable-threads=posix --with-gmp=/usr/tgcware --with-mpfr=/usr/tgcware --with-mpc=/usr/tgcware --with-cloog=/usr/tgcware --with-isl=/usr/tgcware --with-cloog-backend=isl --without-gnu-ld --with-ld=/usr/ccs/bin/ld --with-gnu-as --with-as=/usr/tgcware/bin/gas --enable-languages=all,ada,obj-c++,go --with-x --enable-java-awt=xlib --with-cpu=v9 --with-pkgversion='tgcware 4.9.3-1' --with-bugurl=http://jupiterrise.com/tgcware
Thread model: posix
gcc version 4.9.3 (tgcware 4.9.3-1)
LAST_UPDATED: Obtained from SVN: tags/gcc_5_3_0_release revision 231255
=== acats tests ===
=== acats Summary ===
# of expected passes 2320
# of unexpected failures 0
Native configuration is sparc-sun-solaris2.10
=== g++ tests ===
Running target unix
=== g++ Summary for unix ===
# of expected passes 81818
# of expected failures 291
# of unsupported tests 3834
Running target unix/-m64
=== g++ Summary for unix/-m64 ===
# of expected passes 83676
# of expected failures 291
# of unsupported tests 3822
=== g++ Summary ===
# of expected passes 165494
# of expected failures 582
# of unsupported tests 7656
/export/home/tgc/buildpkg/gcc5/src/all_native/gcc/testsuite/g++/../../xg++ version 5.3.0 (tgcware 5.3.0-1)
=== gcc tests ===
Running target unix
FAIL: gcc.dg/visibility-22.c execution test
=== gcc Summary for unix ===
# of expected passes 90080
# of unexpected failures 1
# of expected failures 336
# of unsupported tests 2075
Running target unix/-m64
FAIL: gcc.dg/visibility-22.c execution test
=== gcc Summary for unix/-m64 ===
# of expected passes 90858
# of unexpected failures 1
# of expected failures 325
# of unsupported tests 2013
=== gcc Summary ===
# of expected passes 180938
# of unexpected failures 2
# of expected failures 661
# of unsupported tests 4088
/export/home/tgc/buildpkg/gcc5/src/all_native/gcc/xgcc version 5.3.0 (tgcware 5.3.0-1)
=== gfortran tests ===
Running target unix
=== gfortran Summary for unix ===
# of expected passes 48621
# of expected failures 81
# of unsupported tests 290
Running target unix/-m64
=== gfortran Summary for unix/-m64 ===
# of expected passes 48948
# of expected failures 81
# of unsupported tests 129
=== gfortran Summary ===
# of expected passes 97569
# of expected failures 162
# of unsupported tests 419
/export/home/tgc/buildpkg/gcc5/src/all_native/gcc/testsuite/gfortran/../../gfortran version 5.3.0 (tgcware 5.3.0-1)
=== gnat tests ===
Running target unix
=== gnat Summary for unix ===
# of expected passes 1304
# of expected failures 20
# of unsupported tests 19
Running target unix/-m64
=== gnat Summary for unix/-m64 ===
# of expected passes 1304
# of expected failures 20
# of unsupported tests 19
=== gnat Summary ===
# of expected passes 2608
# of expected failures 40
# of unsupported tests 38
/export/home/tgc/buildpkg/gcc5/src/all_native/gcc/gnatmake version 5.3.0
=== go tests ===
Running target unix
FAIL: go.test/test/fixedbugs/bug347.go execution, -O0 -g
FAIL: go.test/test/fixedbugs/bug348.go execution, -O0 -g
FAIL: ./index0-out.go execution, -O0 -g -fno-var-tracking-assignments
FAIL: go.test/test/recover.go execution, -O2 -g
FAIL: ./slice3-out.go execution, -O0 -g -fno-var-tracking-assignments
=== go Summary for unix ===
# of expected passes 7355
# of unexpected failures 5
# of expected failures 1
# of untested testcases 11
# of unsupported tests 3
Running target unix/-m64
FAIL: go.test/test/fixedbugs/bug347.go execution, -O0 -g
FAIL: go.test/test/fixedbugs/bug348.go execution, -O0 -g
FAIL: ./index0-out.go execution, -O0 -g -fno-var-tracking-assignments
FAIL: go.test/test/recover.go execution, -O2 -g
FAIL: ./slice3-out.go execution, -O0 -g -fno-var-tracking-assignments
=== go Summary for unix/-m64 ===
# of expected passes 7235
# of unexpected failures 5
# of expected failures 1
# of untested testcases 11
# of unsupported tests 3
=== go Summary ===
# of expected passes 14590
# of unexpected failures 10
# of expected failures 2
# of untested testcases 22
# of unsupported tests 6
=== obj-c++ tests ===
Running target unix
=== obj-c++ Summary for unix ===
# of expected passes 1453
# of expected failures 2
# of unsupported tests 86
Running target unix/-m64
=== obj-c++ Summary for unix/-m64 ===
# of expected passes 1445
# of expected failures 10
# of unsupported tests 86
=== obj-c++ Summary ===
# of expected passes 2898
# of expected failures 12
# of unsupported tests 172
/export/home/tgc/buildpkg/gcc5/src/all_native/gcc/testsuite/obj-c++/../../xg++ version 5.3.0 (tgcware 5.3.0-1)
=== objc tests ===
Running target unix
=== objc Summary for unix ===
# of expected passes 3016
# of unsupported tests 74
Running target unix/-m64
=== objc Summary for unix/-m64 ===
# of expected passes 3016
# of unsupported tests 74
=== objc Summary ===
# of expected passes 6032
# of unsupported tests 148
/export/home/tgc/buildpkg/gcc5/src/all_native/gcc/xgcc version 5.3.0 (tgcware 5.3.0-1)
=== boehm-gc tests ===
Running target unix
=== boehm-gc Summary for unix ===
# of expected passes 12
# of unsupported tests 1
Running target unix/-m64
=== boehm-gc Summary for unix/-m64 ===
# of expected passes 12
# of unsupported tests 1
=== boehm-gc Summary ===
# of expected passes 24
# of unsupported tests 2
=== libatomic tests ===
Running target unix
=== libatomic Summary for unix ===
# of expected passes 44
# of unsupported tests 5
Running target unix/-m64
=== libatomic Summary for unix/-m64 ===
# of expected passes 54
=== libatomic Summary ===
# of expected passes 98
# of unsupported tests 5
=== libffi tests ===
Running target unix
=== libffi Summary for unix ===
# of expected passes 1914
# of unsupported tests 30
Running target unix/-m64
=== libffi Summary for unix/-m64 ===
# of expected passes 1914
# of unsupported tests 30
=== libffi Summary ===
# of expected passes 3828
# of unsupported tests 60
=== libgo tests ===
Running target unix
FAIL: reflect
FAIL: runtime
FAIL: runtime/pprof
FAIL: sync/atomic
=== libgo Summary for unix ===
# of expected passes 120
# of unexpected failures 4
Running target unix/-m64
FAIL: runtime
=== libgo Summary for unix/-m64 ===
# of expected passes 123
# of unexpected failures 1
=== libgo Summary ===
# of expected passes 243
# of unexpected failures 5
/export/home/tgc/buildpkg/gcc5/src/all_native/./gcc/gccgo version 5.3.0 (tgcware 5.3.0-1)
=== libgomp tests ===
Running target unix
=== libgomp Summary for unix ===
# of expected passes 5819
# of unsupported tests 282
Running target unix/-m64
=== libgomp Summary for unix/-m64 ===
# of expected passes 5819
# of unsupported tests 282
=== libgomp Summary ===
# of expected passes 11638
# of unsupported tests 564
=== libitm tests ===
Running target unix
=== libitm Summary for unix ===
# of expected passes 26
# of expected failures 3
# of unsupported tests 1
Running target unix/-m64
=== libitm Summary for unix/-m64 ===
# of expected passes 26
# of expected failures 3
# of unsupported tests 1
=== libitm Summary ===
# of expected passes 52
# of expected failures 6
# of unsupported tests 2
=== libjava tests ===
Running target unix
=== libjava Summary for unix ===
# of expected passes 2582
# of expected failures 4
Running target unix/-m64
=== libjava Summary for unix/-m64 ===
# of expected passes 2582
# of expected failures 4
=== libjava Summary ===
# of expected passes 5164
# of expected failures 8
=== libstdc++ tests ===
Running target unix
=== libstdc++ Summary for unix ===
# of expected passes 9496
# of expected failures 67
# of unsupported tests 618
Running target unix/-m64
=== libstdc++ Summary for unix/-m64 ===
# of expected passes 9496
# of expected failures 67
# of unsupported tests 618
=== libstdc++ Summary ===
# of expected passes 18992
# of expected failures 134
# of unsupported tests 1236
Compiler version: 5.3.0 (tgcware 5.3.0-1)
Platform: sparc-sun-solaris2.10
configure flags: --prefix=/usr/tgcware --with-local-prefix=/usr/tgcware/gcc5 --bindir=/usr/tgcware/gcc5/bin --mandir=/usr/tgcware/gcc5/man --infodir=/usr/tgcware/gcc5/info --disable-nls --enable-shared --enable-threads=posix --with-gmp=/usr/tgcware --with-mpfr=/usr/tgcware --with-mpc=/usr/tgcware --with-isl=/usr/tgcware --without-gnu-ld --with-ld=/usr/ccs/bin/ld --with-gnu-as --with-as=/usr/tgcware/bin/gas --enable-languages=all,ada,obj-c++,go --with-x --enable-java-awt=xlib --with-cpu=v9 --with-pkgversion='tgcware 5.3.0-1' --with-bugurl=http://jupiterrise.com/tgcware