This is the mail archive of the gcc-testresults@gcc.gnu.org mailing list for the GCC project.


Index Nav: [Date Index] [Subject Index] [Author Index] [Thread Index]
Message Nav: [Date Prev] [Date Next] [Thread Prev] [Thread Next]
Other format: [Raw text]

Results for 5.3.0 (GCC) testsuite on mips-unknown-linux-gnu


-- Build environment ----------------------------------------------------------
Distro:	los.git rootfs=d3fd30 native=d3fd30
Kernel:	Linux edgerouter-pro 4.4.0-rc4-octeon-los_d3fd30 #1 SMP Thu Dec 10 00:23:45 EET 2015 mips64 GNU/Linux
CPU:	system type		: Unsupported Board (CN6120p1.1-1000-NSP)
	machine			: Unknown
	processor		: 0
	cpu model		: Cavium Octeon II V0.1
	BogoMIPS		: 2000.00
	wait instruction	: yes
	microsecond timers	: yes
	tlb_entries		: 128
	extra interrupt vector	: yes
	hardware watchpoint	: yes, count: 2, address/irw mask: [0x0ffc, 0x0ffb]
	isa			: mips2 mips3 mips4 mips5 mips64r2
	ASEs implemented	:
	shadow register sets	: 1
	kscratch registers	: 3
	package			: 0
	core			: 0
	VCED exceptions		: not available
	VCEI exceptions		: not available
	processor		: 1
	cpu model		: Cavium Octeon II V0.1
	BogoMIPS		: 2000.00
	wait instruction	: yes
	microsecond timers	: yes
	tlb_entries		: 128
	extra interrupt vector	: yes
	hardware watchpoint	: yes, count: 2, address/irw mask: [0x0ffc, 0x0ffb]
	isa			: mips2 mips3 mips4 mips5 mips64r2
	ASEs implemented	:
	shadow register sets	: 1
	kscratch registers	: 3
	package			: 0
	core			: 1
	VCED exceptions		: not available
	VCEI exceptions		: not available
-- Time consumed --------------------------------------------------------------
Build:	real	11h 25m 36s
	user	20h 7m 30s
	sys	26m 51.58s
Test:   real	7h 46m 02s
	user	13h 1m 30s
	sys	1h 2m 28s
-------------------------------------------------------------------------------
LAST_UPDATED: Obtained from SVN: tags/gcc_5_3_0_release revision 231255

Native configuration is mips-unknown-linux-gnu

		=== g++ tests ===


Running target unix
FAIL: g++.dg/guality/pr55665.C   -O2  line 23 p == 40
FAIL: g++.dg/guality/pr55665.C   -O3 -fomit-frame-pointer  line 23 p == 40
FAIL: g++.dg/guality/pr55665.C   -O3 -g  line 23 p == 40
XPASS: g++.dg/tls/thread_local-order2.C  -std=c++11 execution test
XPASS: g++.dg/tls/thread_local-order2.C  -std=c++14 execution test

		=== g++ Summary ===

# of expected passes		82015
# of unexpected failures	3
# of unexpected successes	2
# of expected failures		282
# of unsupported tests		3769
/home/aaro/gcctest/build/gcc/testsuite/g++/../../xg++  version 5.3.0 (GCC) 

		=== gcc tests ===


Running target unix
FAIL: gcc.c-torture/execute/pr65956.c   -O2  execution test
FAIL: gcc.c-torture/execute/pr65956.c   -O2 -flto -fno-use-linker-plugin -flto-partition=none  execution test
FAIL: gcc.c-torture/execute/pr65956.c   -O2 -flto -fuse-linker-plugin -fno-fat-lto-objects  execution test
FAIL: gcc.c-torture/execute/pr65956.c   -Os  execution test
FAIL: gcc.dg/uninit-19.c  (test for warnings, line 22)
FAIL: gcc.dg/uninit-19.c (test for excess errors)
XPASS: c-c++-common/goacc/acc_on_device-2.c scan-rtl-dump-times expand "\\\\(call [^\\\\n]* acc_on_device" 0
XPASS: gcc.dg/guality/example.c   -O0  execution test
XPASS: gcc.dg/guality/guality.c   -O0  execution test
XPASS: gcc.dg/guality/guality.c   -O1  execution test
XPASS: gcc.dg/guality/guality.c   -O2  execution test
XPASS: gcc.dg/guality/guality.c   -O2 -flto -fno-use-linker-plugin -flto-partition=none  execution test
XPASS: gcc.dg/guality/guality.c   -O2 -flto -fuse-linker-plugin -fno-fat-lto-objects  execution test
XPASS: gcc.dg/guality/guality.c   -O3 -fomit-frame-pointer  execution test
XPASS: gcc.dg/guality/guality.c   -O3 -g  execution test
XPASS: gcc.dg/guality/guality.c   -Os  execution test
XPASS: gcc.dg/guality/inline-params.c   -O2  execution test
XPASS: gcc.dg/guality/inline-params.c   -O2 -flto -fno-use-linker-plugin -flto-partition=none  execution test
XPASS: gcc.dg/guality/inline-params.c   -O3 -fomit-frame-pointer  execution test
XPASS: gcc.dg/guality/inline-params.c   -O3 -g  execution test
XPASS: gcc.dg/guality/inline-params.c   -Os  execution test
FAIL: gcc.dg/guality/pr36728-1.c   -O2  line 16 arg1 == 1
FAIL: gcc.dg/guality/pr36728-1.c   -O2  line 18 arg1 == 1
FAIL: gcc.dg/guality/pr36728-1.c   -O2  line 18 arg2 == 2
FAIL: gcc.dg/guality/pr36728-1.c   -O2 -flto -fno-use-linker-plugin -flto-partition=none  line 16 arg1 == 1
FAIL: gcc.dg/guality/pr36728-1.c   -O2 -flto -fno-use-linker-plugin -flto-partition=none  line 18 arg1 == 1
FAIL: gcc.dg/guality/pr36728-1.c   -O2 -flto -fno-use-linker-plugin -flto-partition=none  line 18 arg2 == 2
FAIL: gcc.dg/guality/pr36728-1.c   -O2 -flto -fuse-linker-plugin -fno-fat-lto-objects  line 16 arg1 == 1
FAIL: gcc.dg/guality/pr36728-1.c   -O2 -flto -fuse-linker-plugin -fno-fat-lto-objects  line 16 arg2 == 2
FAIL: gcc.dg/guality/pr36728-1.c   -O2 -flto -fuse-linker-plugin -fno-fat-lto-objects  line 18 arg1 == 1
FAIL: gcc.dg/guality/pr36728-1.c   -O2 -flto -fuse-linker-plugin -fno-fat-lto-objects  line 18 arg2 == 2
FAIL: gcc.dg/guality/pr36728-1.c   -O3 -fomit-frame-pointer  line 16 arg1 == 1
FAIL: gcc.dg/guality/pr36728-1.c   -O3 -fomit-frame-pointer  line 18 arg1 == 1
FAIL: gcc.dg/guality/pr36728-1.c   -O3 -fomit-frame-pointer  line 18 arg2 == 2
FAIL: gcc.dg/guality/pr36728-1.c   -O3 -g  line 16 arg1 == 1
FAIL: gcc.dg/guality/pr36728-1.c   -O3 -g  line 18 arg1 == 1
FAIL: gcc.dg/guality/pr36728-1.c   -O3 -g  line 18 arg2 == 2
FAIL: gcc.dg/guality/pr36728-1.c   -Os  line 16 arg1 == 1
FAIL: gcc.dg/guality/pr36728-1.c   -Os  line 18 arg1 == 1
FAIL: gcc.dg/guality/pr36728-1.c   -Os  line 18 arg2 == 2
FAIL: gcc.dg/guality/pr36728-2.c   -O2  line 16 arg1 == 1
FAIL: gcc.dg/guality/pr36728-2.c   -O2  line 18 arg1 == 1
FAIL: gcc.dg/guality/pr36728-2.c   -O2 -flto -fno-use-linker-plugin -flto-partition=none  line 16 arg1 == 1
FAIL: gcc.dg/guality/pr36728-2.c   -O2 -flto -fno-use-linker-plugin -flto-partition=none  line 18 arg1 == 1
FAIL: gcc.dg/guality/pr36728-2.c   -O2 -flto -fuse-linker-plugin -fno-fat-lto-objects  line 16 arg1 == 1
FAIL: gcc.dg/guality/pr36728-2.c   -O2 -flto -fuse-linker-plugin -fno-fat-lto-objects  line 18 arg1 == 1
FAIL: gcc.dg/guality/pr36728-2.c   -O3 -fomit-frame-pointer  line 16 arg1 == 1
FAIL: gcc.dg/guality/pr36728-2.c   -O3 -fomit-frame-pointer  line 18 arg1 == 1
FAIL: gcc.dg/guality/pr36728-2.c   -O3 -g  line 16 arg1 == 1
FAIL: gcc.dg/guality/pr36728-2.c   -O3 -g  line 18 arg1 == 1
FAIL: gcc.dg/guality/pr36728-2.c   -Os  line 16 arg1 == 1
FAIL: gcc.dg/guality/pr36728-2.c   -Os  line 18 arg1 == 1
FAIL: gcc.dg/guality/pr36728-3.c   -O1  line 14 y == 2
FAIL: gcc.dg/guality/pr36728-3.c   -O2  line 14 arg1 == 1
FAIL: gcc.dg/guality/pr36728-3.c   -O2  line 16 arg1 == 1
FAIL: gcc.dg/guality/pr36728-3.c   -O2 -flto -fno-use-linker-plugin -flto-partition=none  line 14 arg1 == 1
FAIL: gcc.dg/guality/pr36728-3.c   -O2 -flto -fno-use-linker-plugin -flto-partition=none  line 16 arg1 == 1
FAIL: gcc.dg/guality/pr36728-3.c   -O2 -flto -fuse-linker-plugin -fno-fat-lto-objects  line 14 arg1 == 1
FAIL: gcc.dg/guality/pr36728-3.c   -O2 -flto -fuse-linker-plugin -fno-fat-lto-objects  line 16 arg1 == 1
FAIL: gcc.dg/guality/pr36728-3.c   -O3 -fomit-frame-pointer  line 14 arg1 == 1
FAIL: gcc.dg/guality/pr36728-3.c   -O3 -fomit-frame-pointer  line 16 arg1 == 1
FAIL: gcc.dg/guality/pr36728-3.c   -O3 -g  line 14 arg1 == 1
FAIL: gcc.dg/guality/pr36728-3.c   -O3 -g  line 16 arg1 == 1
FAIL: gcc.dg/guality/pr36728-3.c   -Os  line 14 arg1 == 1
FAIL: gcc.dg/guality/pr36728-3.c   -Os  line 16 arg1 == 1
XPASS: gcc.dg/guality/pr41353-1.c   -O0  line 28 j == 28 + 37
FAIL: gcc.dg/guality/pr41404-1.c   -O2 -flto -fuse-linker-plugin -fno-fat-lto-objects  line 10 *foo == 'f'
FAIL: gcc.dg/guality/pr41404-1.c   -O2 -flto -fuse-linker-plugin -fno-fat-lto-objects  line 14 *foo == 'b'
FAIL: gcc.dg/guality/pr41404-1.c   -O2 -flto -fuse-linker-plugin -fno-fat-lto-objects  line 24 *foo == 'f'
FAIL: gcc.dg/guality/pr41616-1.c   -O2 -flto -fno-use-linker-plugin -flto-partition=none  execution test
FAIL: gcc.dg/guality/pr41616-1.c   -O2 -flto -fuse-linker-plugin -fno-fat-lto-objects  execution test
FAIL: gcc.dg/guality/pr41616-1.c   -O3 -fomit-frame-pointer  execution test
FAIL: gcc.dg/guality/pr41616-1.c   -O3 -g  execution test
FAIL: gcc.dg/guality/pr41616-1.c   -Os  execution test
FAIL: gcc.dg/guality/pr43051-1.c   -O1  line 34 c == &a[0]
FAIL: gcc.dg/guality/pr43051-1.c   -O2  line 34 c == &a[0]
FAIL: gcc.dg/guality/pr43051-1.c   -O2  line 36 e == &a[1]
FAIL: gcc.dg/guality/pr43051-1.c   -O2  line 39 c == &a[0]
FAIL: gcc.dg/guality/pr43051-1.c   -O2 -flto -fno-use-linker-plugin -flto-partition=none  line 34 c == &a[0]
FAIL: gcc.dg/guality/pr43051-1.c   -O2 -flto -fno-use-linker-plugin -flto-partition=none  line 39 c == &a[0]
FAIL: gcc.dg/guality/pr43051-1.c   -O2 -flto -fuse-linker-plugin -fno-fat-lto-objects  line 34 c == &a[0]
FAIL: gcc.dg/guality/pr43051-1.c   -O2 -flto -fuse-linker-plugin -fno-fat-lto-objects  line 36 e == &a[1]
FAIL: gcc.dg/guality/pr43051-1.c   -O2 -flto -fuse-linker-plugin -fno-fat-lto-objects  line 39 c == &a[0]
FAIL: gcc.dg/guality/pr43051-1.c   -O3 -fomit-frame-pointer  line 35 v == 1
FAIL: gcc.dg/guality/pr43051-1.c   -O3 -fomit-frame-pointer  line 36 e == &a[1]
FAIL: gcc.dg/guality/pr43051-1.c   -O3 -fomit-frame-pointer  line 39 c == &a[0]
FAIL: gcc.dg/guality/pr43051-1.c   -O3 -fomit-frame-pointer  line 40 v == 1
FAIL: gcc.dg/guality/pr43051-1.c   -O3 -fomit-frame-pointer  line 41 e == &a[1]
FAIL: gcc.dg/guality/pr43051-1.c   -O3 -fomit-frame-pointer -funroll-all-loops -finline-functions  line 34 c == &a[0]
FAIL: gcc.dg/guality/pr43051-1.c   -O3 -fomit-frame-pointer -funroll-all-loops -finline-functions  line 35 v == 1
FAIL: gcc.dg/guality/pr43051-1.c   -O3 -fomit-frame-pointer -funroll-all-loops -finline-functions  line 36 e == &a[1]
FAIL: gcc.dg/guality/pr43051-1.c   -O3 -fomit-frame-pointer -funroll-all-loops -finline-functions  line 39 c == &a[0]
FAIL: gcc.dg/guality/pr43051-1.c   -O3 -fomit-frame-pointer -funroll-all-loops -finline-functions  line 40 v == 1
FAIL: gcc.dg/guality/pr43051-1.c   -O3 -fomit-frame-pointer -funroll-all-loops -finline-functions  line 41 e == &a[1]
FAIL: gcc.dg/guality/pr43051-1.c   -O3 -fomit-frame-pointer -funroll-loops  line 34 c == &a[0]
FAIL: gcc.dg/guality/pr43051-1.c   -O3 -fomit-frame-pointer -funroll-loops  line 35 v == 1
FAIL: gcc.dg/guality/pr43051-1.c   -O3 -fomit-frame-pointer -funroll-loops  line 36 e == &a[1]
FAIL: gcc.dg/guality/pr43051-1.c   -O3 -fomit-frame-pointer -funroll-loops  line 39 c == &a[0]
FAIL: gcc.dg/guality/pr43051-1.c   -O3 -fomit-frame-pointer -funroll-loops  line 40 v == 1
FAIL: gcc.dg/guality/pr43051-1.c   -O3 -g  line 36 e == &a[1]
FAIL: gcc.dg/guality/pr43051-1.c   -O3 -g  line 39 c == &a[0]
FAIL: gcc.dg/guality/pr43051-1.c   -O3 -g  line 40 v == 1
FAIL: gcc.dg/guality/pr43051-1.c   -O3 -g  line 41 e == &a[1]
FAIL: gcc.dg/guality/pr43051-1.c   -Os  line 39 c == &a[0]
FAIL: gcc.dg/guality/pr43051-1.c   -Os  line 40 v == 1
FAIL: gcc.dg/guality/pr43051-1.c   -Os  line 41 e == &a[1]
FAIL: gcc.dg/guality/pr43077-1.c   -O2 -flto -fuse-linker-plugin -fno-fat-lto-objects  line 19 varb == 3
FAIL: gcc.dg/guality/pr43177.c   -O2  line 15 l == 10
FAIL: gcc.dg/guality/pr43177.c   -O2  line 15 x == 7
FAIL: gcc.dg/guality/pr43177.c   -O2  line 24 l == 10
FAIL: gcc.dg/guality/pr43177.c   -O2  line 24 x == 7
FAIL: gcc.dg/guality/pr43177.c   -O2 -flto -fno-use-linker-plugin -flto-partition=none  line 15 l == 10
FAIL: gcc.dg/guality/pr43177.c   -O2 -flto -fno-use-linker-plugin -flto-partition=none  line 15 x == 7
FAIL: gcc.dg/guality/pr43177.c   -O2 -flto -fno-use-linker-plugin -flto-partition=none  line 24 l == 10
FAIL: gcc.dg/guality/pr43177.c   -O2 -flto -fno-use-linker-plugin -flto-partition=none  line 24 x == 7
FAIL: gcc.dg/guality/pr43177.c   -O2 -flto -fuse-linker-plugin -fno-fat-lto-objects  line 15 l == 10
FAIL: gcc.dg/guality/pr43177.c   -O2 -flto -fuse-linker-plugin -fno-fat-lto-objects  line 15 x == 7
FAIL: gcc.dg/guality/pr43177.c   -O3 -fomit-frame-pointer  line 15 l == 10
FAIL: gcc.dg/guality/pr43177.c   -O3 -fomit-frame-pointer  line 15 x == 7
FAIL: gcc.dg/guality/pr43177.c   -O3 -fomit-frame-pointer  line 24 l == 10
FAIL: gcc.dg/guality/pr43177.c   -O3 -fomit-frame-pointer  line 24 x == 7
FAIL: gcc.dg/guality/pr43177.c   -O3 -g  line 15 l == 10
FAIL: gcc.dg/guality/pr43177.c   -O3 -g  line 24 l == 10
FAIL: gcc.dg/guality/pr43177.c   -O3 -g  line 24 x == 7
FAIL: gcc.dg/guality/pr43177.c   -Os  line 15 l == 10
FAIL: gcc.dg/guality/pr43177.c   -Os  line 15 x == 7
FAIL: gcc.dg/guality/pr43177.c   -Os  line 24 l == 10
FAIL: gcc.dg/guality/pr43177.c   -Os  line 24 x == 7
FAIL: gcc.dg/guality/pr45882.c   -O2 -flto -fuse-linker-plugin -fno-fat-lto-objects  line 16 d == 112
FAIL: gcc.dg/guality/pr45882.c   -O2 -flto -fuse-linker-plugin -fno-fat-lto-objects  line 16 e == 142
FAIL: gcc.dg/guality/pr54200.c   -Os  line 20 z == 3
FAIL: gcc.dg/guality/pr54519-1.c   -O2 -flto -fno-use-linker-plugin -flto-partition=none  line 20 y == 25
FAIL: gcc.dg/guality/pr54519-1.c   -O2 -flto -fno-use-linker-plugin -flto-partition=none  line 20 z == 6
FAIL: gcc.dg/guality/pr54519-1.c   -O2 -flto -fno-use-linker-plugin -flto-partition=none  line 23 y == 117
FAIL: gcc.dg/guality/pr54519-1.c   -O2 -flto -fno-use-linker-plugin -flto-partition=none  line 23 z == 8
FAIL: gcc.dg/guality/pr54519-2.c   -O2  line 17 x == 6
FAIL: gcc.dg/guality/pr54519-2.c   -O2 -flto -fno-use-linker-plugin -flto-partition=none  line 17 x == 6
FAIL: gcc.dg/guality/pr54519-2.c   -O2 -flto -fno-use-linker-plugin -flto-partition=none  line 17 y == 25
FAIL: gcc.dg/guality/pr54519-2.c   -O2 -flto -fuse-linker-plugin -fno-fat-lto-objects  line 17 y == 25
FAIL: gcc.dg/guality/pr54519-3.c   -O2 -flto -fno-use-linker-plugin -flto-partition=none  line 20 y == 25
FAIL: gcc.dg/guality/pr54519-3.c   -O2 -flto -fno-use-linker-plugin -flto-partition=none  line 20 z == 6
FAIL: gcc.dg/guality/pr54519-3.c   -O2 -flto -fno-use-linker-plugin -flto-partition=none  line 23 y == 117
FAIL: gcc.dg/guality/pr54519-3.c   -O2 -flto -fno-use-linker-plugin -flto-partition=none  line 23 z == 8
FAIL: gcc.dg/guality/pr54519-3.c   -O2 -flto -fuse-linker-plugin -fno-fat-lto-objects  line 20 x == 36
FAIL: gcc.dg/guality/pr54519-3.c   -O2 -flto -fuse-linker-plugin -fno-fat-lto-objects  line 20 y == 25
FAIL: gcc.dg/guality/pr54519-3.c   -O2 -flto -fuse-linker-plugin -fno-fat-lto-objects  line 20 z == 6
FAIL: gcc.dg/guality/pr54519-3.c   -O2 -flto -fuse-linker-plugin -fno-fat-lto-objects  line 23 x == 98
FAIL: gcc.dg/guality/pr54519-3.c   -O2 -flto -fuse-linker-plugin -fno-fat-lto-objects  line 23 y == 117
FAIL: gcc.dg/guality/pr54519-3.c   -O2 -flto -fuse-linker-plugin -fno-fat-lto-objects  line 23 z == 8
FAIL: gcc.dg/guality/pr54519-4.c   -O2 -flto -fno-use-linker-plugin -flto-partition=none  line 17 y == 25
FAIL: gcc.dg/guality/pr54519-4.c   -O2 -flto -fuse-linker-plugin -fno-fat-lto-objects  line 17 x == 6
FAIL: gcc.dg/guality/pr54519-4.c   -O2 -flto -fuse-linker-plugin -fno-fat-lto-objects  line 17 y == 25
FAIL: gcc.dg/guality/pr54519-5.c   -O2  line 17 x == 6
FAIL: gcc.dg/guality/pr54519-5.c   -O2 -flto -fno-use-linker-plugin -flto-partition=none  line 17 x == 6
FAIL: gcc.dg/guality/pr54519-5.c   -O2 -flto -fno-use-linker-plugin -flto-partition=none  line 17 y == 25
FAIL: gcc.dg/guality/pr54519-5.c   -O2 -flto -fuse-linker-plugin -fno-fat-lto-objects  line 17 y == 25
FAIL: gcc.dg/guality/sra-1.c   -O1  line 43 a.j == 14
FAIL: gcc.dg/guality/sra-1.c   -O2  line 21 a.i == 4
FAIL: gcc.dg/guality/sra-1.c   -O2  line 21 a.j == 14
FAIL: gcc.dg/guality/sra-1.c   -O2  line 32 a[0] == 4
FAIL: gcc.dg/guality/sra-1.c   -O2  line 32 a[1] == 14
FAIL: gcc.dg/guality/sra-1.c   -O2 -flto -fno-use-linker-plugin -flto-partition=none  line 21 a.i == 4
FAIL: gcc.dg/guality/sra-1.c   -O2 -flto -fno-use-linker-plugin -flto-partition=none  line 21 a.j == 14
FAIL: gcc.dg/guality/sra-1.c   -O2 -flto -fno-use-linker-plugin -flto-partition=none  line 32 a[0] == 4
FAIL: gcc.dg/guality/sra-1.c   -O2 -flto -fno-use-linker-plugin -flto-partition=none  line 32 a[1] == 14
FAIL: gcc.dg/guality/sra-1.c   -O2 -flto -fuse-linker-plugin -fno-fat-lto-objects  line 21 a.i == 4
FAIL: gcc.dg/guality/sra-1.c   -O2 -flto -fuse-linker-plugin -fno-fat-lto-objects  line 21 a.j == 14
FAIL: gcc.dg/guality/sra-1.c   -O3 -fomit-frame-pointer  line 21 a.i == 4
FAIL: gcc.dg/guality/sra-1.c   -O3 -fomit-frame-pointer  line 21 a.j == 14
FAIL: gcc.dg/guality/sra-1.c   -O3 -fomit-frame-pointer  line 32 a[0] == 4
FAIL: gcc.dg/guality/sra-1.c   -O3 -fomit-frame-pointer  line 32 a[1] == 14
FAIL: gcc.dg/guality/sra-1.c   -O3 -g  line 21 a.i == 4
FAIL: gcc.dg/guality/sra-1.c   -O3 -g  line 21 a.j == 14
FAIL: gcc.dg/guality/sra-1.c   -O3 -g  line 32 a[0] == 4
FAIL: gcc.dg/guality/sra-1.c   -O3 -g  line 32 a[1] == 14
FAIL: gcc.dg/guality/sra-1.c   -Os  line 21 a.i == 4
FAIL: gcc.dg/guality/sra-1.c   -Os  line 21 a.j == 14
FAIL: gcc.dg/guality/sra-1.c   -Os  line 32 a[0] == 4
FAIL: gcc.dg/guality/sra-1.c   -Os  line 32 a[1] == 14
FAIL: gcc.dg/guality/vla-1.c   -O1  line 17 sizeof (a) == 6
FAIL: gcc.dg/guality/vla-1.c   -O2  line 17 sizeof (a) == 6
FAIL: gcc.dg/guality/vla-1.c   -O2 -flto -fno-use-linker-plugin -flto-partition=none  line 17 sizeof (a) == 6
FAIL: gcc.dg/guality/vla-1.c   -O2 -flto -fuse-linker-plugin -fno-fat-lto-objects  line 17 sizeof (a) == 6
FAIL: gcc.dg/guality/vla-1.c   -O3 -fomit-frame-pointer  line 17 sizeof (a) == 6
FAIL: gcc.dg/guality/vla-1.c   -O3 -g  line 17 sizeof (a) == 6
FAIL: gcc.dg/guality/vla-1.c   -Os  line 17 sizeof (a) == 6
FAIL: gcc.dg/guality/vla-2.c   -O2  line 25 sizeof (a) == 6 * sizeof (int)
FAIL: gcc.dg/guality/vla-2.c   -O2 -flto -fno-use-linker-plugin -flto-partition=none  line 25 sizeof (a) == 6 * sizeof (int)
FAIL: gcc.dg/guality/vla-2.c   -O2 -flto -fuse-linker-plugin -fno-fat-lto-objects  line 25 sizeof (a) == 6 * sizeof (int)
FAIL: gcc.dg/guality/vla-2.c   -O3 -fomit-frame-pointer  line 25 sizeof (a) == 6 * sizeof (int)
FAIL: gcc.dg/guality/vla-2.c   -O3 -g  line 25 sizeof (a) == 6 * sizeof (int)
FAIL: gcc.dg/guality/vla-2.c   -Os  line 25 sizeof (a) == 6 * sizeof (int)
WARNING: program timed out.
WARNING: program timed out.
WARNING: program timed out.
WARNING: program timed out.
WARNING: program timed out.
WARNING: program timed out.
WARNING: program timed out.
WARNING: program timed out.
WARNING: program timed out.
WARNING: program timed out.
FAIL: gcc.dg/simulate-thread/speculative-store-2.c   -O0 -g  thread simulation test
FAIL: gcc.dg/tree-prof/stringop-2.c compilation,  -fprofile-generate -D_PROFILE_GENERATE
UNRESOLVED: gcc.dg/tree-prof/stringop-2.c compilation,  -fprofile-use -D_PROFILE_USE
UNRESOLVED: gcc.dg/tree-prof/stringop-2.c execution,    -fprofile-generate -D_PROFILE_GENERATE
UNRESOLVED: gcc.dg/tree-prof/stringop-2.c execution,    -fprofile-use -D_PROFILE_USE
FAIL: gcc.target/mips/branch-1.c   -O2   scan-assembler \\tandi\\t.*\\tandi\\t.*\\tandi\\t.*\\tandi\\t
FAIL: gcc.target/mips/branch-1.c   -O2 -flto -fno-use-linker-plugin -flto-partition=none   scan-assembler \\tandi\\t.*\\tandi\\t.*\\tandi\\t.*\\tandi\\t
FAIL: gcc.target/mips/branch-1.c   -O2 -flto -fuse-linker-plugin -fno-fat-lto-objects   scan-assembler \\tandi\\t.*\\tandi\\t.*\\tandi\\t.*\\tandi\\t
FAIL: gcc.target/mips/branch-1.c   -Os   scan-assembler \\tandi\\t.*\\tandi\\t.*\\tandi\\t.*\\tandi\\t
XPASS: gcc.target/mips/dspr2-MULT.c   -O2   scan-assembler \\\\\$ac1
XPASS: gcc.target/mips/dspr2-MULT.c   -O2 -flto -fno-use-linker-plugin -flto-partition=none   scan-assembler \\\\\$ac1
XPASS: gcc.target/mips/dspr2-MULT.c   -O2 -flto -fuse-linker-plugin -fno-fat-lto-objects   scan-assembler \\\\\$ac1
XPASS: gcc.target/mips/dspr2-MULT.c   -O3 -fomit-frame-pointer   scan-assembler \\\\\$ac1
XPASS: gcc.target/mips/dspr2-MULT.c   -O3 -g   scan-assembler \\\\\$ac1
XPASS: gcc.target/mips/dspr2-MULTU.c   -O2   scan-assembler \\\\\$ac1
XPASS: gcc.target/mips/dspr2-MULTU.c   -O2 -flto -fno-use-linker-plugin -flto-partition=none   scan-assembler \\\\\$ac1
XPASS: gcc.target/mips/dspr2-MULTU.c   -O2 -flto -fuse-linker-plugin -fno-fat-lto-objects   scan-assembler \\\\\$ac1
XPASS: gcc.target/mips/dspr2-MULTU.c   -O3 -fomit-frame-pointer   scan-assembler \\\\\$ac1
XPASS: gcc.target/mips/dspr2-MULTU.c   -O3 -g   scan-assembler \\\\\$ac1
FAIL: gcc.target/mips/loongson-simd.c   -O0  (test for excess errors)
FAIL: gcc.target/mips/loongson-simd.c   -O1  (test for excess errors)
FAIL: gcc.target/mips/loongson-simd.c   -O2  (test for excess errors)
FAIL: gcc.target/mips/loongson-simd.c   -O2 -flto -fno-use-linker-plugin -flto-partition=none  (test for excess errors)
FAIL: gcc.target/mips/loongson-simd.c   -O2 -flto -fuse-linker-plugin -fno-fat-lto-objects  (test for excess errors)
FAIL: gcc.target/mips/loongson-simd.c   -O3 -fomit-frame-pointer  (test for excess errors)
FAIL: gcc.target/mips/loongson-simd.c   -O3 -g  (test for excess errors)
FAIL: gcc.target/mips/loongson-simd.c   -Os  (test for excess errors)
FAIL: gcc.target/mips/mips-3d-1.c   -O0  (test for excess errors)
FAIL: gcc.target/mips/mips-3d-1.c   -O1  (test for excess errors)
FAIL: gcc.target/mips/mips-3d-1.c   -O2  (test for excess errors)
FAIL: gcc.target/mips/mips-3d-1.c   -O2 -flto -fno-use-linker-plugin -flto-partition=none  (test for excess errors)
FAIL: gcc.target/mips/mips-3d-1.c   -O2 -flto -fuse-linker-plugin -fno-fat-lto-objects  (test for excess errors)
FAIL: gcc.target/mips/mips-3d-1.c   -O3 -fomit-frame-pointer  (test for excess errors)
FAIL: gcc.target/mips/mips-3d-1.c   -O3 -g  (test for excess errors)
FAIL: gcc.target/mips/mips-3d-1.c   -Os  (test for excess errors)
FAIL: gcc.target/mips/mips-3d-2.c   -O0  (test for excess errors)
FAIL: gcc.target/mips/mips-3d-2.c   -O1  (test for excess errors)
FAIL: gcc.target/mips/mips-3d-2.c   -O2  (test for excess errors)
FAIL: gcc.target/mips/mips-3d-2.c   -O2 -flto -fno-use-linker-plugin -flto-partition=none  (test for excess errors)
FAIL: gcc.target/mips/mips-3d-2.c   -O2 -flto -fuse-linker-plugin -fno-fat-lto-objects  (test for excess errors)
FAIL: gcc.target/mips/mips-3d-2.c   -O3 -fomit-frame-pointer  (test for excess errors)
FAIL: gcc.target/mips/mips-3d-2.c   -O3 -g  (test for excess errors)
FAIL: gcc.target/mips/mips-3d-2.c   -Os  (test for excess errors)
FAIL: gcc.target/mips/mips-3d-3.c   -O0  (test for excess errors)
FAIL: gcc.target/mips/mips-3d-3.c   -O1  (test for excess errors)
FAIL: gcc.target/mips/mips-3d-3.c   -O2  (test for excess errors)
FAIL: gcc.target/mips/mips-3d-3.c   -O2 -flto -fno-use-linker-plugin -flto-partition=none  (test for excess errors)
FAIL: gcc.target/mips/mips-3d-3.c   -O2 -flto -fuse-linker-plugin -fno-fat-lto-objects  (test for excess errors)
FAIL: gcc.target/mips/mips-3d-3.c   -O3 -fomit-frame-pointer  (test for excess errors)
FAIL: gcc.target/mips/mips-3d-3.c   -O3 -g  (test for excess errors)
FAIL: gcc.target/mips/mips-3d-3.c   -Os  (test for excess errors)
FAIL: gcc.target/mips/mips-3d-4.c   -O0  (test for excess errors)
FAIL: gcc.target/mips/mips-3d-4.c   -O1  (test for excess errors)
FAIL: gcc.target/mips/mips-3d-4.c   -O2  (test for excess errors)
FAIL: gcc.target/mips/mips-3d-4.c   -O2 -flto -fno-use-linker-plugin -flto-partition=none  (test for excess errors)
FAIL: gcc.target/mips/mips-3d-4.c   -O2 -flto -fuse-linker-plugin -fno-fat-lto-objects  (test for excess errors)
FAIL: gcc.target/mips/mips-3d-4.c   -O3 -fomit-frame-pointer  (test for excess errors)
FAIL: gcc.target/mips/mips-3d-4.c   -O3 -g  (test for excess errors)
FAIL: gcc.target/mips/mips-3d-4.c   -Os  (test for excess errors)
FAIL: gcc.target/mips/mips-3d-5.c   -O0  (test for excess errors)
FAIL: gcc.target/mips/mips-3d-5.c   -O1  (test for excess errors)
FAIL: gcc.target/mips/mips-3d-5.c   -O2  (test for excess errors)
FAIL: gcc.target/mips/mips-3d-5.c   -O2 -flto -fno-use-linker-plugin -flto-partition=none  (test for excess errors)
FAIL: gcc.target/mips/mips-3d-5.c   -O2 -flto -fuse-linker-plugin -fno-fat-lto-objects  (test for excess errors)
FAIL: gcc.target/mips/mips-3d-5.c   -O3 -fomit-frame-pointer  (test for excess errors)
FAIL: gcc.target/mips/mips-3d-5.c   -O3 -g  (test for excess errors)
FAIL: gcc.target/mips/mips-3d-5.c   -Os  (test for excess errors)
FAIL: gcc.target/mips/mips-3d-6.c   -O0  (test for excess errors)
FAIL: gcc.target/mips/mips-3d-6.c   -O1  (test for excess errors)
FAIL: gcc.target/mips/mips-3d-6.c   -O2  (test for excess errors)
FAIL: gcc.target/mips/mips-3d-6.c   -O2 -flto -fno-use-linker-plugin -flto-partition=none  (test for excess errors)
FAIL: gcc.target/mips/mips-3d-6.c   -O2 -flto -fuse-linker-plugin -fno-fat-lto-objects  (test for excess errors)
FAIL: gcc.target/mips/mips-3d-6.c   -O3 -fomit-frame-pointer  (test for excess errors)
FAIL: gcc.target/mips/mips-3d-6.c   -O3 -g  (test for excess errors)
FAIL: gcc.target/mips/mips-3d-6.c   -Os  (test for excess errors)
FAIL: gcc.target/mips/mips-3d-7.c   -O0  (test for excess errors)
FAIL: gcc.target/mips/mips-3d-7.c   -O1  (test for excess errors)
FAIL: gcc.target/mips/mips-3d-7.c   -O2  (test for excess errors)
FAIL: gcc.target/mips/mips-3d-7.c   -O2 -flto -fno-use-linker-plugin -flto-partition=none  (test for excess errors)
FAIL: gcc.target/mips/mips-3d-7.c   -O2 -flto -fuse-linker-plugin -fno-fat-lto-objects  (test for excess errors)
FAIL: gcc.target/mips/mips-3d-7.c   -O3 -fomit-frame-pointer  (test for excess errors)
FAIL: gcc.target/mips/mips-3d-7.c   -O3 -g  (test for excess errors)
FAIL: gcc.target/mips/mips-3d-7.c   -Os  (test for excess errors)
FAIL: gcc.target/mips/mips-3d-8.c   -O0  (test for excess errors)
FAIL: gcc.target/mips/mips-3d-8.c   -O1  (test for excess errors)
FAIL: gcc.target/mips/mips-3d-8.c   -O2  (test for excess errors)
FAIL: gcc.target/mips/mips-3d-8.c   -O2 -flto -fno-use-linker-plugin -flto-partition=none  (test for excess errors)
FAIL: gcc.target/mips/mips-3d-8.c   -O2 -flto -fuse-linker-plugin -fno-fat-lto-objects  (test for excess errors)
FAIL: gcc.target/mips/mips-3d-8.c   -O3 -fomit-frame-pointer  (test for excess errors)
FAIL: gcc.target/mips/mips-3d-8.c   -O3 -g  (test for excess errors)
FAIL: gcc.target/mips/mips-3d-8.c   -Os  (test for excess errors)
FAIL: gcc.target/mips/mips-3d-9.c   -O0  (test for excess errors)
FAIL: gcc.target/mips/mips-3d-9.c   -O1  (test for excess errors)
FAIL: gcc.target/mips/mips-3d-9.c   -O2  (test for excess errors)
FAIL: gcc.target/mips/mips-3d-9.c   -O2 -flto -fno-use-linker-plugin -flto-partition=none  (test for excess errors)
FAIL: gcc.target/mips/mips-3d-9.c   -O2 -flto -fuse-linker-plugin -fno-fat-lto-objects  (test for excess errors)
FAIL: gcc.target/mips/mips-3d-9.c   -O3 -fomit-frame-pointer  (test for excess errors)
FAIL: gcc.target/mips/mips-3d-9.c   -O3 -fomit-frame-pointer -funroll-all-loops -finline-functions  (test for excess errors)
FAIL: gcc.target/mips/mips-3d-9.c   -O3 -fomit-frame-pointer -funroll-loops  (test for excess errors)
FAIL: gcc.target/mips/mips-3d-9.c   -O3 -g  (test for excess errors)
FAIL: gcc.target/mips/mips-3d-9.c   -Os  (test for excess errors)
FAIL: gcc.target/mips/mips-ps-1.c   -O0  (test for excess errors)
FAIL: gcc.target/mips/mips-ps-1.c   -O1  (test for excess errors)
FAIL: gcc.target/mips/mips-ps-1.c   -O2  (test for excess errors)
FAIL: gcc.target/mips/mips-ps-1.c   -O2 -flto -fno-use-linker-plugin -flto-partition=none  (test for excess errors)
FAIL: gcc.target/mips/mips-ps-1.c   -O2 -flto -fuse-linker-plugin -fno-fat-lto-objects  (test for excess errors)
FAIL: gcc.target/mips/mips-ps-1.c   -O3 -fomit-frame-pointer  (test for excess errors)
FAIL: gcc.target/mips/mips-ps-1.c   -O3 -g  (test for excess errors)
FAIL: gcc.target/mips/mips-ps-1.c   -Os  (test for excess errors)
FAIL: gcc.target/mips/mips-ps-2.c   -O0  (test for excess errors)
FAIL: gcc.target/mips/mips-ps-2.c   -O1  (test for excess errors)
FAIL: gcc.target/mips/mips-ps-2.c   -O2  (test for excess errors)
FAIL: gcc.target/mips/mips-ps-2.c   -O2 -flto -fno-use-linker-plugin -flto-partition=none  (test for excess errors)
FAIL: gcc.target/mips/mips-ps-2.c   -O2 -flto -fuse-linker-plugin -fno-fat-lto-objects  (test for excess errors)
FAIL: gcc.target/mips/mips-ps-2.c   -O3 -fomit-frame-pointer  (test for excess errors)
FAIL: gcc.target/mips/mips-ps-2.c   -O3 -g  (test for excess errors)
FAIL: gcc.target/mips/mips-ps-2.c   -Os  (test for excess errors)
FAIL: gcc.target/mips/mips-ps-3.c   -O0  (test for excess errors)
FAIL: gcc.target/mips/mips-ps-3.c   -O1  (test for excess errors)
FAIL: gcc.target/mips/mips-ps-3.c   -O2  (test for excess errors)
FAIL: gcc.target/mips/mips-ps-3.c   -O2 -flto -fno-use-linker-plugin -flto-partition=none  (test for excess errors)
FAIL: gcc.target/mips/mips-ps-3.c   -O2 -flto -fuse-linker-plugin -fno-fat-lto-objects  (test for excess errors)
FAIL: gcc.target/mips/mips-ps-3.c   -O3 -fomit-frame-pointer  (test for excess errors)
FAIL: gcc.target/mips/mips-ps-3.c   -O3 -g  (test for excess errors)
FAIL: gcc.target/mips/mips-ps-3.c   -Os  (test for excess errors)
FAIL: gcc.target/mips/mips-ps-4.c   -O0  (test for excess errors)
FAIL: gcc.target/mips/mips-ps-4.c   -O1  (test for excess errors)
FAIL: gcc.target/mips/mips-ps-4.c   -O2  (test for excess errors)
FAIL: gcc.target/mips/mips-ps-4.c   -O2 -flto -fno-use-linker-plugin -flto-partition=none  (test for excess errors)
FAIL: gcc.target/mips/mips-ps-4.c   -O2 -flto -fuse-linker-plugin -fno-fat-lto-objects  (test for excess errors)
FAIL: gcc.target/mips/mips-ps-4.c   -O3 -fomit-frame-pointer  (test for excess errors)
FAIL: gcc.target/mips/mips-ps-4.c   -O3 -g  (test for excess errors)
FAIL: gcc.target/mips/mips-ps-4.c   -Os  (test for excess errors)
FAIL: gcc.target/mips/mips-ps-6.c   -O0  (test for excess errors)
FAIL: gcc.target/mips/mips-ps-6.c   -O1  (test for excess errors)
FAIL: gcc.target/mips/mips-ps-6.c   -O2  (test for excess errors)
FAIL: gcc.target/mips/mips-ps-6.c   -O2 -flto -fno-use-linker-plugin -flto-partition=none  (test for excess errors)
FAIL: gcc.target/mips/mips-ps-6.c   -O2 -flto -fuse-linker-plugin -fno-fat-lto-objects  (test for excess errors)
FAIL: gcc.target/mips/mips-ps-6.c   -O3 -fomit-frame-pointer  (test for excess errors)
FAIL: gcc.target/mips/mips-ps-6.c   -O3 -g  (test for excess errors)
FAIL: gcc.target/mips/mips-ps-6.c   -Os  (test for excess errors)
FAIL: gcc.target/mips/save-restore-3.c   -O0   scan-assembler \\tsave\\t\\\\\$4-\\\\\$6,

		=== gcc Summary ===

# of expected passes		103832
# of unexpected failures	305
# of unexpected successes	26
# of expected failures		180
# of unresolved testcases	3
# of unsupported tests		2018
/home/aaro/gcctest/build/gcc/xgcc  version 5.3.0 (GCC) 

		=== libatomic tests ===


Running target unix

		=== libatomic Summary ===

# of expected passes		44
# of unsupported tests		5
		=== libgomp tests ===


Running target unix
FAIL: libgomp.c/cancel-for-1.c execution test
FAIL: libgomp.c/cancel-for-2.c execution test
FAIL: libgomp.c/cancel-parallel-1.c execution test
FAIL: libgomp.c/cancel-parallel-2.c execution test
FAIL: libgomp.c/cancel-sections-1.c execution test
FAIL: libgomp.c/omp-loop03.c execution test
FAIL: libgomp.c/pr32362-3.c execution test
FAIL: libgomp.c++/cancel-for-1.C execution test
FAIL: libgomp.c++/cancel-for-2.C execution test
FAIL: libgomp.c++/cancel-parallel-1.C execution test
FAIL: libgomp.c++/cancel-parallel-2.C execution test
FAIL: libgomp.c++/cancel-parallel-3.C execution test
FAIL: libgomp.c++/cancel-sections-1.C execution test
FAIL: libgomp.c++/loop-3.C execution test

		=== libgomp Summary ===

# of expected passes		1599
# of unexpected failures	14
# of unsupported tests		172
		=== libstdc++ tests ===


Running target unix
FAIL: libstdc++-abi/abi_check
FAIL: 23_containers/list/pthread1.cc execution test
WARNING: program timed out.

		=== libstdc++ Summary ===

# of expected passes		9582
# of unexpected failures	2
# of expected failures		65
# of unsupported tests		578

Compiler version: 5.3.0 (GCC) 
Platform: mips-unknown-linux-gnu
configure flags: --with-arch=octeon+ --with-abi=32 --enable-targets=all --with-float=soft --disable-nls --enable-languages=c,c++ --host=mips-unknown-linux-gnu --build=mips-unknown-linux-gnu --target=mips-unknown-linux-gnu --with-system-zlib --with-sysroot=/


Index Nav: [Date Index] [Subject Index] [Author Index] [Thread Index]
Message Nav: [Date Prev] [Date Next] [Thread Prev] [Thread Next]