This is the mail archive of the
gcc-testresults@gcc.gnu.org
mailing list for the GCC project.
Results for 6.0.0 20151127 (experimental) [trunk revision 231009] (GCC) testsuite on i386-pc-solaris2.12
- From: Rainer Orth <ro at CeBiTec dot Uni-Bielefeld dot DE>
- To: gcc-testresults at gcc dot gnu dot org
- Date: Wed, 2 Dec 2015 10:11:10 +0100 (CET)
- Subject: Results for 6.0.0 20151127 (experimental) [trunk revision 231009] (GCC) testsuite on i386-pc-solaris2.12
- Authentication-results: sourceware.org; auth=none
LAST_UPDATED: Fri Nov 27 12:56:37 UTC 2015 (revision 231009)
=== acats tests ===
=== acats Summary ===
# of expected passes 2320
# of unexpected failures 0
Native configuration is i386-pc-solaris2.12
=== g++ tests ===
Running target unix
FAIL: g++.dg/cilk-plus/CK/catch_exc.cc -O1 -fcilkplus execution test
FAIL: g++.dg/cilk-plus/CK/catch_exc.cc -O3 -fcilkplus execution test
FAIL: g++.dg/cilk-plus/CK/catch_exc.cc -g -O2 -fcilkplus execution test
FAIL: g++.dg/cilk-plus/CK/catch_exc.cc -g -fcilkplus execution test
FAIL: c-c++-common/attr-simd-3.c -std=gnu++11 (test for excess errors)
FAIL: c-c++-common/attr-simd-3.c -std=gnu++14 (test for excess errors)
FAIL: c-c++-common/attr-simd-3.c -std=gnu++98 (test for excess errors)
FAIL: g++.dg/gcov/gcov-1.C -std=gnu++11 gcov: 3 failures in line counts, 0 in branch percentages, 0 in return percentages, 0 in intermediate format
FAIL: g++.dg/gcov/gcov-1.C -std=gnu++11 line 115: is 27:should be 14
FAIL: g++.dg/gcov/gcov-1.C -std=gnu++11 line 58: is 18:should be 9
FAIL: g++.dg/gcov/gcov-1.C -std=gnu++11 line 73: is 162:should be 81
FAIL: g++.dg/gcov/gcov-1.C -std=gnu++14 gcov: 3 failures in line counts, 0 in branch percentages, 0 in return percentages, 0 in intermediate format
FAIL: g++.dg/gcov/gcov-1.C -std=gnu++14 line 115: is 27:should be 14
FAIL: g++.dg/gcov/gcov-1.C -std=gnu++14 line 58: is 18:should be 9
FAIL: g++.dg/gcov/gcov-1.C -std=gnu++14 line 73: is 162:should be 81
FAIL: g++.dg/gcov/gcov-1.C -std=gnu++98 gcov: 3 failures in line counts, 0 in branch percentages, 0 in return percentages, 0 in intermediate format
FAIL: g++.dg/gcov/gcov-1.C -std=gnu++98 line 115: is 27:should be 14
FAIL: g++.dg/gcov/gcov-1.C -std=gnu++98 line 58: is 18:should be 9
FAIL: g++.dg/gcov/gcov-1.C -std=gnu++98 line 73: is 162:should be 81
UNRESOLVED: g++.dg/lto/20081118 cp_lto_20081118_0.o-cp_lto_20081118_1.o execute -fPIC -flto -flto-partition=1to1 -r -nostdlib
FAIL: g++.dg/lto/20081118 cp_lto_20081118_0.o-cp_lto_20081118_1.o link, -fPIC -flto -flto-partition=1to1 -r -nostdlib (internal compiler error)
UNRESOLVED: g++.dg/lto/20081204-1 cp_lto_20081204-1_0.o-cp_lto_20081204-1_1.o execute -flto -flto-partition=1to1 -fPIC -r -nostdlib
FAIL: g++.dg/lto/20081204-1 cp_lto_20081204-1_0.o-cp_lto_20081204-1_1.o link, -flto -flto-partition=1to1 -fPIC -r -nostdlib (internal compiler error)
UNRESOLVED: g++.dg/lto/20081219 cp_lto_20081219_0.o-cp_lto_20081219_1.o execute -fPIC -flto -flto-partition=1to1 -O2
FAIL: g++.dg/lto/20081219 cp_lto_20081219_0.o-cp_lto_20081219_1.o link, -fPIC -flto -flto-partition=1to1 -O2 (internal compiler error)
UNRESOLVED: g++.dg/lto/20090302 cp_lto_20090302_0.o-cp_lto_20090302_1.o execute -fPIC -flto -flto-partition=1to1 -r -nostdlib
FAIL: g++.dg/lto/20090302 cp_lto_20090302_0.o-cp_lto_20090302_1.o link, -fPIC -flto -flto-partition=1to1 -r -nostdlib (internal compiler error)
UNRESOLVED: g++.dg/lto/20091002-1 cp_lto_20091002-1_0.o-cp_lto_20091002-1_0.o execute -fPIC -flto
FAIL: g++.dg/lto/20091002-1 cp_lto_20091002-1_0.o-cp_lto_20091002-1_0.o link, -fPIC -flto (internal compiler error)
UNRESOLVED: g++.dg/lto/pr65193 cp_lto_pr65193_0.o-cp_lto_pr65193_0.o execute -fPIC -r -nostdlib -flto -O2 -g
FAIL: g++.dg/lto/pr65193 cp_lto_pr65193_0.o-cp_lto_pr65193_0.o link, -fPIC -r -nostdlib -flto -O2 -g (internal compiler error)
=== g++ Summary for unix ===
# of expected passes 92004
# of unexpected failures 25
# of expected failures 268
# of unresolved testcases 6
# of unsupported tests 3203
Running target unix/-m64
FAIL: c-c++-common/attr-simd-3.c -std=gnu++11 (test for excess errors)
FAIL: c-c++-common/attr-simd-3.c -std=gnu++14 (test for excess errors)
FAIL: c-c++-common/attr-simd-3.c -std=gnu++98 (test for excess errors)
FAIL: g++.dg/gcov/gcov-1.C -std=gnu++11 gcov: 3 failures in line counts, 0 in branch percentages, 0 in return percentages, 0 in intermediate format
FAIL: g++.dg/gcov/gcov-1.C -std=gnu++11 line 115: is 27:should be 14
FAIL: g++.dg/gcov/gcov-1.C -std=gnu++11 line 58: is 18:should be 9
FAIL: g++.dg/gcov/gcov-1.C -std=gnu++11 line 73: is 162:should be 81
FAIL: g++.dg/gcov/gcov-1.C -std=gnu++14 gcov: 3 failures in line counts, 0 in branch percentages, 0 in return percentages, 0 in intermediate format
FAIL: g++.dg/gcov/gcov-1.C -std=gnu++14 line 115: is 27:should be 14
FAIL: g++.dg/gcov/gcov-1.C -std=gnu++14 line 58: is 18:should be 9
FAIL: g++.dg/gcov/gcov-1.C -std=gnu++14 line 73: is 162:should be 81
FAIL: g++.dg/gcov/gcov-1.C -std=gnu++98 gcov: 3 failures in line counts, 0 in branch percentages, 0 in return percentages, 0 in intermediate format
FAIL: g++.dg/gcov/gcov-1.C -std=gnu++98 line 115: is 27:should be 14
FAIL: g++.dg/gcov/gcov-1.C -std=gnu++98 line 58: is 18:should be 9
FAIL: g++.dg/gcov/gcov-1.C -std=gnu++98 line 73: is 162:should be 81
UNRESOLVED: g++.dg/lto/20081118 cp_lto_20081118_0.o-cp_lto_20081118_1.o execute -fPIC -flto -flto-partition=1to1 -r -nostdlib
FAIL: g++.dg/lto/20081118 cp_lto_20081118_0.o-cp_lto_20081118_1.o link, -fPIC -flto -flto-partition=1to1 -r -nostdlib (internal compiler error)
UNRESOLVED: g++.dg/lto/20081204-1 cp_lto_20081204-1_0.o-cp_lto_20081204-1_1.o execute -flto -flto-partition=1to1 -fPIC -r -nostdlib
FAIL: g++.dg/lto/20081204-1 cp_lto_20081204-1_0.o-cp_lto_20081204-1_1.o link, -flto -flto-partition=1to1 -fPIC -r -nostdlib (internal compiler error)
UNRESOLVED: g++.dg/lto/20081219 cp_lto_20081219_0.o-cp_lto_20081219_1.o execute -fPIC -flto -flto-partition=1to1 -O2
FAIL: g++.dg/lto/20081219 cp_lto_20081219_0.o-cp_lto_20081219_1.o link, -fPIC -flto -flto-partition=1to1 -O2 (internal compiler error)
UNRESOLVED: g++.dg/lto/20090302 cp_lto_20090302_0.o-cp_lto_20090302_1.o execute -fPIC -flto -flto-partition=1to1 -r -nostdlib
FAIL: g++.dg/lto/20090302 cp_lto_20090302_0.o-cp_lto_20090302_1.o link, -fPIC -flto -flto-partition=1to1 -r -nostdlib (internal compiler error)
UNRESOLVED: g++.dg/lto/20091002-1 cp_lto_20091002-1_0.o-cp_lto_20091002-1_0.o execute -fPIC -flto
FAIL: g++.dg/lto/20091002-1 cp_lto_20091002-1_0.o-cp_lto_20091002-1_0.o link, -fPIC -flto (internal compiler error)
UNRESOLVED: g++.dg/lto/pr65193 cp_lto_pr65193_0.o-cp_lto_pr65193_0.o execute -fPIC -r -nostdlib -flto -O2 -g
FAIL: g++.dg/lto/pr65193 cp_lto_pr65193_0.o-cp_lto_pr65193_0.o link, -fPIC -r -nostdlib -flto -O2 -g (internal compiler error)
=== g++ Summary for unix/-m64 ===
# of expected passes 93350
# of unexpected failures 21
# of expected failures 268
# of unresolved testcases 6
# of unsupported tests 3455
=== g++ Summary ===
# of expected passes 185354
# of unexpected failures 46
# of expected failures 536
# of unresolved testcases 12
# of unsupported tests 6658
/var/gcc/regression/trunk/12-gcc-gas-gld/build/gcc/testsuite/g++/../../xg++ version 6.0.0 20151127 (experimental) [trunk revision 231009] (GCC)
=== gcc tests ===
Running target unix
FAIL: gcc.c-torture/execute/20050124-1.c -O2 (internal compiler error)
FAIL: gcc.c-torture/execute/20050124-1.c -O2 (test for excess errors)
WARNING: gcc.c-torture/execute/20050124-1.c -O2 compilation failed to produce executable
FAIL: gcc.c-torture/execute/20050124-1.c -O2 -flto -fno-use-linker-plugin -flto-partition=none (internal compiler error)
FAIL: gcc.c-torture/execute/20050124-1.c -O2 -flto -fno-use-linker-plugin -flto-partition=none (test for excess errors)
WARNING: gcc.c-torture/execute/20050124-1.c -O2 -flto -fno-use-linker-plugin -flto-partition=none compilation failed to produce executable
FAIL: gcc.c-torture/execute/20050124-1.c -O3 -g (internal compiler error)
FAIL: gcc.c-torture/execute/20050124-1.c -O3 -g (test for excess errors)
WARNING: gcc.c-torture/execute/20050124-1.c -O3 -g compilation failed to produce executable
FAIL: gcc.c-torture/execute/20050124-1.c -Os (internal compiler error)
FAIL: gcc.c-torture/execute/20050124-1.c -Os (test for excess errors)
WARNING: gcc.c-torture/execute/20050124-1.c -Os compilation failed to produce executable
FAIL: gcc.dg/debug/dwarf2/stacked-qualified-types-3.c scan-assembler-times DIE \\\\([^\\n]*\\\\) DW_TAG_(?:const|volatile|atomic|restrict)_type 8
FAIL: gcc.dg/graphite/fuse-1.c scan-tree-dump-times forwprop4 "gimple_simplified to[^\\\\n]*\\\\^ 12" 1
FAIL: gcc.dg/graphite/fuse-1.c scan-tree-dump-times graphite "ISL AST generated by ISL:.*for \\\\(int c0 = 0; c0 <= 99; c0 \\\\+= 1\\\\) {.*S_.*\\\\(c0\\\\);.*S_.*\\\\(c0\\\\);.*S_.*\\\\(c0\\\\);.*}" 1
FAIL: gcc.dg/graphite/fuse-2.c scan-tree-dump-times graphite "ISL AST generated by ISL:.*for \\\\(int c0 = 0; c0 <= 99; c0 \\\\+= 1\\\\) {.*S_.*\\\\(c0\\\\);.*S_.*\\\\(c0\\\\);.*S_.*\\\\(c0\\\\);.*}" 1
FAIL: gcc.dg/torture/pr68264.c -O0 execution test
FAIL: gcc.dg/torture/pr68264.c -O1 execution test
FAIL: gcc.dg/torture/pr68264.c -O2 execution test
FAIL: gcc.dg/torture/pr68264.c -O2 -flto -fno-use-linker-plugin -flto-partition=none execution test
FAIL: gcc.dg/torture/pr68264.c -O2 -flto -fuse-linker-plugin -fno-fat-lto-objects execution test
FAIL: gcc.dg/torture/pr68264.c -O3 -g execution test
FAIL: gcc.dg/torture/pr68264.c -Os execution test
=== gcc Summary for unix ===
# of expected passes 104048
# of unexpected failures 19
# of expected failures 300
# of unsupported tests 1480
Running target unix/-m64
FAIL: gcc.c-torture/execute/20050124-1.c -O2 (internal compiler error)
FAIL: gcc.c-torture/execute/20050124-1.c -O2 (test for excess errors)
WARNING: gcc.c-torture/execute/20050124-1.c -O2 compilation failed to produce executable
FAIL: gcc.c-torture/execute/20050124-1.c -O2 -flto -fno-use-linker-plugin -flto-partition=none (internal compiler error)
FAIL: gcc.c-torture/execute/20050124-1.c -O2 -flto -fno-use-linker-plugin -flto-partition=none (test for excess errors)
WARNING: gcc.c-torture/execute/20050124-1.c -O2 -flto -fno-use-linker-plugin -flto-partition=none compilation failed to produce executable
FAIL: gcc.c-torture/execute/20050124-1.c -O3 -g (internal compiler error)
FAIL: gcc.c-torture/execute/20050124-1.c -O3 -g (test for excess errors)
WARNING: gcc.c-torture/execute/20050124-1.c -O3 -g compilation failed to produce executable
FAIL: gcc.c-torture/execute/20050124-1.c -Os (internal compiler error)
FAIL: gcc.c-torture/execute/20050124-1.c -Os (test for excess errors)
WARNING: gcc.c-torture/execute/20050124-1.c -Os compilation failed to produce executable
FAIL: gcc.dg/atomic/c11-atomic-exec-2.c -O3 -g (test for excess errors)
WARNING: gcc.dg/atomic/c11-atomic-exec-2.c -O3 -g compilation failed to produce executable
WARNING: program timed out.
FAIL: gcc.dg/debug/dwarf2/stacked-qualified-types-3.c scan-assembler-times DIE \\\\([^\\n]*\\\\) DW_TAG_(?:const|volatile|atomic|restrict)_type 8
FAIL: gcc.dg/graphite/fuse-1.c scan-tree-dump-times forwprop4 "gimple_simplified to[^\\\\n]*\\\\^ 12" 1
FAIL: gcc.dg/graphite/fuse-1.c scan-tree-dump-times graphite "ISL AST generated by ISL:.*for \\\\(int c0 = 0; c0 <= 99; c0 \\\\+= 1\\\\) {.*S_.*\\\\(c0\\\\);.*S_.*\\\\(c0\\\\);.*S_.*\\\\(c0\\\\);.*}" 1
FAIL: gcc.dg/graphite/fuse-2.c scan-tree-dump-times graphite "ISL AST generated by ISL:.*for \\\\(int c0 = 0; c0 <= 99; c0 \\\\+= 1\\\\) {.*S_.*\\\\(c0\\\\);.*S_.*\\\\(c0\\\\);.*S_.*\\\\(c0\\\\);.*}" 1
FAIL: gcc.dg/torture/pr68264.c -O0 execution test
FAIL: gcc.dg/torture/pr68264.c -O1 execution test
FAIL: gcc.dg/torture/pr68264.c -O2 execution test
FAIL: gcc.dg/torture/pr68264.c -O2 -flto -fno-use-linker-plugin -flto-partition=none execution test
FAIL: gcc.dg/torture/pr68264.c -O2 -flto -fuse-linker-plugin -fno-fat-lto-objects execution test
FAIL: gcc.dg/torture/pr68264.c -O3 -g execution test
FAIL: gcc.dg/torture/pr68264.c -Os execution test
=== gcc Summary for unix/-m64 ===
# of expected passes 104912
# of unexpected failures 20
# of expected failures 299
# of unsupported tests 1693
=== gcc Summary ===
# of expected passes 208960
# of unexpected failures 39
# of expected failures 599
# of unsupported tests 3173
/var/gcc/regression/trunk/12-gcc-gas-gld/build/gcc/xgcc version 6.0.0 20151127 (experimental) [trunk revision 231009] (GCC)
=== gfortran tests ===
Running target unix
=== gfortran Summary for unix ===
# of expected passes 41046
# of expected failures 73
# of unsupported tests 172
Running target unix/-m64
=== gfortran Summary for unix/-m64 ===
# of expected passes 41261
# of expected failures 73
# of unsupported tests 70
=== gfortran Summary ===
# of expected passes 82307
# of expected failures 146
# of unsupported tests 242
/var/gcc/regression/trunk/12-gcc-gas-gld/build/gcc/testsuite/gfortran/../../gfortran version 6.0.0 20151127 (experimental) [trunk revision 231009] (GCC)
=== gnat tests ===
Running target unix
FAIL: gnat.dg/loop_optimization19.adb scan-tree-dump-not optimized "Index_Check"
=== gnat Summary for unix ===
# of expected passes 2474
# of unexpected failures 1
# of expected failures 21
# of unsupported tests 6
Running target unix/-m64
FAIL: gnat.dg/loop_optimization19.adb scan-tree-dump-not optimized "Index_Check"
=== gnat Summary for unix/-m64 ===
# of expected passes 2474
# of unexpected failures 1
# of expected failures 21
# of unsupported tests 6
=== gnat Summary ===
# of expected passes 4948
# of unexpected failures 2
# of expected failures 42
# of unsupported tests 12
/var/gcc/regression/trunk/12-gcc-gas-gld/build/gcc/gnatmake version 6.0.0 20151127 (experimental) [trunk revision 231009]
=== go tests ===
Running target unix
=== go Summary for unix ===
# of expected passes 7366
# of expected failures 1
# of untested testcases 10
# of unsupported tests 2
Running target unix/-m64
=== go Summary for unix/-m64 ===
# of expected passes 7247
# of expected failures 1
# of untested testcases 10
# of unsupported tests 1
=== go Summary ===
# of expected passes 14613
# of expected failures 2
# of untested testcases 20
# of unsupported tests 3
/var/gcc/regression/trunk/12-gcc-gas-gld/build/gcc/testsuite/go/../../gccgo version 6.0.0 20151127 (experimental) [trunk revision 231009] (GCC)
=== obj-c++ tests ===
Running target unix
FAIL: obj-c++.dg/property/dotsyntax-11.mm -fgnu-runtime (test for errors, line 51)
FAIL: obj-c++.dg/property/dotsyntax-11.mm -fgnu-runtime (test for errors, line 56)
FAIL: obj-c++.dg/property/dotsyntax-11.mm -fgnu-runtime (test for errors, line 59)
=== obj-c++ Summary for unix ===
# of expected passes 1436
# of unexpected failures 3
# of expected failures 2
# of unsupported tests 77
Running target unix/-m64
FAIL: obj-c++.dg/property/dotsyntax-11.mm -fgnu-runtime (test for errors, line 51)
FAIL: obj-c++.dg/property/dotsyntax-11.mm -fgnu-runtime (test for errors, line 56)
FAIL: obj-c++.dg/property/dotsyntax-11.mm -fgnu-runtime (test for errors, line 59)
=== obj-c++ Summary for unix/-m64 ===
# of expected passes 1428
# of unexpected failures 3
# of expected failures 10
# of unsupported tests 77
=== obj-c++ Summary ===
# of expected passes 2864
# of unexpected failures 6
# of expected failures 12
# of unsupported tests 154
/var/gcc/regression/trunk/12-gcc-gas-gld/build/gcc/testsuite/obj-c++/../../xg++ version 6.0.0 20151127 (experimental) [trunk revision 231009] (GCC)
=== objc tests ===
Running target unix
=== objc Summary for unix ===
# of expected passes 2782
# of expected failures 6
# of unsupported tests 68
Running target unix/-m64
=== objc Summary for unix/-m64 ===
# of expected passes 2782
# of expected failures 6
# of unsupported tests 68
=== objc Summary ===
# of expected passes 5564
# of expected failures 12
# of unsupported tests 136
/var/gcc/regression/trunk/12-gcc-gas-gld/build/gcc/xgcc version 6.0.0 20151127 (experimental) [trunk revision 231009] (GCC)
=== boehm-gc tests ===
Running target unix
=== boehm-gc Summary for unix ===
# of expected passes 12
# of unsupported tests 1
Running target unix/-m64
=== boehm-gc Summary for unix/-m64 ===
# of expected passes 12
# of unsupported tests 1
=== boehm-gc Summary ===
# of expected passes 24
# of unsupported tests 2
=== libatomic tests ===
Running target unix
=== libatomic Summary for unix ===
# of expected passes 44
# of unsupported tests 5
Running target unix/-m64
=== libatomic Summary for unix/-m64 ===
# of expected passes 54
=== libatomic Summary ===
# of expected passes 98
# of unsupported tests 5
=== libffi tests ===
Running target unix
=== libffi Summary for unix ===
# of expected passes 2439
# of unsupported tests 30
Running target unix/-m64
=== libffi Summary for unix/-m64 ===
# of expected passes 1914
# of unsupported tests 30
=== libffi Summary ===
# of expected passes 4353
# of unsupported tests 60
=== libgo tests ===
Running target unix
FAIL: go/build
=== libgo Summary for unix ===
# of expected passes 132
# of unexpected failures 1
Running target unix/-m64
FAIL: runtime
FAIL: go/build
=== libgo Summary for unix/-m64 ===
# of expected passes 131
# of unexpected failures 2
=== libgo Summary ===
# of expected passes 263
# of unexpected failures 3
=== libgomp tests ===
Running target unix
=== libgomp Summary for unix ===
# of expected passes 4622
# of unsupported tests 254
Running target unix/-m64
=== libgomp Summary for unix/-m64 ===
# of expected passes 4622
# of unsupported tests 254
=== libgomp Summary ===
# of expected passes 9244
# of unsupported tests 508
=== libitm tests ===
Running target unix
=== libitm Summary for unix ===
# of expected passes 38
# of expected failures 3
# of unsupported tests 1
Running target unix/-m64
=== libitm Summary for unix/-m64 ===
# of expected passes 38
# of expected failures 3
# of unsupported tests 1
=== libitm Summary ===
# of expected passes 76
# of expected failures 6
# of unsupported tests 2
=== libjava tests ===
Running target unix
=== libjava Summary for unix ===
# of expected passes 2582
# of expected failures 4
Running target unix/-m64
=== libjava Summary for unix/-m64 ===
# of expected passes 2582
# of expected failures 4
=== libjava Summary ===
# of expected passes 5164
# of expected failures 8
=== libstdc++ tests ===
Running target unix
FAIL: libstdc++-abi/abi_check
WARNING: experimental/memory/shared_ptr/cons/copy_ctor_neg.cc compilation failed to produce executable
=== libstdc++ Summary for unix ===
# of expected passes 9899
# of unexpected failures 1
# of expected failures 68
# of unsupported tests 605
Running target unix/-m64
FAIL: libstdc++-abi/abi_check
WARNING: experimental/memory/shared_ptr/cons/copy_ctor_neg.cc compilation failed to produce executable
=== libstdc++ Summary for unix/-m64 ===
# of expected passes 9899
# of unexpected failures 1
# of expected failures 68
# of unsupported tests 605
=== libstdc++ Summary ===
# of expected passes 19798
# of unexpected failures 2
# of expected failures 136
# of unsupported tests 1210
Compiler version: 6.0.0 20151127 (experimental) [trunk revision 231009] (GCC)
Platform: i386-pc-solaris2.12
configure flags: --prefix=/vol/gcc --target=i386-pc-solaris2.12 --enable-objc-gc --with-as=/vol/gcc/bin/gas-2.25 --with-gnu-as --with-ld=/vol/gcc/bin/gld-2.26.20150923 --with-gnu-ld --with-gmp-include=/vol/gcc/include --with-gmp-lib=/vol/gcc/lib --with-mpfr-include=/vol/gcc/include --with-mpfr-lib=/vol/gcc/lib --with-mpc-include=/vol/gcc/include --with-mpc-lib=/vol/gcc/lib --enable-languages=all,ada,obj-c++,go --with-isl-include=/vol/gcc/include --with-isl-lib=/vol/gcc/lib --with-cloog-include=/vol/gcc/include --with-cloog-lib=/vol/gcc/lib --enable-cloog-backend=isl
BOOT_CFLAGS=-g -O2