This is the mail archive of the
gcc-testresults@gcc.gnu.org
mailing list for the GCC project.
Results for 6.0.0 20151128 (experimental) [trunk revision 231027] (GCC) testsuite on x86_64-pc-linux-gnu
- From: intel64 at gnu-5 dot sc dot intel dot com (H.J. Lu (Intel64 -fpic -mcmodel=medium -mcmodel=large))
- To: gcc-testresults at gcc dot gnu dot org
- Date: Fri, 27 Nov 2015 23:51:10 -0800
- Subject: Results for 6.0.0 20151128 (experimental) [trunk revision 231027] (GCC) testsuite on x86_64-pc-linux-gnu
- Authentication-results: sourceware.org; auth=none
Native configuration is x86_64-pc-linux-gnu
=== g++ tests ===
Running target unix/-fpic
FAIL: c-c++-common/attr-simd-3.c -std=gnu++11 (test for excess errors)
FAIL: c-c++-common/attr-simd-3.c -std=gnu++14 (test for excess errors)
FAIL: c-c++-common/attr-simd-3.c -std=gnu++98 (test for excess errors)
FAIL: g++.dg/ipa/devirt-40.C -std=gnu++11 scan-tree-dump-not fre2 "\\\\n OBJ_TYPE_REF"
FAIL: g++.dg/ipa/devirt-40.C -std=gnu++14 scan-tree-dump-not fre2 "\\\\n OBJ_TYPE_REF"
FAIL: g++.dg/ipa/devirt-40.C -std=gnu++98 scan-tree-dump-not fre2 "\\\\n OBJ_TYPE_REF"
FAIL: g++.dg/ipa/devirt-42.C -std=gnu++11 scan-ipa-dump-times inline "Discovered a virtual call to a known target" 2
FAIL: g++.dg/ipa/devirt-42.C -std=gnu++11 scan-tree-dump-times optimized "return 2" 3
FAIL: g++.dg/ipa/devirt-42.C -std=gnu++14 scan-ipa-dump-times inline "Discovered a virtual call to a known target" 2
FAIL: g++.dg/ipa/devirt-42.C -std=gnu++14 scan-tree-dump-times optimized "return 2" 3
FAIL: g++.dg/ipa/devirt-42.C -std=gnu++98 scan-ipa-dump-times inline "Discovered a virtual call to a known target" 2
FAIL: g++.dg/ipa/devirt-42.C -std=gnu++98 scan-tree-dump-times optimized "return 2" 3
FAIL: g++.dg/ipa/devirt-c-8.C -std=gnu++11 scan-ipa-dump cp "Discovered a virtual call to a known target.*A::foo"
FAIL: g++.dg/ipa/devirt-c-8.C -std=gnu++11 scan-tree-dump-times optimized "OBJ_TYPE_REF" 0
FAIL: g++.dg/ipa/devirt-c-8.C -std=gnu++14 scan-ipa-dump cp "Discovered a virtual call to a known target.*A::foo"
FAIL: g++.dg/ipa/devirt-c-8.C -std=gnu++14 scan-tree-dump-times optimized "OBJ_TYPE_REF" 0
FAIL: g++.dg/ipa/devirt-c-8.C -std=gnu++98 scan-ipa-dump cp "Discovered a virtual call to a known target.*A::foo"
FAIL: g++.dg/ipa/devirt-c-8.C -std=gnu++98 scan-tree-dump-times optimized "OBJ_TYPE_REF" 0
FAIL: g++.dg/ipa/ipa-icf-3.C -std=gnu++11 scan-ipa-dump icf "Equal symbols: 2"
FAIL: g++.dg/ipa/ipa-icf-3.C -std=gnu++11 scan-ipa-dump icf "Semantic equality hit:.*bar.*->.*foo.*"
FAIL: g++.dg/ipa/ipa-icf-3.C -std=gnu++14 scan-ipa-dump icf "Equal symbols: 2"
FAIL: g++.dg/ipa/ipa-icf-3.C -std=gnu++14 scan-ipa-dump icf "Semantic equality hit:.*bar.*->.*foo.*"
FAIL: g++.dg/ipa/ipa-icf-3.C -std=gnu++98 scan-ipa-dump icf "Equal symbols: 2"
FAIL: g++.dg/ipa/ipa-icf-3.C -std=gnu++98 scan-ipa-dump icf "Semantic equality hit:.*bar.*->.*foo.*"
FAIL: g++.dg/gcov/gcov-1.C -std=gnu++11 gcov: 3 failures in line counts, 0 in branch percentages, 0 in return percentages, 0 in intermediate format
FAIL: g++.dg/gcov/gcov-1.C -std=gnu++11 line 115: is 27:should be 14
FAIL: g++.dg/gcov/gcov-1.C -std=gnu++11 line 58: is 18:should be 9
FAIL: g++.dg/gcov/gcov-1.C -std=gnu++11 line 73: is 162:should be 81
FAIL: g++.dg/gcov/gcov-1.C -std=gnu++14 gcov: 3 failures in line counts, 0 in branch percentages, 0 in return percentages, 0 in intermediate format
FAIL: g++.dg/gcov/gcov-1.C -std=gnu++14 line 115: is 27:should be 14
FAIL: g++.dg/gcov/gcov-1.C -std=gnu++14 line 58: is 18:should be 9
FAIL: g++.dg/gcov/gcov-1.C -std=gnu++14 line 73: is 162:should be 81
FAIL: g++.dg/gcov/gcov-1.C -std=gnu++98 gcov: 3 failures in line counts, 0 in branch percentages, 0 in return percentages, 0 in intermediate format
FAIL: g++.dg/gcov/gcov-1.C -std=gnu++98 line 115: is 27:should be 14
FAIL: g++.dg/gcov/gcov-1.C -std=gnu++98 line 58: is 18:should be 9
FAIL: g++.dg/gcov/gcov-1.C -std=gnu++98 line 73: is 162:should be 81
UNRESOLVED: g++.dg/lto/20081118 cp_lto_20081118_0.o-cp_lto_20081118_1.o execute -fPIC -flto -flto-partition=1to1 -r -nostdlib
FAIL: g++.dg/lto/20081118 cp_lto_20081118_0.o-cp_lto_20081118_1.o link, -fPIC -flto -flto-partition=1to1 -r -nostdlib (internal compiler error)
UNRESOLVED: g++.dg/lto/20081204-1 cp_lto_20081204-1_0.o-cp_lto_20081204-1_1.o execute -flto -flto-partition=1to1 -fPIC -r -nostdlib
FAIL: g++.dg/lto/20081204-1 cp_lto_20081204-1_0.o-cp_lto_20081204-1_1.o link, -flto -flto-partition=1to1 -fPIC -r -nostdlib (internal compiler error)
UNRESOLVED: g++.dg/lto/20081219 cp_lto_20081219_0.o-cp_lto_20081219_1.o execute -fPIC -flto -flto-partition=1to1 -O2
FAIL: g++.dg/lto/20081219 cp_lto_20081219_0.o-cp_lto_20081219_1.o link, -fPIC -flto -flto-partition=1to1 -O2 (internal compiler error)
UNRESOLVED: g++.dg/lto/20090302 cp_lto_20090302_0.o-cp_lto_20090302_1.o execute -fPIC -flto -flto-partition=1to1 -r -nostdlib
FAIL: g++.dg/lto/20090302 cp_lto_20090302_0.o-cp_lto_20090302_1.o link, -fPIC -flto -flto-partition=1to1 -r -nostdlib (internal compiler error)
UNRESOLVED: g++.dg/lto/20091002-1 cp_lto_20091002-1_0.o-cp_lto_20091002-1_0.o execute -fPIC -flto
FAIL: g++.dg/lto/20091002-1 cp_lto_20091002-1_0.o-cp_lto_20091002-1_0.o link, -fPIC -flto (internal compiler error)
UNRESOLVED: g++.dg/lto/20091026-1 cp_lto_20091026-1_0.o-cp_lto_20091026-1_1.o execute -O0 -flto -flto-partition=none -fuse-linker-plugin
UNRESOLVED: g++.dg/lto/20091026-1 cp_lto_20091026-1_0.o-cp_lto_20091026-1_1.o execute -O0 -flto -fuse-linker-plugin -fno-fat-lto-objects
FAIL: g++.dg/lto/20091026-1 cp_lto_20091026-1_0.o-cp_lto_20091026-1_1.o link, -O0 -flto -flto-partition=none -fuse-linker-plugin (internal compiler error)
FAIL: g++.dg/lto/20091026-1 cp_lto_20091026-1_0.o-cp_lto_20091026-1_1.o link, -O0 -flto -fuse-linker-plugin -fno-fat-lto-objects (internal compiler error)
UNRESOLVED: g++.dg/lto/20100724-1 cp_lto_20100724-1_0.o-cp_lto_20100724-1_0.o execute -ftoplevel-reorder -flto -flto-partition=1to1
UNRESOLVED: g++.dg/lto/20100724-1 cp_lto_20100724-1_0.o-cp_lto_20100724-1_0.o execute -ftoplevel-reorder -flto -flto-partition=none
FAIL: g++.dg/lto/20100724-1 cp_lto_20100724-1_0.o-cp_lto_20100724-1_0.o link, -ftoplevel-reorder -flto -flto-partition=1to1 (internal compiler error)
FAIL: g++.dg/lto/20100724-1 cp_lto_20100724-1_0.o-cp_lto_20100724-1_0.o link, -ftoplevel-reorder -flto -flto-partition=none (internal compiler error)
UNRESOLVED: g++.dg/lto/pr54625-1 cp_lto_pr54625-1_0.o-cp_lto_pr54625-1_1.o execute -O0 -flto -flto-partition=none -fuse-linker-plugin
UNRESOLVED: g++.dg/lto/pr54625-1 cp_lto_pr54625-1_0.o-cp_lto_pr54625-1_1.o execute -O0 -flto -fuse-linker-plugin -fno-fat-lto-objects
FAIL: g++.dg/lto/pr54625-1 cp_lto_pr54625-1_0.o-cp_lto_pr54625-1_1.o link, -O0 -flto -flto-partition=none -fuse-linker-plugin (internal compiler error)
FAIL: g++.dg/lto/pr54625-1 cp_lto_pr54625-1_0.o-cp_lto_pr54625-1_1.o link, -O0 -flto -fuse-linker-plugin -fno-fat-lto-objects (internal compiler error)
UNRESOLVED: g++.dg/lto/pr54625-2 cp_lto_pr54625-2_0.o-cp_lto_pr54625-2_1.o execute -O0 -flto -flto-partition=none -fuse-linker-plugin
UNRESOLVED: g++.dg/lto/pr54625-2 cp_lto_pr54625-2_0.o-cp_lto_pr54625-2_1.o execute -O0 -flto -fuse-linker-plugin -fno-fat-lto-objects
FAIL: g++.dg/lto/pr54625-2 cp_lto_pr54625-2_0.o-cp_lto_pr54625-2_1.o link, -O0 -flto -flto-partition=none -fuse-linker-plugin (internal compiler error)
FAIL: g++.dg/lto/pr54625-2 cp_lto_pr54625-2_0.o-cp_lto_pr54625-2_1.o link, -O0 -flto -fuse-linker-plugin -fno-fat-lto-objects (internal compiler error)
UNRESOLVED: g++.dg/lto/pr65193 cp_lto_pr65193_0.o-cp_lto_pr65193_0.o execute -fPIC -r -nostdlib -flto -O2 -g
FAIL: g++.dg/lto/pr65193 cp_lto_pr65193_0.o-cp_lto_pr65193_0.o link, -fPIC -r -nostdlib -flto -O2 -g (internal compiler error)
UNRESOLVED: g++.dg/lto/pr65316 cp_lto_pr65316_0.o-cp_lto_pr65316_1.o execute -flto -std=c++11 -g2 -fno-lto-odr-type-merging -O2
FAIL: g++.dg/lto/pr65316 cp_lto_pr65316_0.o-cp_lto_pr65316_1.o link, -flto -std=c++11 -g2 -fno-lto-odr-type-merging -O2 (internal compiler error)
UNRESOLVED: g++.dg/lto/pr65549 cp_lto_pr65549_0.o-cp_lto_pr65549_0.o execute -std=gnu++14 -flto -g
UNRESOLVED: g++.dg/lto/pr65549 cp_lto_pr65549_0.o-cp_lto_pr65549_0.o execute -std=gnu++14 -flto -g -O2 -fno-inline -flto-partition=max
FAIL: g++.dg/lto/pr65549 cp_lto_pr65549_0.o-cp_lto_pr65549_0.o link, -std=gnu++14 -flto -g (internal compiler error)
FAIL: g++.dg/lto/pr65549 cp_lto_pr65549_0.o-cp_lto_pr65549_0.o link, -std=gnu++14 -flto -g -O2 -fno-inline -flto-partition=max (internal compiler error)
UNRESOLVED: g++.dg/lto/pr68057 cp_lto_pr68057_0.o-cp_lto_pr68057_1.o execute -O0 -flto -flto-partition=none -fuse-linker-plugin
UNRESOLVED: g++.dg/lto/pr68057 cp_lto_pr68057_0.o-cp_lto_pr68057_1.o execute -O0 -flto -fuse-linker-plugin -fno-fat-lto-objects
FAIL: g++.dg/lto/pr68057 cp_lto_pr68057_0.o-cp_lto_pr68057_1.o link, -O0 -flto -flto-partition=none -fuse-linker-plugin (internal compiler error)
FAIL: g++.dg/lto/pr68057 cp_lto_pr68057_0.o-cp_lto_pr68057_1.o link, -O0 -flto -fuse-linker-plugin -fno-fat-lto-objects (internal compiler error)
XPASS: g++.dg/tls/thread_local-order2.C -std=c++11 execution test
XPASS: g++.dg/tls/thread_local-order2.C -std=c++14 execution test
=== g++ Summary for unix/-fpic ===
# of expected passes 100306
# of unexpected failures 55
# of unexpected successes 2
# of expected failures 260
# of unresolved testcases 19
# of unsupported tests 3543
Running target unix/-fpic -mcmodel=medium
FAIL: c-c++-common/attr-simd-3.c -std=gnu++11 (test for excess errors)
FAIL: c-c++-common/attr-simd-3.c -std=gnu++14 (test for excess errors)
FAIL: c-c++-common/attr-simd-3.c -std=gnu++98 (test for excess errors)
FAIL: g++.dg/ipa/devirt-40.C -std=gnu++11 scan-tree-dump-not fre2 "\\\\n OBJ_TYPE_REF"
FAIL: g++.dg/ipa/devirt-40.C -std=gnu++14 scan-tree-dump-not fre2 "\\\\n OBJ_TYPE_REF"
FAIL: g++.dg/ipa/devirt-40.C -std=gnu++98 scan-tree-dump-not fre2 "\\\\n OBJ_TYPE_REF"
FAIL: g++.dg/ipa/devirt-42.C -std=gnu++11 scan-ipa-dump-times inline "Discovered a virtual call to a known target" 2
FAIL: g++.dg/ipa/devirt-42.C -std=gnu++11 scan-tree-dump-times optimized "return 2" 3
FAIL: g++.dg/ipa/devirt-42.C -std=gnu++14 scan-ipa-dump-times inline "Discovered a virtual call to a known target" 2
FAIL: g++.dg/ipa/devirt-42.C -std=gnu++14 scan-tree-dump-times optimized "return 2" 3
FAIL: g++.dg/ipa/devirt-42.C -std=gnu++98 scan-ipa-dump-times inline "Discovered a virtual call to a known target" 2
FAIL: g++.dg/ipa/devirt-42.C -std=gnu++98 scan-tree-dump-times optimized "return 2" 3
FAIL: g++.dg/ipa/devirt-c-8.C -std=gnu++11 scan-ipa-dump cp "Discovered a virtual call to a known target.*A::foo"
FAIL: g++.dg/ipa/devirt-c-8.C -std=gnu++11 scan-tree-dump-times optimized "OBJ_TYPE_REF" 0
FAIL: g++.dg/ipa/devirt-c-8.C -std=gnu++14 scan-ipa-dump cp "Discovered a virtual call to a known target.*A::foo"
FAIL: g++.dg/ipa/devirt-c-8.C -std=gnu++14 scan-tree-dump-times optimized "OBJ_TYPE_REF" 0
FAIL: g++.dg/ipa/devirt-c-8.C -std=gnu++98 scan-ipa-dump cp "Discovered a virtual call to a known target.*A::foo"
FAIL: g++.dg/ipa/devirt-c-8.C -std=gnu++98 scan-tree-dump-times optimized "OBJ_TYPE_REF" 0
FAIL: g++.dg/ipa/ipa-icf-3.C -std=gnu++11 scan-ipa-dump icf "Equal symbols: 2"
FAIL: g++.dg/ipa/ipa-icf-3.C -std=gnu++11 scan-ipa-dump icf "Semantic equality hit:.*bar.*->.*foo.*"
FAIL: g++.dg/ipa/ipa-icf-3.C -std=gnu++14 scan-ipa-dump icf "Equal symbols: 2"
FAIL: g++.dg/ipa/ipa-icf-3.C -std=gnu++14 scan-ipa-dump icf "Semantic equality hit:.*bar.*->.*foo.*"
FAIL: g++.dg/ipa/ipa-icf-3.C -std=gnu++98 scan-ipa-dump icf "Equal symbols: 2"
FAIL: g++.dg/ipa/ipa-icf-3.C -std=gnu++98 scan-ipa-dump icf "Semantic equality hit:.*bar.*->.*foo.*"
FAIL: g++.dg/gcov/gcov-1.C -std=gnu++11 gcov: 3 failures in line counts, 0 in branch percentages, 0 in return percentages, 0 in intermediate format
FAIL: g++.dg/gcov/gcov-1.C -std=gnu++11 line 115: is 27:should be 14
FAIL: g++.dg/gcov/gcov-1.C -std=gnu++11 line 58: is 18:should be 9
FAIL: g++.dg/gcov/gcov-1.C -std=gnu++11 line 73: is 162:should be 81
FAIL: g++.dg/gcov/gcov-1.C -std=gnu++14 gcov: 3 failures in line counts, 0 in branch percentages, 0 in return percentages, 0 in intermediate format
FAIL: g++.dg/gcov/gcov-1.C -std=gnu++14 line 115: is 27:should be 14
FAIL: g++.dg/gcov/gcov-1.C -std=gnu++14 line 58: is 18:should be 9
FAIL: g++.dg/gcov/gcov-1.C -std=gnu++14 line 73: is 162:should be 81
FAIL: g++.dg/gcov/gcov-1.C -std=gnu++98 gcov: 3 failures in line counts, 0 in branch percentages, 0 in return percentages, 0 in intermediate format
FAIL: g++.dg/gcov/gcov-1.C -std=gnu++98 line 115: is 27:should be 14
FAIL: g++.dg/gcov/gcov-1.C -std=gnu++98 line 58: is 18:should be 9
FAIL: g++.dg/gcov/gcov-1.C -std=gnu++98 line 73: is 162:should be 81
UNRESOLVED: g++.dg/lto/20081118 cp_lto_20081118_0.o-cp_lto_20081118_1.o execute -fPIC -flto -flto-partition=1to1 -r -nostdlib
FAIL: g++.dg/lto/20081118 cp_lto_20081118_0.o-cp_lto_20081118_1.o link, -fPIC -flto -flto-partition=1to1 -r -nostdlib (internal compiler error)
UNRESOLVED: g++.dg/lto/20081204-1 cp_lto_20081204-1_0.o-cp_lto_20081204-1_1.o execute -flto -flto-partition=1to1 -fPIC -r -nostdlib
FAIL: g++.dg/lto/20081204-1 cp_lto_20081204-1_0.o-cp_lto_20081204-1_1.o link, -flto -flto-partition=1to1 -fPIC -r -nostdlib (internal compiler error)
UNRESOLVED: g++.dg/lto/20081219 cp_lto_20081219_0.o-cp_lto_20081219_1.o execute -fPIC -flto -flto-partition=1to1 -O2
FAIL: g++.dg/lto/20081219 cp_lto_20081219_0.o-cp_lto_20081219_1.o link, -fPIC -flto -flto-partition=1to1 -O2 (internal compiler error)
UNRESOLVED: g++.dg/lto/20090302 cp_lto_20090302_0.o-cp_lto_20090302_1.o execute -fPIC -flto -flto-partition=1to1 -r -nostdlib
FAIL: g++.dg/lto/20090302 cp_lto_20090302_0.o-cp_lto_20090302_1.o link, -fPIC -flto -flto-partition=1to1 -r -nostdlib (internal compiler error)
UNRESOLVED: g++.dg/lto/20091002-1 cp_lto_20091002-1_0.o-cp_lto_20091002-1_0.o execute -fPIC -flto
FAIL: g++.dg/lto/20091002-1 cp_lto_20091002-1_0.o-cp_lto_20091002-1_0.o link, -fPIC -flto (internal compiler error)
UNRESOLVED: g++.dg/lto/20091026-1 cp_lto_20091026-1_0.o-cp_lto_20091026-1_1.o execute -O0 -flto -flto-partition=none -fuse-linker-plugin
UNRESOLVED: g++.dg/lto/20091026-1 cp_lto_20091026-1_0.o-cp_lto_20091026-1_1.o execute -O0 -flto -fuse-linker-plugin -fno-fat-lto-objects
FAIL: g++.dg/lto/20091026-1 cp_lto_20091026-1_0.o-cp_lto_20091026-1_1.o link, -O0 -flto -flto-partition=none -fuse-linker-plugin (internal compiler error)
FAIL: g++.dg/lto/20091026-1 cp_lto_20091026-1_0.o-cp_lto_20091026-1_1.o link, -O0 -flto -fuse-linker-plugin -fno-fat-lto-objects (internal compiler error)
UNRESOLVED: g++.dg/lto/20100724-1 cp_lto_20100724-1_0.o-cp_lto_20100724-1_0.o execute -ftoplevel-reorder -flto -flto-partition=1to1
UNRESOLVED: g++.dg/lto/20100724-1 cp_lto_20100724-1_0.o-cp_lto_20100724-1_0.o execute -ftoplevel-reorder -flto -flto-partition=none
FAIL: g++.dg/lto/20100724-1 cp_lto_20100724-1_0.o-cp_lto_20100724-1_0.o link, -ftoplevel-reorder -flto -flto-partition=1to1 (internal compiler error)
FAIL: g++.dg/lto/20100724-1 cp_lto_20100724-1_0.o-cp_lto_20100724-1_0.o link, -ftoplevel-reorder -flto -flto-partition=none (internal compiler error)
UNRESOLVED: g++.dg/lto/pr54625-1 cp_lto_pr54625-1_0.o-cp_lto_pr54625-1_1.o execute -O0 -flto -flto-partition=none -fuse-linker-plugin
UNRESOLVED: g++.dg/lto/pr54625-1 cp_lto_pr54625-1_0.o-cp_lto_pr54625-1_1.o execute -O0 -flto -fuse-linker-plugin -fno-fat-lto-objects
FAIL: g++.dg/lto/pr54625-1 cp_lto_pr54625-1_0.o-cp_lto_pr54625-1_1.o link, -O0 -flto -flto-partition=none -fuse-linker-plugin (internal compiler error)
FAIL: g++.dg/lto/pr54625-1 cp_lto_pr54625-1_0.o-cp_lto_pr54625-1_1.o link, -O0 -flto -fuse-linker-plugin -fno-fat-lto-objects (internal compiler error)
UNRESOLVED: g++.dg/lto/pr54625-2 cp_lto_pr54625-2_0.o-cp_lto_pr54625-2_1.o execute -O0 -flto -flto-partition=none -fuse-linker-plugin
UNRESOLVED: g++.dg/lto/pr54625-2 cp_lto_pr54625-2_0.o-cp_lto_pr54625-2_1.o execute -O0 -flto -fuse-linker-plugin -fno-fat-lto-objects
FAIL: g++.dg/lto/pr54625-2 cp_lto_pr54625-2_0.o-cp_lto_pr54625-2_1.o link, -O0 -flto -flto-partition=none -fuse-linker-plugin (internal compiler error)
FAIL: g++.dg/lto/pr54625-2 cp_lto_pr54625-2_0.o-cp_lto_pr54625-2_1.o link, -O0 -flto -fuse-linker-plugin -fno-fat-lto-objects (internal compiler error)
UNRESOLVED: g++.dg/lto/pr65193 cp_lto_pr65193_0.o-cp_lto_pr65193_0.o execute -fPIC -r -nostdlib -flto -O2 -g
FAIL: g++.dg/lto/pr65193 cp_lto_pr65193_0.o-cp_lto_pr65193_0.o link, -fPIC -r -nostdlib -flto -O2 -g (internal compiler error)
UNRESOLVED: g++.dg/lto/pr65316 cp_lto_pr65316_0.o-cp_lto_pr65316_1.o execute -flto -std=c++11 -g2 -fno-lto-odr-type-merging -O2
FAIL: g++.dg/lto/pr65316 cp_lto_pr65316_0.o-cp_lto_pr65316_1.o link, -flto -std=c++11 -g2 -fno-lto-odr-type-merging -O2 (internal compiler error)
UNRESOLVED: g++.dg/lto/pr65549 cp_lto_pr65549_0.o-cp_lto_pr65549_0.o execute -std=gnu++14 -flto -g
UNRESOLVED: g++.dg/lto/pr65549 cp_lto_pr65549_0.o-cp_lto_pr65549_0.o execute -std=gnu++14 -flto -g -O2 -fno-inline -flto-partition=max
FAIL: g++.dg/lto/pr65549 cp_lto_pr65549_0.o-cp_lto_pr65549_0.o link, -std=gnu++14 -flto -g (internal compiler error)
FAIL: g++.dg/lto/pr65549 cp_lto_pr65549_0.o-cp_lto_pr65549_0.o link, -std=gnu++14 -flto -g -O2 -fno-inline -flto-partition=max (internal compiler error)
UNRESOLVED: g++.dg/lto/pr68057 cp_lto_pr68057_0.o-cp_lto_pr68057_1.o execute -O0 -flto -flto-partition=none -fuse-linker-plugin
UNRESOLVED: g++.dg/lto/pr68057 cp_lto_pr68057_0.o-cp_lto_pr68057_1.o execute -O0 -flto -fuse-linker-plugin -fno-fat-lto-objects
FAIL: g++.dg/lto/pr68057 cp_lto_pr68057_0.o-cp_lto_pr68057_1.o link, -O0 -flto -flto-partition=none -fuse-linker-plugin (internal compiler error)
FAIL: g++.dg/lto/pr68057 cp_lto_pr68057_0.o-cp_lto_pr68057_1.o link, -O0 -flto -fuse-linker-plugin -fno-fat-lto-objects (internal compiler error)
XPASS: g++.dg/tls/thread_local-order2.C -std=c++11 execution test
XPASS: g++.dg/tls/thread_local-order2.C -std=c++14 execution test
=== g++ Summary for unix/-fpic -mcmodel=medium ===
# of expected passes 100303
# of unexpected failures 55
# of unexpected successes 2
# of expected failures 260
# of unresolved testcases 19
# of unsupported tests 3546
Running target unix/-mcmodel=medium
FAIL: c-c++-common/attr-simd-3.c -std=gnu++11 (test for excess errors)
FAIL: c-c++-common/attr-simd-3.c -std=gnu++14 (test for excess errors)
FAIL: c-c++-common/attr-simd-3.c -std=gnu++98 (test for excess errors)
FAIL: g++.dg/gcov/gcov-1.C -std=gnu++11 gcov: 3 failures in line counts, 0 in branch percentages, 0 in return percentages, 0 in intermediate format
FAIL: g++.dg/gcov/gcov-1.C -std=gnu++11 line 115: is 27:should be 14
FAIL: g++.dg/gcov/gcov-1.C -std=gnu++11 line 58: is 18:should be 9
FAIL: g++.dg/gcov/gcov-1.C -std=gnu++11 line 73: is 162:should be 81
FAIL: g++.dg/gcov/gcov-1.C -std=gnu++14 gcov: 3 failures in line counts, 0 in branch percentages, 0 in return percentages, 0 in intermediate format
FAIL: g++.dg/gcov/gcov-1.C -std=gnu++14 line 115: is 27:should be 14
FAIL: g++.dg/gcov/gcov-1.C -std=gnu++14 line 58: is 18:should be 9
FAIL: g++.dg/gcov/gcov-1.C -std=gnu++14 line 73: is 162:should be 81
FAIL: g++.dg/gcov/gcov-1.C -std=gnu++98 gcov: 3 failures in line counts, 0 in branch percentages, 0 in return percentages, 0 in intermediate format
FAIL: g++.dg/gcov/gcov-1.C -std=gnu++98 line 115: is 27:should be 14
FAIL: g++.dg/gcov/gcov-1.C -std=gnu++98 line 58: is 18:should be 9
FAIL: g++.dg/gcov/gcov-1.C -std=gnu++98 line 73: is 162:should be 81
FAIL: g++.dg/guality/pr55665.C -O2 line 23 p == 40
FAIL: g++.dg/guality/pr55665.C -O3 -g line 23 p == 40
UNRESOLVED: g++.dg/lto/20081118 cp_lto_20081118_0.o-cp_lto_20081118_1.o execute -fPIC -flto -flto-partition=1to1 -r -nostdlib
FAIL: g++.dg/lto/20081118 cp_lto_20081118_0.o-cp_lto_20081118_1.o link, -fPIC -flto -flto-partition=1to1 -r -nostdlib (internal compiler error)
UNRESOLVED: g++.dg/lto/20081204-1 cp_lto_20081204-1_0.o-cp_lto_20081204-1_1.o execute -flto -flto-partition=1to1 -fPIC -r -nostdlib
FAIL: g++.dg/lto/20081204-1 cp_lto_20081204-1_0.o-cp_lto_20081204-1_1.o link, -flto -flto-partition=1to1 -fPIC -r -nostdlib (internal compiler error)
UNRESOLVED: g++.dg/lto/20081219 cp_lto_20081219_0.o-cp_lto_20081219_1.o execute -fPIC -flto -flto-partition=1to1 -O2
FAIL: g++.dg/lto/20081219 cp_lto_20081219_0.o-cp_lto_20081219_1.o link, -fPIC -flto -flto-partition=1to1 -O2 (internal compiler error)
UNRESOLVED: g++.dg/lto/20090302 cp_lto_20090302_0.o-cp_lto_20090302_1.o execute -fPIC -flto -flto-partition=1to1 -r -nostdlib
FAIL: g++.dg/lto/20090302 cp_lto_20090302_0.o-cp_lto_20090302_1.o link, -fPIC -flto -flto-partition=1to1 -r -nostdlib (internal compiler error)
UNRESOLVED: g++.dg/lto/20091002-1 cp_lto_20091002-1_0.o-cp_lto_20091002-1_0.o execute -fPIC -flto
FAIL: g++.dg/lto/20091002-1 cp_lto_20091002-1_0.o-cp_lto_20091002-1_0.o link, -fPIC -flto (internal compiler error)
UNRESOLVED: g++.dg/lto/pr65193 cp_lto_pr65193_0.o-cp_lto_pr65193_0.o execute -fPIC -r -nostdlib -flto -O2 -g
FAIL: g++.dg/lto/pr65193 cp_lto_pr65193_0.o-cp_lto_pr65193_0.o link, -fPIC -r -nostdlib -flto -O2 -g (internal compiler error)
XPASS: g++.dg/tls/thread_local-order2.C -std=c++11 execution test
XPASS: g++.dg/tls/thread_local-order2.C -std=c++14 execution test
=== g++ Summary for unix/-mcmodel=medium ===
# of expected passes 100433
# of unexpected failures 23
# of unexpected successes 2
# of expected failures 266
# of unresolved testcases 6
# of unsupported tests 3514
=== g++ Summary ===
# of expected passes 301042
# of unexpected failures 133
# of unexpected successes 6
# of expected failures 786
# of unresolved testcases 44
# of unsupported tests 10603
/export/gnu/import/git/gcc-test-intel64/bld/gcc/testsuite/g++/../../xg++ version 6.0.0 20151128 (experimental) [trunk revision 231027] (GCC)
=== gcc tests ===
Running target unix/-fpic
FAIL: gcc.dg/debug/dwarf2/stacked-qualified-types-3.c scan-assembler-times DIE \\\\([^\\n]*\\\\) DW_TAG_(?:const|volatile|atomic|restrict)_type 8
FAIL: gcc.dg/graphite/fuse-1.c scan-tree-dump-times forwprop4 "gimple_simplified to[^\\\\n]*\\\\^ 12" 1
FAIL: gcc.dg/graphite/fuse-1.c scan-tree-dump-times graphite "ISL AST generated by ISL:.*for \\\\(int c0 = 0; c0 <= 99; c0 \\\\+= 1\\\\) {.*S_.*\\\\(c0\\\\);.*S_.*\\\\(c0\\\\);.*S_.*\\\\(c0\\\\);.*}" 1
FAIL: gcc.dg/graphite/fuse-2.c scan-tree-dump-times graphite "ISL AST generated by ISL:.*for \\\\(int c0 = 0; c0 <= 99; c0 \\\\+= 1\\\\) {.*S_.*\\\\(c0\\\\);.*S_.*\\\\(c0\\\\);.*S_.*\\\\(c0\\\\);.*}" 1
XPASS: gcc.dg/guality/example.c -O0 execution test
XPASS: gcc.dg/guality/example.c -O1 execution test
XPASS: gcc.dg/guality/guality.c -O0 execution test
XPASS: gcc.dg/guality/guality.c -O1 execution test
XPASS: gcc.dg/guality/guality.c -O2 execution test
XPASS: gcc.dg/guality/guality.c -O2 -flto -fno-use-linker-plugin -flto-partition=none execution test
XPASS: gcc.dg/guality/guality.c -O2 -flto -fuse-linker-plugin -fno-fat-lto-objects execution test
XPASS: gcc.dg/guality/guality.c -O3 -g execution test
XPASS: gcc.dg/guality/guality.c -Os execution test
XPASS: gcc.dg/guality/inline-params.c -O2 execution test
XPASS: gcc.dg/guality/inline-params.c -O2 -flto -fno-use-linker-plugin -flto-partition=none execution test
XPASS: gcc.dg/guality/inline-params.c -O3 -g execution test
XPASS: gcc.dg/guality/inline-params.c -Os execution test
FAIL: gcc.dg/guality/pr36728-2.c -O1 line 18 *x == (char) 25
FAIL: gcc.dg/guality/pr36728-2.c -O2 line 18 *x == (char) 25
FAIL: gcc.dg/guality/pr36728-2.c -O2 -flto -fno-use-linker-plugin -flto-partition=none line 18 *x == (char) 25
FAIL: gcc.dg/guality/pr36728-2.c -O3 -g line 18 *x == (char) 25
FAIL: gcc.dg/guality/pr36728-2.c -Os line 18 *x == (char) 25
XPASS: gcc.dg/guality/pr41353-1.c -O0 line 28 j == 28 + 37
XPASS: gcc.dg/guality/pr41353-1.c -O1 line 28 j == 28 + 37
XPASS: gcc.dg/guality/pr41353-1.c -O2 line 28 j == 28 + 37
XPASS: gcc.dg/guality/pr41353-1.c -O2 -flto -fno-use-linker-plugin -flto-partition=none line 28 j == 28 + 37
XPASS: gcc.dg/guality/pr41353-1.c -O2 -flto -fuse-linker-plugin -fno-fat-lto-objects line 28 j == 28 + 37
XPASS: gcc.dg/guality/pr41353-1.c -O3 -g line 28 j == 28 + 37
XPASS: gcc.dg/guality/pr41353-1.c -Os line 28 j == 28 + 37
FAIL: gcc.dg/guality/pr41447-1.c -O2 execution test
FAIL: gcc.dg/guality/pr41447-1.c -O2 -flto -fno-use-linker-plugin -flto-partition=none execution test
FAIL: gcc.dg/guality/pr41447-1.c -O3 -g execution test
FAIL: gcc.dg/guality/pr41447-1.c -Os execution test
FAIL: gcc.dg/guality/pr41616-1.c -O2 -flto -fuse-linker-plugin -fno-fat-lto-objects execution test
FAIL: gcc.dg/guality/pr45882.c -O2 -flto -fuse-linker-plugin -fno-fat-lto-objects line 16 d == 112
FAIL: gcc.dg/guality/pr45882.c -O2 -flto -fuse-linker-plugin -fno-fat-lto-objects line 16 e == 142
FAIL: gcc.dg/guality/pr54200.c -Os line 20 z == 3
FAIL: gcc.dg/guality/pr54519-1.c -O2 -flto -fno-use-linker-plugin -flto-partition=none line 20 y == 25
FAIL: gcc.dg/guality/pr54519-1.c -O2 -flto -fno-use-linker-plugin -flto-partition=none line 20 z == 6
FAIL: gcc.dg/guality/pr54519-1.c -O2 -flto -fno-use-linker-plugin -flto-partition=none line 23 y == 117
FAIL: gcc.dg/guality/pr54519-1.c -O2 -flto -fno-use-linker-plugin -flto-partition=none line 23 z == 8
FAIL: gcc.dg/guality/pr54519-2.c -O2 -flto -fno-use-linker-plugin -flto-partition=none line 17 y == 25
FAIL: gcc.dg/guality/pr54519-2.c -O2 -flto -fuse-linker-plugin -fno-fat-lto-objects line 17 y == 25
FAIL: gcc.dg/guality/pr54519-3.c -O2 -flto -fno-use-linker-plugin -flto-partition=none line 20 y == 25
FAIL: gcc.dg/guality/pr54519-3.c -O2 -flto -fno-use-linker-plugin -flto-partition=none line 20 z == 6
FAIL: gcc.dg/guality/pr54519-3.c -O2 -flto -fno-use-linker-plugin -flto-partition=none line 23 y == 117
FAIL: gcc.dg/guality/pr54519-3.c -O2 -flto -fno-use-linker-plugin -flto-partition=none line 23 z == 8
FAIL: gcc.dg/guality/pr54519-3.c -O2 -flto -fuse-linker-plugin -fno-fat-lto-objects line 20 y == 25
FAIL: gcc.dg/guality/pr54519-3.c -O2 -flto -fuse-linker-plugin -fno-fat-lto-objects line 20 z == 6
FAIL: gcc.dg/guality/pr54519-3.c -O2 -flto -fuse-linker-plugin -fno-fat-lto-objects line 23 y == 117
FAIL: gcc.dg/guality/pr54519-3.c -O2 -flto -fuse-linker-plugin -fno-fat-lto-objects line 23 z == 8
FAIL: gcc.dg/guality/pr54519-4.c -O2 -flto -fno-use-linker-plugin -flto-partition=none line 17 y == 25
FAIL: gcc.dg/guality/pr54519-4.c -O2 -flto -fuse-linker-plugin -fno-fat-lto-objects line 17 y == 25
FAIL: gcc.dg/guality/pr54519-5.c -O2 -flto -fno-use-linker-plugin -flto-partition=none line 17 y == 25
FAIL: gcc.dg/guality/pr54519-5.c -O2 -flto -fuse-linker-plugin -fno-fat-lto-objects line 17 y == 25
FAIL: gcc.dg/guality/vla-1.c -O1 line 17 sizeof (a) == 6
FAIL: gcc.dg/guality/vla-1.c -O2 line 17 sizeof (a) == 6
FAIL: gcc.dg/guality/vla-1.c -O2 -flto -fno-use-linker-plugin -flto-partition=none line 17 sizeof (a) == 6
FAIL: gcc.dg/guality/vla-1.c -O2 -flto -fuse-linker-plugin -fno-fat-lto-objects line 17 sizeof (a) == 6
FAIL: gcc.dg/guality/vla-1.c -O3 -g line 17 sizeof (a) == 6
FAIL: gcc.dg/guality/vla-1.c -Os line 17 sizeof (a) == 6
FAIL: gcc.dg/ipa/inline-7.c scan-tree-dump-times einline "Inlining a into m" 1
FAIL: gcc.dg/tree-prof/inliner-1.c scan-tree-dump optimized "cold_function ..;"
FAIL: gcc.dg/tree-ssa/inline-10.c scan-tree-dump-not optimized "do_something \\\\(70\\\\)"
FAIL: gcc.dg/tree-ssa/inline-10.c scan-tree-dump-times optimized "do_something2" 1
FAIL: gcc.dg/tree-ssa/inline-10.c scan-tree-dump-times optimized "do_something3" 1
FAIL: gcc.dg/tree-ssa/inline-8.c scan-tree-dump-times einline "Inlining" 5
FAIL: gcc.dg/tree-ssa/inline-9.c scan-tree-dump-times optimized "q \\\\(15\\\\)" 1
FAIL: gcc.dg/tree-ssa/ipa-split-6.c scan-tree-dump optimized "part"
FAIL: gcc.dg/vect/costmodel/i386/costmodel-vect-31.c scan-tree-dump-times vect "vectorized 4 loops" 1
FAIL: gcc.dg/vect/costmodel/x86_64/costmodel-vect-31.c scan-tree-dump-times vect "vectorized 4 loops" 1
FAIL: gcc.dg/vect/if-cvt-stores-vect-ifcvt-18.c scan-tree-dump-times vect "vectorized 1 loops" 1
FAIL: gcc.target/i386/avx256-unaligned-load-4.c scan-assembler (avx_loadups256|vmovups[^\\n\\r]*movv8sf_internal)
FAIL: gcc.target/i386/sse-13.c (test for excess errors)
FAIL: gcc.target/i386/thunk-retbnd.c scan-tree-dump-times optimized "return &glob," 2
=== gcc Summary for unix/-fpic ===
# of expected passes 117048
# of unexpected failures 55
# of unexpected successes 20
# of expected failures 306
# of unsupported tests 1787
Running target unix/-fpic -mcmodel=medium
FAIL: gcc.dg/debug/dwarf2/stacked-qualified-types-3.c scan-assembler-times DIE \\\\([^\\n]*\\\\) DW_TAG_(?:const|volatile|atomic|restrict)_type 8
FAIL: gcc.dg/ira-shrinkwrap-prep-2.c scan-rtl-dump pro_and_epilogue "Performing shrink-wrapping"
FAIL: gcc.dg/graphite/fuse-1.c scan-tree-dump-times forwprop4 "gimple_simplified to[^\\\\n]*\\\\^ 12" 1
FAIL: gcc.dg/graphite/fuse-1.c scan-tree-dump-times graphite "ISL AST generated by ISL:.*for \\\\(int c0 = 0; c0 <= 99; c0 \\\\+= 1\\\\) {.*S_.*\\\\(c0\\\\);.*S_.*\\\\(c0\\\\);.*S_.*\\\\(c0\\\\);.*}" 1
FAIL: gcc.dg/graphite/fuse-2.c scan-tree-dump-times graphite "ISL AST generated by ISL:.*for \\\\(int c0 = 0; c0 <= 99; c0 \\\\+= 1\\\\) {.*S_.*\\\\(c0\\\\);.*S_.*\\\\(c0\\\\);.*S_.*\\\\(c0\\\\);.*}" 1
XPASS: gcc.dg/guality/example.c -O0 execution test
XPASS: gcc.dg/guality/example.c -O1 execution test
XPASS: gcc.dg/guality/guality.c -O0 execution test
XPASS: gcc.dg/guality/guality.c -O1 execution test
XPASS: gcc.dg/guality/guality.c -O2 execution test
XPASS: gcc.dg/guality/guality.c -O2 -flto -fno-use-linker-plugin -flto-partition=none execution test
XPASS: gcc.dg/guality/guality.c -O2 -flto -fuse-linker-plugin -fno-fat-lto-objects execution test
XPASS: gcc.dg/guality/guality.c -O3 -g execution test
XPASS: gcc.dg/guality/guality.c -Os execution test
XPASS: gcc.dg/guality/inline-params.c -O2 execution test
XPASS: gcc.dg/guality/inline-params.c -O2 -flto -fno-use-linker-plugin -flto-partition=none execution test
XPASS: gcc.dg/guality/inline-params.c -O3 -g execution test
XPASS: gcc.dg/guality/inline-params.c -Os execution test
FAIL: gcc.dg/guality/pr36728-2.c -O1 line 18 *x == (char) 25
FAIL: gcc.dg/guality/pr36728-2.c -O2 line 18 *x == (char) 25
FAIL: gcc.dg/guality/pr36728-2.c -O2 -flto -fno-use-linker-plugin -flto-partition=none line 18 *x == (char) 25
FAIL: gcc.dg/guality/pr36728-2.c -O3 -g line 18 *x == (char) 25
FAIL: gcc.dg/guality/pr36728-2.c -Os line 18 *x == (char) 25
XPASS: gcc.dg/guality/pr41353-1.c -O0 line 28 j == 28 + 37
XPASS: gcc.dg/guality/pr41353-1.c -O1 line 28 j == 28 + 37
XPASS: gcc.dg/guality/pr41353-1.c -O2 line 28 j == 28 + 37
XPASS: gcc.dg/guality/pr41353-1.c -O2 -flto -fno-use-linker-plugin -flto-partition=none line 28 j == 28 + 37
XPASS: gcc.dg/guality/pr41353-1.c -O2 -flto -fuse-linker-plugin -fno-fat-lto-objects line 28 j == 28 + 37
XPASS: gcc.dg/guality/pr41353-1.c -O3 -g line 28 j == 28 + 37
XPASS: gcc.dg/guality/pr41353-1.c -Os line 28 j == 28 + 37
FAIL: gcc.dg/guality/pr41447-1.c -O2 execution test
FAIL: gcc.dg/guality/pr41447-1.c -O2 -flto -fno-use-linker-plugin -flto-partition=none execution test
FAIL: gcc.dg/guality/pr41447-1.c -O3 -g execution test
FAIL: gcc.dg/guality/pr41447-1.c -Os execution test
FAIL: gcc.dg/guality/pr41616-1.c -O2 -flto -fuse-linker-plugin -fno-fat-lto-objects execution test
FAIL: gcc.dg/guality/pr43051-1.c -O3 -fomit-frame-pointer -funroll-loops -fpeel-loops -ftracer -finline-functions line 39 c == &a[0]
FAIL: gcc.dg/guality/pr45882.c -O2 -flto -fuse-linker-plugin -fno-fat-lto-objects line 16 d == 112
FAIL: gcc.dg/guality/pr45882.c -O2 -flto -fuse-linker-plugin -fno-fat-lto-objects line 16 e == 142
FAIL: gcc.dg/guality/pr54200.c -Os line 20 z == 3
FAIL: gcc.dg/guality/pr54519-1.c -O2 -flto -fno-use-linker-plugin -flto-partition=none line 20 y == 25
FAIL: gcc.dg/guality/pr54519-1.c -O2 -flto -fno-use-linker-plugin -flto-partition=none line 20 z == 6
FAIL: gcc.dg/guality/pr54519-1.c -O2 -flto -fno-use-linker-plugin -flto-partition=none line 23 y == 117
FAIL: gcc.dg/guality/pr54519-1.c -O2 -flto -fno-use-linker-plugin -flto-partition=none line 23 z == 8
FAIL: gcc.dg/guality/pr54519-2.c -O2 -flto -fno-use-linker-plugin -flto-partition=none line 17 y == 25
FAIL: gcc.dg/guality/pr54519-2.c -O2 -flto -fuse-linker-plugin -fno-fat-lto-objects line 17 y == 25
FAIL: gcc.dg/guality/pr54519-3.c -O2 -flto -fno-use-linker-plugin -flto-partition=none line 20 y == 25
FAIL: gcc.dg/guality/pr54519-3.c -O2 -flto -fno-use-linker-plugin -flto-partition=none line 20 z == 6
FAIL: gcc.dg/guality/pr54519-3.c -O2 -flto -fno-use-linker-plugin -flto-partition=none line 23 y == 117
FAIL: gcc.dg/guality/pr54519-3.c -O2 -flto -fno-use-linker-plugin -flto-partition=none line 23 z == 8
FAIL: gcc.dg/guality/pr54519-3.c -O2 -flto -fuse-linker-plugin -fno-fat-lto-objects line 20 y == 25
FAIL: gcc.dg/guality/pr54519-3.c -O2 -flto -fuse-linker-plugin -fno-fat-lto-objects line 20 z == 6
FAIL: gcc.dg/guality/pr54519-3.c -O2 -flto -fuse-linker-plugin -fno-fat-lto-objects line 23 y == 117
FAIL: gcc.dg/guality/pr54519-3.c -O2 -flto -fuse-linker-plugin -fno-fat-lto-objects line 23 z == 8
FAIL: gcc.dg/guality/pr54519-4.c -O2 -flto -fno-use-linker-plugin -flto-partition=none line 17 y == 25
FAIL: gcc.dg/guality/pr54519-4.c -O2 -flto -fuse-linker-plugin -fno-fat-lto-objects line 17 y == 25
FAIL: gcc.dg/guality/pr54519-5.c -O2 -flto -fno-use-linker-plugin -flto-partition=none line 17 y == 25
FAIL: gcc.dg/guality/pr54519-5.c -O2 -flto -fuse-linker-plugin -fno-fat-lto-objects line 17 y == 25
FAIL: gcc.dg/guality/vla-1.c -O1 line 17 sizeof (a) == 6
FAIL: gcc.dg/guality/vla-1.c -O2 line 17 sizeof (a) == 6
FAIL: gcc.dg/guality/vla-1.c -O2 -flto -fno-use-linker-plugin -flto-partition=none line 17 sizeof (a) == 6
FAIL: gcc.dg/guality/vla-1.c -O2 -flto -fuse-linker-plugin -fno-fat-lto-objects line 17 sizeof (a) == 6
FAIL: gcc.dg/guality/vla-1.c -O3 -g line 17 sizeof (a) == 6
FAIL: gcc.dg/guality/vla-1.c -Os line 17 sizeof (a) == 6
FAIL: gcc.dg/ipa/inline-7.c scan-tree-dump-times einline "Inlining a into m" 1
FAIL: gcc.dg/tree-prof/inliner-1.c scan-tree-dump optimized "cold_function ..;"
FAIL: gcc.dg/tree-ssa/inline-10.c scan-tree-dump-not optimized "do_something \\\\(70\\\\)"
FAIL: gcc.dg/tree-ssa/inline-10.c scan-tree-dump-times optimized "do_something2" 1
FAIL: gcc.dg/tree-ssa/inline-10.c scan-tree-dump-times optimized "do_something3" 1
FAIL: gcc.dg/tree-ssa/inline-8.c scan-tree-dump-times einline "Inlining" 5
FAIL: gcc.dg/tree-ssa/inline-9.c scan-tree-dump-times optimized "q \\\\(15\\\\)" 1
FAIL: gcc.dg/tree-ssa/ipa-split-6.c scan-tree-dump optimized "part"
FAIL: gcc.dg/vect/costmodel/i386/costmodel-vect-31.c scan-tree-dump-times vect "vectorized 4 loops" 1
FAIL: gcc.dg/vect/costmodel/x86_64/costmodel-vect-31.c scan-tree-dump-times vect "vectorized 4 loops" 1
FAIL: gcc.dg/vect/if-cvt-stores-vect-ifcvt-18.c scan-tree-dump-times vect "vectorized 1 loops" 1
FAIL: gcc.target/i386/avx256-unaligned-load-4.c scan-assembler (avx_loadups256|vmovups[^\\n\\r]*movv8sf_internal)
FAIL: gcc.target/i386/fuse-caller-save-rec.c scan-assembler-not pop
FAIL: gcc.target/i386/fuse-caller-save-rec.c scan-assembler-not push
FAIL: gcc.target/i386/fuse-caller-save-rec.c scan-assembler-times addl\\t%[re]?dx, %[re]?ax 1
FAIL: gcc.target/i386/fuse-caller-save-xmm.c scan-assembler-times addpd\\t%xmm1, %xmm0 1
FAIL: gcc.target/i386/fuse-caller-save-xmm.c scan-assembler-times movapd\\t%xmm0, %xmm1 1
FAIL: gcc.target/i386/fuse-caller-save.c scan-assembler-not pop
FAIL: gcc.target/i386/fuse-caller-save.c scan-assembler-not push
FAIL: gcc.target/i386/pr52146.c (test for excess errors)
UNRESOLVED: gcc.target/i386/pr52146.c scan-assembler-not [,\\\\t ]+-18874240
FAIL: gcc.target/i386/pr52698.c (test for excess errors)
FAIL: gcc.target/i386/pr52857-1.c (test for excess errors)
FAIL: gcc.target/i386/pr52857-2.c (test for excess errors)
FAIL: gcc.target/i386/pr53698.c (test for excess errors)
FAIL: gcc.target/i386/pr54157.c (test for excess errors)
FAIL: gcc.target/i386/pr55049-1.c (test for excess errors)
FAIL: gcc.target/i386/pr55093.c (test for excess errors)
FAIL: gcc.target/i386/pr55116-1.c (test for excess errors)
FAIL: gcc.target/i386/pr55116-2.c (test for excess errors)
FAIL: gcc.target/i386/pr55597.c (test for excess errors)
FAIL: gcc.target/i386/pr66470.c (test for excess errors)
FAIL: gcc.target/i386/sse-13.c (test for excess errors)
FAIL: gcc.target/i386/thunk-retbnd.c scan-tree-dump-times optimized "return &glob," 2
=== gcc Summary for unix/-fpic -mcmodel=medium ===
# of expected passes 117010
# of unexpected failures 76
# of unexpected successes 20
# of expected failures 306
# of unresolved testcases 1
# of unsupported tests 1799
Running target unix/-mcmodel=medium
FAIL: gcc.dg/debug/dwarf2/stacked-qualified-types-3.c scan-assembler-times DIE \\\\([^\\n]*\\\\) DW_TAG_(?:const|volatile|atomic|restrict)_type 8
FAIL: gcc.dg/graphite/fuse-1.c scan-tree-dump-times forwprop4 "gimple_simplified to[^\\\\n]*\\\\^ 12" 1
FAIL: gcc.dg/graphite/fuse-1.c scan-tree-dump-times graphite "ISL AST generated by ISL:.*for \\\\(int c0 = 0; c0 <= 99; c0 \\\\+= 1\\\\) {.*S_.*\\\\(c0\\\\);.*S_.*\\\\(c0\\\\);.*S_.*\\\\(c0\\\\);.*}" 1
FAIL: gcc.dg/graphite/fuse-2.c scan-tree-dump-times graphite "ISL AST generated by ISL:.*for \\\\(int c0 = 0; c0 <= 99; c0 \\\\+= 1\\\\) {.*S_.*\\\\(c0\\\\);.*S_.*\\\\(c0\\\\);.*S_.*\\\\(c0\\\\);.*}" 1
XPASS: gcc.dg/guality/example.c -O0 execution test
XPASS: gcc.dg/guality/example.c -O1 execution test
XPASS: gcc.dg/guality/example.c -O2 execution test
XPASS: gcc.dg/guality/example.c -O2 -flto -fno-use-linker-plugin -flto-partition=none execution test
XPASS: gcc.dg/guality/guality.c -O0 execution test
XPASS: gcc.dg/guality/guality.c -O1 execution test
XPASS: gcc.dg/guality/guality.c -O2 execution test
XPASS: gcc.dg/guality/guality.c -O2 -flto -fno-use-linker-plugin -flto-partition=none execution test
XPASS: gcc.dg/guality/guality.c -O2 -flto -fuse-linker-plugin -fno-fat-lto-objects execution test
XPASS: gcc.dg/guality/guality.c -O3 -g execution test
XPASS: gcc.dg/guality/guality.c -Os execution test
XPASS: gcc.dg/guality/inline-params.c -O2 execution test
XPASS: gcc.dg/guality/inline-params.c -O2 -flto -fno-use-linker-plugin -flto-partition=none execution test
XPASS: gcc.dg/guality/inline-params.c -O3 -g execution test
XPASS: gcc.dg/guality/inline-params.c -Os execution test
XPASS: gcc.dg/guality/pr41353-1.c -O0 line 28 j == 28 + 37
XPASS: gcc.dg/guality/pr41353-1.c -O1 line 28 j == 28 + 37
XPASS: gcc.dg/guality/pr41353-1.c -O2 line 28 j == 28 + 37
XPASS: gcc.dg/guality/pr41353-1.c -O2 -flto -fno-use-linker-plugin -flto-partition=none line 28 j == 28 + 37
XPASS: gcc.dg/guality/pr41353-1.c -O2 -flto -fuse-linker-plugin -fno-fat-lto-objects line 28 j == 28 + 37
XPASS: gcc.dg/guality/pr41353-1.c -O3 -g line 28 j == 28 + 37
XPASS: gcc.dg/guality/pr41353-1.c -Os line 28 j == 28 + 37
FAIL: gcc.dg/guality/pr41616-1.c -O2 -flto -fuse-linker-plugin -fno-fat-lto-objects execution test
FAIL: gcc.dg/guality/pr45882.c -O2 -flto -fuse-linker-plugin -fno-fat-lto-objects line 16 d == 112
FAIL: gcc.dg/guality/pr45882.c -O2 -flto -fuse-linker-plugin -fno-fat-lto-objects line 16 e == 142
FAIL: gcc.dg/guality/pr54200.c -Os line 20 z == 3
FAIL: gcc.dg/guality/pr54519-1.c -O2 -flto -fno-use-linker-plugin -flto-partition=none line 20 y == 25
FAIL: gcc.dg/guality/pr54519-1.c -O2 -flto -fno-use-linker-plugin -flto-partition=none line 20 z == 6
FAIL: gcc.dg/guality/pr54519-1.c -O2 -flto -fno-use-linker-plugin -flto-partition=none line 23 y == 117
FAIL: gcc.dg/guality/pr54519-1.c -O2 -flto -fno-use-linker-plugin -flto-partition=none line 23 z == 8
FAIL: gcc.dg/guality/pr54519-2.c -O2 -flto -fno-use-linker-plugin -flto-partition=none line 17 y == 25
FAIL: gcc.dg/guality/pr54519-2.c -O2 -flto -fuse-linker-plugin -fno-fat-lto-objects line 17 y == 25
FAIL: gcc.dg/guality/pr54519-3.c -O2 -flto -fno-use-linker-plugin -flto-partition=none line 20 y == 25
FAIL: gcc.dg/guality/pr54519-3.c -O2 -flto -fno-use-linker-plugin -flto-partition=none line 20 z == 6
FAIL: gcc.dg/guality/pr54519-3.c -O2 -flto -fno-use-linker-plugin -flto-partition=none line 23 y == 117
FAIL: gcc.dg/guality/pr54519-3.c -O2 -flto -fno-use-linker-plugin -flto-partition=none line 23 z == 8
FAIL: gcc.dg/guality/pr54519-3.c -O2 -flto -fuse-linker-plugin -fno-fat-lto-objects line 20 y == 25
FAIL: gcc.dg/guality/pr54519-3.c -O2 -flto -fuse-linker-plugin -fno-fat-lto-objects line 20 z == 6
FAIL: gcc.dg/guality/pr54519-3.c -O2 -flto -fuse-linker-plugin -fno-fat-lto-objects line 23 y == 117
FAIL: gcc.dg/guality/pr54519-3.c -O2 -flto -fuse-linker-plugin -fno-fat-lto-objects line 23 z == 8
FAIL: gcc.dg/guality/pr54519-4.c -O2 -flto -fno-use-linker-plugin -flto-partition=none line 17 y == 25
FAIL: gcc.dg/guality/pr54519-4.c -O2 -flto -fuse-linker-plugin -fno-fat-lto-objects line 17 y == 25
FAIL: gcc.dg/guality/pr54519-5.c -O2 -flto -fno-use-linker-plugin -flto-partition=none line 17 y == 25
FAIL: gcc.dg/guality/pr54519-5.c -O2 -flto -fuse-linker-plugin -fno-fat-lto-objects line 17 y == 25
FAIL: gcc.dg/guality/vla-1.c -O1 line 17 sizeof (a) == 6
FAIL: gcc.dg/guality/vla-1.c -O2 line 17 sizeof (a) == 6
FAIL: gcc.dg/guality/vla-1.c -O2 -flto -fno-use-linker-plugin -flto-partition=none line 17 sizeof (a) == 6
FAIL: gcc.dg/guality/vla-1.c -O2 -flto -fuse-linker-plugin -fno-fat-lto-objects line 17 sizeof (a) == 6
FAIL: gcc.dg/guality/vla-1.c -O3 -g line 17 sizeof (a) == 6
FAIL: gcc.dg/guality/vla-1.c -Os line 17 sizeof (a) == 6
FAIL: gcc.target/i386/387-12.c scan-assembler fld1
FAIL: gcc.target/i386/387-12.c scan-assembler fldz
FAIL: gcc.target/i386/avxfp-1.c scan-assembler vmaxsd
FAIL: gcc.target/i386/avxfp-1.c scan-assembler vminsd
FAIL: gcc.target/i386/avxfp-2.c scan-assembler vmaxsd
FAIL: gcc.target/i386/avxfp-2.c scan-assembler vminsd
FAIL: gcc.target/i386/pr52146.c (test for excess errors)
UNRESOLVED: gcc.target/i386/pr52146.c scan-assembler-not [,\\\\t ]+-18874240
FAIL: gcc.target/i386/pr52698.c (test for excess errors)
FAIL: gcc.target/i386/pr52857-1.c (test for excess errors)
FAIL: gcc.target/i386/pr52857-2.c (test for excess errors)
FAIL: gcc.target/i386/pr53698.c (test for excess errors)
FAIL: gcc.target/i386/pr54157.c (test for excess errors)
FAIL: gcc.target/i386/pr55049-1.c (test for excess errors)
FAIL: gcc.target/i386/pr55093.c (test for excess errors)
FAIL: gcc.target/i386/pr55116-1.c (test for excess errors)
FAIL: gcc.target/i386/pr55116-2.c (test for excess errors)
FAIL: gcc.target/i386/pr55597.c (test for excess errors)
FAIL: gcc.target/i386/pr66470.c (test for excess errors)
FAIL: gcc.target/i386/ssefp-1.c scan-assembler maxsd
FAIL: gcc.target/i386/ssefp-1.c scan-assembler minsd
FAIL: gcc.target/i386/ssefp-2.c scan-assembler maxsd
FAIL: gcc.target/i386/ssefp-2.c scan-assembler minsd
=== gcc Summary for unix/-mcmodel=medium ===
# of expected passes 117193
# of unexpected failures 54
# of unexpected successes 22
# of expected failures 304
# of unresolved testcases 1
# of unsupported tests 1754
=== gcc Summary ===
# of expected passes 351251
# of unexpected failures 185
# of unexpected successes 62
# of expected failures 916
# of unresolved testcases 2
# of unsupported tests 5340
/export/gnu/import/git/gcc-test-intel64/bld/gcc/xgcc version 6.0.0 20151128 (experimental) [trunk revision 231027] (GCC)
=== gfortran tests ===
Running target unix/-fpic
FAIL: gfortran.dg/pr48636-2.f90 -O scan-ipa-dump cp "Creating a specialized node of [^\\n\\r]*bar/[0-9]*\\\\."
FAIL: gfortran.dg/pr48636-2.f90 -O scan-ipa-dump-times cp "Aggregate replacements[^=]*=[^=]*=[^=]*=[^=]*=[^=]*=[^=]*=[^=]*=[^=]*=[^=]*=" 2
FAIL: gfortran.dg/pr48636.f90 -O scan-ipa-dump inline "bar[^\\\\n]*inline copy in MAIN"
FAIL: gfortran.dg/pr48636.f90 -O scan-ipa-dump inline "inline hints: loop_iterations"
=== gfortran Summary for unix/-fpic ===
# of expected passes 41305
# of unexpected failures 4
# of expected failures 73
# of unsupported tests 64
Running target unix/-fpic -mcmodel=medium
FAIL: gfortran.dg/pr48636-2.f90 -O scan-ipa-dump cp "Creating a specialized node of [^\\n\\r]*bar/[0-9]*\\\\."
FAIL: gfortran.dg/pr48636-2.f90 -O scan-ipa-dump-times cp "Aggregate replacements[^=]*=[^=]*=[^=]*=[^=]*=[^=]*=[^=]*=[^=]*=[^=]*=[^=]*=" 2
FAIL: gfortran.dg/pr48636.f90 -O scan-ipa-dump inline "bar[^\\\\n]*inline copy in MAIN"
FAIL: gfortran.dg/pr48636.f90 -O scan-ipa-dump inline "inline hints: loop_iterations"
=== gfortran Summary for unix/-fpic -mcmodel=medium ===
# of expected passes 41305
# of unexpected failures 4
# of expected failures 73
# of unsupported tests 64
Running target unix/-mcmodel=medium
=== gfortran Summary for unix/-mcmodel=medium ===
# of expected passes 41309
# of expected failures 73
# of unsupported tests 64
=== gfortran Summary ===
# of expected passes 123919
# of unexpected failures 8
# of expected failures 219
# of unsupported tests 192
/export/gnu/import/git/gcc-test-intel64/bld/gcc/testsuite/gfortran/../../gfortran version 6.0.0 20151128 (experimental) [trunk revision 231027] (GCC)
=== objc tests ===
Running target unix/-fpic
=== objc Summary for unix/-fpic ===
# of expected passes 2782
# of expected failures 6
# of unsupported tests 68
Running target unix/-fpic -mcmodel=medium
=== objc Summary for unix/-fpic -mcmodel=medium ===
# of expected passes 2782
# of expected failures 6
# of unsupported tests 68
Running target unix/-mcmodel=medium
=== objc Summary for unix/-mcmodel=medium ===
# of expected passes 2782
# of expected failures 6
# of unsupported tests 68
=== objc Summary ===
# of expected passes 8346
# of expected failures 18
# of unsupported tests 204
/export/gnu/import/git/gcc-test-intel64/bld/gcc/xgcc version 6.0.0 20151128 (experimental) [trunk revision 231027] (GCC)
=== boehm-gc tests ===
Running target unix/-fpic
=== boehm-gc Summary for unix/-fpic ===
# of expected passes 12
# of unsupported tests 1
Running target unix/-mcmodel=medium
=== boehm-gc Summary for unix/-mcmodel=medium ===
# of expected passes 12
# of unsupported tests 1
Running target unix/-fpic -mcmodel=medium
=== boehm-gc Summary for unix/-fpic -mcmodel=medium ===
# of expected passes 12
# of unsupported tests 1
=== boehm-gc Summary ===
# of expected passes 36
# of unsupported tests 3
=== libatomic tests ===
Running target unix/-fpic
=== libatomic Summary for unix/-fpic ===
# of expected passes 54
Running target unix/-mcmodel=medium
=== libatomic Summary for unix/-mcmodel=medium ===
# of expected passes 54
Running target unix/-fpic -mcmodel=medium
=== libatomic Summary for unix/-fpic -mcmodel=medium ===
# of expected passes 54
=== libatomic Summary ===
# of expected passes 162
=== libffi tests ===
Running target unix/-fpic
=== libffi Summary for unix/-fpic ===
# of expected passes 1914
# of unsupported tests 30
Running target unix/-mcmodel=medium
=== libffi Summary for unix/-mcmodel=medium ===
# of expected passes 1914
# of unsupported tests 30
Running target unix/-fpic -mcmodel=medium
=== libffi Summary for unix/-fpic -mcmodel=medium ===
# of expected passes 1914
# of unsupported tests 30
=== libffi Summary ===
# of expected passes 5742
# of unsupported tests 90
=== libgomp tests ===
Running target unix/-fpic
=== libgomp Summary for unix/-fpic ===
# of expected passes 4628
# of unsupported tests 251
Running target unix/-mcmodel=medium
=== libgomp Summary for unix/-mcmodel=medium ===
# of expected passes 4628
# of unsupported tests 251
Running target unix/-fpic -mcmodel=medium
=== libgomp Summary for unix/-fpic -mcmodel=medium ===
# of expected passes 4628
# of unsupported tests 251
=== libgomp Summary ===
# of expected passes 13884
# of unsupported tests 753
=== libitm tests ===
Running target unix/-fpic
=== libitm Summary for unix/-fpic ===
# of expected passes 38
# of expected failures 3
# of unsupported tests 1
Running target unix/-mcmodel=medium
=== libitm Summary for unix/-mcmodel=medium ===
# of expected passes 38
# of expected failures 3
# of unsupported tests 1
Running target unix/-fpic -mcmodel=medium
=== libitm Summary for unix/-fpic -mcmodel=medium ===
# of expected passes 38
# of expected failures 3
# of unsupported tests 1
=== libitm Summary ===
# of expected passes 114
# of expected failures 9
# of unsupported tests 3
=== libjava tests ===
Running target unix/-fpic
=== libjava Summary for unix/-fpic ===
# of expected passes 2582
# of expected failures 4
Running target unix/-mcmodel=medium
=== libjava Summary for unix/-mcmodel=medium ===
# of expected passes 2582
# of expected failures 4
Running target unix/-fpic -mcmodel=medium
=== libjava Summary for unix/-fpic -mcmodel=medium ===
# of expected passes 2582
# of expected failures 4
=== libjava Summary ===
# of expected passes 7746
# of expected failures 12
=== libstdc++ tests ===
Running target unix/-fpic
UNRESOLVED: experimental/memory/shared_ptr/cons/copy_ctor_neg.cc compilation failed to produce executable
=== libstdc++ Summary for unix/-fpic ===
# of expected passes 11074
# of expected failures 68
# of unresolved testcases 1
# of unsupported tests 233
Running target unix/-fpic -mcmodel=medium
XPASS: 26_numerics/headers/cmath/c_math.cc execution test
UNRESOLVED: experimental/memory/shared_ptr/cons/copy_ctor_neg.cc compilation failed to produce executable
=== libstdc++ Summary for unix/-fpic -mcmodel=medium ===
# of expected passes 4924
# of unexpected successes 1
# of expected failures 63
# of unresolved testcases 1
# of unsupported tests 233
Running target unix/-mcmodel=medium
XPASS: 26_numerics/headers/cmath/c_math.cc execution test
UNRESOLVED: experimental/memory/shared_ptr/cons/copy_ctor_neg.cc compilation failed to produce executable
=== libstdc++ Summary for unix/-mcmodel=medium ===
# of expected passes 4924
# of unexpected successes 1
# of expected failures 63
# of unresolved testcases 1
# of unsupported tests 233
=== libstdc++ Summary ===
# of expected passes 20922
# of unexpected successes 2
# of expected failures 194
# of unresolved testcases 3
# of unsupported tests 699
Compiler version: 6.0.0 20151128 (experimental) [trunk revision 231027] (GCC)
Platform: x86_64-pc-linux-gnu
configure flags: --prefix=/usr/6.0.0 --enable-clocale=gnu --with-system-zlib --enable-shared --with-demangler-in-ld --enable-libmpx --with-fpmath=sse --enable-languages=c,c++,fortran,java,lto,objc