This is the mail archive of the
gcc-testresults@gcc.gnu.org
mailing list for the GCC project.
Results for 6.0.0 20151127 (experimental) [trunk revision 231013] (GCC) testsuite on i686-pc-linux-gnu
- From: "Intel Automatic Testing System [ia32 Core AVXi PIE]" <i32coreavxiPIC at ecsmtp dot ims dot intel dot com>
- To: gcc-testresults at gcc dot gnu dot org
- Date: Sat, 28 Nov 2015 00:16:37 +0300
- Subject: Results for 6.0.0 20151127 (experimental) [trunk revision 231013] (GCC) testsuite on i686-pc-linux-gnu
- Authentication-results: sourceware.org; auth=none
LAST_UPDATED: Fri Nov 27 15:20:05 UTC 2015 (revision 231013)
Native configuration is i686-pc-linux-gnu
=== gcc tests ===
Running target unix
FAIL: gcc.c-torture/execute/20050124-1.c -O2 (internal compiler error)
FAIL: gcc.c-torture/execute/20050124-1.c -O2 (test for excess errors)
UNRESOLVED: gcc.c-torture/execute/20050124-1.c -O2 compilation failed to produce executable
FAIL: gcc.c-torture/execute/20050124-1.c -O2 -flto -fno-use-linker-plugin -flto-partition=none (internal compiler error)
FAIL: gcc.c-torture/execute/20050124-1.c -O2 -flto -fno-use-linker-plugin -flto-partition=none (test for excess errors)
UNRESOLVED: gcc.c-torture/execute/20050124-1.c -O2 -flto -fno-use-linker-plugin -flto-partition=none compilation failed to produce executable
FAIL: gcc.c-torture/execute/20050124-1.c -O3 -g (internal compiler error)
FAIL: gcc.c-torture/execute/20050124-1.c -O3 -g (test for excess errors)
UNRESOLVED: gcc.c-torture/execute/20050124-1.c -O3 -g compilation failed to produce executable
FAIL: gcc.c-torture/execute/20050124-1.c -Os (internal compiler error)
FAIL: gcc.c-torture/execute/20050124-1.c -Os (test for excess errors)
UNRESOLVED: gcc.c-torture/execute/20050124-1.c -Os compilation failed to produce executable
FAIL: gcc.dg/debug/dwarf2/stacked-qualified-types-3.c scan-assembler-times DIE \\\\([^\\n]*\\\\) DW_TAG_(?:const|volatile|atomic|restrict)_type 8
XPASS: gcc.dg/guality/example.c -O0 execution test
XPASS: gcc.dg/guality/example.c -O1 execution test
XPASS: gcc.dg/guality/guality.c -O0 execution test
XPASS: gcc.dg/guality/guality.c -O1 execution test
XPASS: gcc.dg/guality/guality.c -O2 execution test
XPASS: gcc.dg/guality/guality.c -O2 -flto -fno-use-linker-plugin -flto-partition=none execution test
XPASS: gcc.dg/guality/guality.c -O2 -flto -fuse-linker-plugin -fno-fat-lto-objects execution test
XPASS: gcc.dg/guality/guality.c -O3 -g execution test
XPASS: gcc.dg/guality/guality.c -Os execution test
XPASS: gcc.dg/guality/inline-params.c -O2 execution test
XPASS: gcc.dg/guality/inline-params.c -O2 -flto -fno-use-linker-plugin -flto-partition=none execution test
XPASS: gcc.dg/guality/inline-params.c -O3 -g execution test
XPASS: gcc.dg/guality/inline-params.c -Os execution test
XPASS: gcc.dg/guality/pr41353-1.c -O0 line 28 j == 28 + 37
XPASS: gcc.dg/guality/pr41353-1.c -O1 line 28 j == 28 + 37
XPASS: gcc.dg/guality/pr41353-1.c -O2 line 28 j == 28 + 37
XPASS: gcc.dg/guality/pr41353-1.c -O2 -flto -fno-use-linker-plugin -flto-partition=none line 28 j == 28 + 37
XPASS: gcc.dg/guality/pr41353-1.c -O2 -flto -fuse-linker-plugin -fno-fat-lto-objects line 28 j == 28 + 37
XPASS: gcc.dg/guality/pr41353-1.c -O3 -g line 28 j == 28 + 37
XPASS: gcc.dg/guality/pr41353-1.c -Os line 28 j == 28 + 37
FAIL: gcc.dg/guality/pr41447-1.c -O2 execution test
FAIL: gcc.dg/guality/pr41447-1.c -O2 -flto -fno-use-linker-plugin -flto-partition=none execution test
FAIL: gcc.dg/guality/pr41447-1.c -O3 -g execution test
FAIL: gcc.dg/guality/pr41616-1.c -O2 -flto -fuse-linker-plugin -fno-fat-lto-objects execution test
FAIL: gcc.dg/guality/pr45882.c -O2 -flto -fuse-linker-plugin -fno-fat-lto-objects line 16 d == 112
FAIL: gcc.dg/guality/pr45882.c -O2 -flto -fuse-linker-plugin -fno-fat-lto-objects line 16 e == 142
FAIL: gcc.dg/guality/pr54200.c -O2 -flto -fuse-linker-plugin -fno-fat-lto-objects line 20 z == 3
FAIL: gcc.dg/guality/pr54519-1.c -O2 -flto -fno-use-linker-plugin -flto-partition=none line 20 y == 25
FAIL: gcc.dg/guality/pr54519-1.c -O2 -flto -fno-use-linker-plugin -flto-partition=none line 20 z == 6
FAIL: gcc.dg/guality/pr54519-1.c -O2 -flto -fno-use-linker-plugin -flto-partition=none line 23 y == 117
FAIL: gcc.dg/guality/pr54519-1.c -O2 -flto -fno-use-linker-plugin -flto-partition=none line 23 z == 8
FAIL: gcc.dg/guality/pr54519-2.c -O2 -flto -fno-use-linker-plugin -flto-partition=none line 17 y == 25
FAIL: gcc.dg/guality/pr54519-2.c -O2 -flto -fuse-linker-plugin -fno-fat-lto-objects line 17 y == 25
FAIL: gcc.dg/guality/pr54519-3.c -O2 -flto -fno-use-linker-plugin -flto-partition=none line 20 y == 25
FAIL: gcc.dg/guality/pr54519-3.c -O2 -flto -fno-use-linker-plugin -flto-partition=none line 20 z == 6
FAIL: gcc.dg/guality/pr54519-3.c -O2 -flto -fno-use-linker-plugin -flto-partition=none line 23 y == 117
FAIL: gcc.dg/guality/pr54519-3.c -O2 -flto -fno-use-linker-plugin -flto-partition=none line 23 z == 8
FAIL: gcc.dg/guality/pr54519-3.c -O2 -flto -fuse-linker-plugin -fno-fat-lto-objects line 20 y == 25
FAIL: gcc.dg/guality/pr54519-3.c -O2 -flto -fuse-linker-plugin -fno-fat-lto-objects line 20 z == 6
FAIL: gcc.dg/guality/pr54519-3.c -O2 -flto -fuse-linker-plugin -fno-fat-lto-objects line 23 y == 117
FAIL: gcc.dg/guality/pr54519-3.c -O2 -flto -fuse-linker-plugin -fno-fat-lto-objects line 23 z == 8
FAIL: gcc.dg/guality/pr54519-4.c -O2 -flto -fno-use-linker-plugin -flto-partition=none line 17 y == 25
FAIL: gcc.dg/guality/pr54519-4.c -O2 -flto -fuse-linker-plugin -fno-fat-lto-objects line 17 y == 25
FAIL: gcc.dg/guality/pr54519-5.c -O2 -flto -fno-use-linker-plugin -flto-partition=none line 17 y == 25
FAIL: gcc.dg/guality/pr54519-5.c -O2 -flto -fuse-linker-plugin -fno-fat-lto-objects line 17 y == 25
FAIL: gcc.dg/tree-ssa/ssa-dom-cse-2.c scan-tree-dump optimized "return 28;"
FAIL: gcc.dg/vect/O3-pr36098.c scan-tree-dump-times vect "vectorizing stmts using SLP" 0
FAIL: gcc.dg/vect/bb-slp-pattern-1.c -flto -ffat-lto-objects scan-tree-dump-times slp2 "pattern recognized" 8
FAIL: gcc.dg/vect/bb-slp-pattern-1.c scan-tree-dump-times slp2 "pattern recognized" 8
FAIL: gcc.dg/vect/no-scevccp-outer-7.c scan-tree-dump-times vect "vect_recog_widen_mult_pattern: detected" 1
FAIL: gcc.dg/vect/no-scevccp-vect-iv-3.c scan-tree-dump-times vect "vect_recog_widen_sum_pattern: detected" 1
FAIL: gcc.dg/vect/no-section-anchors-vect-31.c scan-tree-dump-times vect "Alignment of access forced using peeling" 2
FAIL: gcc.dg/vect/no-section-anchors-vect-31.c scan-tree-dump-times vect "Vectorizing an unaligned access" 0
FAIL: gcc.dg/vect/no-section-anchors-vect-69.c scan-tree-dump-times vect "Alignment of access forced using peeling" 2
FAIL: gcc.dg/vect/no-vfa-vect-101.c scan-tree-dump-times vect "can't determine dependence" 1
FAIL: gcc.dg/vect/no-vfa-vect-102.c scan-tree-dump-times vect "possible dependence between data-refs" 1
FAIL: gcc.dg/vect/no-vfa-vect-102a.c scan-tree-dump-times vect "possible dependence between data-refs" 1
FAIL: gcc.dg/vect/no-vfa-vect-37.c scan-tree-dump-times vect "can't determine dependence" 2
FAIL: gcc.dg/vect/no-vfa-vect-79.c scan-tree-dump-times vect "can't determine dependence" 1
FAIL: gcc.dg/vect/no-vfa-vect-depend-1.c scan-tree-dump-times vect "dependence distance negative" 1
FAIL: gcc.dg/vect/no-vfa-vect-depend-2.c scan-tree-dump-times vect "dependence distance negative" 1
FAIL: gcc.dg/vect/no-vfa-vect-depend-3.c scan-tree-dump-times vect "dependence distance negative" 4
XPASS: gcc.dg/vect/pr61194.c -flto -ffat-lto-objects scan-tree-dump-times vect "vectorized 1 loops" 1
XPASS: gcc.dg/vect/pr61194.c scan-tree-dump-times vect "vectorized 1 loops" 1
XPASS: gcc.dg/vect/pr65947-1.c -flto -ffat-lto-objects scan-tree-dump-times vect "condition expression based on integer induction." 4
XPASS: gcc.dg/vect/pr65947-1.c scan-tree-dump-times vect "condition expression based on integer induction." 4
XPASS: gcc.dg/vect/pr65947-4.c -flto -ffat-lto-objects scan-tree-dump-times vect "condition expression based on integer induction." 4
XPASS: gcc.dg/vect/pr65947-4.c scan-tree-dump-times vect "condition expression based on integer induction." 4
FAIL: gcc.dg/vect/slp-reduc-6.c -flto -ffat-lto-objects scan-tree-dump-times vect "different interleaving chains in one node" 1
FAIL: gcc.dg/vect/slp-reduc-6.c scan-tree-dump-times vect "different interleaving chains in one node" 1
FAIL: gcc.dg/vect/slp-widen-mult-half.c -flto -ffat-lto-objects scan-tree-dump-times vect "vect_recog_widen_mult_pattern: detected" 2
FAIL: gcc.dg/vect/slp-widen-mult-half.c scan-tree-dump-times vect "vect_recog_widen_mult_pattern: detected" 2
FAIL: gcc.dg/vect/trapv-vect-reduc-4.c scan-tree-dump-times vect "Detected reduction\\\\." 2
FAIL: gcc.dg/vect/vect-104.c -flto -ffat-lto-objects scan-tree-dump-times vect "possible dependence between data-refs" 1
FAIL: gcc.dg/vect/vect-104.c scan-tree-dump-times vect "possible dependence between data-refs" 1
FAIL: gcc.dg/vect/vect-109.c -flto -ffat-lto-objects scan-tree-dump-times vect "Vectorizing an unaligned access" 3
FAIL: gcc.dg/vect/vect-109.c scan-tree-dump-times vect "Vectorizing an unaligned access" 3
FAIL: gcc.dg/vect/vect-119.c -flto -ffat-lto-objects scan-tree-dump-times vect "Detected interleaving load of size 2" 1
FAIL: gcc.dg/vect/vect-119.c scan-tree-dump-times vect "Detected interleaving load of size 2" 1
FAIL: gcc.dg/vect/vect-35-big-array.c -flto -ffat-lto-objects scan-tree-dump-times vect "can't determine dependence between" 1
FAIL: gcc.dg/vect/vect-35-big-array.c scan-tree-dump-times vect "can't determine dependence between" 1
FAIL: gcc.dg/vect/vect-91.c -flto -ffat-lto-objects scan-tree-dump-times vect "Alignment of access forced using peeling" 3
FAIL: gcc.dg/vect/vect-91.c scan-tree-dump-times vect "Alignment of access forced using peeling" 3
FAIL: gcc.dg/vect/vect-92.c -flto -ffat-lto-objects scan-tree-dump-times vect "Alignment of access forced using peeling" 3
FAIL: gcc.dg/vect/vect-92.c -flto -ffat-lto-objects scan-tree-dump-times vect "Vectorizing an unaligned access" 0
FAIL: gcc.dg/vect/vect-92.c scan-tree-dump-times vect "Alignment of access forced using peeling" 3
FAIL: gcc.dg/vect/vect-92.c scan-tree-dump-times vect "Vectorizing an unaligned access" 0
FAIL: gcc.dg/vect/vect-93.c -flto -ffat-lto-objects scan-tree-dump-times vect "Vectorizing an unaligned access" 1
FAIL: gcc.dg/vect/vect-93.c scan-tree-dump-times vect "Vectorizing an unaligned access" 1
FAIL: gcc.dg/vect/vect-multitypes-1.c -flto -ffat-lto-objects scan-tree-dump-times vect "Alignment of access forced using peeling" 2
FAIL: gcc.dg/vect/vect-multitypes-1.c -flto -ffat-lto-objects scan-tree-dump-times vect "Vectorizing an unaligned access" 4
FAIL: gcc.dg/vect/vect-multitypes-1.c scan-tree-dump-times vect "Alignment of access forced using peeling" 2
FAIL: gcc.dg/vect/vect-multitypes-1.c scan-tree-dump-times vect "Vectorizing an unaligned access" 4
FAIL: gcc.dg/vect/vect-multitypes-4.c -flto -ffat-lto-objects scan-tree-dump-times vect "Vectorizing an unaligned access" 4
XPASS: gcc.dg/vect/vect-multitypes-4.c -flto -ffat-lto-objects scan-tree-dump-times vect "Vectorizing an unaligned access" 8
FAIL: gcc.dg/vect/vect-multitypes-4.c scan-tree-dump-times vect "Vectorizing an unaligned access" 4
XPASS: gcc.dg/vect/vect-multitypes-4.c scan-tree-dump-times vect "Vectorizing an unaligned access" 8
FAIL: gcc.dg/vect/vect-multitypes-6.c -flto -ffat-lto-objects scan-tree-dump-times vect "Vectorizing an unaligned access" 6
FAIL: gcc.dg/vect/vect-multitypes-6.c scan-tree-dump-times vect "Vectorizing an unaligned access" 6
FAIL: gcc.dg/vect/vect-outer-4c-big-array.c -flto -ffat-lto-objects scan-tree-dump-times vect "zero step in outer loop." 1
FAIL: gcc.dg/vect/vect-outer-4c-big-array.c scan-tree-dump-times vect "zero step in outer loop." 1
FAIL: gcc.dg/vect/vect-peel-1.c -flto -ffat-lto-objects scan-tree-dump-times vect "Alignment of access forced using peeling" 1
FAIL: gcc.dg/vect/vect-peel-1.c scan-tree-dump-times vect "Alignment of access forced using peeling" 1
FAIL: gcc.dg/vect/vect-peel-3.c -flto -ffat-lto-objects scan-tree-dump-times vect "Vectorizing an unaligned access" 1
FAIL: gcc.dg/vect/vect-peel-3.c scan-tree-dump-times vect "Vectorizing an unaligned access" 1
FAIL: gcc.dg/vect/vect-peel-4.c -flto -ffat-lto-objects scan-tree-dump-times vect "Vectorizing an unaligned access" 1
FAIL: gcc.dg/vect/vect-peel-4.c scan-tree-dump-times vect "Vectorizing an unaligned access" 1
FAIL: gcc.dg/vect/vect-reduc-dot-s16a.c -flto -ffat-lto-objects scan-tree-dump-times vect "vect_recog_dot_prod_pattern: detected" 1
FAIL: gcc.dg/vect/vect-reduc-dot-s16a.c scan-tree-dump-times vect "vect_recog_dot_prod_pattern: detected" 1
FAIL: gcc.dg/vect/vect-reduc-dot-s8a.c -flto -ffat-lto-objects scan-tree-dump-times vect "vect_recog_dot_prod_pattern: detected" 1
FAIL: gcc.dg/vect/vect-reduc-dot-s8a.c -flto -ffat-lto-objects scan-tree-dump-times vect "vect_recog_widen_mult_pattern: detected" 1
FAIL: gcc.dg/vect/vect-reduc-dot-s8a.c scan-tree-dump-times vect "vect_recog_dot_prod_pattern: detected" 1
FAIL: gcc.dg/vect/vect-reduc-dot-s8a.c scan-tree-dump-times vect "vect_recog_widen_mult_pattern: detected" 1
FAIL: gcc.dg/vect/vect-reduc-dot-u8a.c -flto -ffat-lto-objects scan-tree-dump-times vect "vect_recog_dot_prod_pattern: detected" 1
FAIL: gcc.dg/vect/vect-reduc-dot-u8a.c scan-tree-dump-times vect "vect_recog_dot_prod_pattern: detected" 1
FAIL: gcc.dg/vect/vect-reduc-dot-u8b.c -flto -ffat-lto-objects scan-tree-dump-times vect "vect_recog_dot_prod_pattern: detected" 1
FAIL: gcc.dg/vect/vect-reduc-dot-u8b.c scan-tree-dump-times vect "vect_recog_dot_prod_pattern: detected" 1
FAIL: gcc.dg/vect/vect-reduc-pattern-1a.c -flto -ffat-lto-objects scan-tree-dump-times vect "vect_recog_widen_sum_pattern: detected" 1
FAIL: gcc.dg/vect/vect-reduc-pattern-1a.c scan-tree-dump-times vect "vect_recog_widen_sum_pattern: detected" 1
FAIL: gcc.dg/vect/vect-reduc-pattern-1b-big-array.c -flto -ffat-lto-objects scan-tree-dump-times vect "vect_recog_widen_sum_pattern: detected" 1
FAIL: gcc.dg/vect/vect-reduc-pattern-1b-big-array.c scan-tree-dump-times vect "vect_recog_widen_sum_pattern: detected" 1
FAIL: gcc.dg/vect/vect-reduc-pattern-1c-big-array.c -flto -ffat-lto-objects scan-tree-dump-times vect "vect_recog_widen_sum_pattern: detected" 1
FAIL: gcc.dg/vect/vect-reduc-pattern-1c-big-array.c scan-tree-dump-times vect "vect_recog_widen_sum_pattern: detected" 1
FAIL: gcc.dg/vect/vect-reduc-pattern-2a.c -flto -ffat-lto-objects scan-tree-dump-times vect "vect_recog_widen_sum_pattern: detected" 1
FAIL: gcc.dg/vect/vect-reduc-pattern-2a.c scan-tree-dump-times vect "vect_recog_widen_sum_pattern: detected" 1
FAIL: gcc.dg/vect/vect-reduc-pattern-2b-big-array.c -flto -ffat-lto-objects scan-tree-dump-times vect "vect_recog_widen_sum_pattern: detected" 1
FAIL: gcc.dg/vect/vect-reduc-pattern-2b-big-array.c scan-tree-dump-times vect "vect_recog_widen_sum_pattern: detected" 1
FAIL: gcc.dg/vect/vect-reduc-sad.c -flto -ffat-lto-objects scan-tree-dump-times vect "vect_recog_sad_pattern: detected" 1
FAIL: gcc.dg/vect/vect-reduc-sad.c scan-tree-dump-times vect "vect_recog_sad_pattern: detected" 1
FAIL: gcc.dg/vect/vect-widen-mult-const-s16.c -flto -ffat-lto-objects scan-tree-dump-times vect "vect_recog_widen_mult_pattern: detected" 2
FAIL: gcc.dg/vect/vect-widen-mult-const-s16.c scan-tree-dump-times vect "vect_recog_widen_mult_pattern: detected" 2
FAIL: gcc.dg/vect/vect-widen-mult-const-u16.c -flto -ffat-lto-objects scan-tree-dump-times vect "vect_recog_widen_mult_pattern: detected" 2
FAIL: gcc.dg/vect/vect-widen-mult-const-u16.c scan-tree-dump-times vect "vect_recog_widen_mult_pattern: detected" 2
FAIL: gcc.dg/vect/vect-widen-mult-half-u8.c -flto -ffat-lto-objects scan-tree-dump-times vect "vect_recog_widen_mult_pattern: detected" 2
FAIL: gcc.dg/vect/vect-widen-mult-half-u8.c scan-tree-dump-times vect "vect_recog_widen_mult_pattern: detected" 2
FAIL: gcc.dg/vect/vect-widen-mult-half.c -flto -ffat-lto-objects scan-tree-dump-times vect "vect_recog_widen_mult_pattern: detected" 1
FAIL: gcc.dg/vect/vect-widen-mult-half.c scan-tree-dump-times vect "vect_recog_widen_mult_pattern: detected" 1
FAIL: gcc.dg/vect/vect-widen-mult-sum.c -flto -ffat-lto-objects scan-tree-dump-times vect "vect_recog_widen_mult_pattern: detected" 1
FAIL: gcc.dg/vect/vect-widen-mult-sum.c scan-tree-dump-times vect "vect_recog_widen_mult_pattern: detected" 1
FAIL: gcc.dg/vect/vect-widen-mult-u16.c -flto -ffat-lto-objects scan-tree-dump-times vect "vect_recog_widen_mult_pattern: detected" 1
FAIL: gcc.dg/vect/vect-widen-mult-u16.c scan-tree-dump-times vect "vect_recog_widen_mult_pattern: detected" 1
FAIL: gcc.dg/vect/vect-widen-mult-u8-s16-s32.c -flto -ffat-lto-objects scan-tree-dump-times vect "vect_recog_widen_mult_pattern: detected" 1
FAIL: gcc.dg/vect/vect-widen-mult-u8-s16-s32.c scan-tree-dump-times vect "vect_recog_widen_mult_pattern: detected" 1
FAIL: gcc.dg/vect/wrapv-vect-reduc-dot-s8b.c scan-tree-dump-times vect "vect_recog_dot_prod_pattern: detected" 1
FAIL: gcc.dg/vect/wrapv-vect-reduc-dot-s8b.c scan-tree-dump-times vect "vect_recog_widen_mult_pattern: detected" 1
FAIL: gcc.target/i386/pr67329.c scan-tree-dump optimized "return 28;"
=== gcc Summary ===
# of expected passes 114414
# of unexpected failures 127
# of unexpected successes 28
# of expected failures 295
# of unresolved testcases 4
# of unsupported tests 2145
/export/users/nightly/gcc.svn/test-intel32coreavxiPIC/gcc-build-trunk/bld/gcc/xgcc version 6.0.0 20151127 (experimental) [trunk revision 231013] (GCC)
=== gfortran tests ===
Running target unix
FAIL: gfortran.dg/vect/fast-math-mgrid-resid.f -O scan-tree-dump-times pcom "Executing predictive commoning without unrolling" 2
FAIL: gfortran.dg/vect/fast-math-mgrid-resid.f -O scan-tree-dump-times pcom "Predictive commoning failed: no suitable chains" 0
=== gfortran Summary ===
# of expected passes 40982
# of unexpected failures 2
# of expected failures 63
# of unsupported tests 166
/export/users/nightly/gcc.svn/test-intel32coreavxiPIC/gcc-build-trunk/bld/gcc/testsuite/gfortran/../../gfortran version 6.0.0 20151127 (experimental) [trunk revision 231013] (GCC)
=== g++ tests ===
Running target unix
FAIL: c-c++-common/attr-simd-3.c -std=gnu++11 (test for excess errors)
FAIL: c-c++-common/attr-simd-3.c -std=gnu++14 (test for excess errors)
FAIL: c-c++-common/attr-simd-3.c -std=gnu++98 (test for excess errors)
FAIL: g++.dg/gcov/gcov-1.C -std=gnu++11 gcov: 3 failures in line counts, 0 in branch percentages, 0 in return percentages, 0 in intermediate format
FAIL: g++.dg/gcov/gcov-1.C -std=gnu++11 line 115: is 27:should be 14
FAIL: g++.dg/gcov/gcov-1.C -std=gnu++11 line 58: is 18:should be 9
FAIL: g++.dg/gcov/gcov-1.C -std=gnu++11 line 73: is 162:should be 81
FAIL: g++.dg/gcov/gcov-1.C -std=gnu++14 gcov: 3 failures in line counts, 0 in branch percentages, 0 in return percentages, 0 in intermediate format
FAIL: g++.dg/gcov/gcov-1.C -std=gnu++14 line 115: is 27:should be 14
FAIL: g++.dg/gcov/gcov-1.C -std=gnu++14 line 58: is 18:should be 9
FAIL: g++.dg/gcov/gcov-1.C -std=gnu++14 line 73: is 162:should be 81
FAIL: g++.dg/gcov/gcov-1.C -std=gnu++98 gcov: 3 failures in line counts, 0 in branch percentages, 0 in return percentages, 0 in intermediate format
FAIL: g++.dg/gcov/gcov-1.C -std=gnu++98 line 115: is 27:should be 14
FAIL: g++.dg/gcov/gcov-1.C -std=gnu++98 line 58: is 18:should be 9
FAIL: g++.dg/gcov/gcov-1.C -std=gnu++98 line 73: is 162:should be 81
FAIL: g++.dg/guality/pr55665.C -O2 line 23 p == 40
FAIL: g++.dg/guality/pr55665.C -O3 -g line 23 p == 40
UNRESOLVED: g++.dg/lto/20081118 cp_lto_20081118_0.o-cp_lto_20081118_1.o execute -fPIC -flto -flto-partition=1to1 -r -nostdlib
FAIL: g++.dg/lto/20081118 cp_lto_20081118_0.o-cp_lto_20081118_1.o link, -fPIC -flto -flto-partition=1to1 -r -nostdlib (internal compiler error)
UNRESOLVED: g++.dg/lto/20081204-1 cp_lto_20081204-1_0.o-cp_lto_20081204-1_1.o execute -flto -flto-partition=1to1 -fPIC -r -nostdlib
FAIL: g++.dg/lto/20081204-1 cp_lto_20081204-1_0.o-cp_lto_20081204-1_1.o link, -flto -flto-partition=1to1 -fPIC -r -nostdlib (internal compiler error)
UNRESOLVED: g++.dg/lto/20081219 cp_lto_20081219_0.o-cp_lto_20081219_1.o execute -fPIC -flto -flto-partition=1to1 -O2
FAIL: g++.dg/lto/20081219 cp_lto_20081219_0.o-cp_lto_20081219_1.o link, -fPIC -flto -flto-partition=1to1 -O2 (internal compiler error)
UNRESOLVED: g++.dg/lto/20090302 cp_lto_20090302_0.o-cp_lto_20090302_1.o execute -fPIC -flto -flto-partition=1to1 -r -nostdlib
FAIL: g++.dg/lto/20090302 cp_lto_20090302_0.o-cp_lto_20090302_1.o link, -fPIC -flto -flto-partition=1to1 -r -nostdlib (internal compiler error)
UNRESOLVED: g++.dg/lto/20091002-1 cp_lto_20091002-1_0.o-cp_lto_20091002-1_0.o execute -fPIC -flto
FAIL: g++.dg/lto/20091002-1 cp_lto_20091002-1_0.o-cp_lto_20091002-1_0.o link, -fPIC -flto (internal compiler error)
UNRESOLVED: g++.dg/lto/pr65193 cp_lto_pr65193_0.o-cp_lto_pr65193_0.o execute -fPIC -r -nostdlib -flto -O2 -g
FAIL: g++.dg/lto/pr65193 cp_lto_pr65193_0.o-cp_lto_pr65193_0.o link, -fPIC -r -nostdlib -flto -O2 -g (internal compiler error)
FAIL: g++.dg/vect/slp-pr56812.cc -std=c++11 scan-tree-dump-times slp1 "basic block vectorized" 1
FAIL: g++.dg/vect/slp-pr56812.cc -std=c++14 scan-tree-dump-times slp1 "basic block vectorized" 1
FAIL: g++.dg/vect/slp-pr56812.cc -std=c++98 scan-tree-dump-times slp1 "basic block vectorized" 1
=== g++ Summary ===
# of expected passes 98824
# of unexpected failures 26
# of expected failures 268
# of unresolved testcases 6
# of unsupported tests 3272
/export/users/nightly/gcc.svn/test-intel32coreavxiPIC/gcc-build-trunk/bld/gcc/testsuite/g++/../../xg++ version 6.0.0 20151127 (experimental) [trunk revision 231013] (GCC)
=== objc tests ===
Running target unix
=== objc Summary ===
# of expected passes 2782
# of expected failures 6
# of unsupported tests 68
/export/users/nightly/gcc.svn/test-intel32coreavxiPIC/gcc-build-trunk/bld/gcc/xgcc version 6.0.0 20151127 (experimental) [trunk revision 231013] (GCC)
=== boehm-gc tests ===
Running target unix
=== boehm-gc Summary ===
# of expected passes 12
# of unsupported tests 1
=== libatomic tests ===
Running target unix
=== libatomic Summary ===
# of expected passes 44
# of unsupported tests 5
=== libffi tests ===
Running target unix
=== libffi Summary ===
# of expected passes 2439
# of unsupported tests 30
=== libgomp tests ===
Running target unix
=== libgomp Summary ===
# of expected passes 4582
# of unsupported tests 251
=== libitm tests ===
Running target unix
=== libitm Summary ===
# of expected passes 38
# of expected failures 3
# of unsupported tests 1
=== libjava tests ===
Running target unix
=== libjava Summary ===
# of expected passes 2582
# of expected failures 4
=== libstdc++ tests ===
Running target unix
UNRESOLVED: experimental/memory/shared_ptr/cons/copy_ctor_neg.cc compilation failed to produce executable
FAIL: libstdc++-prettyprinters/cxx11.cc print fl
FAIL: libstdc++-prettyprinters/cxx11.cc print rfl
FAIL: libstdc++-prettyprinters/cxx11.cc print ruom
FAIL: libstdc++-prettyprinters/cxx11.cc print ruomm
FAIL: libstdc++-prettyprinters/cxx11.cc print ruoms
FAIL: libstdc++-prettyprinters/cxx11.cc print ruos
FAIL: libstdc++-prettyprinters/cxx11.cc print uom
FAIL: libstdc++-prettyprinters/cxx11.cc print uomm
FAIL: libstdc++-prettyprinters/cxx11.cc print uoms
FAIL: libstdc++-prettyprinters/cxx11.cc print uos
FAIL: libstdc++-prettyprinters/debug.cc print const_intset
FAIL: libstdc++-prettyprinters/debug.cc print lst
FAIL: libstdc++-prettyprinters/debug.cc print lstciter
FAIL: libstdc++-prettyprinters/debug.cc print lstiter
FAIL: libstdc++-prettyprinters/debug.cc print mp
FAIL: libstdc++-prettyprinters/debug.cc print sll
FAIL: libstdc++-prettyprinters/debug.cc print slliter
FAIL: libstdc++-prettyprinters/debug.cc print sp
FAIL: libstdc++-prettyprinters/libfundts.cc print am
FAIL: libstdc++-prettyprinters/libfundts.cc print om
FAIL: libstdc++-prettyprinters/simple.cc print const_intset
FAIL: libstdc++-prettyprinters/simple.cc print lst
FAIL: libstdc++-prettyprinters/simple.cc print lstciter
FAIL: libstdc++-prettyprinters/simple.cc print lstiter
FAIL: libstdc++-prettyprinters/simple.cc print mp
FAIL: libstdc++-prettyprinters/simple.cc print sll
FAIL: libstdc++-prettyprinters/simple.cc print slliter
FAIL: libstdc++-prettyprinters/simple.cc print sp
FAIL: libstdc++-prettyprinters/simple11.cc print const_intset
FAIL: libstdc++-prettyprinters/simple11.cc print lst
FAIL: libstdc++-prettyprinters/simple11.cc print lstciter
FAIL: libstdc++-prettyprinters/simple11.cc print lstiter
FAIL: libstdc++-prettyprinters/simple11.cc print mp
FAIL: libstdc++-prettyprinters/simple11.cc print sll
FAIL: libstdc++-prettyprinters/simple11.cc print slliter
FAIL: libstdc++-prettyprinters/simple11.cc print sp
FAIL: libstdc++-prettyprinters/tr1.cc print uom
FAIL: libstdc++-prettyprinters/tr1.cc print uomm
FAIL: libstdc++-prettyprinters/tr1.cc print uoms
FAIL: libstdc++-prettyprinters/tr1.cc print uos
=== libstdc++ Summary ===
# of expected passes 10958
# of unexpected failures 40
# of expected failures 68
# of unresolved testcases 1
# of unsupported tests 228
Compiler version: 6.0.0 20151127 (experimental) [trunk revision 231013] (GCC)
Platform: i686-pc-linux-gnu
configure flags: --with-arch=core-avx-i --with-cpu=core-avx-i ORIGINAL_AS_FOR_TARGET=/usr/local/i686-linux/bin/as ORIGINAL_LD_FOR_TARGET=/usr/local/i686-linux/bin/ld --prefix=/usr/local --enable-clocale=gnu --with-system-zlib --enable-shared --with-demangler-in-ld --enable-cloog-backend=isl --with-ppl=/opt/gnu --with-cloog=/opt/gnu i686-linux --with-fpmath=sse --enable-languages=c,c++,fortran,java,lto,objc