This is the mail archive of the
gcc-testresults@gcc.gnu.org
mailing list for the GCC project.
Results for 6.0.0 20151121 (experimental) (GCC) testsuite on x86_64-unknown-cygwin
- From: Tim Prince <tprince818 dot tp at gmail dot com>
- To: gcc-testresults at gcc dot gnu dot org
- Date: Sun, 22 Nov 2015 22:25:01 -0500
- Subject: Results for 6.0.0 20151121 (experimental) (GCC) testsuite on x86_64-unknown-cygwin
- Authentication-results: sourceware.org; auth=none
Native configuration is x86_64-unknown-cygwin
=== g++ tests ===
Running target unix
=== g++ Summary ===
# of expected passes 90520
# of unexpected failures 485
# of unexpected successes 3
# of expected failures 262
# of unresolved testcases 31
# of unsupported tests 3681
/cygdrive/c/users/tim/tim/tim/src/gnu/gcc1/cyg64/gcc/testsuite/g++/../../xg++
version 6.0.0 20151121 (experimental) (GCC)
=== gcc tests ===
=== gcc Summary ===
# of expected passes 103708
# of unexpected failures 919
# of unexpected successes 26
# of expected failures 300
# of unresolved testcases 336
# of unsupported tests 1689
/cygdrive/c/users/tim/tim/tim/src/gnu/gcc1/cyg64/gcc/xgcc version 6.0.0
20151121 (experimental) (GCC)
=== gfortran tests ===
Running target unix
FAIL: gfortran.dg/bind_c_array_params_2.f90 -O scan-assembler-times
[ \\t][\$,_0-9]*myBindC 1
FAIL: gfortran.dg/bounds_check_17.f90 -O0 execution test
XPASS: gfortran.dg/default_format_denormal_1.f90 -O0 execution test
XPASS: gfortran.dg/default_format_denormal_1.f90 -O1 execution test
XPASS: gfortran.dg/default_format_denormal_1.f90 -O2 execution test
XPASS: gfortran.dg/default_format_denormal_1.f90 -O3
-fomit-frame-pointer -funroll-loops -fpeel-loops -ftracer
-finline-functions execution test
XPASS: gfortran.dg/default_format_denormal_1.f90 -O3 -g execution test
XPASS: gfortran.dg/default_format_denormal_1.f90 -Os execution test
FAIL: gfortran.dg/endfile_4.f90 -O0 execution test
FAIL: gfortran.dg/endfile_4.f90 -O1 execution test
FAIL: gfortran.dg/endfile_4.f90 -O3 -fomit-frame-pointer
-funroll-loops -fpeel-loops -ftracer -finline-functions execution test
FAIL: gfortran.dg/endfile_4.f90 -O3 -g execution test
FAIL: gfortran.dg/endfile_4.f90 -Os execution test
FAIL: gfortran.dg/internal_dummy_2.f08 -O0 execution test
FAIL: gfortran.dg/internal_dummy_2.f08 -O1 execution test
FAIL: gfortran.dg/internal_dummy_2.f08 -O2 execution test
FAIL: gfortran.dg/internal_dummy_2.f08 -O3 -fomit-frame-pointer
-funroll-loops -fpeel-loops -ftracer -finline-functions execution test
FAIL: gfortran.dg/internal_dummy_2.f08 -O3 -g execution test
FAIL: gfortran.dg/internal_dummy_2.f08 -Os execution test
FAIL: gfortran.dg/internal_dummy_3.f08 -O0 execution test
FAIL: gfortran.dg/internal_dummy_3.f08 -O1 execution test
FAIL: gfortran.dg/internal_dummy_3.f08 -O2 execution test
FAIL: gfortran.dg/internal_dummy_3.f08 -O3 -fomit-frame-pointer
-funroll-loops -fpeel-loops -ftracer -finline-functions execution test
FAIL: gfortran.dg/internal_dummy_3.f08 -O3 -g execution test
FAIL: gfortran.dg/internal_dummy_3.f08 -Os execution test
FAIL: gfortran.dg/internal_dummy_4.f08 -O0 execution test
FAIL: gfortran.dg/pointer_check_1.f90 -O0 output pattern test, is
FAIL: gfortran.dg/pointer_check_2.f90 -O0 output pattern test, is
FAIL: gfortran.dg/pointer_check_3.f90 -O0 output pattern test, is
FAIL: gfortran.dg/pointer_check_4.f90 -O0 output pattern test, is
FAIL: gfortran.dg/proc_ptr_18.f90 -O0 execution test
FAIL: gfortran.dg/proc_ptr_19.f90 -O0 execution test
FAIL: gfortran.dg/proc_ptr_20.f90 -O0 execution test
FAIL: gfortran.dg/proc_ptr_21.f90 -O0 execution test
FAIL: gfortran.dg/proc_ptr_23.f90 -O0 execution test
FAIL: gfortran.dg/proc_ptr_25.f90 -O0 execution test
FAIL: gfortran.dg/proc_ptr_47.f90 -O0 execution test
FAIL: gfortran.dg/proc_ptr_5.f90 -O0 execution test
FAIL: gfortran.dg/proc_ptr_7.f90 -O0 execution test
FAIL: gfortran.dg/proc_ptr_comp_1.f90 -O0 execution test
FAIL: gfortran.dg/proc_ptr_comp_11.f90 -O0 execution test
FAIL: gfortran.dg/proc_ptr_comp_13.f90 -O0 execution test
FAIL: gfortran.dg/proc_ptr_comp_14.f90 -O0 execution test
FAIL: gfortran.dg/proc_ptr_comp_18.f90 -O0 execution test
FAIL: gfortran.dg/proc_ptr_comp_19.f90 -O0 execution test
FAIL: gfortran.dg/proc_ptr_comp_2.f90 -O0 execution test
FAIL: gfortran.dg/proc_ptr_comp_29.f90 -O0 execution test
FAIL: gfortran.dg/proc_ptr_comp_34.f90 -O0 execution test
FAIL: gfortran.dg/proc_ptr_comp_5.f90 -O0 execution test
FAIL: gfortran.dg/proc_ptr_comp_8.f90 -O0 execution test
FAIL: gfortran.dg/proc_ptr_comp_9.f90 -O0 execution test
FAIL: gfortran.dg/proc_ptr_comp_pass_3.f90 -O0 execution test
FAIL: gfortran.dg/proc_ptr_result_7.f90 -O0 execution test
FAIL: gfortran.dg/round_4.f90 -O0 (test for excess errors)
UNRESOLVED: gfortran.dg/round_4.f90 -O0 compilation failed to produce
executable
FAIL: gfortran.dg/round_4.f90 -O1 (test for excess errors)
UNRESOLVED: gfortran.dg/round_4.f90 -O1 compilation failed to produce
executable
FAIL: gfortran.dg/round_4.f90 -O2 (test for excess errors)
UNRESOLVED: gfortran.dg/round_4.f90 -O2 compilation failed to produce
executable
FAIL: gfortran.dg/round_4.f90 -O3 -fomit-frame-pointer -funroll-loops
-fpeel-loops -ftracer -finline-functions (test for excess errors)
UNRESOLVED: gfortran.dg/round_4.f90 -O3 -fomit-frame-pointer
-funroll-loops -fpeel-loops -ftracer -finline-functions compilation
failed to produce executable
FAIL: gfortran.dg/round_4.f90 -O3 -g (test for excess errors)
UNRESOLVED: gfortran.dg/round_4.f90 -O3 -g compilation failed to
produce executable
FAIL: gfortran.dg/round_4.f90 -Os (test for excess errors)
UNRESOLVED: gfortran.dg/round_4.f90 -Os compilation failed to produce
executable
FAIL: gfortran.dg/structure_constructor_11.f90 -O0 execution test
FAIL: gfortran.dg/structure_constructor_11.f90 -O1 execution test
FAIL: gfortran.dg/structure_constructor_11.f90 -O2 execution test
FAIL: gfortran.dg/structure_constructor_11.f90 -O3
-fomit-frame-pointer -funroll-loops -fpeel-loops -ftracer
-finline-functions execution test
FAIL: gfortran.dg/structure_constructor_11.f90 -O3 -g execution test
FAIL: gfortran.dg/structure_constructor_11.f90 -Os execution test
FAIL: gfortran.dg/unlimited_polymorphic_19.f90 -O0 execution test
FAIL: gfortran.dg/ieee/large_1.f90 -O0 (test for excess errors)
UNRESOLVED: gfortran.dg/ieee/large_1.f90 -O0 compilation failed to
produce executable
FAIL: gfortran.dg/ieee/large_1.f90 -O1 (test for excess errors)
UNRESOLVED: gfortran.dg/ieee/large_1.f90 -O1 compilation failed to
produce executable
FAIL: gfortran.dg/ieee/large_1.f90 -O2 (test for excess errors)
UNRESOLVED: gfortran.dg/ieee/large_1.f90 -O2 compilation failed to
produce executable
FAIL: gfortran.dg/ieee/large_1.f90 -O3 -fomit-frame-pointer
-funroll-loops -fpeel-loops -ftracer -finline-functions (test for
excess errors)
UNRESOLVED: gfortran.dg/ieee/large_1.f90 -O3 -fomit-frame-pointer
-funroll-loops -fpeel-loops -ftracer -finline-functions compilation
failed to produce executable
FAIL: gfortran.dg/ieee/large_1.f90 -O3 -g (test for excess errors)
UNRESOLVED: gfortran.dg/ieee/large_1.f90 -O3 -g compilation failed to
produce executable
FAIL: gfortran.dg/ieee/large_1.f90 -Os (test for excess errors)
UNRESOLVED: gfortran.dg/ieee/large_1.f90 -Os compilation failed to
produce executable
FAIL: gfortran.dg/ieee/large_2.f90 -O0 (test for excess errors)
UNRESOLVED: gfortran.dg/ieee/large_2.f90 -O0 compilation failed to
produce executable
FAIL: gfortran.dg/ieee/large_2.f90 -O1 (test for excess errors)
UNRESOLVED: gfortran.dg/ieee/large_2.f90 -O1 compilation failed to
produce executable
FAIL: gfortran.dg/ieee/large_2.f90 -O2 (test for excess errors)
UNRESOLVED: gfortran.dg/ieee/large_2.f90 -O2 compilation failed to
produce executable
FAIL: gfortran.dg/ieee/large_2.f90 -O3 -fomit-frame-pointer
-funroll-loops -fpeel-loops -ftracer -finline-functions (test for
excess errors)
UNRESOLVED: gfortran.dg/ieee/large_2.f90 -O3 -fomit-frame-pointer
-funroll-loops -fpeel-loops -ftracer -finline-functions compilation
failed to produce executable
FAIL: gfortran.dg/ieee/large_2.f90 -O3 -g (test for excess errors)
UNRESOLVED: gfortran.dg/ieee/large_2.f90 -O3 -g compilation failed to
produce executable
FAIL: gfortran.dg/ieee/large_2.f90 -Os (test for excess errors)
UNRESOLVED: gfortran.dg/ieee/large_2.f90 -Os compilation failed to
produce executable
=== gfortran Summary ===
# of expected passes 40631
# of unexpected failures 72
# of unexpected successes 6
# of expected failures 60
# of unresolved testcases 18
# of unsupported tests 278
/cygdrive/c/users/tim/tim/tim/src/gnu/gcc1/cyg64/gcc/testsuite/gfortran/../../gfortran
version 6.0.0 20151121 (experimental) (GCC)
=== libatomic tests ===
Running target unix
=== libatomic Summary ===
# of expected passes 54
=== libgomp tests ===
Running target unix
FAIL: libgomp.c/examples-4/target-1.c execution test
FAIL: libgomp.c/examples-4/target-3.c execution test
FAIL: libgomp.c/examples-4/target-4.c execution test
FAIL: libgomp.fortran/declare-simd-1.f90 -O1 execution test
=== libgomp Summary ===
# of expected passes 4570
# of unexpected failures 4
# of unsupported tests 224
=== libstdc++ tests ===
=== libstdc++ Summary ===
# of expected passes 9784
# of unexpected failures 196
# of unexpected successes 2
# of expected failures 66
# of unresolved testcases 86
# of unsupported tests 725
Compiler version: 6.0.0 20151121 (experimental) (GCC)
Platform: x86_64-unknown-cygwin
configure flags: --prefix=/usr/local/gcc6.0 --enable-languages='c c++
fortran' --enable-libgomp --enable-threads=posix --with-dwarf2
--without-libiconv-prefix --without-libintl-prefix --with-system-zlib
--disable-werror --without-cloog --without-isl