This is the mail archive of the
gcc-testresults@gcc.gnu.org
mailing list for the GCC project.
Results for 6.0.0 20151120 (experimental) [trunk revision 230651] (GCC) testsuite on sparcv9-sun-solaris2.12
- From: Rainer Orth <ro at CeBiTec dot Uni-Bielefeld dot DE>
- To: gcc-testresults at gcc dot gnu dot org
- Date: Sun, 22 Nov 2015 19:36:57 +0100 (CET)
- Subject: Results for 6.0.0 20151120 (experimental) [trunk revision 230651] (GCC) testsuite on sparcv9-sun-solaris2.12
- Authentication-results: sourceware.org; auth=none
LAST_UPDATED: Fri Nov 20 12:00:28 UTC 2015 (revision 230651)
=== acats tests ===
=== acats Summary ===
# of expected passes 2320
# of unexpected failures 0
Native configuration is sparcv9-sun-solaris2.12
=== g++ tests ===
Running target unix
FAIL: c-c++-common/attr-simd-3.c -std=gnu++11 (test for excess errors)
FAIL: c-c++-common/attr-simd-3.c -std=gnu++14 (test for excess errors)
FAIL: c-c++-common/attr-simd-3.c -std=gnu++98 (test for excess errors)
FAIL: g++.dg/concepts/auto1.C (test for errors, line 16)
FAIL: g++.dg/concepts/auto1.C (test for errors, line 27)
FAIL: g++.dg/concepts/auto1.C (internal compiler error)
FAIL: g++.dg/concepts/auto1.C (test for excess errors)
WARNING: g++.dg/init/self1.C -std=c++11 compilation failed to produce executable
WARNING: g++.dg/init/self1.C -std=c++14 compilation failed to produce executable
FAIL: g++.dg/tree-ssa/pr61034.C -std=gnu++11 scan-tree-dump-times fre2 "free" 10
FAIL: g++.dg/tree-ssa/pr61034.C -std=gnu++14 scan-tree-dump-times fre2 "free" 10
FAIL: g++.dg/tree-ssa/pr61034.C -std=gnu++98 scan-tree-dump-times fre2 "free" 10
=== g++ Summary for unix ===
# of expected passes 89684
# of unexpected failures 10
# of expected failures 271
# of unsupported tests 3648
Running target unix/-m32
FAIL: c-c++-common/attr-simd-3.c -std=gnu++11 (test for excess errors)
FAIL: c-c++-common/attr-simd-3.c -std=gnu++14 (test for excess errors)
FAIL: c-c++-common/attr-simd-3.c -std=gnu++98 (test for excess errors)
FAIL: c-c++-common/opaque-vector.c -std=c++11 (internal compiler error)
FAIL: c-c++-common/opaque-vector.c -std=c++11 (test for excess errors)
FAIL: c-c++-common/opaque-vector.c -std=c++14 (internal compiler error)
FAIL: c-c++-common/opaque-vector.c -std=c++14 (test for excess errors)
FAIL: c-c++-common/opaque-vector.c -std=c++98 (internal compiler error)
FAIL: c-c++-common/opaque-vector.c -std=c++98 (test for excess errors)
WARNING: g++.dg/init/self1.C -std=c++11 compilation failed to produce executable
WARNING: g++.dg/init/self1.C -std=c++14 compilation failed to produce executable
FAIL: g++.dg/tree-ssa/pr61034.C -std=gnu++11 scan-tree-dump-times fre2 "free" 10
FAIL: g++.dg/tree-ssa/pr61034.C -std=gnu++14 scan-tree-dump-times fre2 "free" 10
FAIL: g++.dg/tree-ssa/pr61034.C -std=gnu++98 scan-tree-dump-times fre2 "free" 10
=== g++ Summary for unix/-m32 ===
# of expected passes 87812
# of unexpected failures 12
# of expected failures 271
# of unsupported tests 3671
=== g++ Summary ===
# of expected passes 177496
# of unexpected failures 22
# of expected failures 542
# of unsupported tests 7319
/var/gcc/regression/trunk/12-gcc-64/build/gcc/testsuite/g++/../../xg++ version 6.0.0 20151120 (experimental) [trunk revision 230651] (GCC)
=== gcc tests ===
Running target unix
FAIL: gcc.c-torture/compile/pr39928-1.c -O2 (internal compiler error)
FAIL: gcc.c-torture/compile/pr39928-1.c -O2 (test for excess errors)
FAIL: gcc.c-torture/compile/pr39928-1.c -O2 -flto (internal compiler error)
FAIL: gcc.c-torture/compile/pr39928-1.c -O2 -flto (test for excess errors)
FAIL: gcc.c-torture/compile/pr39928-1.c -O2 -flto -flto-partition=none (internal compiler error)
FAIL: gcc.c-torture/compile/pr39928-1.c -O2 -flto -flto-partition=none (test for excess errors)
FAIL: gcc.c-torture/compile/pr39928-1.c -O3 -g (internal compiler error)
FAIL: gcc.c-torture/compile/pr39928-1.c -O3 -g (test for excess errors)
FAIL: gcc.c-torture/compile/pr39928-1.c -Os (internal compiler error)
FAIL: gcc.c-torture/compile/pr39928-1.c -Os (test for excess errors)
FAIL: gcc.dg/debug/dwarf2/stacked-qualified-types-3.c scan-assembler-times DIE \\\\([^\\n]*\\\\) DW_TAG_(?:const|volatile|atomic|restrict)_type 8
FAIL: gcc.dg/ifcvt-4.c scan-rtl-dump ce1 "2 true changes made"
FAIL: gcc.dg/pr63594-1.c (internal compiler error)
FAIL: gcc.dg/pr63594-1.c (test for excess errors)
FAIL: gcc.dg/pr63594-2.c (internal compiler error)
FAIL: gcc.dg/pr63594-2.c (test for excess errors)
WARNING: gcc.dg/pr63594-2.c compilation failed to produce executable
FAIL: gcc.dg/graphite/fuse-1.c scan-tree-dump-times forwprop4 "gimple_simplified to[^\\\\n]*\\\\^ 12" 1
FAIL: gcc.dg/graphite/fuse-1.c scan-tree-dump-times graphite "ISL AST generated by ISL:.*for \\\\(int c0 = 0; c0 <= 99; c0 \\\\+= 1\\\\) {.*S_.*\\\\(c0\\\\);.*S_.*\\\\(c0\\\\);.*S_.*\\\\(c0\\\\);.*}" 1
FAIL: gcc.dg/graphite/fuse-2.c scan-tree-dump-times graphite "ISL AST generated by ISL:.*for \\\\(int c0 = 0; c0 <= 99; c0 \\\\+= 1\\\\) {.*S_.*\\\\(c0\\\\);.*S_.*\\\\(c0\\\\);.*S_.*\\\\(c0\\\\);.*}" 1
FAIL: gcc.dg/torture/pr68264.c -O0 execution test
FAIL: gcc.dg/torture/pr68264.c -O1 execution test
FAIL: gcc.dg/torture/pr68264.c -O2 execution test
FAIL: gcc.dg/torture/pr68264.c -O2 -flto execution test
FAIL: gcc.dg/torture/pr68264.c -O2 -flto -flto-partition=none execution test
FAIL: gcc.dg/torture/pr68264.c -O3 -g execution test
FAIL: gcc.dg/torture/pr68264.c -Os execution test
FAIL: gcc.dg/vect/bb-slp-10.c -flto -ffat-lto-objects scan-tree-dump slp2 "unsupported alignment in basic block."
FAIL: gcc.dg/vect/bb-slp-10.c scan-tree-dump slp2 "unsupported alignment in basic block."
FAIL: gcc.dg/vect/bb-slp-subgroups-2.c -flto -ffat-lto-objects scan-tree-dump-times slp2 "Basic block will be vectorized using SLP" 1
FAIL: gcc.dg/vect/bb-slp-subgroups-2.c -flto -ffat-lto-objects scan-tree-dump-times slp2 "basic block vectorized" 1
FAIL: gcc.dg/vect/bb-slp-subgroups-2.c scan-tree-dump-times slp2 "Basic block will be vectorized using SLP" 1
FAIL: gcc.dg/vect/bb-slp-subgroups-2.c scan-tree-dump-times slp2 "basic block vectorized" 1
FAIL: gcc.dg/vect/pr20122.c -flto -ffat-lto-objects scan-tree-dump-times vect "Alignment of access forced using versioning" 2
FAIL: gcc.dg/vect/pr20122.c scan-tree-dump-times vect "Alignment of access forced using versioning" 2
=== gcc Summary for unix ===
# of expected passes 85736
# of unexpected failures 34
# of expected failures 325
# of unsupported tests 1959
Running target unix/-m32
FAIL: gcc.c-torture/compile/20070531-2.c -O2 (test for excess errors)
WARNING: program timed out.
FAIL: gcc.dg/atomic/c11-atomic-exec-2.c -O2 -flto (test for excess errors)
FAIL: gcc.dg/atomic/c11-atomic-exec-2.c -O2 -flto -flto-partition=none (test for excess errors)
FAIL: gcc.dg/atomic/c11-atomic-exec-2.c -O3 -fomit-frame-pointer -funroll-loops -fpeel-loops -ftracer -finline-functions (test for excess errors)
WARNING: gcc.dg/atomic/c11-atomic-exec-2.c -O3 -fomit-frame-pointer -funroll-loops -fpeel-loops -ftracer -finline-functions compilation failed to produce executable
FAIL: gcc.dg/atomic/c11-atomic-exec-2.c -O3 -g (test for excess errors)
WARNING: gcc.dg/atomic/c11-atomic-exec-2.c -O3 -g compilation failed to produce executable
FAIL: gcc.dg/atomic/c11-atomic-exec-3.c -O2 -flto (test for excess errors)
FAIL: gcc.dg/atomic/c11-atomic-exec-3.c -O2 -flto -flto-partition=none (test for excess errors)
FAIL: gcc.dg/atomic/c11-atomic-exec-3.c -O3 -g (test for excess errors)
WARNING: gcc.dg/atomic/c11-atomic-exec-3.c -O3 -g compilation failed to produce executable
WARNING: program timed out.
WARNING: program timed out.
WARNING: program timed out.
WARNING: program timed out.
WARNING: program timed out.
WARNING: program timed out.
WARNING: program timed out.
FAIL: gcc.dg/debug/dwarf2/stacked-qualified-types-3.c scan-assembler-times DIE \\\\([^\\n]*\\\\) DW_TAG_(?:const|volatile|atomic|restrict)_type 8
FAIL: gcc.dg/c11-atomic-2.c (test for excess errors)
WARNING: program timed out.
FAIL: gcc.dg/graphite/fuse-1.c scan-tree-dump-times forwprop4 "gimple_simplified to[^\\\\n]*\\\\^ 12" 1
FAIL: gcc.dg/graphite/fuse-1.c scan-tree-dump-times graphite "ISL AST generated by ISL:.*for \\\\(int c0 = 0; c0 <= 99; c0 \\\\+= 1\\\\) {.*S_.*\\\\(c0\\\\);.*S_.*\\\\(c0\\\\);.*S_.*\\\\(c0\\\\);.*}" 1
FAIL: gcc.dg/graphite/fuse-2.c scan-tree-dump-times graphite "ISL AST generated by ISL:.*for \\\\(int c0 = 0; c0 <= 99; c0 \\\\+= 1\\\\) {.*S_.*\\\\(c0\\\\);.*S_.*\\\\(c0\\\\);.*S_.*\\\\(c0\\\\);.*}" 1
FAIL: gcc.dg/simulate-thread/atomic-other-int.c -O2 -g thread simulation test
FAIL: gcc.dg/simulate-thread/atomic-other-int.c -O3 -g thread simulation test
FAIL: gcc.dg/simulate-thread/atomic-other-short.c -O0 -g thread simulation test
FAIL: gcc.dg/simulate-thread/speculative-store-4.c -O0 -g thread simulation test
FAIL: gcc.dg/simulate-thread/speculative-store-4.c -O2 -g thread simulation test
FAIL: gcc.dg/simulate-thread/speculative-store-4.c -O3 -g thread simulation test
FAIL: gcc.dg/simulate-thread/speculative-store.c -O0 -g thread simulation test
FAIL: gcc.dg/torture/pr68264.c -O0 execution test
FAIL: gcc.dg/torture/pr68264.c -O1 execution test
FAIL: gcc.dg/torture/pr68264.c -O2 execution test
FAIL: gcc.dg/torture/pr68264.c -O2 -flto execution test
FAIL: gcc.dg/torture/pr68264.c -O2 -flto -flto-partition=none execution test
FAIL: gcc.dg/torture/pr68264.c -O3 -g execution test
FAIL: gcc.dg/torture/pr68264.c -Os execution test
FAIL: gcc.dg/vect/bb-slp-10.c -flto -ffat-lto-objects scan-tree-dump slp2 "unsupported alignment in basic block."
FAIL: gcc.dg/vect/bb-slp-10.c scan-tree-dump slp2 "unsupported alignment in basic block."
FAIL: gcc.dg/vect/bb-slp-subgroups-2.c -flto -ffat-lto-objects scan-tree-dump-times slp2 "Basic block will be vectorized using SLP" 1
FAIL: gcc.dg/vect/bb-slp-subgroups-2.c -flto -ffat-lto-objects scan-tree-dump-times slp2 "basic block vectorized" 1
FAIL: gcc.dg/vect/bb-slp-subgroups-2.c scan-tree-dump-times slp2 "Basic block will be vectorized using SLP" 1
FAIL: gcc.dg/vect/bb-slp-subgroups-2.c scan-tree-dump-times slp2 "basic block vectorized" 1
FAIL: gcc.dg/vect/pr20122.c -flto -ffat-lto-objects scan-tree-dump-times vect "Alignment of access forced using versioning" 2
FAIL: gcc.dg/vect/pr20122.c scan-tree-dump-times vect "Alignment of access forced using versioning" 2
=== gcc Summary for unix/-m32 ===
# of expected passes 84927
# of unexpected failures 35
# of expected failures 338
# of unsupported tests 2033
=== gcc Summary ===
# of expected passes 170663
# of unexpected failures 69
# of expected failures 663
# of unsupported tests 3992
/var/gcc/regression/trunk/12-gcc-64/build/gcc/xgcc version 6.0.0 20151120 (experimental) [trunk revision 230651] (GCC)
=== gfortran tests ===
Running target unix
FAIL: gfortran.dg/large_real_kind_2.F90 -O0 execution test
FAIL: gfortran.dg/norm2_3.f90 -O0 execution test
FAIL: gfortran.dg/norm2_3.f90 -O1 execution test
FAIL: gfortran.dg/norm2_3.f90 -O2 execution test
FAIL: gfortran.dg/norm2_3.f90 -O3 -fomit-frame-pointer -funroll-loops -fpeel-loops -ftracer -finline-functions execution test
FAIL: gfortran.dg/norm2_3.f90 -O3 -g execution test
FAIL: gfortran.dg/norm2_3.f90 -Os execution test
=== gfortran Summary for unix ===
# of expected passes 41110
# of unexpected failures 7
# of expected failures 75
# of unsupported tests 104
Running target unix/-m32
FAIL: gfortran.dg/minlocval_3.f90 -O3 -fomit-frame-pointer -funroll-loops -fpeel-loops -ftracer -finline-functions (test for excess errors)
WARNING: gfortran.dg/minlocval_3.f90 -O3 -fomit-frame-pointer -funroll-loops -fpeel-loops -ftracer -finline-functions compilation failed to produce executable
FAIL: gfortran.dg/minlocval_3.f90 -O3 -g (test for excess errors)
WARNING: gfortran.dg/minlocval_3.f90 -O3 -g compilation failed to produce executable
WARNING: program timed out.
WARNING: program timed out.
=== gfortran Summary for unix/-m32 ===
# of expected passes 40866
# of unexpected failures 2
# of expected failures 75
# of unsupported tests 225
=== gfortran Summary ===
# of expected passes 81976
# of unexpected failures 9
# of expected failures 150
# of unsupported tests 329
/var/gcc/regression/trunk/12-gcc-64/build/gcc/testsuite/gfortran/../../gfortran version 6.0.0 20151120 (experimental) [trunk revision 230651] (GCC)
=== gnat tests ===
Running target unix/-m32
=== gnat Summary for unix/-m32 ===
# of expected passes 2441
# of expected failures 21
# of unsupported tests 22
Running target unix
=== gnat Summary for unix ===
# of expected passes 2441
# of expected failures 21
# of unsupported tests 22
=== gnat Summary ===
# of expected passes 4882
# of expected failures 42
# of unsupported tests 44
/var/gcc/regression/trunk/12-gcc-64/build/gcc/gnatmake version 6.0.0 20151120 (experimental) [trunk revision 230651]
=== go tests ===
Running target unix
FAIL: ./bug449-out.go compilation, -O0 -g -fno-var-tracking-assignments
FAIL: ./index0-out.go compilation, -O0 -g -fno-var-tracking-assignments
WARNING: program timed out.
WARNING: program timed out.
=== go Summary for unix ===
# of expected passes 7239
# of unexpected failures 2
# of expected failures 1
# of untested testcases 13
# of unsupported tests 3
Running target unix/-m32
FAIL: ./64bit-out.go compilation, -O0 -g -fno-var-tracking-assignments
FAIL: ./bug449-out.go compilation, -O0 -g -fno-var-tracking-assignments
FAIL: ./index0-out.go compilation, -O0 -g -fno-var-tracking-assignments
FAIL: ./slice3-out.go compilation, -O0 -g -fno-var-tracking-assignments
FAIL: go.test/test/cmplxdivide.go
WARNING: program timed out.
WARNING: program timed out.
WARNING: program timed out.
WARNING: program timed out.
WARNING: program timed out.
=== go Summary for unix/-m32 ===
# of expected passes 7354
# of unexpected failures 5
# of expected failures 1
# of untested testcases 15
# of unsupported tests 3
=== go Summary ===
# of expected passes 14593
# of unexpected failures 7
# of expected failures 2
# of untested testcases 28
# of unsupported tests 6
=== obj-c++ tests ===
Running target unix/-m32
=== obj-c++ Summary for unix/-m32 ===
# of expected passes 1439
# of expected failures 2
# of unsupported tests 77
Running target unix
=== obj-c++ Summary for unix ===
# of expected passes 1431
# of expected failures 10
# of unsupported tests 77
=== obj-c++ Summary ===
# of expected passes 2870
# of expected failures 12
# of unsupported tests 154
/var/gcc/regression/trunk/12-gcc-64/build/gcc/testsuite/obj-c++/../../xg++ version 6.0.0 20151120 (experimental) [trunk revision 230651] (GCC)
=== objc tests ===
Running target unix
=== objc Summary for unix ===
# of expected passes 2772
# of unsupported tests 68
Running target unix/-m32
=== objc Summary for unix/-m32 ===
# of expected passes 2772
# of unsupported tests 68
=== objc Summary ===
# of expected passes 5544
# of unsupported tests 136
/var/gcc/regression/trunk/12-gcc-64/build/gcc/xgcc version 6.0.0 20151120 (experimental) [trunk revision 230651] (GCC)
=== boehm-gc tests ===
Running target unix/-m32
=== boehm-gc Summary for unix/-m32 ===
# of expected passes 12
# of unsupported tests 1
Running target unix
=== boehm-gc Summary for unix ===
# of expected passes 12
# of unsupported tests 1
=== boehm-gc Summary ===
# of expected passes 24
# of unsupported tests 2
=== libatomic tests ===
Running target unix/-m32
=== libatomic Summary for unix/-m32 ===
# of expected passes 44
# of unsupported tests 5
Running target unix
=== libatomic Summary for unix ===
# of expected passes 54
=== libatomic Summary ===
# of expected passes 98
# of unsupported tests 5
=== libffi tests ===
Running target unix/-m32
=== libffi Summary for unix/-m32 ===
# of expected passes 1914
# of unsupported tests 30
Running target unix
=== libffi Summary for unix ===
# of expected passes 1914
# of unsupported tests 30
=== libffi Summary ===
# of expected passes 3828
# of unsupported tests 60
=== libgo tests ===
Running target unix
FAIL: go/build
FAIL: net/http
=== libgo Summary for unix ===
# of expected passes 131
# of unexpected failures 2
Running target unix/-m32
FAIL: reflect
FAIL: go/build
FAIL: net/http
=== libgo Summary for unix/-m32 ===
# of expected passes 130
# of unexpected failures 3
=== libgo Summary ===
# of expected passes 261
# of unexpected failures 5
/var/gcc/regression/trunk/12-gcc-64/build/./gcc/gccgo version 6.0.0 20151120 (experimental) [trunk revision 230651] (GCC)
=== libgomp tests ===
Running target unix/-m32
WARNING: program timed out.
FAIL: libgomp.c/for-3.c (test for excess errors)
WARNING: libgomp.c/for-3.c compilation failed to produce executable
WARNING: program timed out.
FAIL: libgomp.c/for-5.c (test for excess errors)
WARNING: libgomp.c/for-5.c compilation failed to produce executable
WARNING: program timed out.
FAIL: libgomp.c/for-6.c (test for excess errors)
WARNING: libgomp.c/for-6.c compilation failed to produce executable
WARNING: program timed out.
FAIL: libgomp.c++/for-11.C (test for excess errors)
WARNING: libgomp.c++/for-11.C compilation failed to produce executable
WARNING: program timed out.
FAIL: libgomp.c++/for-13.C (test for excess errors)
WARNING: libgomp.c++/for-13.C compilation failed to produce executable
WARNING: program timed out.
FAIL: libgomp.c++/for-14.C (test for excess errors)
WARNING: libgomp.c++/for-14.C compilation failed to produce executable
=== libgomp Summary for unix/-m32 ===
# of expected passes 4520
# of unexpected failures 6
# of expected failures 4
# of unsupported tests 266
Running target unix
XPASS: libgomp.c/reduction-11.c execution test
XPASS: libgomp.c/reduction-12.c execution test
XPASS: libgomp.c++/reduction-11.C execution test
XPASS: libgomp.c++/reduction-12.C execution test
=== libgomp Summary for unix ===
# of expected passes 4532
# of unexpected successes 4
# of unsupported tests 266
=== libgomp Summary ===
# of expected passes 9052
# of unexpected failures 6
# of unexpected successes 4
# of expected failures 4
# of unsupported tests 532
=== libitm tests ===
Running target unix/-m32
=== libitm Summary for unix/-m32 ===
# of expected passes 36
# of expected failures 3
# of unsupported tests 1
Running target unix
=== libitm Summary for unix ===
# of expected passes 36
# of expected failures 3
# of unsupported tests 1
=== libitm Summary ===
# of expected passes 72
# of expected failures 6
# of unsupported tests 2
=== libjava tests ===
Running target unix/-m32
=== libjava Summary for unix/-m32 ===
# of expected passes 2582
# of expected failures 4
Running target unix
=== libjava Summary for unix ===
# of expected passes 2582
# of expected failures 4
=== libjava Summary ===
# of expected passes 5164
# of expected failures 8
=== libstdc++ tests ===
Running target unix
FAIL: libstdc++-abi/abi_check
FAIL: 23_containers/vector/debug/invalidation/1.cc (test for excess errors)
WARNING: 23_containers/vector/debug/invalidation/1.cc compilation failed to produce executable
FAIL: 23_containers/vector/debug/move_assign_neg.cc (test for excess errors)
FAIL: 28_regex/algorithms/regex_match/basic/empty_range.cc (test for excess errors)
WARNING: 28_regex/algorithms/regex_match/basic/empty_range.cc compilation failed to produce executable
FAIL: 28_regex/algorithms/regex_match/ecma/char/58576.cc (test for excess errors)
FAIL: 28_regex/algorithms/regex_match/ecma/wchar_t/anymatcher.cc (test for excess errors)
WARNING: 28_regex/algorithms/regex_match/ecma/wchar_t/anymatcher.cc compilation failed to produce executable
FAIL: 28_regex/algorithms/regex_match/ecma/wchar_t/cjk_match.cc (test for excess errors)
WARNING: 28_regex/algorithms/regex_match/ecma/wchar_t/cjk_match.cc compilation failed to produce executable
FAIL: 28_regex/algorithms/regex_match/ecma/wchar_t/hex.cc (test for excess errors)
WARNING: 28_regex/algorithms/regex_match/ecma/wchar_t/hex.cc compilation failed to produce executable
FAIL: 28_regex/algorithms/regex_replace/char/basic_replace.cc (test for excess errors)
WARNING: 28_regex/algorithms/regex_replace/char/basic_replace.cc compilation failed to produce executable
FAIL: 28_regex/algorithms/regex_search/ecma/flags.cc (test for excess errors)
WARNING: 28_regex/algorithms/regex_search/ecma/flags.cc compilation failed to produce executable
FAIL: 28_regex/basic_regex/ctors/extended/cstring.cc (test for excess errors)
WARNING: 28_regex/basic_regex/ctors/extended/cstring.cc compilation failed to produce executable
FAIL: 28_regex/constants/syntax_option_type.cc (test for excess errors)
FAIL: 28_regex/match_results/format.cc (test for excess errors)
WARNING: 28_regex/match_results/format.cc compilation failed to produce executable
FAIL: experimental/algorithm/sample.cc (test for excess errors)
WARNING: experimental/algorithm/sample.cc compilation failed to produce executable
WARNING: experimental/memory/shared_ptr/cons/copy_ctor_neg.cc compilation failed to produce executable
FAIL: ext/pb_ds/regression/tree_map_rand.cc (test for excess errors)
WARNING: ext/pb_ds/regression/tree_map_rand.cc compilation failed to produce executable
FAIL: ext/pb_ds/regression/tree_set_rand.cc (test for excess errors)
WARNING: ext/pb_ds/regression/tree_set_rand.cc compilation failed to produce executable
WARNING: program timed out.
WARNING: program timed out.
WARNING: program timed out.
WARNING: program timed out.
WARNING: program timed out.
WARNING: program timed out.
WARNING: program timed out.
WARNING: program timed out.
WARNING: program timed out.
WARNING: program timed out.
WARNING: program timed out.
WARNING: program timed out.
WARNING: program timed out.
WARNING: program timed out.
WARNING: program timed out.
=== libstdc++ Summary for unix ===
# of expected passes 9853
# of unexpected failures 16
# of expected failures 68
# of unsupported tests 614
Running target unix/-m32
FAIL: libstdc++-abi/abi_check
FAIL: 28_regex/algorithms/regex_match/ecma/wchar_t/cjk_match.cc (test for excess errors)
WARNING: 28_regex/algorithms/regex_match/ecma/wchar_t/cjk_match.cc compilation failed to produce executable
FAIL: 28_regex/algorithms/regex_match/ecma/wchar_t/hex.cc (test for excess errors)
WARNING: 28_regex/algorithms/regex_match/ecma/wchar_t/hex.cc compilation failed to produce executable
WARNING: experimental/memory/shared_ptr/cons/copy_ctor_neg.cc compilation failed to produce executable
FAIL: ext/pb_ds/regression/tree_map_rand.cc (test for excess errors)
WARNING: ext/pb_ds/regression/tree_map_rand.cc compilation failed to produce executable
FAIL: ext/pb_ds/regression/tree_set_rand.cc (test for excess errors)
WARNING: ext/pb_ds/regression/tree_set_rand.cc compilation failed to produce executable
WARNING: program timed out.
WARNING: program timed out.
WARNING: program timed out.
WARNING: program timed out.
=== libstdc++ Summary for unix/-m32 ===
# of expected passes 9872
# of unexpected failures 5
# of expected failures 68
# of unsupported tests 614
=== libstdc++ Summary ===
# of expected passes 19725
# of unexpected failures 21
# of expected failures 136
# of unsupported tests 1228
Compiler version: 6.0.0 20151120 (experimental) [trunk revision 230651] (GCC)
Platform: sparcv9-sun-solaris2.12
configure flags: --prefix=/vol/gcc --target=sparcv9-sun-solaris2.12 --enable-objc-gc --with-as=/usr/ccs/bin/as --without-gnu-as --with-gmp-include=/vol/gcc/include --with-gmp-lib=/vol/gcc/lib/sparcv9 --with-mpfr-include=/vol/gcc/include --with-mpfr-lib=/vol/gcc/lib/sparcv9 --with-mpc-include=/vol/gcc/include --with-mpc-lib=/vol/gcc/lib/sparcv9 --enable-languages=all,ada,obj-c++,go --with-isl-include=/vol/gcc/include --with-isl-lib=/vol/gcc/lib/sparcv9 --with-cloog-include=/vol/gcc/include --with-cloog-lib=/vol/gcc/lib/sparcv9 --enable-cloog-backend=isl --build=sparcv9-sun-solaris2.12 --host=sparcv9-sun-solaris2.12
BOOT_CFLAGS=-g -O2