This is the mail archive of the
gcc-testresults@gcc.gnu.org
mailing list for the GCC project.
Results for 6.0.0 20151116 (experimental) [trunk revision 230443] (GCC) testsuite on hppa-unknown-linux-gnu
- From: dave dot anglin at bell dot net (John David Anglin)
- To: dave dot anglin at bell dot net, gcc-testresults at gcc dot gnu dot org
- Date: Thu, 19 Nov 2015 18:47:38 -0500 (EST)
- Subject: Results for 6.0.0 20151116 (experimental) [trunk revision 230443] (GCC) testsuite on hppa-unknown-linux-gnu
- Authentication-results: sourceware.org; auth=none
LAST_UPDATED: Mon Nov 16 23:18:07 UTC 2015 (revision 230443)
=== acats tests ===
=== acats Summary ===
# of expected passes 2320
# of unexpected failures 0
Native configuration is hppa-unknown-linux-gnu
=== gcc tests ===
Running target unix
FAIL: gcc.c-torture/execute/20020206-1.c -O0 (internal compiler error)
FAIL: gcc.c-torture/execute/20020206-1.c -O0 (test for excess errors)
UNRESOLVED: gcc.c-torture/execute/20020206-1.c -O0 compilation failed to produce executable
FAIL: gcc.c-torture/execute/scal-to-vec1.c -O0 (internal compiler error)
FAIL: gcc.c-torture/execute/scal-to-vec1.c -O0 (test for excess errors)
UNRESOLVED: gcc.c-torture/execute/scal-to-vec1.c -O0 compilation failed to produce executable
FAIL: gcc.c-torture/execute/scal-to-vec3.c -O0 (internal compiler error)
FAIL: gcc.c-torture/execute/scal-to-vec3.c -O0 (test for excess errors)
UNRESOLVED: gcc.c-torture/execute/scal-to-vec3.c -O0 compilation failed to produce executable
FAIL: gcc.dg/atomic/c11-atomic-exec-5.c -O0 execution test
FAIL: gcc.dg/atomic/c11-atomic-exec-5.c -O1 execution test
FAIL: gcc.dg/atomic/c11-atomic-exec-5.c -O2 execution test
FAIL: gcc.dg/atomic/c11-atomic-exec-5.c -O3 -fomit-frame-pointer -funroll-loops -fpeel-loops -ftracer -finline-functions execution test
FAIL: gcc.dg/atomic/c11-atomic-exec-5.c -O3 -g execution test
FAIL: gcc.dg/atomic/c11-atomic-exec-5.c -Os execution test
FAIL: gcc.dg/atomic/c11-atomic-exec-5.c -O2 -flto -fno-use-linker-plugin -flto-partition=none execution test
FAIL: gcc.dg/atomic/c11-atomic-exec-5.c -O2 -flto -fuse-linker-plugin -fno-fat-lto-objects execution test
FAIL: gcc.dg/debug/dwarf2/stacked-qualified-types-3.c scan-assembler-times DIE \\\\([^\\n]*\\\\) DW_TAG_(?:const|volatile|atomic|restrict)_type 8
FAIL: gcc.dg/Wunused-value-1.c (internal compiler error)
FAIL: gcc.dg/Wunused-value-1.c (test for warnings, line 30)
FAIL: gcc.dg/Wunused-value-1.c (test for excess errors)
FAIL: gcc.dg/loop-8.c scan-rtl-dump-times loop2_invariant "Decided" 1
FAIL: gcc.dg/loop-8.c scan-rtl-dump-not loop2_invariant "without introducing a new temporary register"
FAIL: gcc.dg/pr43300.c (internal compiler error)
FAIL: gcc.dg/pr43300.c (test for excess errors)
FAIL: gcc.dg/pr44214-1.c (internal compiler error)
FAIL: gcc.dg/pr44214-1.c (test for excess errors)
FAIL: gcc.dg/pr44214-3.c (internal compiler error)
FAIL: gcc.dg/pr44214-3.c (test for excess errors)
FAIL: c-c++-common/attr-simd.c -Wc++-compat scan-tree-dump optimized "simd_attr[ \\\\t]simdclone|vector"
FAIL: c-c++-common/attr-simd.c -Wc++-compat scan-tree-dump optimized "simd_attr2[ \\\\t]simdclone|vector"
FAIL: c-c++-common/gomp/clauses-2.c (internal compiler error)
FAIL: c-c++-common/gomp/clauses-2.c (test for errors, line 25)
FAIL: c-c++-common/gomp/clauses-2.c (test for errors, line 39)
FAIL: c-c++-common/gomp/clauses-2.c (test for errors, line 41)
FAIL: c-c++-common/gomp/clauses-2.c (test for errors, line 43)
FAIL: c-c++-common/gomp/clauses-2.c (test for excess errors)
FAIL: gcc.dg/graphite/id-pr46845.c (internal compiler error)
FAIL: gcc.dg/graphite/id-pr46845.c (test for excess errors)
FAIL: gcc.dg/graphite/fuse-1.c scan-tree-dump-times graphite "ISL AST generated by ISL:.*for \\\\(int c0 = 0; c0 <= 99; c0 \\\\+= 1\\\\) {.*S_.*\\\\(c0\\\\);.*S_.*\\\\(c0\\\\);.*S_.*\\\\(c0\\\\);.*}" 1
FAIL: gcc.dg/graphite/fuse-1.c scan-tree-dump-times forwprop4 "gimple_simplified to[^\\\\n]*\\\\^ 12" 1
FAIL: gcc.dg/graphite/fuse-2.c scan-tree-dump-times graphite "ISL AST generated by ISL:.*for \\\\(int c0 = 0; c0 <= 99; c0 \\\\+= 1\\\\) {.*S_.*\\\\(c0\\\\);.*S_.*\\\\(c0\\\\);.*S_.*\\\\(c0\\\\);.*}" 1
FAIL: gcc.dg/graphite/interchange-1.c (internal compiler error)
FAIL: gcc.dg/graphite/interchange-1.c (test for excess errors)
UNRESOLVED: gcc.dg/graphite/interchange-1.c compilation failed to produce executable
FAIL: gcc.dg/graphite/interchange-11.c (internal compiler error)
FAIL: gcc.dg/graphite/interchange-11.c (test for excess errors)
UNRESOLVED: gcc.dg/graphite/interchange-11.c compilation failed to produce executable
FAIL: gcc.dg/graphite/interchange-13.c (internal compiler error)
FAIL: gcc.dg/graphite/interchange-13.c (test for excess errors)
UNRESOLVED: gcc.dg/graphite/interchange-13.c compilation failed to produce executable
XPASS: gcc.dg/guality/example.c -O0 execution test
XPASS: gcc.dg/guality/guality.c -O0 execution test
XPASS: gcc.dg/guality/inline-params.c -O2 execution test
XPASS: gcc.dg/guality/inline-params.c -O3 -g execution test
XPASS: gcc.dg/guality/inline-params.c -Os execution test
XPASS: gcc.dg/guality/inline-params.c -O2 -flto -fno-use-linker-plugin -flto-partition=none execution test
FAIL: gcc.dg/guality/nrv-1.c -O2 line 20 a2.i[0] == 42
FAIL: gcc.dg/guality/nrv-1.c -O3 -g line 20 a2.i[0] == 42
FAIL: gcc.dg/guality/nrv-1.c -Os line 20 a2.i[0] == 42
FAIL: gcc.dg/guality/nrv-1.c -O2 -flto -fno-use-linker-plugin -flto-partition=none line 20 a2.i[0] == 42
FAIL: gcc.dg/guality/nrv-1.c -O2 -flto -fuse-linker-plugin -fno-fat-lto-objects line 20 a2.i[0] == 42
FAIL: gcc.dg/guality/pr36728-1.c -O1 line 16 arg5 == 5
FAIL: gcc.dg/guality/pr36728-1.c -O1 line 16 arg6 == 6
FAIL: gcc.dg/guality/pr36728-1.c -O1 line 16 arg7 == 30
FAIL: gcc.dg/guality/pr36728-1.c -O1 line 18 arg5 == 5
FAIL: gcc.dg/guality/pr36728-1.c -O1 line 18 arg6 == 6
FAIL: gcc.dg/guality/pr36728-1.c -O1 line 18 arg7 == 30
FAIL: gcc.dg/guality/pr36728-1.c -O2 line 16 arg5 == 5
FAIL: gcc.dg/guality/pr36728-1.c -O2 line 16 arg6 == 6
FAIL: gcc.dg/guality/pr36728-1.c -O2 line 16 arg7 == 30
FAIL: gcc.dg/guality/pr36728-1.c -O2 line 16 y == 2
FAIL: gcc.dg/guality/pr36728-1.c -O2 line 18 arg5 == 5
FAIL: gcc.dg/guality/pr36728-1.c -O2 line 18 arg6 == 6
FAIL: gcc.dg/guality/pr36728-1.c -O2 line 18 arg7 == 30
FAIL: gcc.dg/guality/pr36728-1.c -O3 -g line 16 arg5 == 5
FAIL: gcc.dg/guality/pr36728-1.c -O3 -g line 16 arg6 == 6
FAIL: gcc.dg/guality/pr36728-1.c -O3 -g line 16 arg7 == 30
FAIL: gcc.dg/guality/pr36728-1.c -O3 -g line 16 y == 2
FAIL: gcc.dg/guality/pr36728-1.c -O3 -g line 18 arg5 == 5
FAIL: gcc.dg/guality/pr36728-1.c -O3 -g line 18 arg6 == 6
FAIL: gcc.dg/guality/pr36728-1.c -O3 -g line 18 arg7 == 30
FAIL: gcc.dg/guality/pr36728-1.c -Os line 16 arg5 == 5
FAIL: gcc.dg/guality/pr36728-1.c -Os line 16 arg6 == 6
FAIL: gcc.dg/guality/pr36728-1.c -Os line 16 arg7 == 30
FAIL: gcc.dg/guality/pr36728-1.c -Os line 16 y == 2
FAIL: gcc.dg/guality/pr36728-1.c -Os line 18 arg5 == 5
FAIL: gcc.dg/guality/pr36728-1.c -Os line 18 arg6 == 6
FAIL: gcc.dg/guality/pr36728-1.c -Os line 18 arg7 == 30
FAIL: gcc.dg/guality/pr36728-1.c -O2 -flto -fno-use-linker-plugin -flto-partition=none line 16 arg5 == 5
FAIL: gcc.dg/guality/pr36728-1.c -O2 -flto -fno-use-linker-plugin -flto-partition=none line 16 arg6 == 6
FAIL: gcc.dg/guality/pr36728-1.c -O2 -flto -fno-use-linker-plugin -flto-partition=none line 16 arg7 == 30
FAIL: gcc.dg/guality/pr36728-1.c -O2 -flto -fno-use-linker-plugin -flto-partition=none line 16 y == 2
FAIL: gcc.dg/guality/pr36728-1.c -O2 -flto -fno-use-linker-plugin -flto-partition=none line 18 arg5 == 5
FAIL: gcc.dg/guality/pr36728-1.c -O2 -flto -fno-use-linker-plugin -flto-partition=none line 18 arg6 == 6
FAIL: gcc.dg/guality/pr36728-1.c -O2 -flto -fno-use-linker-plugin -flto-partition=none line 18 arg7 == 30
FAIL: gcc.dg/guality/pr36728-1.c -O2 -flto -fuse-linker-plugin -fno-fat-lto-objects line 16 arg5 == 5
FAIL: gcc.dg/guality/pr36728-1.c -O2 -flto -fuse-linker-plugin -fno-fat-lto-objects line 16 arg6 == 6
FAIL: gcc.dg/guality/pr36728-1.c -O2 -flto -fuse-linker-plugin -fno-fat-lto-objects line 16 arg7 == 30
FAIL: gcc.dg/guality/pr36728-1.c -O2 -flto -fuse-linker-plugin -fno-fat-lto-objects line 16 y == 2
FAIL: gcc.dg/guality/pr36728-1.c -O2 -flto -fuse-linker-plugin -fno-fat-lto-objects line 18 arg5 == 5
FAIL: gcc.dg/guality/pr36728-1.c -O2 -flto -fuse-linker-plugin -fno-fat-lto-objects line 18 arg6 == 6
FAIL: gcc.dg/guality/pr36728-1.c -O2 -flto -fuse-linker-plugin -fno-fat-lto-objects line 18 arg7 == 30
FAIL: gcc.dg/guality/pr36728-2.c -O1 line 16 arg5 == 5
FAIL: gcc.dg/guality/pr36728-2.c -O1 line 16 arg6 == 6
FAIL: gcc.dg/guality/pr36728-2.c -O1 line 16 arg7 == 30
FAIL: gcc.dg/guality/pr36728-2.c -O1 line 18 arg5 == 5
FAIL: gcc.dg/guality/pr36728-2.c -O1 line 18 arg6 == 6
FAIL: gcc.dg/guality/pr36728-2.c -O1 line 18 arg7 == 30
FAIL: gcc.dg/guality/pr36728-2.c -O2 line 16 arg5 == 5
FAIL: gcc.dg/guality/pr36728-2.c -O2 line 16 arg6 == 6
FAIL: gcc.dg/guality/pr36728-2.c -O2 line 16 arg7 == 30
FAIL: gcc.dg/guality/pr36728-2.c -O2 line 18 arg5 == 5
FAIL: gcc.dg/guality/pr36728-2.c -O2 line 18 arg6 == 6
FAIL: gcc.dg/guality/pr36728-2.c -O2 line 18 arg7 == 30
FAIL: gcc.dg/guality/pr36728-2.c -O3 -g line 16 arg5 == 5
FAIL: gcc.dg/guality/pr36728-2.c -O3 -g line 16 arg6 == 6
FAIL: gcc.dg/guality/pr36728-2.c -O3 -g line 16 arg7 == 30
FAIL: gcc.dg/guality/pr36728-2.c -O3 -g line 18 arg5 == 5
FAIL: gcc.dg/guality/pr36728-2.c -O3 -g line 18 arg6 == 6
FAIL: gcc.dg/guality/pr36728-2.c -O3 -g line 18 arg7 == 30
FAIL: gcc.dg/guality/pr36728-2.c -Os line 16 arg5 == 5
FAIL: gcc.dg/guality/pr36728-2.c -Os line 16 arg6 == 6
FAIL: gcc.dg/guality/pr36728-2.c -Os line 16 arg7 == 30
FAIL: gcc.dg/guality/pr36728-2.c -Os line 16 y == 2
FAIL: gcc.dg/guality/pr36728-2.c -Os line 18 arg5 == 5
FAIL: gcc.dg/guality/pr36728-2.c -Os line 18 arg6 == 6
FAIL: gcc.dg/guality/pr36728-2.c -Os line 18 arg7 == 30
FAIL: gcc.dg/guality/pr36728-2.c -O2 -flto -fno-use-linker-plugin -flto-partition=none line 16 arg5 == 5
FAIL: gcc.dg/guality/pr36728-2.c -O2 -flto -fno-use-linker-plugin -flto-partition=none line 16 arg6 == 6
FAIL: gcc.dg/guality/pr36728-2.c -O2 -flto -fno-use-linker-plugin -flto-partition=none line 16 arg7 == 30
FAIL: gcc.dg/guality/pr36728-2.c -O2 -flto -fno-use-linker-plugin -flto-partition=none line 18 arg5 == 5
FAIL: gcc.dg/guality/pr36728-2.c -O2 -flto -fno-use-linker-plugin -flto-partition=none line 18 arg6 == 6
FAIL: gcc.dg/guality/pr36728-2.c -O2 -flto -fno-use-linker-plugin -flto-partition=none line 18 arg7 == 30
FAIL: gcc.dg/guality/pr36728-2.c -O2 -flto -fuse-linker-plugin -fno-fat-lto-objects line 16 arg5 == 5
FAIL: gcc.dg/guality/pr36728-2.c -O2 -flto -fuse-linker-plugin -fno-fat-lto-objects line 16 arg6 == 6
FAIL: gcc.dg/guality/pr36728-2.c -O2 -flto -fuse-linker-plugin -fno-fat-lto-objects line 16 arg7 == 30
FAIL: gcc.dg/guality/pr36728-2.c -O2 -flto -fuse-linker-plugin -fno-fat-lto-objects line 18 arg5 == 5
FAIL: gcc.dg/guality/pr36728-2.c -O2 -flto -fuse-linker-plugin -fno-fat-lto-objects line 18 arg6 == 6
FAIL: gcc.dg/guality/pr36728-2.c -O2 -flto -fuse-linker-plugin -fno-fat-lto-objects line 18 arg7 == 30
FAIL: gcc.dg/guality/pr36728-3.c -O1 line 14 arg5 == 5
FAIL: gcc.dg/guality/pr36728-3.c -O1 line 14 arg6 == 6
FAIL: gcc.dg/guality/pr36728-3.c -O1 line 14 arg7 == 30
FAIL: gcc.dg/guality/pr36728-3.c -O1 line 16 arg5 == 5
FAIL: gcc.dg/guality/pr36728-3.c -O1 line 16 arg6 == 6
FAIL: gcc.dg/guality/pr36728-3.c -O1 line 16 arg7 == 30
FAIL: gcc.dg/guality/pr36728-3.c -O2 line 14 arg5 == 5
FAIL: gcc.dg/guality/pr36728-3.c -O2 line 14 arg6 == 6
FAIL: gcc.dg/guality/pr36728-3.c -O2 line 14 arg7 == 30
FAIL: gcc.dg/guality/pr36728-3.c -O2 line 16 arg5 == 5
FAIL: gcc.dg/guality/pr36728-3.c -O2 line 16 arg6 == 6
FAIL: gcc.dg/guality/pr36728-3.c -O2 line 16 arg7 == 30
FAIL: gcc.dg/guality/pr36728-3.c -O3 -g line 14 arg5 == 5
FAIL: gcc.dg/guality/pr36728-3.c -O3 -g line 14 arg6 == 6
FAIL: gcc.dg/guality/pr36728-3.c -O3 -g line 14 arg7 == 30
FAIL: gcc.dg/guality/pr36728-3.c -O3 -g line 16 arg5 == 5
FAIL: gcc.dg/guality/pr36728-3.c -O3 -g line 16 arg6 == 6
FAIL: gcc.dg/guality/pr36728-3.c -O3 -g line 16 arg7 == 30
FAIL: gcc.dg/guality/pr36728-3.c -Os line 14 arg5 == 5
FAIL: gcc.dg/guality/pr36728-3.c -Os line 14 arg6 == 6
FAIL: gcc.dg/guality/pr36728-3.c -Os line 14 arg7 == 30
FAIL: gcc.dg/guality/pr36728-3.c -Os line 16 arg5 == 5
FAIL: gcc.dg/guality/pr36728-3.c -Os line 16 arg6 == 6
FAIL: gcc.dg/guality/pr36728-3.c -Os line 16 arg7 == 30
FAIL: gcc.dg/guality/pr36728-3.c -O2 -flto -fno-use-linker-plugin -flto-partition=none line 14 arg5 == 5
FAIL: gcc.dg/guality/pr36728-3.c -O2 -flto -fno-use-linker-plugin -flto-partition=none line 14 arg6 == 6
FAIL: gcc.dg/guality/pr36728-3.c -O2 -flto -fno-use-linker-plugin -flto-partition=none line 14 arg7 == 30
FAIL: gcc.dg/guality/pr36728-3.c -O2 -flto -fno-use-linker-plugin -flto-partition=none line 16 arg5 == 5
FAIL: gcc.dg/guality/pr36728-3.c -O2 -flto -fno-use-linker-plugin -flto-partition=none line 16 arg6 == 6
FAIL: gcc.dg/guality/pr36728-3.c -O2 -flto -fno-use-linker-plugin -flto-partition=none line 16 arg7 == 30
FAIL: gcc.dg/guality/pr36728-3.c -O2 -flto -fuse-linker-plugin -fno-fat-lto-objects line 14 arg5 == 5
FAIL: gcc.dg/guality/pr36728-3.c -O2 -flto -fuse-linker-plugin -fno-fat-lto-objects line 14 arg6 == 6
FAIL: gcc.dg/guality/pr36728-3.c -O2 -flto -fuse-linker-plugin -fno-fat-lto-objects line 14 arg7 == 30
FAIL: gcc.dg/guality/pr36728-3.c -O2 -flto -fuse-linker-plugin -fno-fat-lto-objects line 16 arg5 == 5
FAIL: gcc.dg/guality/pr36728-3.c -O2 -flto -fuse-linker-plugin -fno-fat-lto-objects line 16 arg6 == 6
FAIL: gcc.dg/guality/pr36728-3.c -O2 -flto -fuse-linker-plugin -fno-fat-lto-objects line 16 arg7 == 30
FAIL: gcc.dg/guality/pr36728-4.c -O1 line 14 arg5 == 5
FAIL: gcc.dg/guality/pr36728-4.c -O1 line 14 arg6 == 6
FAIL: gcc.dg/guality/pr36728-4.c -O1 line 14 arg7 == 30
FAIL: gcc.dg/guality/pr36728-4.c -O1 line 16 arg5 == 5
FAIL: gcc.dg/guality/pr36728-4.c -O1 line 16 arg6 == 6
FAIL: gcc.dg/guality/pr36728-4.c -O1 line 16 arg7 == 30
FAIL: gcc.dg/guality/pr36728-4.c -O2 line 14 arg5 == 5
FAIL: gcc.dg/guality/pr36728-4.c -O2 line 14 arg6 == 6
FAIL: gcc.dg/guality/pr36728-4.c -O2 line 14 arg7 == 30
FAIL: gcc.dg/guality/pr36728-4.c -O2 line 16 arg5 == 5
FAIL: gcc.dg/guality/pr36728-4.c -O2 line 16 arg6 == 6
FAIL: gcc.dg/guality/pr36728-4.c -O2 line 16 arg7 == 30
FAIL: gcc.dg/guality/pr36728-4.c -O3 -g line 14 arg5 == 5
FAIL: gcc.dg/guality/pr36728-4.c -O3 -g line 14 arg6 == 6
FAIL: gcc.dg/guality/pr36728-4.c -O3 -g line 14 arg7 == 30
FAIL: gcc.dg/guality/pr36728-4.c -O3 -g line 16 arg5 == 5
FAIL: gcc.dg/guality/pr36728-4.c -O3 -g line 16 arg6 == 6
FAIL: gcc.dg/guality/pr36728-4.c -O3 -g line 16 arg7 == 30
FAIL: gcc.dg/guality/pr36728-4.c -Os line 14 arg5 == 5
FAIL: gcc.dg/guality/pr36728-4.c -Os line 14 arg6 == 6
FAIL: gcc.dg/guality/pr36728-4.c -Os line 14 arg7 == 30
FAIL: gcc.dg/guality/pr36728-4.c -Os line 16 arg5 == 5
FAIL: gcc.dg/guality/pr36728-4.c -Os line 16 arg6 == 6
FAIL: gcc.dg/guality/pr36728-4.c -Os line 16 arg7 == 30
FAIL: gcc.dg/guality/pr36728-4.c -O2 -flto -fno-use-linker-plugin -flto-partition=none line 14 arg5 == 5
FAIL: gcc.dg/guality/pr36728-4.c -O2 -flto -fno-use-linker-plugin -flto-partition=none line 14 arg6 == 6
FAIL: gcc.dg/guality/pr36728-4.c -O2 -flto -fno-use-linker-plugin -flto-partition=none line 14 arg7 == 30
FAIL: gcc.dg/guality/pr36728-4.c -O2 -flto -fno-use-linker-plugin -flto-partition=none line 16 arg5 == 5
FAIL: gcc.dg/guality/pr36728-4.c -O2 -flto -fno-use-linker-plugin -flto-partition=none line 16 arg6 == 6
FAIL: gcc.dg/guality/pr36728-4.c -O2 -flto -fno-use-linker-plugin -flto-partition=none line 16 arg7 == 30
FAIL: gcc.dg/guality/pr36728-4.c -O2 -flto -fuse-linker-plugin -fno-fat-lto-objects line 14 arg5 == 5
FAIL: gcc.dg/guality/pr36728-4.c -O2 -flto -fuse-linker-plugin -fno-fat-lto-objects line 14 arg6 == 6
FAIL: gcc.dg/guality/pr36728-4.c -O2 -flto -fuse-linker-plugin -fno-fat-lto-objects line 14 arg7 == 30
FAIL: gcc.dg/guality/pr36728-4.c -O2 -flto -fuse-linker-plugin -fno-fat-lto-objects line 16 arg5 == 5
FAIL: gcc.dg/guality/pr36728-4.c -O2 -flto -fuse-linker-plugin -fno-fat-lto-objects line 16 arg6 == 6
FAIL: gcc.dg/guality/pr36728-4.c -O2 -flto -fuse-linker-plugin -fno-fat-lto-objects line 16 arg7 == 30
XPASS: gcc.dg/guality/pr41353-1.c -O0 line 28 j == 28 + 37
FAIL: gcc.dg/guality/pr41404-1.c -O2 -flto -fuse-linker-plugin -fno-fat-lto-objects line 10 *foo == 'f'
FAIL: gcc.dg/guality/pr41404-1.c -O2 -flto -fuse-linker-plugin -fno-fat-lto-objects line 14 *foo == 'b'
FAIL: gcc.dg/guality/pr41404-1.c -O2 -flto -fuse-linker-plugin -fno-fat-lto-objects line 24 *foo == 'f'
FAIL: gcc.dg/guality/pr41447-1.c -O1 execution test
FAIL: gcc.dg/guality/pr41447-1.c -O2 execution test
FAIL: gcc.dg/guality/pr41447-1.c -O3 -g execution test
FAIL: gcc.dg/guality/pr41447-1.c -Os execution test
FAIL: gcc.dg/guality/pr41447-1.c -O2 -flto -fno-use-linker-plugin -flto-partition=none execution test
FAIL: gcc.dg/guality/pr41447-1.c -O2 -flto -fuse-linker-plugin -fno-fat-lto-objects execution test
FAIL: gcc.dg/guality/pr41616-1.c -O1 execution test
FAIL: gcc.dg/guality/pr41616-1.c -O2 execution test
FAIL: gcc.dg/guality/pr41616-1.c -O3 -g execution test
FAIL: gcc.dg/guality/pr41616-1.c -Os execution test
FAIL: gcc.dg/guality/pr41616-1.c -O2 -flto -fno-use-linker-plugin -flto-partition=none execution test
FAIL: gcc.dg/guality/pr41616-1.c -O2 -flto -fuse-linker-plugin -fno-fat-lto-objects execution test
FAIL: gcc.dg/guality/pr45882.c -O2 -flto -fuse-linker-plugin -fno-fat-lto-objects line 16 d == 112
FAIL: gcc.dg/guality/pr45882.c -O2 -flto -fuse-linker-plugin -fno-fat-lto-objects line 16 e == 142
FAIL: gcc.dg/guality/pr54200.c -O2 line 20 z == 3
FAIL: gcc.dg/guality/pr54200.c -O3 -g line 20 z == 3
FAIL: gcc.dg/guality/pr54200.c -Os line 20 z == 3
FAIL: gcc.dg/guality/pr54200.c -O2 -flto -fno-use-linker-plugin -flto-partition=none line 20 z == 3
FAIL: gcc.dg/guality/pr54200.c -O2 -flto -fuse-linker-plugin -fno-fat-lto-objects line 20 z == 3
FAIL: gcc.dg/guality/pr54519-1.c -O2 line 20 y == 25
FAIL: gcc.dg/guality/pr54519-1.c -O2 line 23 y == 117
FAIL: gcc.dg/guality/pr54519-1.c -Os line 20 y == 25
FAIL: gcc.dg/guality/pr54519-1.c -Os line 23 y == 117
FAIL: gcc.dg/guality/pr54519-1.c -O2 -flto -fno-use-linker-plugin -flto-partition=none line 20 y == 25
FAIL: gcc.dg/guality/pr54519-1.c -O2 -flto -fno-use-linker-plugin -flto-partition=none line 20 z == 6
FAIL: gcc.dg/guality/pr54519-1.c -O2 -flto -fno-use-linker-plugin -flto-partition=none line 23 y == 117
FAIL: gcc.dg/guality/pr54519-1.c -O2 -flto -fno-use-linker-plugin -flto-partition=none line 23 z == 8
FAIL: gcc.dg/guality/pr54519-2.c -O1 line 17 y == 25
FAIL: gcc.dg/guality/pr54519-2.c -O2 line 17 y == 25
FAIL: gcc.dg/guality/pr54519-2.c -Os line 17 y == 25
FAIL: gcc.dg/guality/pr54519-2.c -O2 -flto -fno-use-linker-plugin -flto-partition=none line 17 y == 25
FAIL: gcc.dg/guality/pr54519-2.c -O2 -flto -fuse-linker-plugin -fno-fat-lto-objects line 17 y == 25
FAIL: gcc.dg/guality/pr54519-3.c -O1 line 20 z == 6
FAIL: gcc.dg/guality/pr54519-3.c -O1 line 23 z == 8
FAIL: gcc.dg/guality/pr54519-3.c -O2 line 20 z == 6
FAIL: gcc.dg/guality/pr54519-3.c -O2 line 23 z == 8
FAIL: gcc.dg/guality/pr54519-3.c -O3 -g line 20 z == 6
FAIL: gcc.dg/guality/pr54519-3.c -O3 -g line 23 z == 8
FAIL: gcc.dg/guality/pr54519-3.c -Os line 20 z == 6
FAIL: gcc.dg/guality/pr54519-3.c -Os line 23 z == 8
FAIL: gcc.dg/guality/pr54519-3.c -O2 -flto -fno-use-linker-plugin -flto-partition=none line 20 y == 25
FAIL: gcc.dg/guality/pr54519-3.c -O2 -flto -fno-use-linker-plugin -flto-partition=none line 20 z == 6
FAIL: gcc.dg/guality/pr54519-3.c -O2 -flto -fno-use-linker-plugin -flto-partition=none line 23 y == 117
FAIL: gcc.dg/guality/pr54519-3.c -O2 -flto -fno-use-linker-plugin -flto-partition=none line 23 z == 8
FAIL: gcc.dg/guality/pr54519-3.c -O2 -flto -fuse-linker-plugin -fno-fat-lto-objects line 20 y == 25
FAIL: gcc.dg/guality/pr54519-3.c -O2 -flto -fuse-linker-plugin -fno-fat-lto-objects line 20 z == 6
FAIL: gcc.dg/guality/pr54519-3.c -O2 -flto -fuse-linker-plugin -fno-fat-lto-objects line 23 y == 117
FAIL: gcc.dg/guality/pr54519-3.c -O2 -flto -fuse-linker-plugin -fno-fat-lto-objects line 23 z == 8
FAIL: gcc.dg/guality/pr54519-4.c -O1 line 17 y == 25
FAIL: gcc.dg/guality/pr54519-4.c -O2 line 17 y == 25
FAIL: gcc.dg/guality/pr54519-4.c -O3 -g line 17 y == 25
FAIL: gcc.dg/guality/pr54519-4.c -Os line 17 y == 25
FAIL: gcc.dg/guality/pr54519-4.c -O2 -flto -fno-use-linker-plugin -flto-partition=none line 17 y == 25
FAIL: gcc.dg/guality/pr54519-4.c -O2 -flto -fuse-linker-plugin -fno-fat-lto-objects line 17 y == 25
FAIL: gcc.dg/guality/pr54519-5.c -O2 -flto -fno-use-linker-plugin -flto-partition=none line 17 y == 25
FAIL: gcc.dg/guality/pr54519-5.c -O2 -flto -fuse-linker-plugin -fno-fat-lto-objects line 17 y == 25
FAIL: gcc.dg/guality/sra-1.c -O1 line 43 a.j == 14
FAIL: gcc.dg/guality/sra-1.c -O2 line 43 a.j == 14
FAIL: gcc.dg/guality/sra-1.c -O3 -g line 43 a.j == 14
FAIL: gcc.dg/guality/sra-1.c -Os line 43 a.j == 14
FAIL: gcc.dg/guality/sra-1.c -O2 -flto -fno-use-linker-plugin -flto-partition=none line 43 a.j == 14
FAIL: gcc.dg/guality/sra-1.c -O2 -flto -fuse-linker-plugin -fno-fat-lto-objects line 43 a.j == 14
FAIL: gcc.dg/guality/vla-1.c -O1 line 17 sizeof (a) == 6
FAIL: gcc.dg/guality/vla-1.c -O2 line 17 sizeof (a) == 6
FAIL: gcc.dg/guality/vla-1.c -O3 -g line 17 sizeof (a) == 6
FAIL: gcc.dg/guality/vla-1.c -Os line 17 sizeof (a) == 6
FAIL: gcc.dg/guality/vla-1.c -O2 -flto -fno-use-linker-plugin -flto-partition=none line 17 sizeof (a) == 6
FAIL: gcc.dg/guality/vla-1.c -O2 -flto -fuse-linker-plugin -fno-fat-lto-objects line 17 sizeof (a) == 6
FAIL: c-c++-common/torture/vector-compare-1.c -O0 execution test
FAIL: gcc.dg/torture/pr50396.c -O0 (internal compiler error)
FAIL: gcc.dg/torture/pr50396.c -O0 (test for excess errors)
UNRESOLVED: gcc.dg/torture/pr50396.c -O0 compilation failed to produce executable
FAIL: gcc.dg/tree-prof/cold_partition_label.c scan-assembler foo[._]+cold[._]+0
FAIL: gcc.dg/tree-prof/cold_partition_label.c scan-assembler size[ \\ta-zA-Z0-0]+foo[._]+cold[._]+0
FAIL: gcc.dg/tree-ssa/ivopts-lt-2.c scan-tree-dump-times ivopts "PHI <p_" 1
FAIL: gcc.dg/tree-ssa/ivopts-lt-2.c scan-tree-dump-times ivopts "p_[0-9]* <" 1
XPASS: gcc.dg/tree-ssa/loop-1.c scan-assembler-times foo 5
FAIL: gcc.dg/tree-ssa/pr65447.c scan-tree-dump-not ivopts "\\\\nuse 5\\\\n"
FAIL: gcc.dg/tree-ssa/split-path-1.c execution test
=== gcc Summary ===
# of expected passes 84324
# of unexpected failures 280
# of unexpected successes 8
# of expected failures 149
# of unresolved testcases 7
# of unsupported tests 1617
/home/dave/gnu/gcc/objdir/gcc/xgcc version 6.0.0 20151116 (experimental) [trunk revision 230443] (GCC)
=== gfortran tests ===
Running target unix
=== gfortran Summary ===
# of expected passes 40090
# of expected failures 74
# of unsupported tests 321
/home/dave/gnu/gcc/objdir/gcc/testsuite/gfortran/../../gfortran version 6.0.0 20151116 (experimental) [trunk revision 230443] (GCC)
=== g++ tests ===
Running target unix
UNRESOLVED: g++.dg/init/self1.C -std=c++11 compilation failed to produce executable
UNRESOLVED: g++.dg/init/self1.C -std=c++14 compilation failed to produce executable
FAIL: g++.dg/parse/parens3.C -std=gnu++98 (internal compiler error)
FAIL: g++.dg/parse/parens3.C -std=gnu++98 (test for excess errors)
FAIL: g++.dg/parse/parens3.C -std=gnu++11 (internal compiler error)
FAIL: g++.dg/parse/parens3.C -std=gnu++11 (test for excess errors)
FAIL: g++.dg/parse/parens3.C -std=gnu++14 (internal compiler error)
FAIL: g++.dg/parse/parens3.C -std=gnu++14 (test for excess errors)
FAIL: g++.dg/tree-ssa/pr61034.C -std=gnu++98 scan-tree-dump-times fre2 "free" 10
FAIL: g++.dg/tree-ssa/pr61034.C -std=gnu++11 scan-tree-dump-times fre2 "free" 10
FAIL: g++.dg/tree-ssa/pr61034.C -std=gnu++14 scan-tree-dump-times fre2 "free" 10
FAIL: c-c++-common/attr-simd-3.c -std=gnu++98 (test for errors, line 5)
FAIL: c-c++-common/attr-simd-3.c -std=gnu++98 (test for excess errors)
FAIL: c-c++-common/attr-simd-3.c -std=gnu++11 (test for errors, line 5)
FAIL: c-c++-common/attr-simd-3.c -std=gnu++11 (test for excess errors)
FAIL: c-c++-common/attr-simd-3.c -std=gnu++14 (test for errors, line 5)
FAIL: c-c++-common/attr-simd-3.c -std=gnu++14 (test for excess errors)
FAIL: c-c++-common/attr-simd.c -std=gnu++98 scan-tree-dump optimized "simd_attr[ \\\\t]simdclone|vector"
FAIL: c-c++-common/attr-simd.c -std=gnu++98 scan-tree-dump optimized "simd_attr2[ \\\\t]simdclone|vector"
FAIL: c-c++-common/attr-simd.c -std=gnu++11 scan-tree-dump optimized "simd_attr[ \\\\t]simdclone|vector"
FAIL: c-c++-common/attr-simd.c -std=gnu++11 scan-tree-dump optimized "simd_attr2[ \\\\t]simdclone|vector"
FAIL: c-c++-common/attr-simd.c -std=gnu++14 scan-tree-dump optimized "simd_attr[ \\\\t]simdclone|vector"
FAIL: c-c++-common/attr-simd.c -std=gnu++14 scan-tree-dump optimized "simd_attr2[ \\\\t]simdclone|vector"
FAIL: c-c++-common/gomp/clauses-2.c -std=c++98 (internal compiler error)
FAIL: c-c++-common/gomp/clauses-2.c -std=c++98 (test for errors, line 25)
FAIL: c-c++-common/gomp/clauses-2.c -std=c++98 (test for errors, line 39)
FAIL: c-c++-common/gomp/clauses-2.c -std=c++98 (test for errors, line 41)
FAIL: c-c++-common/gomp/clauses-2.c -std=c++98 (test for errors, line 43)
FAIL: c-c++-common/gomp/clauses-2.c -std=c++98 (test for excess errors)
FAIL: c-c++-common/gomp/clauses-2.c -std=c++11 (internal compiler error)
FAIL: c-c++-common/gomp/clauses-2.c -std=c++11 (test for errors, line 25)
FAIL: c-c++-common/gomp/clauses-2.c -std=c++11 (test for errors, line 39)
FAIL: c-c++-common/gomp/clauses-2.c -std=c++11 (test for errors, line 41)
FAIL: c-c++-common/gomp/clauses-2.c -std=c++11 (test for errors, line 43)
FAIL: c-c++-common/gomp/clauses-2.c -std=c++11 (test for excess errors)
FAIL: c-c++-common/gomp/clauses-2.c -std=c++14 (internal compiler error)
FAIL: c-c++-common/gomp/clauses-2.c -std=c++14 (test for errors, line 25)
FAIL: c-c++-common/gomp/clauses-2.c -std=c++14 (test for errors, line 39)
FAIL: c-c++-common/gomp/clauses-2.c -std=c++14 (test for errors, line 41)
FAIL: c-c++-common/gomp/clauses-2.c -std=c++14 (test for errors, line 43)
FAIL: c-c++-common/gomp/clauses-2.c -std=c++14 (test for excess errors)
FAIL: g++.dg/guality/pr55665.C -O2 line 23 p == 40
FAIL: g++.dg/guality/pr55665.C -O3 -g line 23 p == 40
XPASS: g++.dg/tls/thread_local-order2.C -std=c++11 execution test
XPASS: g++.dg/tls/thread_local-order2.C -std=c++14 execution test
FAIL: c-c++-common/torture/vector-compare-1.c -O0 execution test
=== g++ Summary ===
# of expected passes 87892
# of unexpected failures 42
# of unexpected successes 2
# of expected failures 263
# of unresolved testcases 2
# of unsupported tests 3598
/home/dave/gnu/gcc/objdir/gcc/testsuite/g++/../../xg++ version 6.0.0 20151116 (experimental) [trunk revision 230443] (GCC)
=== gnat tests ===
Running target unix
=== gnat Summary ===
# of expected passes 2437
# of expected failures 21
# of unsupported tests 19
/home/dave/gnu/gcc/objdir/gcc/gnatmake version 6.0.0 20151116 (experimental) [trunk revision 230443]
=== obj-c++ tests ===
Running target unix
=== obj-c++ Summary ===
# of expected passes 1439
# of expected failures 2
# of unsupported tests 77
/home/dave/gnu/gcc/objdir/gcc/testsuite/obj-c++/../../xg++ version 6.0.0 20151116 (experimental) [trunk revision 230443] (GCC)
=== objc tests ===
Running target unix
=== objc Summary ===
# of expected passes 2772
# of unsupported tests 68
/home/dave/gnu/gcc/objdir/gcc/xgcc version 6.0.0 20151116 (experimental) [trunk revision 230443] (GCC)
=== boehm-gc tests ===
Running target unix
=== boehm-gc Summary ===
# of expected passes 12
# of unsupported tests 1
=== libatomic tests ===
Running target unix
=== libatomic Summary ===
# of expected passes 44
# of unsupported tests 5
=== libffi tests ===
Running target unix
=== libffi Summary ===
# of expected passes 1914
# of unsupported tests 30
=== libgomp tests ===
Running target unix
FAIL: libgomp.c/target-29.c (internal compiler error)
FAIL: libgomp.c/target-29.c (test for excess errors)
UNRESOLVED: libgomp.c/target-29.c compilation failed to produce executable
FAIL: libgomp.c++/target-15.C (internal compiler error)
FAIL: libgomp.c++/target-15.C (test for excess errors)
UNRESOLVED: libgomp.c++/target-15.C compilation failed to produce executable
FAIL: libgomp.c++/target-16.C (internal compiler error)
FAIL: libgomp.c++/target-16.C (test for excess errors)
UNRESOLVED: libgomp.c++/target-16.C compilation failed to produce executable
FAIL: libgomp.c++/target-17.C (internal compiler error)
FAIL: libgomp.c++/target-17.C (test for excess errors)
UNRESOLVED: libgomp.c++/target-17.C compilation failed to produce executable
FAIL: libgomp.c++/target-19.C (internal compiler error)
FAIL: libgomp.c++/target-19.C (test for excess errors)
UNRESOLVED: libgomp.c++/target-19.C compilation failed to produce executable
FAIL: libgomp.fortran/target8.f90 -O2 execution test
FAIL: libgomp.oacc-c++/../libgomp.oacc-c-c++-common/loop-auto-1.c -DACC_DEVICE_TYPE_host=1 -DACC_MEM_SHARED=1 (internal compiler error)
FAIL: libgomp.oacc-c++/../libgomp.oacc-c-c++-common/loop-auto-1.c -DACC_DEVICE_TYPE_host=1 -DACC_MEM_SHARED=1 (test for excess errors)
UNRESOLVED: libgomp.oacc-c++/../libgomp.oacc-c-c++-common/loop-auto-1.c -DACC_DEVICE_TYPE_host=1 -DACC_MEM_SHARED=1 compilation failed to produce executable
=== libgomp Summary ===
# of expected passes 4515
# of unexpected failures 13
# of expected failures 4
# of unresolved testcases 6
# of unsupported tests 264
=== libjava tests ===
Running target unix
=== libjava Summary ===
# of expected passes 2582
# of expected failures 4
=== libstdc++ tests ===
Running target unix
FAIL: libstdc++-abi/abi_check
FAIL: 22_locale/numpunct/members/char/3.cc execution test
FAIL: 22_locale/time_get/get_date/wchar_t/4.cc execution test
WARNING: program timed out.
FAIL: 30_threads/condition_variable/54185.cc execution test
UNRESOLVED: experimental/memory/shared_ptr/cons/copy_ctor_neg.cc compilation failed to produce executable
WARNING: program timed out.
FAIL: ext/rope/pthread7-rope.cc execution test
FAIL: libstdc++-prettyprinters/libfundts.cc print ab
FAIL: libstdc++-prettyprinters/libfundts.cc print ai
FAIL: libstdc++-prettyprinters/libfundts.cc print ap
FAIL: libstdc++-prettyprinters/libfundts.cc print as
FAIL: libstdc++-prettyprinters/libfundts.cc print as2
FAIL: libstdc++-prettyprinters/libfundts.cc print am
=== libstdc++ Summary ===
# of expected passes 10806
# of unexpected failures 11
# of expected failures 68
# of unresolved testcases 1
# of unsupported tests 265
Compiler version: 6.0.0 20151116 (experimental) [trunk revision 230443] (GCC)
Platform: hppa-unknown-linux-gnu
configure flags: --with-gnu-as --with-gnu-ld --enable-shared --enable-multiarch --enable-linker-build-id --build=hppa-linux-gnu --host=hppa-linux-gnu --target=hppa-linux-gnu --prefix=/home/dave/opt/gnu/gcc/gcc-6 --with-local-prefix=/home/dave/opt/gnu --enable-threads=posix --enable-__cxa_atexit --build=hppa-linux-gnu --enable-clocale=gnu --enable-java-gc=boehm --enable-languages=c,c++,objc,fortran,obj-c++,java,ada,lto