This is the mail archive of the
gcc-testresults@gcc.gnu.org
mailing list for the GCC project.
Results for 6.0.0 20151113 (experimental) [trunk revision 230309] (GCC) testsuite on sparcv9-sun-solaris2.11
- From: Rainer Orth <ro at CeBiTec dot Uni-Bielefeld dot DE>
- To: gcc-testresults at gcc dot gnu dot org
- Date: Mon, 16 Nov 2015 17:45:07 +0100 (CET)
- Subject: Results for 6.0.0 20151113 (experimental) [trunk revision 230309] (GCC) testsuite on sparcv9-sun-solaris2.11
- Authentication-results: sourceware.org; auth=none
LAST_UPDATED: Fri Nov 13 12:30:44 UTC 2015 (revision 230309)
=== acats tests ===
=== acats Summary ===
# of expected passes 2320
# of unexpected failures 0
Native configuration is sparcv9-sun-solaris2.11
=== g++ tests ===
Running target unix
FAIL: g++.dg/concepts/auto1.C (test for errors, line 16)
FAIL: g++.dg/concepts/auto1.C (test for errors, line 27)
FAIL: g++.dg/concepts/auto1.C (internal compiler error)
FAIL: g++.dg/concepts/auto1.C (test for excess errors)
FAIL: g++.dg/tree-ssa/pr61034.C -std=gnu++11 scan-tree-dump-times fre2 "free" 10
FAIL: g++.dg/tree-ssa/pr61034.C -std=gnu++14 scan-tree-dump-times fre2 "free" 10
FAIL: g++.dg/tree-ssa/pr61034.C -std=gnu++98 scan-tree-dump-times fre2 "free" 10
FAIL: c-c++-common/goacc/data-default-1.c -std=c++11 (test for excess errors)
FAIL: c-c++-common/goacc/data-default-1.c -std=c++11 2 (test for warnings, line 15)
FAIL: c-c++-common/goacc/data-default-1.c -std=c++11 2 (test for warnings, line 9)
FAIL: c-c++-common/goacc/data-default-1.c -std=c++14 (test for excess errors)
FAIL: c-c++-common/goacc/data-default-1.c -std=c++14 2 (test for warnings, line 15)
FAIL: c-c++-common/goacc/data-default-1.c -std=c++14 2 (test for warnings, line 9)
FAIL: c-c++-common/goacc/data-default-1.c -std=c++98 (test for excess errors)
FAIL: c-c++-common/goacc/data-default-1.c -std=c++98 2 (test for warnings, line 15)
FAIL: c-c++-common/goacc/data-default-1.c -std=c++98 2 (test for warnings, line 9)
=== g++ Summary for unix ===
# of expected passes 89414
# of unexpected failures 16
# of expected failures 285
# of unsupported tests 3671
Running target unix/-m32
FAIL: c-c++-common/opaque-vector.c -std=c++11 (internal compiler error)
FAIL: c-c++-common/opaque-vector.c -std=c++11 (test for excess errors)
FAIL: c-c++-common/opaque-vector.c -std=c++14 (internal compiler error)
FAIL: c-c++-common/opaque-vector.c -std=c++14 (test for excess errors)
FAIL: c-c++-common/opaque-vector.c -std=c++98 (internal compiler error)
FAIL: c-c++-common/opaque-vector.c -std=c++98 (test for excess errors)
FAIL: g++.dg/tree-ssa/pr61034.C -std=gnu++11 scan-tree-dump-times fre2 "free" 10
FAIL: g++.dg/tree-ssa/pr61034.C -std=gnu++14 scan-tree-dump-times fre2 "free" 10
FAIL: g++.dg/tree-ssa/pr61034.C -std=gnu++98 scan-tree-dump-times fre2 "free" 10
FAIL: c-c++-common/goacc/data-default-1.c -std=c++11 (test for excess errors)
FAIL: c-c++-common/goacc/data-default-1.c -std=c++11 2 (test for warnings, line 15)
FAIL: c-c++-common/goacc/data-default-1.c -std=c++11 2 (test for warnings, line 9)
FAIL: c-c++-common/goacc/data-default-1.c -std=c++14 (test for excess errors)
FAIL: c-c++-common/goacc/data-default-1.c -std=c++14 2 (test for warnings, line 15)
FAIL: c-c++-common/goacc/data-default-1.c -std=c++14 2 (test for warnings, line 9)
FAIL: c-c++-common/goacc/data-default-1.c -std=c++98 (test for excess errors)
FAIL: c-c++-common/goacc/data-default-1.c -std=c++98 2 (test for warnings, line 15)
FAIL: c-c++-common/goacc/data-default-1.c -std=c++98 2 (test for warnings, line 9)
=== g++ Summary for unix/-m32 ===
# of expected passes 87542
# of unexpected failures 18
# of expected failures 285
# of unsupported tests 3694
=== g++ Summary ===
# of expected passes 176956
# of unexpected failures 34
# of expected failures 570
# of unsupported tests 7365
/var/gcc/regression/trunk/11-gcc-64/build/gcc/testsuite/g++/../../xg++ version 6.0.0 20151113 (experimental) [trunk revision 230309] (GCC)
=== gcc tests ===
Running target unix
FAIL: gcc.c-torture/compile/pr39928-1.c -O2 (internal compiler error)
FAIL: gcc.c-torture/compile/pr39928-1.c -O2 (test for excess errors)
FAIL: gcc.c-torture/compile/pr39928-1.c -O2 -flto (internal compiler error)
FAIL: gcc.c-torture/compile/pr39928-1.c -O2 -flto (test for excess errors)
FAIL: gcc.c-torture/compile/pr39928-1.c -O2 -flto -flto-partition=none (internal compiler error)
FAIL: gcc.c-torture/compile/pr39928-1.c -O2 -flto -flto-partition=none (test for excess errors)
FAIL: gcc.c-torture/compile/pr39928-1.c -O3 -g (internal compiler error)
FAIL: gcc.c-torture/compile/pr39928-1.c -O3 -g (test for excess errors)
FAIL: gcc.c-torture/compile/pr39928-1.c -Os (internal compiler error)
FAIL: gcc.c-torture/compile/pr39928-1.c -Os (test for excess errors)
FAIL: gcc.dg/debug/dwarf2/stacked-qualified-types-3.c scan-assembler-times DIE \\\\([^\\n]*\\\\) DW_TAG_(?:const|volatile|atomic|restrict)_type 8
FAIL: gcc.dg/ifcvt-4.c scan-rtl-dump ce1 "2 true changes made"
FAIL: gcc.dg/pr63594-1.c (internal compiler error)
FAIL: gcc.dg/pr63594-1.c (test for excess errors)
FAIL: gcc.dg/pr63594-2.c (internal compiler error)
FAIL: gcc.dg/pr63594-2.c (test for excess errors)
WARNING: gcc.dg/pr63594-2.c compilation failed to produce executable
FAIL: gcc.dg/unroll-2.c (test for warnings, line 24)
FAIL: gcc.dg/visibility-22.c execution test
FAIL: c-c++-common/goacc/data-default-1.c (test for excess errors)
FAIL: c-c++-common/goacc/data-default-1.c 2 (test for warnings, line 15)
FAIL: c-c++-common/goacc/data-default-1.c 2 (test for warnings, line 9)
FAIL: gcc.dg/graphite/fuse-1.c scan-tree-dump-times forwprop4 "gimple_simplified to[^\\\\n]*\\\\^ 12" 1
FAIL: gcc.dg/graphite/fuse-1.c scan-tree-dump-times graphite "ISL AST generated by ISL:.*for \\\\(int c0 = 0; c0 <= 99; c0 \\\\+= 1\\\\) {.*S_.*\\\\(c0\\\\);.*S_.*\\\\(c0\\\\);.*S_.*\\\\(c0\\\\);.*}" 1
FAIL: gcc.dg/graphite/fuse-2.c scan-tree-dump-times graphite "ISL AST generated by ISL:.*for \\\\(int c0 = 0; c0 <= 99; c0 \\\\+= 1\\\\) {.*S_.*\\\\(c0\\\\);.*S_.*\\\\(c0\\\\);.*S_.*\\\\(c0\\\\);.*}" 1
FAIL: gcc.dg/graphite/interchange-1.c (internal compiler error)
FAIL: gcc.dg/graphite/interchange-1.c (test for excess errors)
WARNING: gcc.dg/graphite/interchange-1.c compilation failed to produce executable
FAIL: gcc.dg/graphite/interchange-11.c (internal compiler error)
FAIL: gcc.dg/graphite/interchange-11.c (test for excess errors)
WARNING: gcc.dg/graphite/interchange-11.c compilation failed to produce executable
FAIL: gcc.dg/graphite/interchange-13.c (internal compiler error)
FAIL: gcc.dg/graphite/interchange-13.c (test for excess errors)
WARNING: gcc.dg/graphite/interchange-13.c compilation failed to produce executable
FAIL: gcc.dg/vect/bb-slp-10.c -flto -ffat-lto-objects scan-tree-dump slp2 "unsupported alignment in basic block."
FAIL: gcc.dg/vect/bb-slp-10.c scan-tree-dump slp2 "unsupported alignment in basic block."
FAIL: gcc.dg/vect/pr20122.c -flto -ffat-lto-objects scan-tree-dump-times vect "Alignment of access forced using versioning" 2
FAIL: gcc.dg/vect/pr20122.c scan-tree-dump-times vect "Alignment of access forced using versioning" 2
=== gcc Summary for unix ===
# of expected passes 85194
# of unexpected failures 34
# of expected failures 326
# of unsupported tests 1964
Running target unix/-m32
FAIL: gcc.dg/debug/dwarf2/stacked-qualified-types-3.c scan-assembler-times DIE \\\\([^\\n]*\\\\) DW_TAG_(?:const|volatile|atomic|restrict)_type 8
FAIL: gcc.dg/c11-atomic-2.c (test for excess errors)
FAIL: gcc.dg/unroll-2.c (test for warnings, line 24)
FAIL: gcc.dg/visibility-22.c execution test
WARNING: program timed out.
FAIL: c-c++-common/goacc/data-default-1.c (test for excess errors)
FAIL: c-c++-common/goacc/data-default-1.c 2 (test for warnings, line 15)
FAIL: c-c++-common/goacc/data-default-1.c 2 (test for warnings, line 9)
FAIL: gcc.dg/graphite/fuse-1.c scan-tree-dump-times forwprop4 "gimple_simplified to[^\\\\n]*\\\\^ 12" 1
FAIL: gcc.dg/graphite/fuse-1.c scan-tree-dump-times graphite "ISL AST generated by ISL:.*for \\\\(int c0 = 0; c0 <= 99; c0 \\\\+= 1\\\\) {.*S_.*\\\\(c0\\\\);.*S_.*\\\\(c0\\\\);.*S_.*\\\\(c0\\\\);.*}" 1
FAIL: gcc.dg/graphite/fuse-2.c scan-tree-dump-times graphite "ISL AST generated by ISL:.*for \\\\(int c0 = 0; c0 <= 99; c0 \\\\+= 1\\\\) {.*S_.*\\\\(c0\\\\);.*S_.*\\\\(c0\\\\);.*S_.*\\\\(c0\\\\);.*}" 1
FAIL: gcc.dg/graphite/interchange-1.c (internal compiler error)
FAIL: gcc.dg/graphite/interchange-1.c (test for excess errors)
WARNING: gcc.dg/graphite/interchange-1.c compilation failed to produce executable
FAIL: gcc.dg/graphite/interchange-11.c (internal compiler error)
FAIL: gcc.dg/graphite/interchange-11.c (test for excess errors)
WARNING: gcc.dg/graphite/interchange-11.c compilation failed to produce executable
FAIL: gcc.dg/graphite/interchange-13.c (internal compiler error)
FAIL: gcc.dg/graphite/interchange-13.c (test for excess errors)
WARNING: gcc.dg/graphite/interchange-13.c compilation failed to produce executable
FAIL: gcc.dg/simulate-thread/atomic-other-int.c -O2 -g thread simulation test
FAIL: gcc.dg/simulate-thread/atomic-other-int.c -O3 -g thread simulation test
FAIL: gcc.dg/simulate-thread/speculative-store-4.c -O0 -g thread simulation test
FAIL: gcc.dg/simulate-thread/speculative-store-4.c -O2 -g thread simulation test
FAIL: gcc.dg/simulate-thread/speculative-store-4.c -O3 -g thread simulation test
FAIL: gcc.dg/simulate-thread/speculative-store.c -O0 -g thread simulation test
FAIL: gcc.dg/vect/bb-slp-10.c -flto -ffat-lto-objects scan-tree-dump slp2 "unsupported alignment in basic block."
FAIL: gcc.dg/vect/bb-slp-10.c scan-tree-dump slp2 "unsupported alignment in basic block."
FAIL: gcc.dg/vect/pr20122.c -flto -ffat-lto-objects scan-tree-dump-times vect "Alignment of access forced using versioning" 2
FAIL: gcc.dg/vect/pr20122.c scan-tree-dump-times vect "Alignment of access forced using versioning" 2
=== gcc Summary for unix/-m32 ===
# of expected passes 84401
# of unexpected failures 26
# of expected failures 339
# of unsupported tests 2037
=== gcc Summary ===
# of expected passes 169595
# of unexpected failures 60
# of expected failures 665
# of unsupported tests 4001
/var/gcc/regression/trunk/11-gcc-64/build/gcc/xgcc version 6.0.0 20151113 (experimental) [trunk revision 230309] (GCC)
=== gfortran tests ===
Running target unix
FAIL: gfortran.dg/do_iterator.f90 -O changing do-iterator 3 (test for errors, line 10)
FAIL: gfortran.dg/do_iterator.f90 -O changing do-iterator 3 (test for errors, line 9)
=== gfortran Summary for unix ===
# of expected passes 41024
# of unexpected failures 2
# of expected failures 75
# of unsupported tests 104
Running target unix/-m32
FAIL: gfortran.dg/do_iterator.f90 -O changing do-iterator 3 (test for errors, line 10)
FAIL: gfortran.dg/do_iterator.f90 -O changing do-iterator 3 (test for errors, line 9)
=== gfortran Summary for unix/-m32 ===
# of expected passes 40777
# of unexpected failures 2
# of expected failures 75
# of unsupported tests 225
=== gfortran Summary ===
# of expected passes 81801
# of unexpected failures 4
# of expected failures 150
# of unsupported tests 329
/var/gcc/regression/trunk/11-gcc-64/build/gcc/testsuite/gfortran/../../gfortran version 6.0.0 20151113 (experimental) [trunk revision 230309] (GCC)
=== gnat tests ===
Running target unix/-m32
=== gnat Summary for unix/-m32 ===
# of expected passes 2432
# of expected failures 21
# of unsupported tests 22
Running target unix
=== gnat Summary for unix ===
# of expected passes 2432
# of expected failures 21
# of unsupported tests 22
=== gnat Summary ===
# of expected passes 4864
# of expected failures 42
# of unsupported tests 44
/var/gcc/regression/trunk/11-gcc-64/build/gcc/gnatmake version 6.0.0 20151113 (experimental) [trunk revision 230309]
=== go tests ===
Running target unix
=== go Summary for unix ===
# of expected passes 7243
# of expected failures 1
# of untested testcases 11
# of unsupported tests 3
Running target unix/-m32
FAIL: go.go-torture/execute/array-1.go execution, -O0
FAIL: go.go-torture/execute/array-1.go execution, -O1
FAIL: go.go-torture/execute/array-1.go execution, -O2
FAIL: go.go-torture/execute/array-1.go execution, -O2 -fbounds-check
FAIL: go.go-torture/execute/array-1.go execution, -O2 -fomit-frame-pointer -finline-functions
FAIL: go.go-torture/execute/array-1.go execution, -O2 -fomit-frame-pointer -finline-functions -funroll-loops
FAIL: go.go-torture/execute/array-1.go execution, -O3 -g
FAIL: go.go-torture/execute/array-1.go execution, -Os
FAIL: go.go-torture/execute/array-2.go execution, -O0
FAIL: go.go-torture/execute/array-2.go execution, -O1
FAIL: go.go-torture/execute/array-2.go execution, -O2
FAIL: go.go-torture/execute/array-2.go execution, -O2 -fbounds-check
FAIL: go.go-torture/execute/array-2.go execution, -O2 -fomit-frame-pointer -finline-functions
FAIL: go.go-torture/execute/array-2.go execution, -O2 -fomit-frame-pointer -finline-functions -funroll-loops
FAIL: go.go-torture/execute/array-2.go execution, -O3 -g
FAIL: go.go-torture/execute/array-2.go execution, -Os
FAIL: go.go-torture/execute/chan-1.go execution, -O0
FAIL: go.go-torture/execute/chan-1.go execution, -O1
FAIL: go.go-torture/execute/chan-1.go execution, -O2
FAIL: go.go-torture/execute/chan-1.go execution, -O2 -fbounds-check
FAIL: go.go-torture/execute/chan-1.go execution, -O2 -fomit-frame-pointer -finline-functions
FAIL: go.go-torture/execute/chan-1.go execution, -O2 -fomit-frame-pointer -finline-functions -funroll-loops
FAIL: go.go-torture/execute/chan-1.go execution, -O3 -g
FAIL: go.go-torture/execute/chan-1.go execution, -Os
FAIL: go.go-torture/execute/const-1.go execution, -O0
FAIL: go.go-torture/execute/const-1.go execution, -O1
FAIL: go.go-torture/execute/const-1.go execution, -O2
FAIL: go.go-torture/execute/const-1.go execution, -O2 -fbounds-check
FAIL: go.go-torture/execute/const-1.go execution, -O2 -fomit-frame-pointer -finline-functions
FAIL: go.go-torture/execute/const-1.go execution, -O2 -fomit-frame-pointer -finline-functions -funroll-loops
FAIL: go.go-torture/execute/const-1.go execution, -O3 -g
FAIL: go.go-torture/execute/const-1.go execution, -Os
FAIL: go.go-torture/execute/const-2.go execution, -O0
FAIL: go.go-torture/execute/const-2.go execution, -O1
FAIL: go.go-torture/execute/const-2.go execution, -O2
FAIL: go.go-torture/execute/const-2.go execution, -O2 -fbounds-check
FAIL: go.go-torture/execute/const-2.go execution, -O2 -fomit-frame-pointer -finline-functions
FAIL: go.go-torture/execute/const-2.go execution, -O2 -fomit-frame-pointer -finline-functions -funroll-loops
FAIL: go.go-torture/execute/const-2.go execution, -O3 -g
FAIL: go.go-torture/execute/const-2.go execution, -Os
FAIL: go.go-torture/execute/expr-1.go execution, -O0
FAIL: go.go-torture/execute/expr-1.go execution, -O1
FAIL: go.go-torture/execute/expr-1.go execution, -O2
FAIL: go.go-torture/execute/expr-1.go execution, -O2 -fbounds-check
FAIL: go.go-torture/execute/expr-1.go execution, -O2 -fomit-frame-pointer -finline-functions
FAIL: go.go-torture/execute/expr-1.go execution, -O2 -fomit-frame-pointer -finline-functions -funroll-loops
FAIL: go.go-torture/execute/expr-1.go execution, -O3 -g
FAIL: go.go-torture/execute/expr-1.go execution, -Os
FAIL: go.go-torture/execute/for-1.go execution, -O0
FAIL: go.go-torture/execute/for-1.go execution, -O1
FAIL: go.go-torture/execute/for-1.go execution, -O2
FAIL: go.go-torture/execute/for-1.go execution, -O2 -fbounds-check
FAIL: go.go-torture/execute/for-1.go execution, -O2 -fomit-frame-pointer -finline-functions
FAIL: go.go-torture/execute/for-1.go execution, -O2 -fomit-frame-pointer -finline-functions -funroll-loops
FAIL: go.go-torture/execute/for-1.go execution, -O3 -g
FAIL: go.go-torture/execute/for-1.go execution, -Os
FAIL: go.go-torture/execute/for-2.go execution, -O0
FAIL: go.go-torture/execute/for-2.go execution, -O1
FAIL: go.go-torture/execute/for-2.go execution, -O2
FAIL: go.go-torture/execute/for-2.go execution, -O2 -fbounds-check
FAIL: go.go-torture/execute/for-2.go execution, -O2 -fomit-frame-pointer -finline-functions
FAIL: go.go-torture/execute/for-2.go execution, -O2 -fomit-frame-pointer -finline-functions -funroll-loops
FAIL: go.go-torture/execute/for-2.go execution, -O3 -g
FAIL: go.go-torture/execute/for-2.go execution, -Os
FAIL: go.go-torture/execute/function-1.go execution, -O0
FAIL: go.go-torture/execute/function-1.go execution, -O1
FAIL: go.go-torture/execute/function-1.go execution, -O2
FAIL: go.go-torture/execute/function-1.go execution, -O2 -fbounds-check
FAIL: go.go-torture/execute/function-1.go execution, -O2 -fomit-frame-pointer -finline-functions
FAIL: go.go-torture/execute/function-1.go execution, -O2 -fomit-frame-pointer -finline-functions -funroll-loops
FAIL: go.go-torture/execute/function-1.go execution, -O3 -g
FAIL: go.go-torture/execute/function-1.go execution, -Os
FAIL: go.go-torture/execute/function-2.go execution, -O0
FAIL: go.go-torture/execute/function-2.go execution, -O1
FAIL: go.go-torture/execute/function-2.go execution, -O2
FAIL: go.go-torture/execute/function-2.go execution, -O2 -fbounds-check
FAIL: go.go-torture/execute/function-2.go execution, -O2 -fomit-frame-pointer -finline-functions
FAIL: go.go-torture/execute/function-2.go execution, -O2 -fomit-frame-pointer -finline-functions -funroll-loops
FAIL: go.go-torture/execute/function-2.go execution, -O3 -g
FAIL: go.go-torture/execute/function-2.go execution, -Os
FAIL: go.go-torture/execute/go-1.go execution, -O0
FAIL: go.go-torture/execute/go-1.go execution, -O1
FAIL: go.go-torture/execute/go-1.go execution, -O2
FAIL: go.go-torture/execute/go-1.go execution, -O2 -fbounds-check
FAIL: go.go-torture/execute/go-1.go execution, -O2 -fomit-frame-pointer -finline-functions
FAIL: go.go-torture/execute/go-1.go execution, -O2 -fomit-frame-pointer -finline-functions -funroll-loops
FAIL: go.go-torture/execute/go-1.go execution, -O3 -g
FAIL: go.go-torture/execute/go-1.go execution, -Os
FAIL: go.go-torture/execute/go-2.go execution, -O0
FAIL: go.go-torture/execute/go-2.go execution, -O1
FAIL: go.go-torture/execute/go-2.go execution, -O2
FAIL: go.go-torture/execute/go-2.go execution, -O2 -fbounds-check
FAIL: go.go-torture/execute/go-2.go execution, -O2 -fomit-frame-pointer -finline-functions
FAIL: go.go-torture/execute/go-2.go execution, -O2 -fomit-frame-pointer -finline-functions -funroll-loops
FAIL: go.go-torture/execute/go-2.go execution, -O3 -g
FAIL: go.go-torture/execute/go-2.go execution, -Os
FAIL: go.go-torture/execute/go-3.go execution, -O0
FAIL: go.go-torture/execute/go-3.go execution, -O1
FAIL: go.go-torture/execute/go-3.go execution, -O2
FAIL: go.go-torture/execute/go-3.go execution, -O2 -fbounds-check
FAIL: go.go-torture/execute/go-3.go execution, -O2 -fomit-frame-pointer -finline-functions
FAIL: go.go-torture/execute/go-3.go execution, -O2 -fomit-frame-pointer -finline-functions -funroll-loops
FAIL: go.go-torture/execute/go-3.go execution, -O3 -g
FAIL: go.go-torture/execute/go-3.go execution, -Os
FAIL: go.go-torture/execute/goto-1.go execution, -O0
FAIL: go.go-torture/execute/goto-1.go execution, -O1
FAIL: go.go-torture/execute/goto-1.go execution, -O2
FAIL: go.go-torture/execute/goto-1.go execution, -O2 -fbounds-check
FAIL: go.go-torture/execute/goto-1.go execution, -O2 -fomit-frame-pointer -finline-functions
FAIL: go.go-torture/execute/goto-1.go execution, -O2 -fomit-frame-pointer -finline-functions -funroll-loops
FAIL: go.go-torture/execute/goto-1.go execution, -O3 -g
FAIL: go.go-torture/execute/goto-1.go execution, -Os
FAIL: go.go-torture/execute/map-1.go execution, -O0
FAIL: go.go-torture/execute/map-1.go execution, -O1
FAIL: go.go-torture/execute/map-1.go execution, -O2
FAIL: go.go-torture/execute/map-1.go execution, -O2 -fbounds-check
FAIL: go.go-torture/execute/map-1.go execution, -O2 -fomit-frame-pointer -finline-functions
FAIL: go.go-torture/execute/map-1.go execution, -O2 -fomit-frame-pointer -finline-functions -funroll-loops
FAIL: go.go-torture/execute/map-1.go execution, -O3 -g
FAIL: go.go-torture/execute/map-1.go execution, -Os
FAIL: go.go-torture/execute/method-1.go execution, -O0
FAIL: go.go-torture/execute/method-1.go execution, -O1
FAIL: go.go-torture/execute/method-1.go execution, -O2
FAIL: go.go-torture/execute/method-1.go execution, -O2 -fbounds-check
FAIL: go.go-torture/execute/method-1.go execution, -O2 -fomit-frame-pointer -finline-functions
FAIL: go.go-torture/execute/method-1.go execution, -O2 -fomit-frame-pointer -finline-functions -funroll-loops
FAIL: go.go-torture/execute/method-1.go execution, -O3 -g
FAIL: go.go-torture/execute/method-1.go execution, -Os
FAIL: go.go-torture/execute/nested-1.go execution, -O0
FAIL: go.go-torture/execute/nested-1.go execution, -O1
FAIL: go.go-torture/execute/nested-1.go execution, -O2
FAIL: go.go-torture/execute/nested-1.go execution, -O2 -fbounds-check
FAIL: go.go-torture/execute/nested-1.go execution, -O2 -fomit-frame-pointer -finline-functions
FAIL: go.go-torture/execute/nested-1.go execution, -O2 -fomit-frame-pointer -finline-functions -funroll-loops
FAIL: go.go-torture/execute/nested-1.go execution, -O3 -g
FAIL: go.go-torture/execute/nested-1.go execution, -Os
FAIL: go.go-torture/execute/pointer-1.go execution, -O0
FAIL: go.go-torture/execute/pointer-1.go execution, -O1
FAIL: go.go-torture/execute/pointer-1.go execution, -O2
FAIL: go.go-torture/execute/pointer-1.go execution, -O2 -fbounds-check
FAIL: go.go-torture/execute/pointer-1.go execution, -O2 -fomit-frame-pointer -finline-functions
FAIL: go.go-torture/execute/pointer-1.go execution, -O2 -fomit-frame-pointer -finline-functions -funroll-loops
FAIL: go.go-torture/execute/pointer-1.go execution, -O3 -g
FAIL: go.go-torture/execute/pointer-1.go execution, -Os
FAIL: go.go-torture/execute/return-1.go execution, -O0
FAIL: go.go-torture/execute/return-1.go execution, -O1
FAIL: go.go-torture/execute/return-1.go execution, -O2
FAIL: go.go-torture/execute/return-1.go execution, -O2 -fbounds-check
FAIL: go.go-torture/execute/return-1.go execution, -O2 -fomit-frame-pointer -finline-functions
FAIL: go.go-torture/execute/return-1.go execution, -O2 -fomit-frame-pointer -finline-functions -funroll-loops
FAIL: go.go-torture/execute/return-1.go execution, -O3 -g
FAIL: go.go-torture/execute/return-1.go execution, -Os
FAIL: go.go-torture/execute/return-2.go execution, -O0
FAIL: go.go-torture/execute/return-2.go execution, -O1
FAIL: go.go-torture/execute/return-2.go execution, -O2
FAIL: go.go-torture/execute/return-2.go execution, -O2 -fbounds-check
FAIL: go.go-torture/execute/return-2.go execution, -O2 -fomit-frame-pointer -finline-functions
FAIL: go.go-torture/execute/return-2.go execution, -O2 -fomit-frame-pointer -finline-functions -funroll-loops
FAIL: go.go-torture/execute/return-2.go execution, -O3 -g
FAIL: go.go-torture/execute/return-2.go execution, -Os
FAIL: go.go-torture/execute/return-3.go execution, -O0
FAIL: go.go-torture/execute/return-3.go execution, -O1
FAIL: go.go-torture/execute/return-3.go execution, -O2
FAIL: go.go-torture/execute/return-3.go execution, -O2 -fbounds-check
FAIL: go.go-torture/execute/return-3.go execution, -O2 -fomit-frame-pointer -finline-functions
FAIL: go.go-torture/execute/return-3.go execution, -O2 -fomit-frame-pointer -finline-functions -funroll-loops
FAIL: go.go-torture/execute/return-3.go execution, -O3 -g
FAIL: go.go-torture/execute/return-3.go execution, -Os
FAIL: go.go-torture/execute/select-1.go execution, -O0
FAIL: go.go-torture/execute/select-1.go execution, -O1
FAIL: go.go-torture/execute/select-1.go execution, -O2
FAIL: go.go-torture/execute/select-1.go execution, -O2 -fbounds-check
FAIL: go.go-torture/execute/select-1.go execution, -O2 -fomit-frame-pointer -finline-functions
FAIL: go.go-torture/execute/select-1.go execution, -O2 -fomit-frame-pointer -finline-functions -funroll-loops
FAIL: go.go-torture/execute/select-1.go execution, -O3 -g
FAIL: go.go-torture/execute/select-1.go execution, -Os
FAIL: go.go-torture/execute/string-1.go execution, -O0
FAIL: go.go-torture/execute/string-1.go execution, -O1
FAIL: go.go-torture/execute/string-1.go execution, -O2
FAIL: go.go-torture/execute/string-1.go execution, -O2 -fbounds-check
FAIL: go.go-torture/execute/string-1.go execution, -O2 -fomit-frame-pointer -finline-functions
FAIL: go.go-torture/execute/string-1.go execution, -O2 -fomit-frame-pointer -finline-functions -funroll-loops
FAIL: go.go-torture/execute/string-1.go execution, -O3 -g
FAIL: go.go-torture/execute/string-1.go execution, -Os
FAIL: go.go-torture/execute/string-2.go execution, -O0
FAIL: go.go-torture/execute/string-2.go execution, -O1
FAIL: go.go-torture/execute/string-2.go execution, -O2
FAIL: go.go-torture/execute/string-2.go execution, -O2 -fbounds-check
FAIL: go.go-torture/execute/string-2.go execution, -O2 -fomit-frame-pointer -finline-functions
FAIL: go.go-torture/execute/string-2.go execution, -O2 -fomit-frame-pointer -finline-functions -funroll-loops
FAIL: go.go-torture/execute/string-2.go execution, -O3 -g
FAIL: go.go-torture/execute/string-2.go execution, -Os
FAIL: go.go-torture/execute/struct-1.go execution, -O0
FAIL: go.go-torture/execute/struct-1.go execution, -O1
FAIL: go.go-torture/execute/struct-1.go execution, -O2
FAIL: go.go-torture/execute/struct-1.go execution, -O2 -fbounds-check
FAIL: go.go-torture/execute/struct-1.go execution, -O2 -fomit-frame-pointer -finline-functions
FAIL: go.go-torture/execute/struct-1.go execution, -O2 -fomit-frame-pointer -finline-functions -funroll-loops
FAIL: go.go-torture/execute/struct-1.go execution, -O3 -g
FAIL: go.go-torture/execute/struct-1.go execution, -Os
FAIL: go.go-torture/execute/struct-2.go execution, -O0
FAIL: go.go-torture/execute/struct-2.go execution, -O1
FAIL: go.go-torture/execute/struct-2.go execution, -O2
FAIL: go.go-torture/execute/struct-2.go execution, -O2 -fbounds-check
FAIL: go.go-torture/execute/struct-2.go execution, -O2 -fomit-frame-pointer -finline-functions
FAIL: go.go-torture/execute/struct-2.go execution, -O2 -fomit-frame-pointer -finline-functions -funroll-loops
FAIL: go.go-torture/execute/struct-2.go execution, -O3 -g
FAIL: go.go-torture/execute/struct-2.go execution, -Os
FAIL: go.go-torture/execute/switch-1.go execution, -O0
FAIL: go.go-torture/execute/switch-1.go execution, -O1
FAIL: go.go-torture/execute/switch-1.go execution, -O2
FAIL: go.go-torture/execute/switch-1.go execution, -O2 -fbounds-check
FAIL: go.go-torture/execute/switch-1.go execution, -O2 -fomit-frame-pointer -finline-functions
FAIL: go.go-torture/execute/switch-1.go execution, -O2 -fomit-frame-pointer -finline-functions -funroll-loops
FAIL: go.go-torture/execute/switch-1.go execution, -O3 -g
FAIL: go.go-torture/execute/switch-1.go execution, -Os
FAIL: go.go-torture/execute/var-1.go execution, -O0
FAIL: go.go-torture/execute/var-1.go execution, -O1
FAIL: go.go-torture/execute/var-1.go execution, -O2
FAIL: go.go-torture/execute/var-1.go execution, -O2 -fbounds-check
FAIL: go.go-torture/execute/var-1.go execution, -O2 -fomit-frame-pointer -finline-functions
FAIL: go.go-torture/execute/var-1.go execution, -O2 -fomit-frame-pointer -finline-functions -funroll-loops
FAIL: go.go-torture/execute/var-1.go execution, -O3 -g
FAIL: go.go-torture/execute/var-1.go execution, -Os
FAIL: go.go-torture/execute/var-2.go execution, -O0
FAIL: go.go-torture/execute/var-2.go execution, -O1
FAIL: go.go-torture/execute/var-2.go execution, -O2
FAIL: go.go-torture/execute/var-2.go execution, -O2 -fbounds-check
FAIL: go.go-torture/execute/var-2.go execution, -O2 -fomit-frame-pointer -finline-functions
FAIL: go.go-torture/execute/var-2.go execution, -O2 -fomit-frame-pointer -finline-functions -funroll-loops
FAIL: go.go-torture/execute/var-2.go execution, -O3 -g
FAIL: go.go-torture/execute/var-2.go execution, -Os
FAIL: go.go-torture/execute/var-3.go execution, -O0
FAIL: go.go-torture/execute/var-3.go execution, -O1
FAIL: go.go-torture/execute/var-3.go execution, -O2
FAIL: go.go-torture/execute/var-3.go execution, -O2 -fbounds-check
FAIL: go.go-torture/execute/var-3.go execution, -O2 -fomit-frame-pointer -finline-functions
FAIL: go.go-torture/execute/var-3.go execution, -O2 -fomit-frame-pointer -finline-functions -funroll-loops
FAIL: go.go-torture/execute/var-3.go execution, -O3 -g
FAIL: go.go-torture/execute/var-3.go execution, -Os
FAIL: go.test/test/235.go execution, -O2 -g
FAIL: go.test/test/64bit.go execution
FAIL: go.test/test/alias1.go execution, -O2 -g
FAIL: go.test/test/append.go execution, -O2 -g
FAIL: go.test/test/args.go execution, -O2 -g
FAIL: go.test/test/bigalg.go execution, -O2 -g
FAIL: go.test/test/bigmap.go execution, -O2 -g
FAIL: go.test/test/blank.go execution, -O2 -g
FAIL: go.test/test/bom.go execution
FAIL: go.test/test/chan/doubleselect.go execution, -O2 -g
FAIL: go.test/test/chan/fifo.go execution, -O2 -g
FAIL: go.test/test/chan/goroutines.go execution, -O2 -g
FAIL: go.test/test/chan/nonblock.go execution, -O2 -g
FAIL: go.test/test/chan/powser1.go execution, -O2 -g
FAIL: go.test/test/chan/powser2.go execution, -O2 -g
FAIL: go.test/test/chan/select.go execution, -O2 -g
FAIL: go.test/test/chan/select3.go execution, -O2 -g
FAIL: go.test/test/chan/select4.go execution, -O2 -g
FAIL: go.test/test/chan/select5.go execution
FAIL: go.test/test/chan/select6.go execution, -O2 -g
FAIL: go.test/test/chan/select7.go execution, -O2 -g
FAIL: go.test/test/chan/sendstmt.go execution, -O2 -g
FAIL: go.test/test/chan/sieve1.go execution, -O2 -g
FAIL: go.test/test/chan/sieve2.go execution, -O2 -g
FAIL: go.test/test/chan/zerosize.go execution, -O2 -g
FAIL: go.test/test/chancap.go execution, -O2 -g
FAIL: go.test/test/char_lit.go execution, -O2 -g
FAIL: go.test/test/closedchan.go execution, -O2 -g
FAIL: go.test/test/cmp.go execution, -O2 -g
FAIL: go.test/test/cmplxdivide.go
FAIL: go.test/test/complit.go execution, -O2 -g
FAIL: go.test/test/compos.go execution, -O2 -g
FAIL: go.test/test/const.go execution, -O2 -g
FAIL: go.test/test/const3.go execution, -O2 -g
FAIL: go.test/test/const4.go execution, -O2 -g
FAIL: go.test/test/convT2X.go execution, -O2 -g
FAIL: go.test/test/convert.go execution, -O2 -g
FAIL: go.test/test/copy.go execution, -O2 -g
FAIL: go.test/test/crlf.go execution
FAIL: go.test/test/ddd.go execution, -O2 -g
FAIL: go.test/test/ddd2.dir/ddd3.go execution, -O2 -g
FAIL: go.test/test/decl.go execution, -O2 -g
FAIL: go.test/test/defer.go execution, -O2 -g
FAIL: go.test/test/deferfin.go execution, -O2 -g
FAIL: go.test/test/deferprint.go execution
FAIL: go.test/test/divide.go execution, -O2 -g
FAIL: go.test/test/divmod.go execution, -O2 -g
FAIL: go.test/test/dwarf/dwarf.dir/main.go execution, -O2 -g
FAIL: go.test/test/dwarf/linedirectives.go execution, -O2 -g
FAIL: go.test/test/env.go execution, -O2 -g
FAIL: go.test/test/escape.go execution, -O2 -g
FAIL: go.test/test/escape3.go execution, -O2 -g
FAIL: go.test/test/fixedbugs/bug000.go execution, -O2 -g
FAIL: go.test/test/fixedbugs/bug002.go execution, -O2 -g
FAIL: go.test/test/fixedbugs/bug003.go execution, -O2 -g
FAIL: go.test/test/fixedbugs/bug004.go execution, -O2 -g
FAIL: go.test/test/fixedbugs/bug005.go execution, -O2 -g
FAIL: go.test/test/fixedbugs/bug006.go execution, -O2 -g
FAIL: go.test/test/fixedbugs/bug007.go execution, -O2 -g
FAIL: go.test/test/fixedbugs/bug008.go execution, -O2 -g
FAIL: go.test/test/fixedbugs/bug009.go execution, -O2 -g
FAIL: go.test/test/fixedbugs/bug010.go execution, -O2 -g
FAIL: go.test/test/fixedbugs/bug011.go execution, -O2 -g
FAIL: go.test/test/fixedbugs/bug012.go execution, -O2 -g
FAIL: go.test/test/fixedbugs/bug013.go execution, -O2 -g
FAIL: go.test/test/fixedbugs/bug017.go execution, -O2 -g
FAIL: go.test/test/fixedbugs/bug021.go execution, -O2 -g
FAIL: go.test/test/fixedbugs/bug023.go execution, -O2 -g
FAIL: go.test/test/fixedbugs/bug024.go execution, -O2 -g
FAIL: go.test/test/fixedbugs/bug026.go execution, -O2 -g
FAIL: go.test/test/fixedbugs/bug027.go execution, -O2 -g
FAIL: go.test/test/fixedbugs/bug028.go execution, -O2 -g
FAIL: go.test/test/fixedbugs/bug031.go execution, -O2 -g
FAIL: go.test/test/fixedbugs/bug045.go execution, -O2 -g
FAIL: go.test/test/fixedbugs/bug047.go execution, -O2 -g
FAIL: go.test/test/fixedbugs/bug048.go execution, -O2 -g
FAIL: go.test/test/fixedbugs/bug052.go execution, -O2 -g
FAIL: go.test/test/fixedbugs/bug053.go execution, -O2 -g
FAIL: go.test/test/fixedbugs/bug054.go execution, -O2 -g
FAIL: go.test/test/fixedbugs/bug055.go execution, -O2 -g
FAIL: go.test/test/fixedbugs/bug056.go execution, -O2 -g
FAIL: go.test/test/fixedbugs/bug058.go execution, -O2 -g
FAIL: go.test/test/fixedbugs/bug059.go execution, -O2 -g
FAIL: go.test/test/fixedbugs/bug060.go execution, -O2 -g
FAIL: go.test/test/fixedbugs/bug061.go execution, -O2 -g
FAIL: go.test/test/fixedbugs/bug065.go execution, -O2 -g
FAIL: go.test/test/fixedbugs/bug067.go execution, -O2 -g
FAIL: go.test/test/fixedbugs/bug070.go execution, -O2 -g
FAIL: go.test/test/fixedbugs/bug075.go execution, -O2 -g
FAIL: go.test/test/fixedbugs/bug078.go execution, -O2 -g
FAIL: go.test/test/fixedbugs/bug082.go execution, -O2 -g
FAIL: go.test/test/fixedbugs/bug084.go execution, -O2 -g
FAIL: go.test/test/fixedbugs/bug092.go execution, -O2 -g
FAIL: go.test/test/fixedbugs/bug093.go execution, -O2 -g
FAIL: go.test/test/fixedbugs/bug097.go execution, -O2 -g
FAIL: go.test/test/fixedbugs/bug099.go execution, -O2 -g
FAIL: go.test/test/fixedbugs/bug101.go execution, -O2 -g
FAIL: go.test/test/fixedbugs/bug102.go execution, -O2 -g
FAIL: go.test/test/fixedbugs/bug111.go execution, -O2 -g
FAIL: go.test/test/fixedbugs/bug113.go execution, -O2 -g
FAIL: go.test/test/fixedbugs/bug114.go execution, -O2 -g
FAIL: go.test/test/fixedbugs/bug116.go execution, -O2 -g
FAIL: go.test/test/fixedbugs/bug119.go execution, -O2 -g
FAIL: go.test/test/fixedbugs/bug120.go execution, -O2 -g
FAIL: go.test/test/fixedbugs/bug128.go execution, -O2 -g
FAIL: go.test/test/fixedbugs/bug130.go execution, -O2 -g
FAIL: go.test/test/fixedbugs/bug141.go execution, -O2 -g
FAIL: go.test/test/fixedbugs/bug142.go execution, -O2 -g
FAIL: go.test/test/fixedbugs/bug147.go execution, -O2 -g
FAIL: go.test/test/fixedbugs/bug148.go execution, -O2 -g
FAIL: go.test/test/fixedbugs/bug1515.go execution, -O2 -g
FAIL: go.test/test/fixedbugs/bug152.go execution, -O2 -g
FAIL: go.test/test/fixedbugs/bug154.go execution, -O2 -g
FAIL: go.test/test/fixedbugs/bug159.go execution, -O2 -g
FAIL: go.test/test/fixedbugs/bug160.dir/y.go execution, -O2 -g
FAIL: go.test/test/fixedbugs/bug168.go execution, -O2 -g
FAIL: go.test/test/fixedbugs/bug177.go execution, -O2 -g
FAIL: go.test/test/fixedbugs/bug178.go execution, -O2 -g
FAIL: go.test/test/fixedbugs/bug180.go execution, -O2 -g
FAIL: go.test/test/fixedbugs/bug184.go execution, -O2 -g
FAIL: go.test/test/fixedbugs/bug185.go execution, -O2 -g
FAIL: go.test/test/fixedbugs/bug187.go execution, -O2 -g
FAIL: go.test/test/fixedbugs/bug191.dir/main.go execution, -O2 -g
FAIL: go.test/test/fixedbugs/bug194.go execution, -O2 -g
FAIL: go.test/test/fixedbugs/bug196.go execution, -O2 -g
FAIL: go.test/test/fixedbugs/bug199.go execution, -O2 -g
FAIL: go.test/test/fixedbugs/bug201.go execution, -O2 -g
FAIL: go.test/test/fixedbugs/bug202.go execution, -O2 -g
FAIL: go.test/test/fixedbugs/bug203.go execution, -O2 -g
FAIL: go.test/test/fixedbugs/bug204.go execution, -O2 -g
FAIL: go.test/test/fixedbugs/bug206.go execution
FAIL: go.test/test/fixedbugs/bug207.go execution, -O2 -g
FAIL: go.test/test/fixedbugs/bug221.go execution, -O2 -g
FAIL: go.test/test/fixedbugs/bug225.go execution, -O2 -g
FAIL: go.test/test/fixedbugs/bug227.go execution, -O2 -g
FAIL: go.test/test/fixedbugs/bug230.go execution, -O2 -g
FAIL: go.test/test/fixedbugs/bug234.go execution, -O2 -g
FAIL: go.test/test/fixedbugs/bug236.go execution, -O2 -g
FAIL: go.test/test/fixedbugs/bug237.go execution, -O2 -g
FAIL: go.test/test/fixedbugs/bug242.go execution, -O2 -g
FAIL: go.test/test/fixedbugs/bug243.go execution, -O2 -g
FAIL: go.test/test/fixedbugs/bug244.go execution, -O2 -g
FAIL: go.test/test/fixedbugs/bug246.go execution, -O2 -g
FAIL: go.test/test/fixedbugs/bug247.go execution, -O2 -g
FAIL: go.test/test/fixedbugs/bug248.go
FAIL: go.test/test/fixedbugs/bug253.go execution, -O2 -g
FAIL: go.test/test/fixedbugs/bug254.go execution, -O2 -g
FAIL: go.test/test/fixedbugs/bug257.go execution, -O2 -g
FAIL: go.test/test/fixedbugs/bug258.go execution, -O2 -g
FAIL: go.test/test/fixedbugs/bug259.go execution, -O2 -g
FAIL: go.test/test/fixedbugs/bug260.go execution, -O2 -g
FAIL: go.test/test/fixedbugs/bug261.go execution, -O2 -g
FAIL: go.test/test/fixedbugs/bug262.go execution, -O2 -g
FAIL: go.test/test/fixedbugs/bug263.go execution, -O2 -g
FAIL: go.test/test/fixedbugs/bug264.go execution, -O2 -g
FAIL: go.test/test/fixedbugs/bug265.go execution, -O2 -g
FAIL: go.test/test/fixedbugs/bug266.go execution, -O2 -g
FAIL: go.test/test/fixedbugs/bug269.go execution, -O2 -g
FAIL: go.test/test/fixedbugs/bug271.go execution, -O2 -g
FAIL: go.test/test/fixedbugs/bug272.go execution, -O2 -g
FAIL: go.test/test/fixedbugs/bug273.go execution, -O2 -g
FAIL: go.test/test/fixedbugs/bug276.go execution, -O2 -g
FAIL: go.test/test/fixedbugs/bug279.go execution, -O2 -g
FAIL: go.test/test/fixedbugs/bug281.go execution, -O2 -g
FAIL: go.test/test/fixedbugs/bug285.go execution, -O2 -g
FAIL: go.test/test/fixedbugs/bug286.go execution, -O2 -g
FAIL: go.test/test/fixedbugs/bug290.go execution, -O2 -g
FAIL: go.test/test/fixedbugs/bug291.go execution, -O2 -g
FAIL: go.test/test/fixedbugs/bug292.go execution, -O2 -g
FAIL: go.test/test/fixedbugs/bug293.go execution, -O2 -g
FAIL: go.test/test/fixedbugs/bug294.go execution, -O2 -g
FAIL: go.test/test/fixedbugs/bug295.go execution, -O2 -g
FAIL: go.test/test/fixedbugs/bug296.go execution, -O2 -g
FAIL: go.test/test/fixedbugs/bug303.go execution, -O2 -g
FAIL: go.test/test/fixedbugs/bug311.go execution, -O2 -g
FAIL: go.test/test/fixedbugs/bug312.go execution, -O2 -g
FAIL: go.test/test/fixedbugs/bug314.go execution, -O2 -g
FAIL: go.test/test/fixedbugs/bug317.go execution, -O2 -g
FAIL: go.test/test/fixedbugs/bug320.go execution, -O2 -g
FAIL: go.test/test/fixedbugs/bug321.go execution, -O2 -g
FAIL: go.test/test/fixedbugs/bug322.dir/main.go execution, -O2 -g
FAIL: go.test/test/fixedbugs/bug324.dir/prog.go execution, -O2 -g
FAIL: go.test/test/fixedbugs/bug327.go execution, -O2 -g
FAIL: go.test/test/fixedbugs/bug328.go execution
FAIL: go.test/test/fixedbugs/bug329.go execution, -O2 -g
FAIL: go.test/test/fixedbugs/bug331.go execution, -O2 -g
FAIL: go.test/test/fixedbugs/bug333.go execution, -O2 -g
FAIL: go.test/test/fixedbugs/bug336.go execution, -O2 -g
FAIL: go.test/test/fixedbugs/bug339.go execution, -O2 -g
FAIL: go.test/test/fixedbugs/bug341.go execution, -O2 -g
FAIL: go.test/test/fixedbugs/bug343.go execution, -O2 -g
FAIL: go.test/test/fixedbugs/bug346.go execution, -O2 -g
FAIL: go.test/test/fixedbugs/bug347.go execution, -O0 -g
FAIL: go.test/test/fixedbugs/bug348.go execution, -O0 -g
FAIL: go.test/test/fixedbugs/bug352.go execution, -O2 -g
FAIL: go.test/test/fixedbugs/bug355.go execution, -O2 -g
FAIL: go.test/test/fixedbugs/bug356.go execution, -O2 -g
FAIL: go.test/test/fixedbugs/bug364.go execution, -O2 -g
FAIL: go.test/test/fixedbugs/bug366.go execution, -O2 -g
FAIL: go.test/test/fixedbugs/bug367.dir/prog.go execution, -O2 -g
FAIL: go.test/test/fixedbugs/bug368.go execution, -O2 -g
FAIL: go.test/test/fixedbugs/bug369.go
FAIL: go.test/test/fixedbugs/bug370.go execution, -O2 -g
FAIL: go.test/test/fixedbugs/bug372.go execution, -O2 -g
FAIL: go.test/test/fixedbugs/bug375.go execution, -O2 -g
FAIL: go.test/test/fixedbugs/bug378.go execution, -O2 -g
FAIL: go.test/test/fixedbugs/bug401.go execution, -O2 -g
FAIL: go.test/test/fixedbugs/bug402.go execution, -O2 -g
FAIL: go.test/test/fixedbugs/bug405.go execution, -O2 -g
FAIL: go.test/test/fixedbugs/bug406.go execution, -O2 -g
FAIL: go.test/test/fixedbugs/bug409.go execution
FAIL: go.test/test/fixedbugs/bug414.dir/prog.go execution, -O2 -g
FAIL: go.test/test/fixedbugs/bug423.go execution, -O2 -g
FAIL: go.test/test/fixedbugs/bug424.dir/main.go execution, -O2 -g
FAIL: go.test/test/fixedbugs/bug428.go execution, -O2 -g
FAIL: go.test/test/fixedbugs/bug433.go execution, -O2 -g
FAIL: go.test/test/fixedbugs/bug434.go execution, -O2 -g
FAIL: go.test/test/fixedbugs/bug436.go execution, -O2 -g
FAIL: go.test/test/fixedbugs/bug437.dir/x.go execution, -O2 -g
FAIL: go.test/test/fixedbugs/bug440_32.go execution, -O2 -g
FAIL: go.test/test/fixedbugs/bug440_64.go execution, -O2 -g
FAIL: go.test/test/fixedbugs/bug441.go execution, -O2 -g
FAIL: go.test/test/fixedbugs/bug442.go execution, -O2 -g
FAIL: go.test/test/fixedbugs/bug444.go execution, -O2 -g
FAIL: go.test/test/fixedbugs/bug446.go execution, -O2 -g
FAIL: go.test/test/fixedbugs/bug447.go execution
FAIL: go.test/test/fixedbugs/bug449.go execution
FAIL: go.test/test/fixedbugs/bug450.go execution, -O2 -g
FAIL: go.test/test/fixedbugs/bug452.go execution, -O2 -g
FAIL: go.test/test/fixedbugs/bug453.go execution, -O2 -g
FAIL: go.test/test/fixedbugs/bug454.go execution, -O2 -g
FAIL: go.test/test/fixedbugs/bug455.go execution, -O2 -g
FAIL: go.test/test/fixedbugs/bug456.go execution, -O2 -g
FAIL: go.test/test/fixedbugs/bug457.go execution, -O2 -g
FAIL: go.test/test/fixedbugs/bug461.go execution, -O2 -g
FAIL: go.test/test/fixedbugs/bug465.dir/b.go execution, -O2 -g
FAIL: go.test/test/fixedbugs/bug466.dir/b.go execution, -O2 -g
FAIL: go.test/test/fixedbugs/bug468.dir/p2.go execution, -O2 -g
FAIL: go.test/test/fixedbugs/bug470.go execution, -O2 -g
FAIL: go.test/test/fixedbugs/bug472.dir/z.go execution, -O2 -g
FAIL: go.test/test/fixedbugs/bug473.go execution, -O2 -g
FAIL: go.test/test/fixedbugs/bug474.go execution, -O2 -g
FAIL: go.test/test/fixedbugs/bug479.dir/b.go execution, -O2 -g
FAIL: go.test/test/fixedbugs/issue2615.go execution, -O2 -g
FAIL: go.test/test/fixedbugs/issue4066.go execution, -O2 -g
FAIL: go.test/test/fixedbugs/issue4085b.go execution, -O2 -g
FAIL: go.test/test/fixedbugs/issue4167.go execution, -O2 -g
FAIL: go.test/test/fixedbugs/issue4252.dir/main.go execution, -O2 -g
FAIL: go.test/test/fixedbugs/issue4313.go execution, -O2 -g
FAIL: go.test/test/fixedbugs/issue4316.go execution, -O2 -g
FAIL: go.test/test/fixedbugs/issue4353.go execution, -O2 -g
FAIL: go.test/test/fixedbugs/issue4396a.go execution, -O2 -g
FAIL: go.test/test/fixedbugs/issue4396b.go execution, -O2 -g
FAIL: go.test/test/fixedbugs/issue4448.go execution, -O2 -g
FAIL: go.test/test/fixedbugs/issue4495.go execution, -O2 -g
FAIL: go.test/test/fixedbugs/issue4518.go execution, -O2 -g
FAIL: go.test/test/fixedbugs/issue4562.go execution, -O2 -g
FAIL: go.test/test/fixedbugs/issue4585.go execution, -O2 -g
FAIL: go.test/test/fixedbugs/issue4590.dir/prog.go execution, -O2 -g
FAIL: go.test/test/fixedbugs/issue4618.go execution, -O2 -g
FAIL: go.test/test/fixedbugs/issue4620.go execution, -O2 -g
FAIL: go.test/test/fixedbugs/issue4667.go execution, -O2 -g
FAIL: go.test/test/fixedbugs/issue4748.go execution, -O2 -g
FAIL: go.test/test/fixedbugs/issue4752.go execution, -O2 -g
FAIL: go.test/test/fixedbugs/issue4785.go execution, -O2 -g
FAIL: go.test/test/fixedbugs/issue4909b.go execution
FAIL: go.test/test/fixedbugs/issue4964.dir/b.go execution, -O2 -g
FAIL: go.test/test/fixedbugs/issue5056.go execution, -O2 -g
FAIL: go.test/test/fixedbugs/issue5105.dir/b.go execution, -O2 -g
FAIL: go.test/test/fixedbugs/issue5162.go execution
FAIL: go.test/test/fixedbugs/issue5244.go execution, -O2 -g
FAIL: go.test/test/fixedbugs/issue5260.dir/b.go execution, -O2 -g
FAIL: go.test/test/fixedbugs/issue5291.dir/prog.go execution, -O2 -g
FAIL: go.test/test/fixedbugs/issue5493.go execution, -O2 -g
FAIL: go.test/test/fixedbugs/issue5515.go execution, -O2 -g
FAIL: go.test/test/fixedbugs/issue5607.go execution, -O2 -g
FAIL: go.test/test/fixedbugs/issue5704.go execution, -O2 -g
FAIL: go.test/test/fixedbugs/issue5753.go execution, -O2 -g
FAIL: go.test/test/fixedbugs/issue5809.go execution, -O2 -g
FAIL: go.test/test/fixedbugs/issue5820.go execution, -O2 -g
FAIL: go.test/test/fixedbugs/issue5856.go execution, -O2 -g
FAIL: go.test/test/fixedbugs/issue5963.go execution, -O2 -g
FAIL: go.test/test/fixedbugs/issue6055.go execution, -O2 -g
FAIL: go.test/test/fixedbugs/issue6269.go execution, -O2 -g
FAIL: go.test/test/fixedbugs/issue6789.dir/b.go execution, -O2 -g
FAIL: go.test/test/fixedbugs/issue6899.go execution
FAIL: go.test/test/float_lit.go execution, -O2 -g
FAIL: go.test/test/floatcmp.go execution, -O2 -g
FAIL: go.test/test/for.go execution, -O2 -g
FAIL: go.test/test/func.go execution, -O2 -g
FAIL: go.test/test/func5.go execution, -O2 -g
FAIL: go.test/test/func6.go execution, -O2 -g
FAIL: go.test/test/func7.go execution, -O2 -g
FAIL: go.test/test/func8.go execution, -O2 -g
FAIL: go.test/test/gc.go execution, -O2 -g
FAIL: go.test/test/gc1.go execution, -O2 -g
FAIL: go.test/test/gc2.go execution, -O2 -g
FAIL: go.test/test/goprint.go execution
FAIL: go.test/test/helloworld.go execution
FAIL: go.test/test/if.go execution, -O2 -g
FAIL: go.test/test/index0.go execution
FAIL: go.test/test/index1.go execution
FAIL: go.test/test/index2.go execution
FAIL: go.test/test/indirect.go execution, -O2 -g
FAIL: go.test/test/initcomma.go execution, -O2 -g
FAIL: go.test/test/initialize.go execution, -O2 -g
FAIL: go.test/test/int_lit.go execution, -O2 -g
FAIL: go.test/test/intcvt.go execution, -O2 -g
FAIL: go.test/test/interface/bigdata.go execution, -O2 -g
FAIL: go.test/test/interface/convert.go execution, -O2 -g
FAIL: go.test/test/interface/convert1.go execution, -O2 -g
FAIL: go.test/test/interface/convert2.go execution, -O2 -g
FAIL: go.test/test/interface/embed.go execution, -O2 -g
FAIL: go.test/test/interface/embed1.dir/embed1.go execution, -O2 -g
FAIL: go.test/test/interface/fail.go execution, -O2 -g
FAIL: go.test/test/interface/fake.go execution, -O2 -g
FAIL: go.test/test/interface/noeq.go execution, -O2 -g
FAIL: go.test/test/interface/receiver.go execution, -O2 -g
FAIL: go.test/test/interface/returntype.go execution, -O2 -g
FAIL: go.test/test/interface/struct.go execution, -O2 -g
FAIL: go.test/test/iota.go execution, -O2 -g
FAIL: go.test/test/ken/array.go execution, -O2 -g
FAIL: go.test/test/ken/chan.go execution, -O2 -g
FAIL: go.test/test/ken/chan1.go execution, -O2 -g
FAIL: go.test/test/ken/complit.go execution, -O2 -g
FAIL: go.test/test/ken/convert.go execution, -O2 -g
FAIL: go.test/test/ken/cplx0.go execution
FAIL: go.test/test/ken/cplx1.go execution, -O2 -g
FAIL: go.test/test/ken/cplx2.go execution, -O2 -g
FAIL: go.test/test/ken/cplx3.go execution, -O2 -g
FAIL: go.test/test/ken/cplx4.go execution, -O2 -g
FAIL: go.test/test/ken/cplx5.go execution, -O2 -g
FAIL: go.test/test/ken/divconst.go execution, -O2 -g
FAIL: go.test/test/ken/divmod.go execution, -O2 -g
FAIL: go.test/test/ken/embed.go execution, -O2 -g
FAIL: go.test/test/ken/for.go execution, -O2 -g
FAIL: go.test/test/ken/interbasic.go execution, -O2 -g
FAIL: go.test/test/ken/interfun.go execution, -O2 -g
FAIL: go.test/test/ken/intervar.go execution, -O2 -g
FAIL: go.test/test/ken/label.go execution, -O2 -g
FAIL: go.test/test/ken/litfun.go execution, -O2 -g
FAIL: go.test/test/ken/mfunc.go execution, -O2 -g
FAIL: go.test/test/ken/modconst.go execution, -O2 -g
FAIL: go.test/test/ken/ptrfun.go execution, -O2 -g
FAIL: go.test/test/ken/ptrvar.go execution, -O2 -g
FAIL: go.test/test/ken/range.go execution, -O2 -g
FAIL: go.test/test/ken/rob1.go execution, -O2 -g
FAIL: go.test/test/ken/rob2.go execution, -O2 -g
FAIL: go.test/test/ken/robfor.go execution, -O2 -g
FAIL: go.test/test/ken/robfunc.go execution, -O2 -g
FAIL: go.test/test/ken/shift.go execution, -O2 -g
FAIL: go.test/test/ken/simparray.go execution, -O2 -g
FAIL: go.test/test/ken/simpbool.go execution, -O2 -g
FAIL: go.test/test/ken/simpconv.go execution, -O2 -g
FAIL: go.test/test/ken/simpfun.go execution, -O2 -g
FAIL: go.test/test/ken/simpswitch.go execution, -O2 -g
FAIL: go.test/test/ken/simpvar.go execution, -O2 -g
FAIL: go.test/test/ken/slicearray.go execution, -O2 -g
FAIL: go.test/test/ken/sliceslice.go execution, -O2 -g
FAIL: go.test/test/ken/string.go execution
FAIL: go.test/test/ken/strvar.go execution, -O2 -g
FAIL: go.test/test/literal.go execution, -O2 -g
FAIL: go.test/test/mallocfin.go execution, -O2 -g
FAIL: go.test/test/map.go execution, -O2 -g
FAIL: go.test/test/mapnan.go execution, -O2 -g
FAIL: go.test/test/method.go execution, -O2 -g
FAIL: go.test/test/method3.go execution, -O2 -g
FAIL: go.test/test/method4.dir/prog.go execution, -O2 -g
FAIL: go.test/test/method5.go execution, -O2 -g
FAIL: go.test/test/named.go execution, -O2 -g
FAIL: go.test/test/nil.go execution, -O2 -g
FAIL: go.test/test/nul1.go execution
FAIL: go.test/test/printbig.go execution
FAIL: go.test/test/range.go execution, -O2 -g
FAIL: go.test/test/recover.go execution, -O2 -g
FAIL: go.test/test/recover1.go execution, -O2 -g
FAIL: go.test/test/recover2.go execution, -O2 -g
FAIL: go.test/test/recover3.go execution, -O2 -g
FAIL: go.test/test/rename.go execution, -O2 -g
FAIL: go.test/test/reorder.go execution, -O2 -g
FAIL: go.test/test/reorder2.go execution, -O2 -g
FAIL: go.test/test/sigchld.go execution
FAIL: go.test/test/simassign.go execution, -O2 -g
FAIL: go.test/test/sizeof.go execution, -O2 -g
FAIL: go.test/test/slice3.go execution
FAIL: go.test/test/string_lit.go execution, -O2 -g
FAIL: go.test/test/stringrange.go execution, -O2 -g
FAIL: go.test/test/struct0.go execution, -O2 -g
FAIL: go.test/test/switch.go execution, -O2 -g
FAIL: go.test/test/turing.go execution, -O2 -g
FAIL: go.test/test/typeswitch.go execution, -O2 -g
FAIL: go.test/test/typeswitch1.go execution, -O2 -g
FAIL: go.test/test/utf.go execution, -O2 -g
FAIL: go.test/test/varinit.go execution, -O2 -g
FAIL: go.test/test/zerodivide.go execution, -O2 -g
=== go Summary for unix/-m32 ===
# of expected passes 2488
# of unexpected failures 635
# of expected failures 1
# of untested testcases 22
# of unsupported tests 3
=== go Summary ===
# of expected passes 9731
# of unexpected failures 635
# of expected failures 2
# of untested testcases 33
# of unsupported tests 6
=== obj-c++ tests ===
Running target unix/-m32
=== obj-c++ Summary for unix/-m32 ===
# of expected passes 1439
# of expected failures 2
# of unsupported tests 77
Running target unix
=== obj-c++ Summary for unix ===
# of expected passes 1431
# of expected failures 10
# of unsupported tests 77
=== obj-c++ Summary ===
# of expected passes 2870
# of expected failures 12
# of unsupported tests 154
/var/gcc/regression/trunk/11-gcc-64/build/gcc/testsuite/obj-c++/../../xg++ version 6.0.0 20151113 (experimental) [trunk revision 230309] (GCC)
=== objc tests ===
Running target unix
=== objc Summary for unix ===
# of expected passes 2772
# of unsupported tests 68
Running target unix/-m32
=== objc Summary for unix/-m32 ===
# of expected passes 2772
# of unsupported tests 68
=== objc Summary ===
# of expected passes 5544
# of unsupported tests 136
/var/gcc/regression/trunk/11-gcc-64/build/gcc/xgcc version 6.0.0 20151113 (experimental) [trunk revision 230309] (GCC)
=== boehm-gc tests ===
Running target unix/-m32
=== boehm-gc Summary for unix/-m32 ===
# of expected passes 12
# of unsupported tests 1
Running target unix
=== boehm-gc Summary for unix ===
# of expected passes 12
# of unsupported tests 1
=== boehm-gc Summary ===
# of expected passes 24
# of unsupported tests 2
=== libatomic tests ===
Running target unix/-m32
=== libatomic Summary for unix/-m32 ===
# of expected passes 44
# of unsupported tests 5
Running target unix
=== libatomic Summary for unix ===
# of expected passes 54
=== libatomic Summary ===
# of expected passes 98
# of unsupported tests 5
=== libffi tests ===
Running target unix/-m32
=== libffi Summary for unix/-m32 ===
# of expected passes 1914
# of unsupported tests 30
Running target unix
=== libffi Summary for unix ===
# of expected passes 1914
# of unsupported tests 30
=== libffi Summary ===
# of expected passes 3828
# of unsupported tests 60
=== libgo tests ===
Running target unix
FAIL: go/build
FAIL: net/http
=== libgo Summary for unix ===
# of expected passes 131
# of unexpected failures 2
Running target unix/-m32
FAIL: bufio
FAIL: bytes
FAIL: errors
FAIL: expvar
FAIL: flag
FAIL: fmt
FAIL: html
FAIL: image
FAIL: io
FAIL: log
FAIL: math
FAIL: mime
FAIL: net
FAIL: os
FAIL: path
FAIL: reflect
FAIL: regexp
FAIL: runtime
FAIL: sort
FAIL: strconv
FAIL: strings
FAIL: sync
FAIL: syscall
FAIL: time
FAIL: unicode
FAIL: archive/tar
FAIL: archive/zip
FAIL: compress/bzip2
FAIL: compress/flate
FAIL: compress/gzip
FAIL: compress/lzw
FAIL: compress/zlib
FAIL: container/heap
FAIL: container/list
FAIL: container/ring
FAIL: crypto/aes
FAIL: crypto/cipher
FAIL: crypto/des
FAIL: crypto/dsa
FAIL: crypto/ecdsa
FAIL: crypto/elliptic
FAIL: crypto/hmac
FAIL: crypto/md5
FAIL: crypto/rand
FAIL: crypto/rc4
FAIL: crypto/rsa
FAIL: crypto/sha1
FAIL: crypto/sha256
FAIL: crypto/sha512
FAIL: crypto/subtle
FAIL: crypto/tls
FAIL: crypto/x509
FAIL: database/sql
FAIL: database/sql/driver
FAIL: debug/dwarf
FAIL: debug/elf
FAIL: debug/macho
FAIL: debug/pe
FAIL: debug/plan9obj
FAIL: encoding/ascii85
FAIL: encoding/asn1
FAIL: encoding/base32
FAIL: encoding/base64
FAIL: encoding/binary
FAIL: encoding/csv
FAIL: encoding/gob
FAIL: encoding/hex
FAIL: encoding/json
FAIL: encoding/pem
FAIL: encoding/xml
FAIL: exp/proxy
FAIL: exp/terminal
FAIL: html/template
FAIL: go/ast
FAIL: go/build
FAIL: go/constant
FAIL: go/doc
FAIL: go/format
FAIL: go/internal/gcimporter
FAIL: go/internal/gccgoimporter
FAIL: go/parser
FAIL: go/printer
FAIL: go/scanner
FAIL: go/token
FAIL: go/types
FAIL: hash/adler32
FAIL: hash/crc32
FAIL: hash/crc64
FAIL: hash/fnv
FAIL: image/color
FAIL: image/draw
FAIL: image/jpeg
FAIL: image/png
FAIL: index/suffixarray
FAIL: internal/singleflight
FAIL: internal/trace
FAIL: io/ioutil
FAIL: log/syslog
FAIL: math/big
FAIL: math/cmplx
FAIL: math/rand
FAIL: mime/multipart
FAIL: mime/quotedprintable
FAIL: net/http
FAIL: net/http/cgi
FAIL: net/http/cookiejar
FAIL: net/http/fcgi
FAIL: net/http/httptest
FAIL: net/http/httputil
FAIL: net/http/internal
FAIL: net/internal/socktest
FAIL: net/mail
FAIL: net/rpc
FAIL: net/smtp
FAIL: net/textproto
FAIL: net/url
FAIL: net/rpc/jsonrpc
FAIL: old/regexp
FAIL: old/template
FAIL: os/exec
FAIL: os/signal
FAIL: os/user
FAIL: path/filepath
FAIL: regexp/syntax
FAIL: sync/atomic
FAIL: text/scanner
FAIL: text/tabwriter
FAIL: text/template
FAIL: text/template/parse
FAIL: testing/quick
FAIL: unicode/utf16
FAIL: unicode/utf8
=== libgo Summary for unix/-m32 ===
# of expected passes 1
# of unexpected failures 132
=== libgo Summary ===
# of expected passes 132
# of unexpected failures 134
/var/gcc/regression/trunk/11-gcc-64/build/./gcc/gccgo version 6.0.0 20151113 (experimental) [trunk revision 230309] (GCC)
=== libgomp tests ===
Running target unix/-m32
=== libgomp Summary for unix/-m32 ===
# of expected passes 4498
# of expected failures 4
# of unsupported tests 266
Running target unix
XPASS: libgomp.c/reduction-11.c execution test
XPASS: libgomp.c/reduction-12.c execution test
XPASS: libgomp.c++/reduction-11.C execution test
XPASS: libgomp.c++/reduction-12.C execution test
=== libgomp Summary for unix ===
# of expected passes 4498
# of unexpected successes 4
# of unsupported tests 266
=== libgomp Summary ===
# of expected passes 8996
# of unexpected successes 4
# of expected failures 4
# of unsupported tests 532
=== libitm tests ===
Running target unix/-m32
=== libitm Summary for unix/-m32 ===
# of expected passes 34
# of expected failures 3
# of unsupported tests 1
Running target unix
=== libitm Summary for unix ===
# of expected passes 34
# of expected failures 3
# of unsupported tests 1
=== libitm Summary ===
# of expected passes 68
# of expected failures 6
# of unsupported tests 2
=== libjava tests ===
Running target unix/-m32
=== libjava Summary for unix/-m32 ===
# of expected passes 2582
# of expected failures 4
Running target unix
=== libjava Summary for unix ===
# of expected passes 2582
# of expected failures 4
=== libjava Summary ===
# of expected passes 5164
# of expected failures 8
=== libstdc++ tests ===
Running target unix
FAIL: libstdc++-abi/abi_check
WARNING: experimental/memory/shared_ptr/cons/copy_ctor_neg.cc compilation failed to produce executable
=== libstdc++ Summary for unix ===
# of expected passes 9865
# of unexpected failures 1
# of expected failures 69
# of unsupported tests 620
Running target unix/-m32
FAIL: libstdc++-abi/abi_check
WARNING: experimental/memory/shared_ptr/cons/copy_ctor_neg.cc compilation failed to produce executable
=== libstdc++ Summary for unix/-m32 ===
# of expected passes 9865
# of unexpected failures 1
# of expected failures 69
# of unsupported tests 620
=== libstdc++ Summary ===
# of expected passes 19730
# of unexpected failures 2
# of expected failures 138
# of unsupported tests 1240
Compiler version: 6.0.0 20151113 (experimental) [trunk revision 230309] (GCC)
Platform: sparcv9-sun-solaris2.11
configure flags: --prefix=/vol/gcc --target=sparcv9-sun-solaris2.11 --enable-objc-gc --enable-libmudflap --with-as=/usr/ccs/bin/as --without-gnu-as --with-gmp-include=/vol/gcc/include --with-gmp-lib=/vol/gcc/lib/sparcv9 --with-mpfr-include=/vol/gcc/include --with-mpfr-lib=/vol/gcc/lib/sparcv9 --with-mpc-include=/vol/gcc/include --with-mpc-lib=/vol/gcc/lib/sparcv9 --enable-languages=all,ada,obj-c++,go --with-isl-include=/vol/gcc/include --with-isl-lib=/vol/gcc/lib/sparcv9 --with-cloog-include=/vol/gcc/include --with-cloog-lib=/vol/gcc/lib/sparcv9 --enable-cloog-backend=isl --build=sparcv9-sun-solaris2.11 --host=sparcv9-sun-solaris2.11
BOOT_CFLAGS=-g -O2