This is the mail archive of the
gcc-testresults@gcc.gnu.org
mailing list for the GCC project.
Results for 6.0.0 20151017 (experimental) [trunk revision 228929] (GCC) testsuite on sh4-unknown-linux-gnu
- From: Kaz Kojima <kkojima at rr dot iij4u dot or dot jp>
- To: gcc-testresults at gcc dot gnu dot org
- Date: Sun, 18 Oct 2015 06:37:17 +0900 (JST)
- Subject: Results for 6.0.0 20151017 (experimental) [trunk revision 228929] (GCC) testsuite on sh4-unknown-linux-gnu
- Authentication-results: sourceware.org; auth=none
Remote host: linux 3.18.0 sh4
GNU C Library version 2.20.90
LAST_UPDATED: Sat Oct 17 00:22:31 UTC 2015 (revision 228929)
Target is sh4-unknown-linux-gnu
Host is i686-pc-linux-gnu
=== g++ tests ===
Running target unix
WARNING: Assuming target board is the local machine (which is probably wrong).
FAIL: g++.dg/Wno-frame-address.C -std=gnu++98 (test for excess errors)
FAIL: g++.dg/Wno-frame-address.C -std=gnu++11 (test for excess errors)
FAIL: g++.dg/Wno-frame-address.C -std=gnu++14 (test for excess errors)
FAIL: g++.dg/init/vbase1.C -std=gnu++98 scan-rtl-dump expand "set [^\\n]*\\n[^\\n]*this[^\\n]*\\n[^\\n]*const_int 0"
FAIL: g++.dg/init/vbase1.C -std=gnu++11 scan-rtl-dump expand "set [^\\n]*\\n[^\\n]*this[^\\n]*\\n[^\\n]*const_int 0"
FAIL: g++.dg/init/vbase1.C -std=gnu++14 scan-rtl-dump expand "set [^\\n]*\\n[^\\n]*this[^\\n]*\\n[^\\n]*const_int 0"
FAIL: g++.dg/tree-ssa/pr61034.C -std=gnu++98 scan-tree-dump-times fre2 "free" 10
FAIL: g++.dg/tree-ssa/pr61034.C -std=gnu++11 scan-tree-dump-times fre2 "free" 10
FAIL: g++.dg/tree-ssa/pr61034.C -std=gnu++14 scan-tree-dump-times fre2 "free" 10
XPASS: g++.dg/tls/thread_local-order2.C -std=c++11 execution test
XPASS: g++.dg/tls/thread_local-order2.C -std=c++14 execution test
=== g++ Summary ===
# of expected passes 84291
# of unexpected failures 9
# of unexpected successes 2
# of expected failures 277
# of unsupported tests 3595
/home/ldroot/dodes/xsh-gcc-orig/gcc/testsuite/g++/../../xg++ version 6.0.0 20151017 (experimental) [trunk revision 228929] (GCC)
Host is i686-pc-linux-gnu
=== gcc tests ===
Running target unix
WARNING: Assuming target board is the local machine (which is probably wrong).
FAIL: gcc.dg/debug/dwarf2/stacked-qualified-types-3.c scan-assembler-times DIE \\\\([^\\n]*\\\\) DW_TAG_(?:const|volatile|atomic|restrict)_type 8
FAIL: gcc.dg/Wno-frame-address.c (test for excess errors)
FAIL: gcc.dg/ipa/iinline-attr.c scan-ipa-dump inline "hooray[^\\\\n]*inline copy in test"
FAIL: gcc.dg/tree-ssa/pr65447.c scan-tree-dump-not ivopts "\\\\nuse 5\\\\n"
FAIL: gcc.target/sh/pr54236-1.c scan-assembler-times negc 2
=== gcc Summary ===
# of expected passes 80286
# of unexpected failures 5
# of expected failures 140
# of unsupported tests 1551
/home/ldroot/dodes/xsh-gcc-orig/gcc/xgcc version 6.0.0 20151017 (experimental) [trunk revision 228929] (GCC)
Host is i686-pc-linux-gnu
=== gfortran tests ===
Running target unix
WARNING: Assuming target board is the local machine (which is probably wrong).
FAIL: gfortran.dg/assumed_rank_1.f90 -O2 execution test
FAIL: gfortran.dg/assumed_rank_2.f90 -O2 execution test
FAIL: gfortran.dg/assumed_rank_bounds_1.f90 -O2 execution test
FAIL: gfortran.dg/common_14.f90 -O (test for warnings, line 16)
FAIL: gfortran.dg/common_14.f90 -O (test for warnings, line 22)
FAIL: gfortran.dg/common_14.f90 -O (test for excess errors)
FAIL: gfortran.dg/proc_ptr_comp_13.f90 -O0 execution test
FAIL: gfortran.dg/ieee/ieee_6.f90 -O0 execution test
FAIL: gfortran.dg/ieee/ieee_6.f90 -O1 execution test
FAIL: gfortran.dg/ieee/ieee_6.f90 -O2 execution test
FAIL: gfortran.dg/ieee/ieee_6.f90 -O3 -fomit-frame-pointer -funroll-loops -fpeel-loops -ftracer -finline-functions execution test
FAIL: gfortran.dg/ieee/ieee_6.f90 -O3 -g execution test
FAIL: gfortran.dg/ieee/ieee_6.f90 -Os execution test
=== gfortran Summary ===
# of expected passes 39602
# of unexpected failures 13
# of expected failures 61
# of unsupported tests 318
/home/ldroot/dodes/xsh-gcc-orig/gcc/testsuite/gfortran/../../gfortran version 6.0.0 20151017 (experimental) [trunk revision 228929] (GCC)
Host is i686-pc-linux-gnu
=== objc tests ===
Running target unix
WARNING: Assuming target board is the local machine (which is probably wrong).
=== objc Summary ===
# of expected passes 2772
# of unsupported tests 68
/home/ldroot/dodes/xsh-gcc-orig/gcc/xgcc version 6.0.0 20151017 (experimental) [trunk revision 228929] (GCC)
Host is sh4-unknown-linux-gnu
=== boehm-gc tests ===
Running target unix
WARNING: Assuming target board is the local machine (which is probably wrong).
=== boehm-gc Summary ===
# of expected passes 12
# of unsupported tests 1
Host is sh4-unknown-linux-gnu
=== libatomic tests ===
Running target unix
WARNING: Assuming target board is the local machine (which is probably wrong).
=== libatomic Summary ===
# of expected passes 44
# of unsupported tests 5
Host is sh4-unknown-linux-gnu
=== libffi tests ===
Running target unix
WARNING: Assuming target board is the local machine (which is probably wrong).
=== libffi Summary ===
# of expected passes 1914
# of unsupported tests 30
Host is sh4-unknown-linux-gnu
=== libgomp tests ===
Running target unix
WARNING: Assuming target board is the local machine (which is probably wrong).
FAIL: libgomp.c++/target-6.C execution test
=== libgomp Summary ===
# of expected passes 4185
# of unexpected failures 1
# of expected failures 4
# of unsupported tests 258
Host is sh4-unknown-linux-gnu
=== libitm tests ===
Running target unix
WARNING: Assuming target board is the local machine (which is probably wrong).
=== libitm Summary ===
# of expected passes 32
# of expected failures 3
# of unsupported tests 1
Host is sh4-unknown-linux-gnu
=== libjava tests ===
Running target unix
WARNING: Assuming target board is the local machine (which is probably wrong).
FAIL: Process_2 output - source compiled test
FAIL: Process_2 -findirect-dispatch output - source compiled test
FAIL: Process_2 -O3 output - source compiled test
FAIL: Process_2 -O3 -findirect-dispatch output - source compiled test
=== libjava Summary ===
# of expected passes 2409
# of unexpected failures 4
# of expected failures 4
# of untested testcases 4
Host is sh4-unknown-linux-gnu
=== libstdc++ tests ===
Running target unix
WARNING: Assuming target board is the local machine (which is probably wrong).
=== libstdc++ Summary ===
# of expected passes 9839
# of expected failures 66
# of unsupported tests 601
Compiler version: 6.0.0 20151017 (experimental) [trunk revision 228929] (GCC)
Platform: sh4-unknown-linux-gnu
configure flags: --target=sh4-unknown-linux-gnu --enable-build-with-cxx --enable-lto --enable-shared --enable-threads=posix --enable-clocale=gnu --enable-libitm --enable-libgcj --with-ld=/usr/local/bin/sh4-unknown-linux-gnu-ld --with-as=/usr/local/bin/sh4-unknown-linux-gnu-as --with-sysroot=/exp/ldroot --with-mpfr=/opt3/i686-pc-linux-gnu --with-mpc=/opt3/i686-pc-linux-gnu --with-libelf=/opt3/i686-pc-linux-gnu --with-ppl=no target_alias=sh4-unknown-linux-gnu --enable-languages=c,c++,fortran,java,lto,objc