This is the mail archive of the
gcc-testresults@gcc.gnu.org
mailing list for the GCC project.
Results for 6.0.0 20150917 (experimental) [trunk revision 227886] (GCC) testsuite on hppa2.0w-hp-hpux11.11
- From: John David Anglin <dave at hiauly3 dot hia dot nrc dot ca>
- To: dave at hiauly3 dot hia dot nrc dot ca, gcc-testresults at gcc dot gnu dot org
- Date: Wed, 7 Oct 2015 17:59:42 -0400 (EDT)
- Subject: Results for 6.0.0 20150917 (experimental) [trunk revision 227886] (GCC) testsuite on hppa2.0w-hp-hpux11.11
- Authentication-results: sourceware.org; auth=none
Native configuration is hppa2.0w-hp-hpux11.11
=== g++ tests ===
Running target unix
FAIL: g++.dg/Wno-frame-address.C -std=gnu++98 (test for excess errors)
FAIL: g++.dg/Wno-frame-address.C -std=gnu++11 (test for excess errors)
FAIL: g++.dg/Wno-frame-address.C -std=gnu++14 (test for excess errors)
FAIL: g++.dg/cpp0x/udlit-general.C -std=c++11 execution test
FAIL: g++.dg/cpp0x/udlit-general.C -std=c++14 execution test
FAIL: g++.dg/cpp0x/udlit-namespace.C -std=c++11 execution test
FAIL: g++.dg/cpp0x/udlit-namespace.C -std=c++14 execution test
FAIL: g++.dg/cpp0x/udlit-resolve.C -std=c++11 execution test
FAIL: g++.dg/cpp0x/udlit-resolve.C -std=c++14 execution test
FAIL: g++.dg/cpp0x/udlit-sfinae.C -std=c++11 execution test
FAIL: g++.dg/cpp0x/udlit-sfinae.C -std=c++14 execution test
FAIL: g++.dg/tree-ssa/pr61034.C -std=gnu++98 scan-tree-dump-times fre2 "free" 10
FAIL: g++.dg/tree-ssa/pr61034.C -std=gnu++11 scan-tree-dump-times fre2 "free" 10
FAIL: g++.dg/tree-ssa/pr61034.C -std=gnu++14 scan-tree-dump-times fre2 "free" 10
FAIL: g++.dg/warn/Wsign-compare-2.C -std=gnu++98 (internal compiler error)
FAIL: g++.dg/warn/Wsign-compare-2.C -std=gnu++98 (test for excess errors)
FAIL: g++.dg/warn/Wsign-compare-2.C -std=gnu++11 (internal compiler error)
FAIL: g++.dg/warn/Wsign-compare-2.C -std=gnu++11 (test for excess errors)
FAIL: g++.dg/warn/Wsign-compare-2.C -std=gnu++14 (internal compiler error)
FAIL: g++.dg/warn/Wsign-compare-2.C -std=gnu++14 (test for excess errors)
WARNING: program timed out.
=== g++ Summary ===
# of expected passes 77121
# of unexpected failures 20
# of expected failures 274
# of unsupported tests 4011
/test/gnu/gcc/objdir/gcc/testsuite/g++/../../xg++ version 6.0.0 20150917 (experimental) [trunk revision 227886] (GCC)
=== gcc tests ===
Running target unix
FAIL: gcc.c-torture/compile/981223-1.c -O0 (internal compiler error)
FAIL: gcc.c-torture/compile/981223-1.c -O0 (test for excess errors)
FAIL: gcc.c-torture/compile/complex-1.c -O0 (internal compiler error)
FAIL: gcc.c-torture/compile/complex-1.c -O0 (test for excess errors)
FAIL: gcc.c-torture/compile/complex-3.c -O0 (internal compiler error)
FAIL: gcc.c-torture/compile/complex-3.c -O0 (test for excess errors)
FAIL: gcc.c-torture/compile/complex-5.c -O0 (internal compiler error)
FAIL: gcc.c-torture/compile/complex-5.c -O0 (test for excess errors)
FAIL: gcc.c-torture/compile/pr55921.c -O0 (internal compiler error)
FAIL: gcc.c-torture/compile/pr55921.c -O0 (test for excess errors)
FAIL: gcc.c-torture/execute/builtins/complex-1.c compilation, -O0 (internal compiler error)
UNRESOLVED: gcc.c-torture/execute/builtins/complex-1.c execution, -O0
FAIL: gcc.c-torture/execute/20010605-2.c -O0 (internal compiler error)
FAIL: gcc.c-torture/execute/20010605-2.c -O0 (test for excess errors)
UNRESOLVED: gcc.c-torture/execute/20010605-2.c -O0 compilation failed to produce executable
FAIL: gcc.c-torture/execute/20020413-1.c -O0 execution test
FAIL: gcc.c-torture/execute/20030914-1.c -O0 execution test
FAIL: gcc.c-torture/execute/20080502-1.c -O0 execution test
FAIL: gcc.c-torture/execute/930622-2.c -O0 execution test
FAIL: gcc.c-torture/execute/960513-1.c -O0 execution test
FAIL: gcc.c-torture/execute/complex-1.c -O0 execution test
FAIL: gcc.c-torture/execute/complex-5.c -O0 (internal compiler error)
FAIL: gcc.c-torture/execute/complex-5.c -O0 (test for excess errors)
UNRESOLVED: gcc.c-torture/execute/complex-5.c -O0 compilation failed to produce executable
FAIL: gcc.c-torture/execute/complex-6.c -O0 (internal compiler error)
FAIL: gcc.c-torture/execute/complex-6.c -O0 (test for excess errors)
UNRESOLVED: gcc.c-torture/execute/complex-6.c -O0 compilation failed to produce executable
FAIL: gcc.c-torture/execute/complex-7.c -O0 (internal compiler error)
FAIL: gcc.c-torture/execute/complex-7.c -O0 (test for excess errors)
UNRESOLVED: gcc.c-torture/execute/complex-7.c -O0 compilation failed to produce executable
FAIL: gcc.c-torture/execute/conversion.c -O0 execution test
FAIL: gcc.c-torture/execute/pr38969.c -O0 (internal compiler error)
FAIL: gcc.c-torture/execute/pr38969.c -O0 (test for excess errors)
UNRESOLVED: gcc.c-torture/execute/pr38969.c -O0 compilation failed to produce executable
FAIL: gcc.c-torture/execute/pr42248.c -O0 execution test
FAIL: gcc.c-torture/execute/pr44942.c -O0 execution test
FAIL: gcc.c-torture/execute/ieee/fp-cmp-8l.c execution, -O0
FAIL: gcc.c-torture/execute/ieee/inf-2.c execution, -O0
FAIL: gcc.c-torture/execute/ieee/inf-3.c execution, -O0
FAIL: gcc.c-torture/execute/ieee/pr36332.c execution, -O0
FAIL: gcc.dg/atomic/c11-atomic-exec-5.c -O0 execution test
FAIL: gcc.dg/atomic/c11-atomic-exec-5.c -O1 execution test
FAIL: gcc.dg/atomic/c11-atomic-exec-5.c -O2 execution test
FAIL: gcc.dg/atomic/c11-atomic-exec-5.c -O3 -fomit-frame-pointer -funroll-loops -fpeel-loops -ftracer -finline-functions execution test
FAIL: gcc.dg/atomic/c11-atomic-exec-5.c -O3 -g execution test
FAIL: gcc.dg/atomic/c11-atomic-exec-5.c -Os execution test
FAIL: gcc.dg/compat/scalar-by-value-1 c_compat_x_tst.o-c_compat_y_tst.o execute
FAIL: gcc.dg/compat/scalar-by-value-3 c_compat_x_tst.o compile, (internal compiler error)
FAIL: gcc.dg/compat/scalar-by-value-3 c_compat_y_tst.o compile, (internal compiler error)
UNRESOLVED: gcc.dg/compat/scalar-by-value-3 c_compat_x_tst.o-c_compat_y_tst.o link
UNRESOLVED: gcc.dg/compat/scalar-by-value-3 c_compat_x_tst.o-c_compat_y_tst.o execute
FAIL: gcc.dg/compat/scalar-by-value-4 c_compat_x_tst.o compile, (internal compiler error)
FAIL: gcc.dg/compat/scalar-by-value-4 c_compat_y_tst.o compile, (internal compiler error)
UNRESOLVED: gcc.dg/compat/scalar-by-value-4 c_compat_x_tst.o-c_compat_y_tst.o link
UNRESOLVED: gcc.dg/compat/scalar-by-value-4 c_compat_x_tst.o-c_compat_y_tst.o execute
FAIL: gcc.dg/compat/scalar-by-value-5 c_compat_y_tst.o compile, (internal compiler error)
UNRESOLVED: gcc.dg/compat/scalar-by-value-5 c_compat_x_tst.o-c_compat_y_tst.o link
UNRESOLVED: gcc.dg/compat/scalar-by-value-5 c_compat_x_tst.o-c_compat_y_tst.o execute
FAIL: gcc.dg/compat/scalar-return-1 c_compat_x_tst.o-c_compat_y_tst.o execute
FAIL: gcc.dg/compat/scalar-return-3 c_compat_x_tst.o compile, (internal compiler error)
FAIL: gcc.dg/compat/scalar-return-3 c_compat_y_tst.o compile, (internal compiler error)
UNRESOLVED: gcc.dg/compat/scalar-return-3 c_compat_x_tst.o-c_compat_y_tst.o link
UNRESOLVED: gcc.dg/compat/scalar-return-3 c_compat_x_tst.o-c_compat_y_tst.o execute
FAIL: gcc.dg/compat/scalar-return-4 c_compat_x_tst.o compile, (internal compiler error)
FAIL: gcc.dg/compat/scalar-return-4 c_compat_y_tst.o compile, (internal compiler error)
UNRESOLVED: gcc.dg/compat/scalar-return-4 c_compat_x_tst.o-c_compat_y_tst.o link
UNRESOLVED: gcc.dg/compat/scalar-return-4 c_compat_x_tst.o-c_compat_y_tst.o execute
FAIL: gcc.dg/compat/struct-by-value-13 c_compat_x_tst.o compile, (internal compiler error)
FAIL: gcc.dg/compat/struct-by-value-13 c_compat_y_tst.o compile, (internal compiler error)
UNRESOLVED: gcc.dg/compat/struct-by-value-13 c_compat_x_tst.o-c_compat_y_tst.o link
UNRESOLVED: gcc.dg/compat/struct-by-value-13 c_compat_x_tst.o-c_compat_y_tst.o execute
FAIL: gcc.dg/compat/struct-by-value-14 c_compat_x_tst.o compile, (internal compiler error)
FAIL: gcc.dg/compat/struct-by-value-14 c_compat_y_tst.o compile, (internal compiler error)
UNRESOLVED: gcc.dg/compat/struct-by-value-14 c_compat_x_tst.o-c_compat_y_tst.o link
UNRESOLVED: gcc.dg/compat/struct-by-value-14 c_compat_x_tst.o-c_compat_y_tst.o execute
FAIL: gcc.dg/compat/struct-by-value-15 c_compat_x_tst.o-c_compat_y_tst.o execute
FAIL: gcc.dg/compat/struct-by-value-16 c_compat_x_tst.o compile, (internal compiler error)
FAIL: gcc.dg/compat/struct-by-value-16 c_compat_y_tst.o compile, (internal compiler error)
UNRESOLVED: gcc.dg/compat/struct-by-value-16 c_compat_x_tst.o-c_compat_y_tst.o link
UNRESOLVED: gcc.dg/compat/struct-by-value-16 c_compat_x_tst.o-c_compat_y_tst.o execute
FAIL: gcc.dg/compat/struct-by-value-16a c_compat_x_tst.o compile, (internal compiler error)
FAIL: gcc.dg/compat/struct-by-value-16a c_compat_y_tst.o compile, (internal compiler error)
UNRESOLVED: gcc.dg/compat/struct-by-value-16a c_compat_x_tst.o-c_compat_y_tst.o link
UNRESOLVED: gcc.dg/compat/struct-by-value-16a c_compat_x_tst.o-c_compat_y_tst.o execute
FAIL: gcc.dg/compat/struct-by-value-17 c_compat_x_tst.o-c_compat_y_tst.o execute
FAIL: gcc.dg/compat/struct-by-value-17a c_compat_x_tst.o-c_compat_y_tst.o execute
FAIL: gcc.dg/compat/struct-by-value-18 c_compat_x_tst.o-c_compat_y_tst.o execute
FAIL: gcc.dg/compat/struct-by-value-18a c_compat_x_tst.o-c_compat_y_tst.o execute
FAIL: gcc.dg/compat/struct-by-value-7a c_compat_x_tst.o-c_compat_y_tst.o execute
FAIL: gcc.dg/compat/struct-by-value-7b c_compat_x_tst.o-c_compat_y_tst.o execute
FAIL: gcc.dg/Wno-frame-address.c (test for excess errors)
FAIL: gcc.dg/builtins-1.c (internal compiler error)
FAIL: gcc.dg/builtins-1.c (test for excess errors)
UNRESOLVED: gcc.dg/builtins-1.c scan-assembler-not __builtin_
FAIL: gcc.dg/loop-8.c scan-rtl-dump-times loop2_invariant "Decided" 1
FAIL: gcc.dg/loop-8.c scan-rtl-dump-not loop2_invariant "without introducing a new temporary register"
FAIL: gcc.dg/pr35430.c (internal compiler error)
FAIL: gcc.dg/pr35430.c (test for excess errors)
FAIL: gcc.dg/pr49551.c (test for excess errors)
FAIL: gcc.dg/pr64434.c scan-rtl-dump-times expand "Swap operands" 1
WARNING: program timed out.
FAIL: gcc.dg/torture/builtin-complex-1.c -O0 (internal compiler error)
FAIL: gcc.dg/torture/builtin-complex-1.c -O0 (test for excess errors)
UNRESOLVED: gcc.dg/torture/builtin-complex-1.c -O0 compilation failed to produce executable
FAIL: gcc.dg/torture/pr26869.c -O0 (internal compiler error)
FAIL: gcc.dg/torture/pr26869.c -O0 (test for excess errors)
FAIL: gcc.dg/torture/pr27773.c -O0 (internal compiler error)
FAIL: gcc.dg/torture/pr27773.c -O0 (test for excess errors)
FAIL: gcc.dg/tree-ssa/ivopts-lt-2.c scan-tree-dump-times ivopts "PHI <p_" 1
FAIL: gcc.dg/tree-ssa/ivopts-lt-2.c scan-tree-dump-times ivopts "p_[0-9]* <" 1
FAIL: gcc.dg/tree-ssa/pr65447.c scan-tree-dump-not ivopts "\\\\nuse 5\\\\n"
=== gcc Summary ===
# of expected passes 62599
# of unexpected failures 84
# of expected failures 133
# of unresolved testcases 26
# of unsupported tests 1714
/test/gnu/gcc/objdir/gcc/xgcc version 6.0.0 20150917 (experimental) [trunk revision 227886] (GCC)
=== libstdc++ tests ===
Running target unix
Compiler version: 6.0.0 20150917 (experimental) [trunk revision 227886] (GCC)
Platform: hppa2.0w-hp-hpux11.11
configure flags:Test Run By dave on Wed Oct 7 11:59:45 2015