This is the mail archive of the
gcc-testresults@gcc.gnu.org
mailing list for the GCC project.
Results for 6.0.0 20151004 (experimental) testsuite on sparc-unknown-linux-gnu
- From: Mikael Pettersson <mikpelinux at gmail dot com>
- To: gcc-testresults at gcc dot gnu dot org
- Date: Mon, 5 Oct 2015 23:24:37 +0200
- Subject: Results for 6.0.0 20151004 (experimental) testsuite on sparc-unknown-linux-gnu
- Authentication-results: sourceware.org; auth=none
LAST_UPDATED: Obtained from SVN: trunk revision 228462
=== acats tests ===
FAIL: c52103x
FAIL: c52104x
FAIL: c52104y
=== acats Summary ===
# of expected passes 2317
# of unexpected failures 3
Native configuration is sparc-unknown-linux-gnu
=== g++ tests ===
Running target unix
FAIL: g++.dg/cpp0x/nsdmi-template14.C -std=c++11 (test for errors, line 4)
FAIL: g++.dg/cpp0x/nsdmi-template14.C -std=c++11 (test for errors, line 6)
FAIL: g++.dg/cpp0x/nsdmi-template14.C -std=c++14 (test for errors, line 4)
FAIL: g++.dg/cpp0x/nsdmi-template14.C -std=c++14 (test for errors, line 6)
FAIL: g++.dg/tree-ssa/pr61034.C -std=gnu++98 scan-tree-dump-times fre2 "free" 10
FAIL: g++.dg/tree-ssa/pr61034.C -std=gnu++11 scan-tree-dump-times fre2 "free" 10
FAIL: g++.dg/tree-ssa/pr61034.C -std=gnu++14 scan-tree-dump-times fre2 "free" 10
FAIL: g++.dg/guality/redeclaration1.C -O2 line 17 i == 24
FAIL: g++.dg/guality/redeclaration1.C -O3 -g line 17 i == 24
XPASS: g++.dg/tls/thread_local-order2.C -std=c++11 execution test
XPASS: g++.dg/tls/thread_local-order2.C -std=c++14 execution test
=== g++ Summary ===
# of expected passes 83810
# of unexpected failures 9
# of unexpected successes 2
# of expected failures 313
# of unsupported tests 3730
/mnt/scratch/objdir6/gcc/testsuite/g++/../../xg++ version 6.0.0 20151004 (experimental) (GCC)
=== gcc tests ===
Running target unix
FAIL: gcc.c-torture/compile/pr52073.c -O2 (internal compiler error)
FAIL: gcc.c-torture/compile/pr52073.c -O2 (test for excess errors)
FAIL: gcc.c-torture/compile/pr52073.c -O3 -fomit-frame-pointer -funroll-loops -fpeel-loops -ftracer -finline-functions (internal compiler error)
FAIL: gcc.c-torture/compile/pr52073.c -O3 -fomit-frame-pointer -funroll-loops -fpeel-loops -ftracer -finline-functions (test for excess errors)
FAIL: gcc.c-torture/compile/pr52073.c -O3 -g (internal compiler error)
FAIL: gcc.c-torture/compile/pr52073.c -O3 -g (test for excess errors)
FAIL: gcc.dg/atomic/pr65345-4.c -O0 (internal compiler error)
FAIL: gcc.dg/atomic/pr65345-4.c -O0 (test for excess errors)
FAIL: gcc.dg/atomic/pr65345-4.c -O1 (internal compiler error)
FAIL: gcc.dg/atomic/pr65345-4.c -O1 (test for excess errors)
FAIL: gcc.dg/atomic/pr65345-4.c -O2 (internal compiler error)
FAIL: gcc.dg/atomic/pr65345-4.c -O2 (test for excess errors)
FAIL: gcc.dg/atomic/pr65345-4.c -O3 -g (internal compiler error)
FAIL: gcc.dg/atomic/pr65345-4.c -O3 -g (test for excess errors)
FAIL: gcc.dg/atomic/pr65345-4.c -Os (internal compiler error)
FAIL: gcc.dg/atomic/pr65345-4.c -Os (test for excess errors)
FAIL: gcc.dg/debug/dwarf2/stacked-qualified-types-3.c scan-assembler-times DIE \\\\([^\\n]*\\\\) DW_TAG_(?:const|volatile|atomic|restrict)_type 8
FAIL: gcc.dg/pr65345-3.c (internal compiler error)
FAIL: gcc.dg/pr65345-3.c (test for errors, line 18)
FAIL: gcc.dg/pr65345-3.c (test for errors, line 19)
FAIL: gcc.dg/pr65345-3.c (test for errors, line 20)
FAIL: gcc.dg/pr65345-3.c (test for errors, line 21)
FAIL: gcc.dg/pr65345-3.c (test for errors, line 22)
FAIL: gcc.dg/pr65345-3.c (test for excess errors)
XPASS: gcc.dg/guality/example.c -O0 execution test
XPASS: gcc.dg/guality/example.c -O1 execution test
XPASS: gcc.dg/guality/guality.c -O0 execution test
XPASS: gcc.dg/guality/guality.c -O1 execution test
XPASS: gcc.dg/guality/guality.c -O2 execution test
XPASS: gcc.dg/guality/guality.c -O3 -g execution test
XPASS: gcc.dg/guality/guality.c -Os execution test
XPASS: gcc.dg/guality/inline-params.c -O2 execution test
XPASS: gcc.dg/guality/inline-params.c -O3 -g execution test
XPASS: gcc.dg/guality/inline-params.c -Os execution test
FAIL: gcc.dg/guality/pr36728-1.c -O2 line 16 y == 2
FAIL: gcc.dg/guality/pr36728-1.c -O3 -g line 16 y == 2
FAIL: gcc.dg/guality/pr36728-2.c -O2 line 16 y == 2
FAIL: gcc.dg/guality/pr36728-2.c -O3 -g line 16 y == 2
FAIL: gcc.dg/guality/pr36728-2.c -Os line 18 y == 2
XPASS: gcc.dg/guality/pr41353-1.c -O0 line 28 j == 28 + 37
FAIL: gcc.dg/guality/pr41353-1.c -O1 line 28 i1 == 2 * 37
FAIL: gcc.dg/guality/pr41353-1.c -O1 line 28 i2 == 3 * 37
FAIL: gcc.dg/guality/pr41353-1.c -O2 line 28 i1 == 2 * 37
FAIL: gcc.dg/guality/pr41353-1.c -O2 line 28 i2 == 3 * 37
FAIL: gcc.dg/guality/pr41353-1.c -O3 -g line 28 i1 == 2 * 37
FAIL: gcc.dg/guality/pr41353-1.c -O3 -g line 28 i2 == 3 * 37
FAIL: gcc.dg/guality/pr41353-1.c -Os line 28 i1 == 2 * 37
FAIL: gcc.dg/guality/pr41353-1.c -Os line 28 i2 == 3 * 37
FAIL: gcc.dg/guality/pr41404-1.c -O1 line 10 *foo == 'f'
FAIL: gcc.dg/guality/pr41404-1.c -O2 line 10 *foo == 'f'
FAIL: gcc.dg/guality/pr41404-1.c -O3 -g line 10 *foo == 'f'
FAIL: gcc.dg/guality/pr41404-1.c -Os line 10 *foo == 'f'
FAIL: gcc.dg/guality/pr43479.c -O1 line 13 h == 9
FAIL: gcc.dg/guality/pr43479.c -O2 line 13 h == 9
FAIL: gcc.dg/guality/pr43479.c -O3 -g line 13 h == 9
FAIL: gcc.dg/guality/pr43479.c -Os line 13 h == 9
FAIL: gcc.dg/guality/pr54200.c -O1 line 20 z == 3
FAIL: gcc.dg/guality/pr54200.c -O2 line 20 z == 3
FAIL: gcc.dg/guality/pr54200.c -O3 -g line 20 z == 3
FAIL: gcc.dg/guality/pr54200.c -Os line 20 z == 3
FAIL: gcc.dg/guality/pr54693-2.c -Os line 21 y == 20 - 2 * i
FAIL: gcc.dg/guality/pr54970.c -O1 line 15 a[2] == 3
FAIL: gcc.dg/guality/pr54970.c -O1 line 15 *p == 3
FAIL: gcc.dg/guality/pr54970.c -O2 line 15 a[2] == 3
FAIL: gcc.dg/guality/pr54970.c -O2 line 15 *p == 3
FAIL: gcc.dg/guality/pr54970.c -O3 -g line 15 a[2] == 3
FAIL: gcc.dg/guality/pr54970.c -O3 -g line 15 *p == 3
FAIL: gcc.dg/guality/pr54970.c -Os line 15 a[2] == 3
FAIL: gcc.dg/guality/pr54970.c -Os line 15 *p == 3
FAIL: gcc.dg/guality/sra-1.c -O1 line 43 a.i == 4
FAIL: gcc.dg/guality/sra-1.c -O1 line 43 a.j == 14
FAIL: gcc.dg/guality/sra-1.c -O2 line 21 a.i == 4
FAIL: gcc.dg/guality/sra-1.c -O2 line 32 a[0] == 4
FAIL: gcc.dg/guality/sra-1.c -O2 line 43 a.i == 4
FAIL: gcc.dg/guality/sra-1.c -O2 line 43 a.j == 14
FAIL: gcc.dg/guality/sra-1.c -O3 -g line 21 a.i == 4
FAIL: gcc.dg/guality/sra-1.c -O3 -g line 32 a[0] == 4
FAIL: gcc.dg/guality/sra-1.c -O3 -g line 43 a.i == 4
FAIL: gcc.dg/guality/sra-1.c -O3 -g line 43 a.j == 14
FAIL: gcc.dg/guality/sra-1.c -Os line 43 a.i == 4
FAIL: gcc.dg/guality/sra-1.c -Os line 43 a.j == 14
FAIL: gcc.dg/ipa/iinline-attr.c scan-ipa-dump inline "hooray[^\\\\n]*inline copy in test"
FAIL: gcc.dg/tree-prof/crossmodule-indircall-1a.c compilation, -fprofile-generate -D_PROFILE_GENERATE
UNRESOLVED: gcc.dg/tree-prof/crossmodule-indircall-1a.c execution, -fprofile-generate -D_PROFILE_GENERATE
UNRESOLVED: gcc.dg/tree-prof/crossmodule-indircall-1a.c compilation, -fprofile-use -D_PROFILE_USE
UNRESOLVED: gcc.dg/tree-prof/crossmodule-indircall-1a.c execution, -fprofile-use -D_PROFILE_USE
FAIL: gcc.dg/vect/pr20122.c scan-tree-dump-times vect "Alignment of access forced using versioning" 2
=== gcc Summary ===
# of expected passes 70895
# of unexpected failures 73
# of unexpected successes 11
# of expected failures 249
# of unresolved testcases 3
# of unsupported tests 1734
/mnt/scratch/objdir6/gcc/xgcc version 6.0.0 20151004 (experimental) (GCC)
=== gnat tests ===
Running target unix
FAIL: gnat.dg/null_pointer_deref1.adb execution test
FAIL: gnat.dg/null_pointer_deref3.adb execution test
=== gnat Summary ===
# of expected passes 1370
# of unexpected failures 2
# of expected failures 21
# of unsupported tests 22
/mnt/scratch/objdir6/gcc/gnatmake version 6.0.0 20151004 (experimental)
=== libatomic tests ===
Running target unix
=== libatomic Summary ===
# of expected passes 44
# of unsupported tests 5
=== libgomp tests ===
Running target unix
=== libgomp Summary ===
# of expected passes 1210
# of expected failures 4
# of unsupported tests 139
=== libitm tests ===
Running target unix
=== libitm Summary ===
# of expected passes 26
# of expected failures 3
# of unsupported tests 1
=== libstdc++ tests ===
Running target unix
FAIL: libstdc++-abi/abi_check
=== libstdc++ Summary ===
# of expected passes 10499
# of unexpected failures 1
# of expected failures 66
# of unsupported tests 264
Compiler version: 6.0.0 20151004 (experimental)
Platform: sparc-unknown-linux-gnu
configure flags: --prefix=/mnt/scratch/install6 --with-gmp=/home/mikpe/pkgs/linux-sparc64/gmp-6.0.0 --with-mpfr=/home/mikpe/pkgs/linux-sparc64/mpfr-3.1.3 --with-mpc=/home/mikpe/pkgs/linux-sparc64/mpc-1.0.3 --enable-multilib --disable-plugin --disable-lto --disable-nls --enable-threads=posix --enable-checking=release --disable-libmudflap --enable-languages=c,ada,c++ --build=sparc-unknown-linux --target=sparc-unknown-linux --with-cpu=ultrasparc --enable-targets=all
BOOT_CFLAGS=-g -O2