This is the mail archive of the
gcc-testresults@gcc.gnu.org
mailing list for the GCC project.
Results for 6.0.0 20151002 (experimental) [trunk revision 228411] (GCC) testsuite on armv6hf-unknown-freebsd11.0
- From: "Andreas Tobler" <andreast at fgznet dot ch>
- To: gcc-testresults at gcc dot gnu dot org
- Date: Sat, 03 Oct 2015 20:30:16 +0200
- Subject: Results for 6.0.0 20151002 (experimental) [trunk revision 228411] (GCC) testsuite on armv6hf-unknown-freebsd11.0
- Authentication-results: sourceware.org; auth=none
LAST_UPDATED: Fri Oct 2 18:47:23 UTC 2015 (revision 228411)
Native configuration is armv6hf-unknown-freebsd11.0
=== libatomic tests ===
Running target unix
=== libatomic Summary ===
# of expected passes 44
# of unsupported tests 5
=== libgomp tests ===
Running target unix
FAIL: libgomp.c/copyin-3.c execution test
FAIL: libgomp.c/pr46193.c execution test
FAIL: libgomp.oacc-fortran/reduction-1.f90 -DACC_DEVICE_TYPE_host=1 -DACC_MEM_SHARED=1 -O3 -fomit-frame-pointer -funroll-loops -fpeel-loops -ftracer -finline-functions execution test
FAIL: libgomp.oacc-fortran/reduction-1.f90 -DACC_DEVICE_TYPE_host=1 -DACC_MEM_SHARED=1 -O3 -g execution test
=== libgomp Summary ===
# of expected passes 4026
# of unexpected failures 4
# of expected failures 4
# of unsupported tests 246
=== libitm tests ===
Running target unix
=== libitm Summary ===
# of expected passes 26
# of expected failures 3
# of unsupported tests 1
=== libstdc++ tests ===
Running target unix
FAIL: 17_intro/headers/c++1998/all.cc (test for excess errors)
FAIL: 17_intro/headers/c++1998/all_c++200x_compatibility.cc (test for excess errors)
FAIL: 17_intro/headers/c++1998/stdc++.cc (test for excess errors)
FAIL: 17_intro/headers/c++1998/stdc++_multiple_inclusion.cc (test for excess errors)
FAIL: 17_intro/headers/c++2011/stdc++.cc (test for excess errors)
FAIL: 17_intro/headers/c++2011/stdc++_multiple_inclusion.cc (test for excess errors)
FAIL: 22_locale/codecvt/out/wchar_t/7.cc execution test
FAIL: 22_locale/collate/compare/wchar_t/wrapped_locale.cc execution test
FAIL: 22_locale/collate/transform/wchar_t/wrapped_locale.cc execution test
FAIL: 22_locale/ctype/is/char/wrapped_env.cc execution test
FAIL: 22_locale/ctype/is/char/wrapped_locale.cc execution test
FAIL: 22_locale/ctype/is/wchar_t/wrapped_env.cc execution test
FAIL: 22_locale/ctype/is/wchar_t/wrapped_locale.cc execution test
FAIL: 22_locale/locale/cons/12658_thread-1.cc execution test
FAIL: 22_locale/locale/cons/12658_thread-2.cc execution test
FAIL: 22_locale/locale/cons/29217.cc execution test
FAIL: 22_locale/locale/cons/38368.cc execution test
FAIL: 22_locale/locale/cons/40184.cc execution test
FAIL: 22_locale/locale/global_locale_objects/14071.cc execution test
FAIL: 22_locale/messages/13631.cc execution test
FAIL: 22_locale/messages/members/char/1.cc execution test
FAIL: 22_locale/messages/members/char/2.cc execution test
FAIL: 22_locale/messages/members/char/wrapped_env.cc execution test
FAIL: 22_locale/messages/members/char/wrapped_locale.cc execution test
FAIL: 22_locale/messages_byname/named_equivalence.cc execution test
FAIL: 22_locale/money_get/get/char/1.cc execution test
FAIL: 22_locale/money_get/get/char/11.cc execution test
FAIL: 22_locale/money_get/get/char/12.cc execution test
FAIL: 22_locale/money_get/get/char/17.cc execution test
FAIL: 22_locale/money_get/get/char/3.cc execution test
FAIL: 22_locale/money_get/get/wchar_t/1.cc execution test
FAIL: 22_locale/money_get/get/wchar_t/11.cc execution test
FAIL: 22_locale/money_get/get/wchar_t/12.cc execution test
FAIL: 22_locale/money_get/get/wchar_t/17.cc execution test
FAIL: 22_locale/money_get/get/wchar_t/3.cc execution test
FAIL: 22_locale/money_put/put/char/1.cc execution test
FAIL: 22_locale/money_put/put/char/3.cc execution test
FAIL: 22_locale/money_put/put/wchar_t/1.cc execution test
FAIL: 22_locale/money_put/put/wchar_t/3.cc execution test
FAIL: 22_locale/num_get/get/char/1.cc execution test
FAIL: 22_locale/num_get/get/char/5.cc execution test
FAIL: 22_locale/num_get/get/wchar_t/1.cc execution test
FAIL: 22_locale/num_get/get/wchar_t/5.cc execution test
FAIL: 22_locale/num_put/put/char/1.cc execution test
FAIL: 22_locale/num_put/put/char/20914.cc execution test
FAIL: 22_locale/num_put/put/wchar_t/1.cc execution test
FAIL: 22_locale/num_put/put/wchar_t/20914.cc execution test
FAIL: 22_locale/numpunct/members/char/2.cc execution test
FAIL: 22_locale/numpunct/members/char/3.cc execution test
FAIL: 22_locale/numpunct/members/char/wrapped_env.cc execution test
FAIL: 22_locale/numpunct/members/char/wrapped_locale.cc execution test
FAIL: 22_locale/numpunct/members/wchar_t/2.cc execution test
FAIL: 22_locale/numpunct/members/wchar_t/wrapped_env.cc execution test
FAIL: 22_locale/numpunct/members/wchar_t/wrapped_locale.cc execution test
FAIL: 22_locale/time_get/get_date/char/12750.cc execution test
FAIL: 22_locale/time_get/get_date/wchar_t/12750.cc execution test
FAIL: 22_locale/time_get/get_date/wchar_t/4.cc execution test
FAIL: 22_locale/time_get/get_weekday/char/38081-1.cc execution test
FAIL: 22_locale/time_get/get_weekday/char/38081-2.cc execution test
FAIL: 22_locale/time_put/put/char/4.cc execution test
FAIL: 22_locale/time_put/put/wchar_t/4.cc execution test
FAIL: 25_algorithms/remove/requirements/explicit_instantiation/2.cc (test for excess errors)
FAIL: 26_numerics/headers/cmath/c99_classification_macros_c.cc (test for excess errors)
FAIL: 27_io/basic_filebuf/overflow/wchar_t/11305-1.cc execution test
FAIL: 27_io/basic_filebuf/overflow/wchar_t/11305-2.cc execution test
FAIL: 27_io/basic_filebuf/overflow/wchar_t/11305-3.cc execution test
FAIL: 27_io/basic_filebuf/overflow/wchar_t/11305-4.cc execution test
FAIL: 27_io/manipulators/extended/get_money/char/1.cc execution test
FAIL: 27_io/manipulators/extended/get_money/wchar_t/1.cc execution test
FAIL: 27_io/manipulators/extended/put_money/char/1.cc execution test
FAIL: 27_io/manipulators/extended/put_money/wchar_t/1.cc execution test
FAIL: 28_regex/algorithms/regex_match/extended/wstring_locale.cc execution test
FAIL: 28_regex/iterators/regex_token_iterator/wchar_t/wstring_02.cc execution test
FAIL: 30_threads/async/42819.cc execution test
FAIL: 30_threads/async/49668.cc execution test
FAIL: 30_threads/async/54297.cc execution test
FAIL: 30_threads/async/any.cc execution test
FAIL: 30_threads/async/async.cc execution test
FAIL: 30_threads/async/sync.cc execution test
FAIL: 30_threads/call_once/39909.cc execution test
FAIL: 30_threads/call_once/49668.cc execution test
FAIL: 30_threads/call_once/call_once1.cc execution test
FAIL: 30_threads/future/members/45133.cc execution test
FAIL: 30_threads/future/members/get.cc execution test
FAIL: 30_threads/future/members/get2.cc execution test
FAIL: 30_threads/future/members/share.cc execution test
FAIL: 30_threads/future/members/valid.cc execution test
FAIL: 30_threads/future/members/wait.cc execution test
FAIL: 30_threads/future/members/wait_for.cc execution test
FAIL: 30_threads/future/members/wait_until.cc execution test
FAIL: 30_threads/packaged_task/49668.cc execution test
FAIL: 30_threads/packaged_task/cons/3.cc execution test
FAIL: 30_threads/packaged_task/cons/alloc.cc execution test
FAIL: 30_threads/packaged_task/members/at_thread_exit.cc execution test
FAIL: 30_threads/packaged_task/members/get_future.cc execution test
FAIL: 30_threads/packaged_task/members/invoke.cc execution test
FAIL: 30_threads/packaged_task/members/invoke2.cc execution test
FAIL: 30_threads/packaged_task/members/invoke3.cc execution test
FAIL: 30_threads/packaged_task/members/invoke4.cc execution test
FAIL: 30_threads/packaged_task/members/invoke5.cc execution test
FAIL: 30_threads/packaged_task/members/reset2.cc execution test
FAIL: 30_threads/promise/60966.cc execution test
FAIL: 30_threads/promise/cons/alloc.cc execution test
FAIL: 30_threads/promise/cons/move.cc execution test
FAIL: 30_threads/promise/cons/move_assign.cc execution test
FAIL: 30_threads/promise/members/at_thread_exit.cc execution test
FAIL: 30_threads/promise/members/get_future.cc execution test
FAIL: 30_threads/promise/members/set_exception.cc execution test
FAIL: 30_threads/promise/members/set_exception2.cc execution test
FAIL: 30_threads/promise/members/set_value.cc execution test
FAIL: 30_threads/promise/members/set_value2.cc execution test
FAIL: 30_threads/promise/members/set_value3.cc execution test
FAIL: 30_threads/promise/members/swap.cc execution test
FAIL: 30_threads/shared_future/members/get.cc execution test
FAIL: 30_threads/shared_future/members/get2.cc execution test
FAIL: 30_threads/shared_future/members/valid.cc execution test
FAIL: 30_threads/shared_future/members/wait.cc execution test
FAIL: 30_threads/shared_future/members/wait_for.cc execution test
FAIL: 30_threads/shared_future/members/wait_until.cc execution test
FAIL: experimental/filesystem/iterators/directory_iterator.cc execution test
FAIL: experimental/filesystem/iterators/recursive_directory_iterator.cc execution test
WARNING: program timed out.
FAIL: tr1/8_c_compatibility/complex/50880.cc (test for excess errors)
UNRESOLVED: tr1/8_c_compatibility/complex/50880.cc compilation failed to produce executable
FAIL: tr1/8_c_compatibility/complex/functions.cc (test for excess errors)
=== libstdc++ Summary ===
# of expected passes 10200
# of unexpected failures 123
# of expected failures 67
# of unresolved testcases 1
# of unsupported tests 348
=== g++ tests ===
Running target unix
FAIL: g++.dg/ext/arm-fp16/arm-fp16-ops-3.C -std=gnu++98 (test for excess errors)
UNRESOLVED: g++.dg/ext/arm-fp16/arm-fp16-ops-3.C -std=gnu++98 compilation failed to produce executable
FAIL: g++.dg/ext/arm-fp16/arm-fp16-ops-3.C -std=gnu++11 (test for excess errors)
UNRESOLVED: g++.dg/ext/arm-fp16/arm-fp16-ops-3.C -std=gnu++11 compilation failed to produce executable
FAIL: g++.dg/ext/arm-fp16/arm-fp16-ops-3.C -std=gnu++14 (test for excess errors)
UNRESOLVED: g++.dg/ext/arm-fp16/arm-fp16-ops-3.C -std=gnu++14 compilation failed to produce executable
FAIL: g++.dg/ext/arm-fp16/arm-fp16-ops-4.C -std=gnu++98 (test for excess errors)
UNRESOLVED: g++.dg/ext/arm-fp16/arm-fp16-ops-4.C -std=gnu++98 compilation failed to produce executable
FAIL: g++.dg/ext/arm-fp16/arm-fp16-ops-4.C -std=gnu++11 (test for excess errors)
UNRESOLVED: g++.dg/ext/arm-fp16/arm-fp16-ops-4.C -std=gnu++11 compilation failed to produce executable
FAIL: g++.dg/ext/arm-fp16/arm-fp16-ops-4.C -std=gnu++14 (test for excess errors)
UNRESOLVED: g++.dg/ext/arm-fp16/arm-fp16-ops-4.C -std=gnu++14 compilation failed to produce executable
FAIL: g++.dg/inherit/thunk10.C -std=gnu++98 (test for excess errors)
UNRESOLVED: g++.dg/inherit/thunk10.C -std=gnu++98 compilation failed to produce executable
FAIL: g++.dg/inherit/thunk10.C -std=gnu++11 (test for excess errors)
UNRESOLVED: g++.dg/inherit/thunk10.C -std=gnu++11 compilation failed to produce executable
FAIL: g++.dg/inherit/thunk10.C -std=gnu++14 (test for excess errors)
UNRESOLVED: g++.dg/inherit/thunk10.C -std=gnu++14 compilation failed to produce executable
FAIL: g++.dg/tree-ssa/pr61034.C -std=gnu++98 scan-tree-dump-times fre2 "free" 10
FAIL: g++.dg/tree-ssa/pr61034.C -std=gnu++11 scan-tree-dump-times fre2 "free" 10
FAIL: g++.dg/tree-ssa/pr61034.C -std=gnu++14 scan-tree-dump-times fre2 "free" 10
FAIL: g++.dg/lto/pr65276 cp_lto_pr65276_0.o-cp_lto_pr65276_1.o link, -flto -O0 -std=c++11
UNRESOLVED: g++.dg/lto/pr65276 cp_lto_pr65276_0.o-cp_lto_pr65276_1.o execute -flto -O0 -std=c++11
FAIL: g++.dg/pch/system-1.C -g -I. -Dwith_PCH (internal compiler error)
FAIL: g++.dg/pch/system-1.C -g -I. -Dwith_PCH (test for excess errors)
FAIL: g++.dg/pch/system-1.C -g assembly comparison
FAIL: g++.dg/pch/system-1.C -O2 -g -I. -Dwith_PCH (internal compiler error)
FAIL: g++.dg/pch/system-1.C -O2 -g -I. -Dwith_PCH (test for excess errors)
FAIL: g++.dg/pch/system-1.C -O2 -g assembly comparison
FAIL: g++.dg/pch/system-1.C -O2 -I. -Dwith_PCH (internal compiler error)
FAIL: g++.dg/pch/system-1.C -O2 -I. -Dwith_PCH (test for excess errors)
FAIL: g++.dg/pch/system-1.C -O2 assembly comparison
FAIL: g++.dg/pch/system-2.C -g -I. -Dwith_PCH (internal compiler error)
FAIL: g++.dg/pch/system-2.C -g -I. -Dwith_PCH (test for excess errors)
FAIL: g++.dg/pch/system-2.C -g assembly comparison
FAIL: g++.dg/pch/system-2.C -O2 -g -I. -Dwith_PCH (internal compiler error)
FAIL: g++.dg/pch/system-2.C -O2 -g -I. -Dwith_PCH (test for excess errors)
FAIL: g++.dg/pch/system-2.C -O2 -g assembly comparison
FAIL: g++.dg/pch/system-2.C -O2 -I. -Dwith_PCH (internal compiler error)
FAIL: g++.dg/pch/system-2.C -O2 -I. -Dwith_PCH (test for excess errors)
FAIL: g++.dg/pch/system-2.C -O2 assembly comparison
FAIL: g++.dg/pch/uninst.C -g -I. -Dwith_PCH (internal compiler error)
FAIL: g++.dg/pch/uninst.C -g -I. -Dwith_PCH (test for excess errors)
FAIL: g++.dg/pch/uninst.C -g assembly comparison
FAIL: g++.dg/pch/uninst.C -O2 -g -I. -Dwith_PCH (internal compiler error)
FAIL: g++.dg/pch/uninst.C -O2 -g -I. -Dwith_PCH (test for excess errors)
FAIL: g++.dg/pch/uninst.C -O2 -g assembly comparison
FAIL: g++.dg/pch/uninst.C -O2 -I. -Dwith_PCH (internal compiler error)
FAIL: g++.dg/pch/uninst.C -O2 -I. -Dwith_PCH (test for excess errors)
FAIL: g++.dg/pch/uninst.C -O2 assembly comparison
FAIL: g++.dg/tls/static-1.C -std=gnu++98 execution test
FAIL: g++.dg/tls/static-1.C -std=gnu++11 execution test
FAIL: g++.dg/tls/static-1.C -std=gnu++14 execution test
FAIL: g++.dg/torture/type-generic-1.C -O0 execution test
FAIL: g++.dg/torture/type-generic-1.C -O1 execution test
FAIL: g++.dg/torture/type-generic-1.C -O2 execution test
FAIL: g++.dg/torture/type-generic-1.C -O3 -g execution test
FAIL: g++.dg/torture/type-generic-1.C -Os execution test
FAIL: g++.dg/torture/type-generic-1.C -O2 -flto -fno-use-linker-plugin -flto-partition=none execution test
FAIL: g++.dg/torture/type-generic-1.C -O2 -flto -fuse-linker-plugin -fno-fat-lto-objects execution test
FAIL: g++.old-deja/g++.other/init18.C -std=c++98 execution test
FAIL: g++.old-deja/g++.other/init18.C -std=c++11 execution test
FAIL: g++.old-deja/g++.other/init18.C -std=c++14 execution test
FAIL: g++.old-deja/g++.other/init19.C -std=c++98 execution test
FAIL: g++.old-deja/g++.other/init19.C -std=c++11 execution test
FAIL: g++.old-deja/g++.other/init19.C -std=c++14 execution test
=== g++ Summary ===
# of expected passes 83482
# of unexpected failures 56
# of expected failures 284
# of unresolved testcases 10
# of unsupported tests 3630
/build/gcc/objdir_armv6hf/gcc/testsuite/g++/../../xg++ version 6.0.0 20151002 (experimental) [trunk revision 228411] (GCC)
=== gcc tests ===
Running target unix
FAIL: gcc.c-torture/compile/limits-exprparen.c -O0 (internal compiler error)
FAIL: gcc.c-torture/compile/limits-exprparen.c -O0 (test for excess errors)
FAIL: gcc.c-torture/compile/limits-exprparen.c -O1 (internal compiler error)
FAIL: gcc.c-torture/compile/limits-exprparen.c -O1 (test for excess errors)
FAIL: gcc.c-torture/compile/limits-exprparen.c -O2 (internal compiler error)
FAIL: gcc.c-torture/compile/limits-exprparen.c -O2 (test for excess errors)
FAIL: gcc.c-torture/compile/limits-exprparen.c -O3 -g (internal compiler error)
FAIL: gcc.c-torture/compile/limits-exprparen.c -O3 -g (test for excess errors)
FAIL: gcc.c-torture/compile/limits-exprparen.c -Os (internal compiler error)
FAIL: gcc.c-torture/compile/limits-exprparen.c -Os (test for excess errors)
FAIL: gcc.c-torture/compile/limits-exprparen.c -O2 -flto -fno-use-linker-plugin -flto-partition=none (internal compiler error)
FAIL: gcc.c-torture/compile/limits-exprparen.c -O2 -flto -fno-use-linker-plugin -flto-partition=none (test for excess errors)
FAIL: gcc.c-torture/compile/limits-exprparen.c -O2 -flto -fuse-linker-plugin -fno-fat-lto-objects (internal compiler error)
FAIL: gcc.c-torture/compile/limits-exprparen.c -O2 -flto -fuse-linker-plugin -fno-fat-lto-objects (test for excess errors)
FAIL: gcc.c-torture/execute/20000822-1.c -O0 execution test
FAIL: gcc.c-torture/execute/20030125-1.c -O1 execution test
FAIL: gcc.c-torture/execute/20030125-1.c -O2 execution test
FAIL: gcc.c-torture/execute/20030125-1.c -O3 -g execution test
FAIL: gcc.c-torture/execute/20030125-1.c -Os execution test
FAIL: gcc.c-torture/execute/20030125-1.c -O2 -flto -fno-use-linker-plugin -flto-partition=none execution test
FAIL: gcc.c-torture/execute/20030125-1.c -O2 -flto -fuse-linker-plugin -fno-fat-lto-objects execution test
FAIL: gcc.c-torture/execute/nestfunc-3.c -O0 execution test
FAIL: gcc.c-torture/execute/ieee/20000320-1.c execution, -O0
FAIL: gcc.c-torture/execute/ieee/20000320-1.c execution, -O1
FAIL: gcc.c-torture/execute/ieee/20000320-1.c execution, -O2
FAIL: gcc.c-torture/execute/ieee/20000320-1.c execution, -O3 -g
FAIL: gcc.c-torture/execute/ieee/20000320-1.c execution, -Os
FAIL: gcc.c-torture/execute/ieee/20000320-1.c execution, -Og -g
FAIL: gcc.c-torture/execute/ieee/20000320-1.c execution, -O2 -flto -fno-use-linker-plugin -flto-partition=none
FAIL: gcc.c-torture/execute/ieee/20000320-1.c execution, -O2 -flto -fuse-linker-plugin -fno-fat-lto-objects
FAIL: gcc.c-torture/execute/ieee/mul-subnormal-single-1.c execution, -O0
FAIL: gcc.c-torture/execute/ieee/mul-subnormal-single-1.c execution, -O1
FAIL: gcc.c-torture/execute/ieee/mul-subnormal-single-1.c execution, -O2
FAIL: gcc.c-torture/execute/ieee/mul-subnormal-single-1.c execution, -O3 -fomit-frame-pointer -funroll-loops -fpeel-loops -ftracer -finline-functions
FAIL: gcc.c-torture/execute/ieee/mul-subnormal-single-1.c execution, -O3 -g
FAIL: gcc.c-torture/execute/ieee/mul-subnormal-single-1.c execution, -Os
FAIL: gcc.c-torture/execute/ieee/mul-subnormal-single-1.c execution, -Og -g
FAIL: gcc.c-torture/execute/ieee/mul-subnormal-single-1.c execution, -O2 -flto -fno-use-linker-plugin -flto-partition=none
FAIL: gcc.c-torture/execute/ieee/mul-subnormal-single-1.c execution, -O2 -flto -fuse-linker-plugin -fno-fat-lto-objects
FAIL: gcc.dg/atomic/c11-atomic-exec-5.c -O0 execution test
FAIL: gcc.dg/atomic/c11-atomic-exec-5.c -O1 execution test
FAIL: gcc.dg/atomic/c11-atomic-exec-5.c -O2 execution test
FAIL: gcc.dg/atomic/c11-atomic-exec-5.c -O3 -fomit-frame-pointer -funroll-loops -fpeel-loops -ftracer -finline-functions execution test
FAIL: gcc.dg/atomic/c11-atomic-exec-5.c -O3 -g execution test
FAIL: gcc.dg/atomic/c11-atomic-exec-5.c -Os execution test
FAIL: gcc.dg/atomic/c11-atomic-exec-5.c -O2 -flto -fno-use-linker-plugin -flto-partition=none execution test
FAIL: gcc.dg/atomic/c11-atomic-exec-5.c -O2 -flto -fuse-linker-plugin -fno-fat-lto-objects execution test
FAIL: gcc.dg/atomic/pr65345-4.c -O0 (internal compiler error)
FAIL: gcc.dg/atomic/pr65345-4.c -O0 (test for excess errors)
FAIL: gcc.dg/atomic/pr65345-4.c -O1 (internal compiler error)
FAIL: gcc.dg/atomic/pr65345-4.c -O1 (test for excess errors)
FAIL: gcc.dg/atomic/pr65345-4.c -O2 (internal compiler error)
FAIL: gcc.dg/atomic/pr65345-4.c -O2 (test for excess errors)
FAIL: gcc.dg/atomic/pr65345-4.c -O3 -g (internal compiler error)
FAIL: gcc.dg/atomic/pr65345-4.c -O3 -g (test for excess errors)
FAIL: gcc.dg/atomic/pr65345-4.c -Os (internal compiler error)
FAIL: gcc.dg/atomic/pr65345-4.c -Os (test for excess errors)
FAIL: gcc.dg/atomic/pr65345-4.c -O2 -flto -fno-use-linker-plugin -flto-partition=none (internal compiler error)
FAIL: gcc.dg/atomic/pr65345-4.c -O2 -flto -fno-use-linker-plugin -flto-partition=none (test for excess errors)
FAIL: gcc.dg/atomic/pr65345-4.c -O2 -flto -fuse-linker-plugin -fno-fat-lto-objects (internal compiler error)
FAIL: gcc.dg/atomic/pr65345-4.c -O2 -flto -fuse-linker-plugin -fno-fat-lto-objects (test for excess errors)
FAIL: gcc.dg/cpp/trad/include.c (test for excess errors)
FAIL: gcc.dg/debug/dwarf2/stacked-qualified-types-3.c scan-assembler-times DIE \\\\([^\\n]*\\\\) DW_TAG_(?:const|volatile|atomic|restrict)_type 8
FAIL: gcc.dg/builtins-57.c (test for excess errors)
FAIL: gcc.dg/builtins-58.c scan-assembler-not pow\\\\M
FAIL: gcc.dg/builtins-59.c scan-tree-dump gimple "__builtin_cexpi"
FAIL: gcc.dg/builtins-59.c scan-tree-dump-not gimple "sincos"
FAIL: gcc.dg/builtins-61.c scan-tree-dump optimized "cexpi"
FAIL: gcc.dg/builtins-61.c scan-tree-dump optimized "sin"
FAIL: gcc.dg/builtins-61.c scan-tree-dump optimized "cos"
FAIL: gcc.dg/builtins-61.c scan-tree-dump optimized "return 0.0"
FAIL: gcc.dg/builtins-62.c scan-tree-dump-times optimized "cexpi" 3
FAIL: gcc.dg/builtins-65.c (test for excess errors)
FAIL: gcc.dg/c11-true_min-1.c execution test
FAIL: gcc.dg/c99-stdint-5.c (test for excess errors)
FAIL: gcc.dg/c99-stdint-6.c (test for excess errors)
FAIL: gcc.dg/c99-stdint-7.c (test for excess errors)
FAIL: gcc.dg/c99-tgmath-4.c (test for excess errors)
UNRESOLVED: gcc.dg/c99-tgmath-4.c scan-assembler cpowf
FAIL: gcc.dg/pr65345-3.c (internal compiler error)
FAIL: gcc.dg/pr65345-3.c (test for errors, line 18)
FAIL: gcc.dg/pr65345-3.c (test for errors, line 19)
FAIL: gcc.dg/pr65345-3.c (test for errors, line 20)
FAIL: gcc.dg/pr65345-3.c (test for errors, line 21)
FAIL: gcc.dg/pr65345-3.c (test for errors, line 22)
FAIL: gcc.dg/pr65345-3.c (test for excess errors)
FAIL: gcc.dg/utf-array-short-wchar.c (test for errors, line 41)
FAIL: gcc.dg/utf-array-short-wchar.c (test for excess errors)
FAIL: gcc.dg/fixed-point/binary.c (test for excess errors)
UNRESOLVED: gcc.dg/fixed-point/binary.c compilation failed to produce executable
FAIL: gcc.dg/pch/largefile.c -O0 -g assembly comparison
FAIL: gcc.dg/pch/largefile.c -O0 assembly comparison
FAIL: gcc.dg/pch/largefile.c -O1 assembly comparison
FAIL: gcc.dg/pch/largefile.c -O2 assembly comparison
FAIL: gcc.dg/pch/largefile.c -O3 -g assembly comparison
FAIL: gcc.dg/pch/largefile.c -Os assembly comparison
FAIL: gcc.dg/torture/arm-fp16-int-convert-alt.c -O0 (test for excess errors)
UNRESOLVED: gcc.dg/torture/arm-fp16-int-convert-alt.c -O0 compilation failed to produce executable
FAIL: gcc.dg/torture/arm-fp16-int-convert-alt.c -O1 (test for excess errors)
UNRESOLVED: gcc.dg/torture/arm-fp16-int-convert-alt.c -O1 compilation failed to produce executable
FAIL: gcc.dg/torture/arm-fp16-int-convert-alt.c -O2 (test for excess errors)
UNRESOLVED: gcc.dg/torture/arm-fp16-int-convert-alt.c -O2 compilation failed to produce executable
FAIL: gcc.dg/torture/arm-fp16-int-convert-alt.c -O3 -g (test for excess errors)
UNRESOLVED: gcc.dg/torture/arm-fp16-int-convert-alt.c -O3 -g compilation failed to produce executable
FAIL: gcc.dg/torture/arm-fp16-int-convert-alt.c -Os (test for excess errors)
UNRESOLVED: gcc.dg/torture/arm-fp16-int-convert-alt.c -Os compilation failed to produce executable
FAIL: gcc.dg/torture/arm-fp16-int-convert-alt.c -O2 -flto -fno-use-linker-plugin -flto-partition=none (test for excess errors)
UNRESOLVED: gcc.dg/torture/arm-fp16-int-convert-alt.c -O2 -flto -fno-use-linker-plugin -flto-partition=none compilation failed to produce executable
FAIL: gcc.dg/torture/arm-fp16-int-convert-alt.c -O2 -flto -fuse-linker-plugin -fno-fat-lto-objects (test for excess errors)
UNRESOLVED: gcc.dg/torture/arm-fp16-int-convert-alt.c -O2 -flto -fuse-linker-plugin -fno-fat-lto-objects compilation failed to produce executable
FAIL: gcc.dg/torture/arm-fp16-ops-3.c -O0 (test for excess errors)
UNRESOLVED: gcc.dg/torture/arm-fp16-ops-3.c -O0 compilation failed to produce executable
FAIL: gcc.dg/torture/arm-fp16-ops-3.c -O1 (test for excess errors)
UNRESOLVED: gcc.dg/torture/arm-fp16-ops-3.c -O1 compilation failed to produce executable
FAIL: gcc.dg/torture/arm-fp16-ops-3.c -O2 (test for excess errors)
UNRESOLVED: gcc.dg/torture/arm-fp16-ops-3.c -O2 compilation failed to produce executable
FAIL: gcc.dg/torture/arm-fp16-ops-3.c -O3 -g (test for excess errors)
UNRESOLVED: gcc.dg/torture/arm-fp16-ops-3.c -O3 -g compilation failed to produce executable
FAIL: gcc.dg/torture/arm-fp16-ops-3.c -Os (test for excess errors)
UNRESOLVED: gcc.dg/torture/arm-fp16-ops-3.c -Os compilation failed to produce executable
FAIL: gcc.dg/torture/arm-fp16-ops-3.c -O2 -flto -fno-use-linker-plugin -flto-partition=none (test for excess errors)
UNRESOLVED: gcc.dg/torture/arm-fp16-ops-3.c -O2 -flto -fno-use-linker-plugin -flto-partition=none compilation failed to produce executable
FAIL: gcc.dg/torture/arm-fp16-ops-3.c -O2 -flto -fuse-linker-plugin -fno-fat-lto-objects (test for excess errors)
UNRESOLVED: gcc.dg/torture/arm-fp16-ops-3.c -O2 -flto -fuse-linker-plugin -fno-fat-lto-objects compilation failed to produce executable
FAIL: gcc.dg/torture/arm-fp16-ops-4.c -O0 (test for excess errors)
UNRESOLVED: gcc.dg/torture/arm-fp16-ops-4.c -O0 compilation failed to produce executable
FAIL: gcc.dg/torture/arm-fp16-ops-4.c -O1 (test for excess errors)
UNRESOLVED: gcc.dg/torture/arm-fp16-ops-4.c -O1 compilation failed to produce executable
FAIL: gcc.dg/torture/arm-fp16-ops-4.c -O2 (test for excess errors)
UNRESOLVED: gcc.dg/torture/arm-fp16-ops-4.c -O2 compilation failed to produce executable
FAIL: gcc.dg/torture/arm-fp16-ops-4.c -O3 -g (test for excess errors)
UNRESOLVED: gcc.dg/torture/arm-fp16-ops-4.c -O3 -g compilation failed to produce executable
FAIL: gcc.dg/torture/arm-fp16-ops-4.c -Os (test for excess errors)
UNRESOLVED: gcc.dg/torture/arm-fp16-ops-4.c -Os compilation failed to produce executable
FAIL: gcc.dg/torture/arm-fp16-ops-4.c -O2 -flto -fno-use-linker-plugin -flto-partition=none (test for excess errors)
UNRESOLVED: gcc.dg/torture/arm-fp16-ops-4.c -O2 -flto -fno-use-linker-plugin -flto-partition=none compilation failed to produce executable
FAIL: gcc.dg/torture/arm-fp16-ops-4.c -O2 -flto -fuse-linker-plugin -fno-fat-lto-objects (test for excess errors)
UNRESOLVED: gcc.dg/torture/arm-fp16-ops-4.c -O2 -flto -fuse-linker-plugin -fno-fat-lto-objects compilation failed to produce executable
FAIL: gcc.dg/torture/builtin-convert-1.c -O1 (test for excess errors)
FAIL: gcc.dg/torture/builtin-convert-1.c -O2 (test for excess errors)
FAIL: gcc.dg/torture/builtin-convert-1.c -O3 -g (test for excess errors)
FAIL: gcc.dg/torture/builtin-convert-1.c -Os (test for excess errors)
FAIL: gcc.dg/torture/builtin-convert-1.c -O2 -flto -fno-use-linker-plugin -flto-partition=none (test for excess errors)
FAIL: gcc.dg/torture/builtin-convert-2.c -O1 (test for excess errors)
FAIL: gcc.dg/torture/builtin-convert-2.c -O2 (test for excess errors)
FAIL: gcc.dg/torture/builtin-convert-2.c -O3 -g (test for excess errors)
FAIL: gcc.dg/torture/builtin-convert-2.c -Os (test for excess errors)
FAIL: gcc.dg/torture/builtin-convert-2.c -O2 -flto -fno-use-linker-plugin -flto-partition=none (test for excess errors)
FAIL: gcc.dg/torture/builtin-convert-3.c -O1 (test for excess errors)
FAIL: gcc.dg/torture/builtin-convert-3.c -O2 (test for excess errors)
FAIL: gcc.dg/torture/builtin-convert-3.c -O3 -g (test for excess errors)
FAIL: gcc.dg/torture/builtin-convert-3.c -Os (test for excess errors)
FAIL: gcc.dg/torture/builtin-convert-3.c -O2 -flto -fno-use-linker-plugin -flto-partition=none (test for excess errors)
FAIL: gcc.dg/torture/builtin-power-1.c -O2 -flto -fno-use-linker-plugin -flto-partition=none (test for excess errors)
FAIL: gcc.dg/torture/type-generic-1.c -O0 execution test
FAIL: gcc.dg/torture/type-generic-1.c -O1 execution test
FAIL: gcc.dg/torture/type-generic-1.c -O2 execution test
FAIL: gcc.dg/torture/type-generic-1.c -O3 -g execution test
FAIL: gcc.dg/torture/type-generic-1.c -Os execution test
FAIL: gcc.dg/torture/type-generic-1.c -O2 -flto -fno-use-linker-plugin -flto-partition=none execution test
FAIL: gcc.dg/torture/type-generic-1.c -O2 -flto -fuse-linker-plugin -fno-fat-lto-objects execution test
FAIL: gcc.dg/torture/tls/run-ie.c -O0 execution test
FAIL: gcc.dg/torture/tls/run-ie.c -O0 -fpic execution test
FAIL: gcc.dg/torture/tls/run-ie.c -O1 -fpic execution test
FAIL: gcc.dg/torture/tls/run-ie.c -O2 -fpic execution test
FAIL: gcc.dg/torture/tls/run-ie.c -O3 -g -fpic execution test
FAIL: gcc.dg/torture/tls/run-ie.c -Os -fpic execution test
FAIL: gcc.dg/torture/tls/run-ie.c -O0 -fPIC execution test
FAIL: gcc.dg/torture/tls/run-ie.c -O1 -fPIC execution test
FAIL: gcc.dg/torture/tls/run-ie.c -O2 -fPIC execution test
FAIL: gcc.dg/torture/tls/run-ie.c -O3 -g -fPIC execution test
FAIL: gcc.dg/torture/tls/run-ie.c -Os -fPIC execution test
FAIL: gcc.dg/torture/tls/run-ie.c -O0 -pie -fpie execution test
FAIL: gcc.dg/torture/tls/run-ie.c -O1 -pie -fpie execution test
FAIL: gcc.dg/torture/tls/run-ie.c -O2 -pie -fpie execution test
FAIL: gcc.dg/torture/tls/run-ie.c -O3 -g -pie -fpie execution test
FAIL: gcc.dg/torture/tls/run-ie.c -Os -pie -fpie execution test
FAIL: gcc.dg/torture/tls/run-ie.c -O0 -pie -fPIE execution test
FAIL: gcc.dg/torture/tls/run-ie.c -O1 -pie -fPIE execution test
FAIL: gcc.dg/torture/tls/run-ie.c -O2 -pie -fPIE execution test
FAIL: gcc.dg/torture/tls/run-ie.c -O3 -g -pie -fPIE execution test
FAIL: gcc.dg/torture/tls/run-ie.c -Os -pie -fPIE execution test
FAIL: gcc.dg/tree-ssa/sra-12.c scan-tree-dump-times release_ssa "l;" 0
FAIL: gcc.dg/tree-ssa/ssa-dom-cse-2.c scan-tree-dump optimized "return 28;"
FAIL: gcc.target/arm/attr_thumb-static.c (test for excess errors)
UNRESOLVED: gcc.target/arm/attr_thumb-static.c compilation failed to produce executable
FAIL: gcc.target/arm/bics_4.c scan-assembler-times bics\\tr[0-9]+, r[0-9]+, r[0-9]+ 2
FAIL: gcc.target/arm/builtin-bswap-1.c scan-assembler-times revshne\\\\t 1
FAIL: gcc.target/arm/builtin-bswap-1.c scan-assembler-times rev16ne\\\\t 1
FAIL: gcc.target/arm/fixed-point-exec.c (test for excess errors)
UNRESOLVED: gcc.target/arm/fixed-point-exec.c compilation failed to produce executable
FAIL: gcc.target/arm/fp16-rounding-alt-1.c (test for excess errors)
UNRESOLVED: gcc.target/arm/fp16-rounding-alt-1.c compilation failed to produce executable
FAIL: gcc.target/arm/ftest-armv6-arm.c (test for excess errors)
FAIL: gcc.target/arm/ftest-armv6-thumb.c (test for excess errors)
FAIL: gcc.target/arm/ftest-armv6k-arm.c (test for excess errors)
FAIL: gcc.target/arm/ftest-armv6k-thumb.c (test for excess errors)
FAIL: gcc.target/arm/ftest-armv6t2-arm.c (test for excess errors)
FAIL: gcc.target/arm/ftest-armv6t2-thumb.c (test for excess errors)
FAIL: gcc.target/arm/ftest-armv6z-arm.c (test for excess errors)
FAIL: gcc.target/arm/ftest-armv6z-thumb.c (test for excess errors)
FAIL: gcc.target/arm/ftest-armv7a-arm.c (test for excess errors)
FAIL: gcc.target/arm/ftest-armv7a-thumb.c (test for excess errors)
FAIL: gcc.target/arm/ftest-armv7em-thumb.c (test for excess errors)
FAIL: gcc.target/arm/ftest-armv7m-thumb.c (test for excess errors)
FAIL: gcc.target/arm/ftest-armv7r-arm.c (test for excess errors)
FAIL: gcc.target/arm/ftest-armv7r-thumb.c (test for excess errors)
FAIL: gcc.target/arm/ftest-armv7ve-arm.c (test for excess errors)
FAIL: gcc.target/arm/ftest-armv7ve-thumb.c (test for excess errors)
FAIL: gcc.target/arm/ftest-armv8a-arm.c (test for excess errors)
FAIL: gcc.target/arm/ftest-armv8a-thumb.c (test for excess errors)
UNRESOLVED: gcc.target/arm/ivopts.c object-size text <= 36
FAIL: gcc.target/arm/memcpy-aligned-1.c scan-assembler-times str\\t 1
FAIL: gcc.target/arm/memcpy-aligned-1.c scan-assembler-not ldr\\t
FAIL: gcc.target/arm/neon-vfma-1.c scan-assembler vfma\\\\.f32[\\t]+[dDqQ]
FAIL: gcc.target/arm/neon-vfms-1.c scan-assembler vfms\\\\.f32[\\t]+[dDqQ]
FAIL: gcc.target/arm/pr42575.c scan-assembler-not mov
FAIL: gcc.target/arm/pr67756.c (test for excess errors)
FAIL: gcc.target/arm/reg_equal_test.c scan-rtl-dump expand "expr_list:REG_EQUAL \\\\(const_int -942519458"
FAIL: gcc.target/arm/shiftable.c scan-assembler sub.*[al]sl #6
FAIL: object-readelf Tag_ABI_enum_size size is incorrect.
=== gcc Summary ===
# of expected passes 81286
# of unexpected failures 194
# of expected failures 126
# of unresolved testcases 27
# of unsupported tests 3636
/build/gcc/objdir_armv6hf/gcc/xgcc version 6.0.0 20151002 (experimental) [trunk revision 228411] (GCC)
=== gfortran tests ===
Running target unix
FAIL: gfortran.dg/nearest_1.f90 -O0 execution test
FAIL: gfortran.dg/nearest_1.f90 -O1 execution test
FAIL: gfortran.dg/nearest_1.f90 -O2 execution test
FAIL: gfortran.dg/nearest_1.f90 -O3 -fomit-frame-pointer -funroll-loops -fpeel-loops -ftracer -finline-functions execution test
FAIL: gfortran.dg/nearest_1.f90 -O3 -g execution test
FAIL: gfortran.dg/nearest_1.f90 -Os execution test
FAIL: gfortran.dg/nearest_3.f90 -O0 execution test
FAIL: gfortran.dg/nearest_3.f90 -O1 execution test
FAIL: gfortran.dg/nearest_3.f90 -O2 execution test
FAIL: gfortran.dg/nearest_3.f90 -O3 -fomit-frame-pointer -funroll-loops -fpeel-loops -ftracer -finline-functions execution test
FAIL: gfortran.dg/nearest_3.f90 -O3 -g execution test
FAIL: gfortran.dg/nearest_3.f90 -Os execution test
FAIL: gfortran.dg/proc_ptr_7.f90 -O0 execution test
FAIL: gfortran.dg/proc_ptr_comp_8.f90 -O0 execution test
FAIL: gfortran.dg/ieee/ieee_1.F90 -O0 execution test
FAIL: gfortran.dg/ieee/ieee_1.F90 -O1 execution test
FAIL: gfortran.dg/ieee/ieee_1.F90 -O2 execution test
FAIL: gfortran.dg/ieee/ieee_1.F90 -O3 -fomit-frame-pointer -funroll-loops -fpeel-loops -ftracer -finline-functions execution test
FAIL: gfortran.dg/ieee/ieee_1.F90 -O3 -g execution test
FAIL: gfortran.dg/ieee/ieee_1.F90 -Os execution test
FAIL: gfortran.dg/ieee/ieee_2.f90 -O0 execution test
FAIL: gfortran.dg/ieee/ieee_2.f90 -O1 execution test
FAIL: gfortran.dg/ieee/ieee_2.f90 -O2 execution test
FAIL: gfortran.dg/ieee/ieee_2.f90 -O3 -fomit-frame-pointer -funroll-loops -fpeel-loops -ftracer -finline-functions execution test
FAIL: gfortran.dg/ieee/ieee_2.f90 -O3 -g execution test
FAIL: gfortran.dg/ieee/ieee_2.f90 -Os execution test
FAIL: gfortran.dg/ieee/ieee_4.f90 -O0 execution test
FAIL: gfortran.dg/ieee/ieee_4.f90 -O1 execution test
FAIL: gfortran.dg/ieee/ieee_4.f90 -O2 execution test
FAIL: gfortran.dg/ieee/ieee_4.f90 -O3 -fomit-frame-pointer -funroll-loops -fpeel-loops -ftracer -finline-functions execution test
FAIL: gfortran.dg/ieee/ieee_4.f90 -O3 -g execution test
FAIL: gfortran.dg/ieee/ieee_4.f90 -Os execution test
FAIL: gfortran.dg/ieee/ieee_6.f90 -O0 execution test
FAIL: gfortran.dg/ieee/ieee_6.f90 -O1 execution test
FAIL: gfortran.dg/ieee/ieee_6.f90 -O2 execution test
FAIL: gfortran.dg/ieee/ieee_6.f90 -O3 -fomit-frame-pointer -funroll-loops -fpeel-loops -ftracer -finline-functions execution test
FAIL: gfortran.dg/ieee/ieee_6.f90 -O3 -g execution test
FAIL: gfortran.dg/ieee/ieee_6.f90 -Os execution test
FAIL: gfortran.dg/ieee/large_1.f90 -O0 execution test
FAIL: gfortran.dg/ieee/large_1.f90 -O1 execution test
FAIL: gfortran.dg/ieee/large_1.f90 -O2 execution test
FAIL: gfortran.dg/ieee/large_1.f90 -O3 -fomit-frame-pointer -funroll-loops -fpeel-loops -ftracer -finline-functions execution test
FAIL: gfortran.dg/ieee/large_1.f90 -O3 -g execution test
FAIL: gfortran.dg/ieee/large_1.f90 -Os execution test
FAIL: gfortran.dg/ieee/large_3.F90 -O0 execution test
FAIL: gfortran.dg/ieee/large_3.F90 -O1 execution test
FAIL: gfortran.dg/ieee/large_3.F90 -O2 execution test
FAIL: gfortran.dg/ieee/large_3.F90 -O3 -fomit-frame-pointer -funroll-loops -fpeel-loops -ftracer -finline-functions execution test
FAIL: gfortran.dg/ieee/large_3.F90 -O3 -g execution test
FAIL: gfortran.dg/ieee/large_3.F90 -Os execution test
FAIL: gfortran.fortran-torture/execute/intrinsic_nearest.f90 execution, -O0
FAIL: gfortran.fortran-torture/execute/intrinsic_nearest.f90 execution, -O1
FAIL: gfortran.fortran-torture/execute/intrinsic_nearest.f90 execution, -O2
FAIL: gfortran.fortran-torture/execute/intrinsic_nearest.f90 execution, -O2 -fomit-frame-pointer -finline-functions
FAIL: gfortran.fortran-torture/execute/intrinsic_nearest.f90 execution, -O2 -fomit-frame-pointer -finline-functions -funroll-loops
FAIL: gfortran.fortran-torture/execute/intrinsic_nearest.f90 execution, -O2 -fbounds-check
FAIL: gfortran.fortran-torture/execute/intrinsic_nearest.f90 execution, -O3 -g
FAIL: gfortran.fortran-torture/execute/intrinsic_nearest.f90 execution, -Os
=== gfortran Summary ===
# of expected passes 39519
# of unexpected failures 58
# of expected failures 67
# of unsupported tests 331
/build/gcc/objdir_armv6hf/gcc/testsuite/gfortran/../../gfortran version 6.0.0 20151002 (experimental) [trunk revision 228411] (GCC)
=== objc tests ===
Running target unix
=== objc Summary ===
# of expected passes 2772
# of unsupported tests 68
/build/gcc/objdir_armv6hf/gcc/xgcc version 6.0.0 20151002 (experimental) [trunk revision 228411] (GCC)
Compiler version: 6.0.0 20151002 (experimental) [trunk revision 228411] (GCC)
Platform: armv6hf-unknown-freebsd11.0
configure flags: --with-gmp=/usr/local --disable-nls --with-ld=/usr/local/bin/ld --with-as=/usr/local/bin/as --prefix=/build/gcc/testbin_armv6hf